The Swift Package Index logo.Swift Package Index

Build Information

Failed to build SwiftCPUDetect, reference 1.3.0 (c55818), with Swift 6.4 for Android on 17 Sep 2026 22:06:20 UTC.

Build Command

bash -c docker run --pull=always --rm -v "checkouts-53886770-0":/host -w "$PWD" -e JAVA_HOME="/root/.sdkman/candidates/java/current" -e SPI_BUILD="1" -e SPI_PROCESSING="1" registry.gitlab.com/saguaro1/spi-images:android-6.4-latest swift build --swift-sdk aarch64-unknown-linux-android28 2>&1

Build Log

========================================
RunAll
========================================
Builder version: 5.1.0
Interrupt handler set up.
========================================
Checkout
========================================
Clone URL: https://github.com/ITzTravelInTime/SwiftCPUDetect.git
Reference: 1.3.0
Initialized empty Git repository in /host/spi-builder-workspace/.git/
hint: Using 'master' as the name for the initial branch. This default branch name
hint: is subject to change. To configure the initial branch name to use in all
hint: of your new repositories, which will suppress this warning, call:
hint:
hint: 	git config --global init.defaultBranch <name>
hint:
hint: Names commonly chosen instead of 'master' are 'main', 'trunk' and
hint: 'development'. The just-created branch can be renamed via this command:
hint:
hint: 	git branch -m <name>
From https://github.com/ITzTravelInTime/SwiftCPUDetect
 * tag               1.3.0      -> FETCH_HEAD
HEAD is now at c55818e Version 1.3.0
Cloned https://github.com/ITzTravelInTime/SwiftCPUDetect.git
Revision (git rev-parse @):
c55818e68209491c91b8f7bf1a9b042614658467
SUCCESS checkout https://github.com/ITzTravelInTime/SwiftCPUDetect.git at 1.3.0
========================================
Build
========================================
Selected platform:         android
Swift version:             6.4
Building package at path:  $PWD
https://github.com/ITzTravelInTime/SwiftCPUDetect.git
Running build ...
bash -c docker run --pull=always --rm -v "checkouts-53886770-0":/host -w "$PWD" -e JAVA_HOME="/root/.sdkman/candidates/java/current" -e SPI_BUILD="1" -e SPI_PROCESSING="1" registry.gitlab.com/saguaro1/spi-images:android-6.4-latest swift build --swift-sdk aarch64-unknown-linux-android28 2>&1
android-6.4-latest: Pulling from saguaro1/spi-images
Digest: sha256:abadcff584c273feba50641b454858d377ba30b35ea7287a94f45ebd8afd0ea0
Status: Image is up to date for registry.gitlab.com/saguaro1/spi-images:android-6.4-latest
Building for debugging...
[Planning deferred tasks]
error: SwiftCompile normal aarch64 failed with a nonzero exit code. Command line:     cd /host

[24 / 32] SwiftCPUDetect
/host/spi-builder-workspace/Sources/SwiftCPUDetect/AppExecution.swift:27:26: error: cannot find 'sysctlbyname' in scope
25 |             var size = ret.bitWidth / 8
26 |
27 |             let result = sysctlbyname("sysctl.proc_translated", &ret, &size, nil, 0)
   |                          `- error: cannot find 'sysctlbyname' in scope
28 |
29 |             if result == -1 {
/host/spi-builder-workspace/Sources/SwiftCPUDetect/AppExecution.swift:30:21: error: cannot find 'errno' in scope
28 |
29 |             if result == -1 {
30 |                 if (errno == ENOENT){
   |                     `- error: cannot find 'errno' in scope
31 |                     MEM.state = AppExecutionMode.native
32 |                 }else{
/android-ndk/android-ndk-r27d/toolchains/llvm/prebuilt/linux-x86_64/sysroot/usr/include/errno.h:58:9: note: macro 'errno' unavailable: structure not supported
56 |  * thread.
57 |  */
58 | #define errno (*__errno())
   |         `- note: macro 'errno' unavailable: structure not supported
59 |
60 | __END_DECLS
/host/spi-builder-workspace/Sources/SwiftCPUDetect/SwiftCPUDetect.swift:60:24: error: cannot find 'cpu_type_t' in scope
 58 |
 59 |             var size = size_t()
 60 |             var type = cpu_type_t()
    |                        `- error: cannot find 'cpu_type_t' in scope
 61 |             var subtype = cpu_subtype_t()
 62 |             var family = UInt32()
/host/spi-builder-workspace/Sources/SwiftCPUDetect/SwiftCPUDetect.swift:61:27: error: cannot find 'cpu_subtype_t' in scope
 59 |             var size = size_t()
 60 |             var type = cpu_type_t()
 61 |             var subtype = cpu_subtype_t()
    |                           `- error: cannot find 'cpu_subtype_t' in scope
 62 |             var family = UInt32()
 63 |
/host/spi-builder-workspace/Sources/SwiftCPUDetect/SwiftCPUDetect.swift:65:13: error: cannot find 'sysctlbyname' in scope
 63 |
 64 |             size = MemoryLayout.size(ofValue: type)
 65 |             sysctlbyname("hw.cputype", &type, &size, nil, 0);
    |             `- error: cannot find 'sysctlbyname' in scope
 66 |
 67 |             Printer.print("Detected CPU type number: \(type)")
/host/spi-builder-workspace/Sources/SwiftCPUDetect/SwiftCPUDetect.swift:70:13: error: cannot find 'sysctlbyname' in scope
 68 |
 69 |             size = MemoryLayout.size(ofValue: subtype)
 70 |             sysctlbyname("hw.cpusubtype", &subtype, &size, nil, 0);
    |             `- error: cannot find 'sysctlbyname' in scope
 71 |
 72 |             Printer.print("Detected CPU subtype number: \(subtype)")
/host/spi-builder-workspace/Sources/SwiftCPUDetect/SwiftCPUDetect.swift:75:13: error: cannot find 'sysctlbyname' in scope
 73 |
 74 |             size = MemoryLayout.size(ofValue: family)
 75 |             sysctlbyname("hw.cpufamily", &family, &size, nil, 0);
    |             `- error: cannot find 'sysctlbyname' in scope
 76 |
 77 |             Printer.print("Detected CPU family number: \(family)")
/host/spi-builder-workspace/Sources/SwiftCPUDetect/SwiftCPUDetect.swift:79:24: error: cannot find 'CPU_TYPE_X86' in scope
 77 |             Printer.print("Detected CPU family number: \(family)")
 78 |
 79 |             if type == CPU_TYPE_X86{
    |                        `- error: cannot find 'CPU_TYPE_X86' in scope
 80 |                 if subtype & CPU_SUBTYPE_X86_64_ALL != 0 || HWInfo.CPU.is64Bit(){
 81 |                     ret = .intel64;
/host/spi-builder-workspace/Sources/SwiftCPUDetect/SwiftCPUDetect.swift:80:30: error: cannot find 'CPU_SUBTYPE_X86_64_ALL' in scope
 78 |
 79 |             if type == CPU_TYPE_X86{
 80 |                 if subtype & CPU_SUBTYPE_X86_64_ALL != 0 || HWInfo.CPU.is64Bit(){
    |                              `- error: cannot find 'CPU_SUBTYPE_X86_64_ALL' in scope
 81 |                     ret = .intel64;
 82 |                 }else{
/host/spi-builder-workspace/Sources/SwiftCPUDetect/SwiftCPUDetect.swift:85:30: error: cannot find 'CPU_TYPE_X86_64' in scope
 83 |                     ret = .intel32
 84 |                 }
 85 |             }else if type == CPU_TYPE_X86_64{
    |                              `- error: cannot find 'CPU_TYPE_X86_64' in scope
 86 |                 ret = .intel64;
 87 |             }else if type == CPU_TYPE_ARM {
/host/spi-builder-workspace/Sources/SwiftCPUDetect/SwiftCPUDetect.swift:87:30: error: cannot find 'CPU_TYPE_ARM' in scope
 85 |             }else if type == CPU_TYPE_X86_64{
 86 |                 ret = .intel64;
 87 |             }else if type == CPU_TYPE_ARM {
    |                              `- error: cannot find 'CPU_TYPE_ARM' in scope
 88 |                 if subtype & CPU_SUBTYPE_ARM64_ALL != 0{
 89 |                     ret = .arm64
/host/spi-builder-workspace/Sources/SwiftCPUDetect/SwiftCPUDetect.swift:88:30: error: cannot find 'CPU_SUBTYPE_ARM64_ALL' in scope
 86 |                 ret = .intel64;
 87 |             }else if type == CPU_TYPE_ARM {
 88 |                 if subtype & CPU_SUBTYPE_ARM64_ALL != 0{
    |                              `- error: cannot find 'CPU_SUBTYPE_ARM64_ALL' in scope
 89 |                     ret = .arm64
 90 |                 }else{
/host/spi-builder-workspace/Sources/SwiftCPUDetect/SwiftCPUDetect.swift:93:30: error: cannot find 'CPU_TYPE_ARM64' in scope
 91 |                     ret = .arm
 92 |                 }
 93 |             }else if type == CPU_TYPE_ARM64{
    |                              `- error: cannot find 'CPU_TYPE_ARM64' in scope
 94 |                 ret = .arm64
 95 |             }else if type == CPU_TYPE_POWERPC{
/host/spi-builder-workspace/Sources/SwiftCPUDetect/SwiftCPUDetect.swift:95:30: error: cannot find 'CPU_TYPE_POWERPC' in scope
 93 |             }else if type == CPU_TYPE_ARM64{
 94 |                 ret = .arm64
 95 |             }else if type == CPU_TYPE_POWERPC{
    |                              `- error: cannot find 'CPU_TYPE_POWERPC' in scope
 96 |                 if subtype & CPU_SUBTYPE_POWERPC_750 != 0 || family & UInt32(CPUFAMILY_POWERPC_G3) != 0 {
 97 |                     ret = .ppcG3
/host/spi-builder-workspace/Sources/SwiftCPUDetect/SwiftCPUDetect.swift:96:30: error: cannot find 'CPU_SUBTYPE_POWERPC_750' in scope
 94 |                 ret = .arm64
 95 |             }else if type == CPU_TYPE_POWERPC{
 96 |                 if subtype & CPU_SUBTYPE_POWERPC_750 != 0 || family & UInt32(CPUFAMILY_POWERPC_G3) != 0 {
    |                              `- error: cannot find 'CPU_SUBTYPE_POWERPC_750' in scope
 97 |                     ret = .ppcG3
 98 |                 }else if subtype & CPU_SUBTYPE_POWERPC_7450 != 0 || family & UInt32(CPUFAMILY_POWERPC_G4) != 0 {
/host/spi-builder-workspace/Sources/SwiftCPUDetect/SwiftCPUDetect.swift:96:78: error: cannot find 'CPUFAMILY_POWERPC_G3' in scope
 94 |                 ret = .arm64
 95 |             }else if type == CPU_TYPE_POWERPC{
 96 |                 if subtype & CPU_SUBTYPE_POWERPC_750 != 0 || family & UInt32(CPUFAMILY_POWERPC_G3) != 0 {
    |                                                                              `- error: cannot find 'CPUFAMILY_POWERPC_G3' in scope
 97 |                     ret = .ppcG3
 98 |                 }else if subtype & CPU_SUBTYPE_POWERPC_7450 != 0 || family & UInt32(CPUFAMILY_POWERPC_G4) != 0 {
/host/spi-builder-workspace/Sources/SwiftCPUDetect/SwiftCPUDetect.swift:98:36: error: cannot find 'CPU_SUBTYPE_POWERPC_7450' in scope
 96 |                 if subtype & CPU_SUBTYPE_POWERPC_750 != 0 || family & UInt32(CPUFAMILY_POWERPC_G3) != 0 {
 97 |                     ret = .ppcG3
 98 |                 }else if subtype & CPU_SUBTYPE_POWERPC_7450 != 0 || family & UInt32(CPUFAMILY_POWERPC_G4) != 0 {
    |                                    `- error: cannot find 'CPU_SUBTYPE_POWERPC_7450' in scope
 99 |                     ret = .ppcG4
100 |                 }else if subtype & CPU_SUBTYPE_POWERPC_970 != 0 || family & UInt32(CPUFAMILY_POWERPC_G5) != 0{
/host/spi-builder-workspace/Sources/SwiftCPUDetect/SwiftCPUDetect.swift:98:85: error: cannot find 'CPUFAMILY_POWERPC_G4' in scope
 96 |                 if subtype & CPU_SUBTYPE_POWERPC_750 != 0 || family & UInt32(CPUFAMILY_POWERPC_G3) != 0 {
 97 |                     ret = .ppcG3
 98 |                 }else if subtype & CPU_SUBTYPE_POWERPC_7450 != 0 || family & UInt32(CPUFAMILY_POWERPC_G4) != 0 {
    |                                                                                     `- error: cannot find 'CPUFAMILY_POWERPC_G4' in scope
 99 |                     ret = .ppcG4
100 |                 }else if subtype & CPU_SUBTYPE_POWERPC_970 != 0 || family & UInt32(CPUFAMILY_POWERPC_G5) != 0{
/host/spi-builder-workspace/Sources/SwiftCPUDetect/SwiftCPUDetect.swift:100:36: error: cannot find 'CPU_SUBTYPE_POWERPC_970' in scope
 98 |                 }else if subtype & CPU_SUBTYPE_POWERPC_7450 != 0 || family & UInt32(CPUFAMILY_POWERPC_G4) != 0 {
 99 |                     ret = .ppcG4
100 |                 }else if subtype & CPU_SUBTYPE_POWERPC_970 != 0 || family & UInt32(CPUFAMILY_POWERPC_G5) != 0{
    |                                    `- error: cannot find 'CPU_SUBTYPE_POWERPC_970' in scope
101 |                     ret = .ppcG5
102 |                 }else{
/host/spi-builder-workspace/Sources/SwiftCPUDetect/SwiftCPUDetect.swift:100:84: error: cannot find 'CPUFAMILY_POWERPC_G5' in scope
 98 |                 }else if subtype & CPU_SUBTYPE_POWERPC_7450 != 0 || family & UInt32(CPUFAMILY_POWERPC_G4) != 0 {
 99 |                     ret = .ppcG4
100 |                 }else if subtype & CPU_SUBTYPE_POWERPC_970 != 0 || family & UInt32(CPUFAMILY_POWERPC_G5) != 0{
    |                                                                                    `- error: cannot find 'CPUFAMILY_POWERPC_G5' in scope
101 |                     ret = .ppcG5
102 |                 }else{
/host/spi-builder-workspace/Sources/SwiftCPUDetect/SwiftCPUDetect.swift:105:30: error: cannot find 'CPU_TYPE_POWERPC64' in scope
103 |                     ret = .ppc
104 |                 }
105 |             }else if type == CPU_TYPE_POWERPC64{
    |                              `- error: cannot find 'CPU_TYPE_POWERPC64' in scope
106 |                 if subtype & CPU_SUBTYPE_POWERPC_970 != 0 || family & UInt32(CPUFAMILY_POWERPC_G5) != 0{
107 |                     ret = .ppcG5
/host/spi-builder-workspace/Sources/SwiftCPUDetect/SwiftCPUDetect.swift:106:30: error: cannot find 'CPU_SUBTYPE_POWERPC_970' in scope
104 |                 }
105 |             }else if type == CPU_TYPE_POWERPC64{
106 |                 if subtype & CPU_SUBTYPE_POWERPC_970 != 0 || family & UInt32(CPUFAMILY_POWERPC_G5) != 0{
    |                              `- error: cannot find 'CPU_SUBTYPE_POWERPC_970' in scope
107 |                     ret = .ppcG5
108 |                 }else{
/host/spi-builder-workspace/Sources/SwiftCPUDetect/SwiftCPUDetect.swift:106:78: error: cannot find 'CPUFAMILY_POWERPC_G5' in scope
104 |                 }
105 |             }else if type == CPU_TYPE_POWERPC64{
106 |                 if subtype & CPU_SUBTYPE_POWERPC_970 != 0 || family & UInt32(CPUFAMILY_POWERPC_G5) != 0{
    |                                                                              `- error: cannot find 'CPUFAMILY_POWERPC_G5' in scope
107 |                     ret = .ppcG5
108 |                 }else{
/host/spi-builder-workspace/Sources/SwiftCPUDetect/SwiftCPUDetect.swift:162:35: error: cannot find 'NSBundleExecutableArchitectureX86_64' in scope
160 |
161 |         if MEM.status == nil{
162 |             var supportedArchs = [NSBundleExecutableArchitectureX86_64: intel64, NSBundleExecutableArchitectureI386: intel32, NSBundleExecutableArchitecturePPC: ppc, NSBundleExecutableArchitecturePPC64: ppc64, 12: arm]
    |                                   `- error: cannot find 'NSBundleExecutableArchitectureX86_64' in scope
163 |
164 |             if #available(OSX 11.0, iOS 14.0, *, watchOS 7.0, tvOS 14.0) {
/host/spi-builder-workspace/Sources/SwiftCPUDetect/SwiftCPUDetect.swift:162:82: error: cannot find 'NSBundleExecutableArchitectureI386' in scope
160 |
161 |         if MEM.status == nil{
162 |             var supportedArchs = [NSBundleExecutableArchitectureX86_64: intel64, NSBundleExecutableArchitectureI386: intel32, NSBundleExecutableArchitecturePPC: ppc, NSBundleExecutableArchitecturePPC64: ppc64, 12: arm]
    |                                                                                  `- error: cannot find 'NSBundleExecutableArchitectureI386' in scope
163 |
164 |             if #available(OSX 11.0, iOS 14.0, *, watchOS 7.0, tvOS 14.0) {
/host/spi-builder-workspace/Sources/SwiftCPUDetect/SwiftCPUDetect.swift:162:127: error: cannot find 'NSBundleExecutableArchitecturePPC' in scope
160 |
161 |         if MEM.status == nil{
162 |             var supportedArchs = [NSBundleExecutableArchitectureX86_64: intel64, NSBundleExecutableArchitectureI386: intel32, NSBundleExecutableArchitecturePPC: ppc, NSBundleExecutableArchitecturePPC64: ppc64, 12: arm]
    |                                                                                                                               `- error: cannot find 'NSBundleExecutableArchitecturePPC' in scope
163 |
164 |             if #available(OSX 11.0, iOS 14.0, *, watchOS 7.0, tvOS 14.0) {
/host/spi-builder-workspace/Sources/SwiftCPUDetect/SwiftCPUDetect.swift:162:167: error: cannot find 'NSBundleExecutableArchitecturePPC64' in scope
160 |
161 |         if MEM.status == nil{
162 |             var supportedArchs = [NSBundleExecutableArchitectureX86_64: intel64, NSBundleExecutableArchitectureI386: intel32, NSBundleExecutableArchitecturePPC: ppc, NSBundleExecutableArchitecturePPC64: ppc64, 12: arm]
    |                                                                                                                                                                       `- error: cannot find 'NSBundleExecutableArchitecturePPC64' in scope
163 |
164 |             if #available(OSX 11.0, iOS 14.0, *, watchOS 7.0, tvOS 14.0) {
/host/spi-builder-workspace/Sources/SwiftCPUDetect/SwiftCPUDetect.swift:165:32: error: cannot find 'NSBundleExecutableArchitectureARM64' in scope
163 |
164 |             if #available(OSX 11.0, iOS 14.0, *, watchOS 7.0, tvOS 14.0) {
165 |                 supportedArchs[NSBundleExecutableArchitectureARM64] = arm64
    |                                `- error: cannot find 'NSBundleExecutableArchitectureARM64' in scope
166 |             }else{
167 |                 supportedArchs[16777228] = arm64
Failed frontend command:
/root/.local/share/swiftly/toolchains/6.4.x-snapshot-2026-09-04/usr/bin/swift-frontend -frontend -emit-module -experimental-skip-non-inlinable-function-bodies-without-types /host/spi-builder-workspace/Sources/SwiftCPUDetect/AppExecution.swift /host/spi-builder-workspace/Sources/SwiftCPUDetect/HwInfo.swift /host/spi-builder-workspace/Sources/SwiftCPUDetect/Print.swift /host/spi-builder-workspace/Sources/SwiftCPUDetect/SwiftCPUDetect.swift -target aarch64-unknown-linux-android28 -Xllvm -aarch64-use-tbi -disable-objc-interop -sdk /android-ndk/android-ndk-r27d/toolchains/llvm/prebuilt/linux-x86_64/sysroot -sysroot /android-ndk/android-ndk-r27d/toolchains/llvm/prebuilt/linux-x86_64/sysroot -I /host/spi-builder-workspace/.build/out/Products/Debug-android-aarch64 -module-cache-path /host/spi-builder-workspace/.build/out/ModuleCache.noindex -color-diagnostics -Xcc -fcolor-diagnostics -enable-testing -g -debug-info-format\=dwarf -dwarf-version\=4 -swift-version 5 -Onone -D SWIFT_PACKAGE -D DEBUG -D SWIFT_MODULE_RESOURCE_BUNDLE_UNAVAILABLE -D Xcode -serialize-debugging-options -enable-experimental-feature DebugDescriptionMacro -empty-abi-descriptor -external-plugin-path /root/.local/share/swiftly/toolchains/6.4.x-snapshot-2026-09-04/usr/lib/swift/host/plugins/testing\#/root/.local/share/swiftly/toolchains/6.4.x-snapshot-2026-09-04/usr/bin/swift-plugin-server -validate-clang-modules-once -clang-build-session-file /host/spi-builder-workspace/.build/out/ModuleCache.noindex/Session.modulevalidation -Xcc -working-directory -Xcc /host -resource-dir /root/.swiftpm/swift-sdks/swift-6.4.x-DEVELOPMENT-SNAPSHOT-2026-09-04-a_android.artifactbundle/swift-android/swift-resources/usr/lib/swift-aarch64 -enable-anonymous-context-mangled-names -file-compilation-dir /host -Xcc -resource-dir -Xcc /android-ndk/android-ndk-r27d/toolchains/llvm/prebuilt/linux-x86_64/lib/clang/18 -Xcc -fno-omit-frame-pointer -Xcc -D_LIBCPP_HARDENING_MODE\=_LIBCPP_HARDENING_MODE_DEBUG -Xcc -fmodules-prune-interval\=86400 -Xcc -fmodules-prune-after\=345600 -Xcc -I/host/spi-builder-workspace/.build/out/Products/Debug-android-aarch64/include -Xcc -I/host/spi-builder-workspace/.build/out/Intermediates.noindex/SwiftCPUDetect.build/Debug-android-aarch64/SwiftCPUDetect-t.build/DerivedSources-normal/aarch64 -Xcc -I/host/spi-builder-workspace/.build/out/Intermediates.noindex/SwiftCPUDetect.build/Debug-android-aarch64/SwiftCPUDetect-t.build/DerivedSources/aarch64 -Xcc -I/host/spi-builder-workspace/.build/out/Intermediates.noindex/SwiftCPUDetect.build/Debug-android-aarch64/SwiftCPUDetect-t.build/DerivedSources -Xcc -DSWIFT_PACKAGE -Xcc -DDEBUG\=1 -no-auto-bridging-header-chaining -module-name SwiftCPUDetect -const-gather-protocols-file /host/spi-builder-workspace/.build/out/Intermediates.noindex/SwiftCPUDetect.build/Debug-android-aarch64/SwiftCPUDetect-t.build/Objects-normal/aarch64/SwiftCPUDetect_const_extract_protocols.json -in-process-plugin-server-path /root/.local/share/swiftly/toolchains/6.4.x-snapshot-2026-09-04/usr/lib/swift/host/libSwiftInProcPluginServer.so -plugin-path /root/.local/share/swiftly/toolchains/6.4.x-snapshot-2026-09-04/usr/lib/swift/host/plugins -plugin-path /root/.local/share/swiftly/toolchains/6.4.x-snapshot-2026-09-04/usr/local/lib/swift/host/plugins -emit-module-doc-path /host/spi-builder-workspace/.build/out/Intermediates.noindex/SwiftCPUDetect.build/Debug-android-aarch64/SwiftCPUDetect-t.build/Objects-normal/aarch64/Modules/SwiftCPUDetect.swiftdoc -emit-module-source-info-path /host/spi-builder-workspace/.build/out/Intermediates.noindex/SwiftCPUDetect.build/Debug-android-aarch64/SwiftCPUDetect-t.build/Objects-normal/aarch64/Modules/SwiftCPUDetect.swiftsourceinfo -emit-objc-header-path /host/spi-builder-workspace/.build/out/Intermediates.noindex/SwiftCPUDetect.build/Debug-android-aarch64/SwiftCPUDetect-t.build/Objects-normal/aarch64/SwiftCPUDetect-Swift.h -serialize-diagnostics-path /host/spi-builder-workspace/.build/out/Intermediates.noindex/SwiftCPUDetect.build/Debug-android-aarch64/SwiftCPUDetect-t.build/Objects-normal/aarch64/SwiftCPUDetect-primary-emit-module.dia -emit-dependencies-path /host/spi-builder-workspace/.build/out/Intermediates.noindex/SwiftCPUDetect.build/Debug-android-aarch64/SwiftCPUDetect-t.build/Objects-normal/aarch64/SwiftCPUDetect-primary-emit-module.d -parse-as-library -o /host/spi-builder-workspace/.build/out/Intermediates.noindex/SwiftCPUDetect.build/Debug-android-aarch64/SwiftCPUDetect-t.build/Objects-normal/aarch64/Modules/SwiftCPUDetect.swiftmodule
error: Build failed
BUILD FAILURE 6.4 android