Build Information
Failed to build XUI, reference main (12011a), with Swift 6.4 for watchOS using Xcode 27.0 on 19 Sep 2026 10:42:34 UTC.
Build Command
env DEVELOPER_DIR=/Applications/Xcode-27.0.0-Release.Candidate.app xcrun xcodebuild -IDEClonedSourcePackagesDirPathOverride=$PWD/.dependencies -skipMacroValidation -skipPackagePluginValidation -derivedDataPath $PWD/.derivedData build -scheme XUI -destination generic/platform=watchOSBuild Log
========================================
RunAll
========================================
Builder version: 5.1.0
Interrupt handler set up.
========================================
Checkout
========================================
Clone URL: https://github.com/QuickBirdEng/XUI.git
Reference: main
Initialized empty Git repository in /Users/admin/builder/spi-builder-workspace/.git/
From https://github.com/QuickBirdEng/XUI
* branch main -> FETCH_HEAD
* [new branch] main -> origin/main
HEAD is now at 12011ac Initial commit
Cloned https://github.com/QuickBirdEng/XUI.git
Revision (git rev-parse @):
12011ac136681778fa7953f88fe5caa7425bda3e
SUCCESS checkout https://github.com/QuickBirdEng/XUI.git at main
========================================
Build
========================================
Selected platform: watchOS
Swift version: 6.4
Building package at path: $PWD
https://github.com/QuickBirdEng/XUI.git
Command line invocation:
/Applications/Xcode-27.0.0-Release.Candidate.app/Contents/Developer/usr/bin/xcodebuild -IDEClonedSourcePackagesDirPathOverride=/Users/admin/builder/spi-builder-workspace/.dependencies -resolvePackageDependencies
Resolve Package Graph
Resolve Package Graph
Resolved source packages:
XUI: /Users/admin/builder/spi-builder-workspace
resolved source packages: XUI
2026-09-19 06:41:41.207 xcodebuild[529:3044] [MT] IDERunDestination: Supported platforms for the buildables in the current scheme is empty.
{
"dependencies" : [
],
"manifest_display_name" : "XUI",
"name" : "XUI",
"path" : "/Users/admin/builder/spi-builder-workspace",
"platforms" : [
{
"name" : "ios",
"version" : "13.0"
},
{
"name" : "macos",
"version" : "10.15"
},
{
"name" : "watchos",
"version" : "6.0"
},
{
"name" : "tvos",
"version" : "13.0"
}
],
"products" : [
{
"name" : "XUI",
"targets" : [
"XUI"
],
"type" : {
"library" : [
"automatic"
]
}
}
],
"targets" : [
{
"c99name" : "XUITests",
"module_type" : "SwiftTarget",
"name" : "XUITests",
"path" : "Tests/XUITests",
"sources" : [
"XCTestManifests.swift",
"XUITests.swift"
],
"target_dependencies" : [
"XUI"
],
"type" : "test"
},
{
"c99name" : "XUI",
"module_type" : "SwiftTarget",
"name" : "XUI",
"path" : "Sources/XUI",
"product_memberships" : [
"XUI"
],
"sources" : [
"Binding/Binding+Change.swift",
"Binding/Binding+Element.swift",
"Binding/Binding+Force.swift",
"Combine/CancellableBuilder.swift",
"Combine/Result+Combine.swift",
"DeepLink/DeepLinkable+Receiver.swift",
"DeepLink/DeepLinkable.swift",
"DeepLink/DeepLinkableBuilder.swift",
"Exports.swift",
"Internal/Binding+ObjectIdentifiable.swift",
"Internal/ErasedObservableObject.swift",
"Internal/ObjectIdentifiable.swift",
"Store/AnyObservableObject.swift",
"Store/Store.swift",
"Store/ViewModel.swift",
"ViewModifiers/NavigationModifier.swift",
"ViewModifiers/PopoverModifier.swift",
"ViewModifiers/SheetModifier.swift",
"Views/NavigationLink.swift",
"Views/View+Navigation.swift",
"Views/View+Popover.swift",
"Views/View+Sheet.swift"
],
"type" : "library"
}
],
"tools_version" : "5.3"
}
{
"workspace" : {
"name" : "XUI",
"schemes" : [
"XUI"
]
}
}
2026-09-19 06:42:22.057 xcodebuild[648:4157] [MT] IDERunDestination: Supported platforms for the buildables in the current scheme is empty.
Running build ...
env DEVELOPER_DIR=/Applications/Xcode-27.0.0-Release.Candidate.app xcrun xcodebuild -IDEClonedSourcePackagesDirPathOverride=$PWD/.dependencies -skipMacroValidation -skipPackagePluginValidation -derivedDataPath $PWD/.derivedData build -scheme XUI -destination generic/platform=watchOS
Command line invocation:
/Applications/Xcode-27.0.0-Release.Candidate.app/Contents/Developer/usr/bin/xcodebuild -IDEClonedSourcePackagesDirPathOverride=/Users/admin/builder/spi-builder-workspace/.dependencies -skipMacroValidation -skipPackagePluginValidation -derivedDataPath /Users/admin/builder/spi-builder-workspace/.derivedData build -scheme XUI -destination generic/platform=watchOS
Resolve Package Graph
Resolved source packages:
XUI: /Users/admin/builder/spi-builder-workspace
ComputePackagePrebuildTargetDependencyGraph
Prepare packages
CreateBuildRequest
SendProjectDescription
CreateBuildOperation
ComputeTargetDependencyGraph
note: Building targets in dependency order
note: Target dependency graph (2 targets)
Target 'XUI-product' in project 'XUI'
➜ Explicit dependency on target 'XUI' in project 'XUI'
Target 'XUI' in project 'XUI' (no dependencies)
GatherProvisioningInputs
CreateBuildDescription
ExecuteExternalTool /Applications/Xcode-27.0.0-Release.Candidate.app/Contents/Developer/Toolchains/XcodeDefault.xctoolchain/usr/bin/clang -v -E -dM -isysroot /Applications/Xcode-27.0.0-Release.Candidate.app/Contents/Developer/Platforms/WatchOS.platform/Developer/SDKs/WatchOS27.0.sdk -x c -c /dev/null
ExecuteExternalTool /Applications/Xcode-27.0.0-Release.Candidate.app/Contents/Developer/Toolchains/XcodeDefault.xctoolchain/usr/bin/swiftc --version
ExecuteExternalTool /Applications/Xcode-27.0.0-Release.Candidate.app/Contents/Developer/Toolchains/XcodeDefault.xctoolchain/usr/bin/ld -version_details
Build description signature: 37ad75e2118c6329c718100306cebf1c
Build description path: /Users/admin/builder/spi-builder-workspace/.derivedData/Build/Intermediates.noindex/XCBuildData/37ad75e2118c6329c718100306cebf1c.xcbuilddata
CreateBuildDirectory /Users/admin/builder/spi-builder-workspace/.derivedData/SDKExplicitPrecompiledModules
cd /Users/admin/builder/spi-builder-workspace/.swiftpm/xcode
builtin-create-build-directory /Users/admin/builder/spi-builder-workspace/.derivedData/SDKExplicitPrecompiledModules
CreateBuildDirectory /Users/admin/builder/spi-builder-workspace/.derivedData/ModuleCache.noindex
cd /Users/admin/builder/spi-builder-workspace/.swiftpm/xcode
builtin-create-build-directory /Users/admin/builder/spi-builder-workspace/.derivedData/ModuleCache.noindex
CreateBuildDirectory /Users/admin/builder/spi-builder-workspace/.derivedData/CompilationCache.noindex
cd /Users/admin/builder/spi-builder-workspace/.swiftpm/xcode
builtin-create-build-directory /Users/admin/builder/spi-builder-workspace/.derivedData/CompilationCache.noindex
CreateBuildDirectory /Users/admin/builder/spi-builder-workspace/.derivedData/Build/Products
cd /Users/admin/builder/spi-builder-workspace/.swiftpm/xcode
builtin-create-build-directory /Users/admin/builder/spi-builder-workspace/.derivedData/Build/Products
CreateBuildDirectory /Users/admin/builder/spi-builder-workspace/.derivedData/Build/Intermediates.noindex
cd /Users/admin/builder/spi-builder-workspace/.swiftpm/xcode
builtin-create-build-directory /Users/admin/builder/spi-builder-workspace/.derivedData/Build/Intermediates.noindex
ClangStatCache /Applications/Xcode-27.0.0-Release.Candidate.app/Contents/Developer/Toolchains/XcodeDefault.xctoolchain/usr/bin/clang-stat-cache /Applications/Xcode-27.0.0-Release.Candidate.app/Contents/Developer/Platforms/WatchOS.platform/Developer/SDKs/WatchOS27.0.sdk /Users/admin/builder/spi-builder-workspace/.derivedData/SDKStatCaches.noindex/watchos27.0-24R360-e829b21a6f8c9b70876ba0858053c04477534ef55a1706bf4c1112bbb242f0a2.sdkstatcache
cd /Users/admin/builder/spi-builder-workspace/.swiftpm/xcode
/Applications/Xcode-27.0.0-Release.Candidate.app/Contents/Developer/Toolchains/XcodeDefault.xctoolchain/usr/bin/clang-stat-cache /Applications/Xcode-27.0.0-Release.Candidate.app/Contents/Developer/Platforms/WatchOS.platform/Developer/SDKs/WatchOS27.0.sdk -o /Users/admin/builder/spi-builder-workspace/.derivedData/SDKStatCaches.noindex/watchos27.0-24R360-e829b21a6f8c9b70876ba0858053c04477534ef55a1706bf4c1112bbb242f0a2.sdkstatcache
CreateBuildDirectory /Users/admin/builder/spi-builder-workspace/.derivedData/Build/Products/Debug-watchos
cd /Users/admin/builder/spi-builder-workspace/.swiftpm/xcode
builtin-create-build-directory /Users/admin/builder/spi-builder-workspace/.derivedData/Build/Products/Debug-watchos
CreateBuildDirectory /Users/admin/builder/spi-builder-workspace/.derivedData/Build/Intermediates.noindex/SwiftExplicitPrecompiledModules
cd /Users/admin/builder/spi-builder-workspace/.swiftpm/xcode
builtin-create-build-directory /Users/admin/builder/spi-builder-workspace/.derivedData/Build/Intermediates.noindex/SwiftExplicitPrecompiledModules
CreateBuildDirectory /Users/admin/builder/spi-builder-workspace/.derivedData/Build/Intermediates.noindex/ExplicitPrecompiledModules
cd /Users/admin/builder/spi-builder-workspace/.swiftpm/xcode
builtin-create-build-directory /Users/admin/builder/spi-builder-workspace/.derivedData/Build/Intermediates.noindex/ExplicitPrecompiledModules
CreateBuildDirectory /Users/admin/builder/spi-builder-workspace/.derivedData/Build/Intermediates.noindex/PrecompiledHeaders
cd /Users/admin/builder/spi-builder-workspace/.swiftpm/xcode
builtin-create-build-directory /Users/admin/builder/spi-builder-workspace/.derivedData/Build/Intermediates.noindex/PrecompiledHeaders
CreateBuildDirectory /Users/admin/builder/spi-builder-workspace/.derivedData/Build/Intermediates.noindex/EagerLinkingTBDs/Debug-watchos
cd /Users/admin/builder/spi-builder-workspace/.swiftpm/xcode
builtin-create-build-directory /Users/admin/builder/spi-builder-workspace/.derivedData/Build/Intermediates.noindex/EagerLinkingTBDs/Debug-watchos
CreateBuildDirectory /Users/admin/builder/spi-builder-workspace/.derivedData/Build/Products/Debug-watchos/PackageFrameworks
cd /Users/admin/builder/spi-builder-workspace/.swiftpm/xcode
builtin-create-build-directory /Users/admin/builder/spi-builder-workspace/.derivedData/Build/Products/Debug-watchos/PackageFrameworks
WriteAuxiliaryFile /Users/admin/builder/spi-builder-workspace/.derivedData/Build/Intermediates.noindex/XUI.build/Debug-watchos/XUI-t.build/XUI.DependencyMetadataFileList (in target 'XUI' from project 'XUI')
cd /Users/admin/builder/spi-builder-workspace
write-file /Users/admin/builder/spi-builder-workspace/.derivedData/Build/Intermediates.noindex/XUI.build/Debug-watchos/XUI-t.build/XUI.DependencyMetadataFileList
WriteAuxiliaryFile /Users/admin/builder/spi-builder-workspace/.derivedData/Build/Intermediates.noindex/XUI.build/Debug-watchos/XUI-t.build/XUI.DependencyStaticMetadataFileList (in target 'XUI' from project 'XUI')
cd /Users/admin/builder/spi-builder-workspace
write-file /Users/admin/builder/spi-builder-workspace/.derivedData/Build/Intermediates.noindex/XUI.build/Debug-watchos/XUI-t.build/XUI.DependencyStaticMetadataFileList
WriteAuxiliaryFile /Users/admin/builder/spi-builder-workspace/.derivedData/Build/Intermediates.noindex/XUI.build/Debug-watchos/XUI-t.build/XUI.modulemap (in target 'XUI' from project 'XUI')
cd /Users/admin/builder/spi-builder-workspace
write-file /Users/admin/builder/spi-builder-workspace/.derivedData/Build/Intermediates.noindex/XUI.build/Debug-watchos/XUI-t.build/XUI.modulemap
WriteAuxiliaryFile /Users/admin/builder/spi-builder-workspace/.derivedData/Build/Intermediates.noindex/XUI.build/Debug-watchos/XUI-t.build/Objects-normal/arm64_32/XUI.LinkFileList (in target 'XUI' from project 'XUI')
cd /Users/admin/builder/spi-builder-workspace
write-file /Users/admin/builder/spi-builder-workspace/.derivedData/Build/Intermediates.noindex/XUI.build/Debug-watchos/XUI-t.build/Objects-normal/arm64_32/XUI.LinkFileList
WriteAuxiliaryFile /Users/admin/builder/spi-builder-workspace/.derivedData/Build/Intermediates.noindex/XUI.build/Debug-watchos/XUI-t.build/Objects-normal/arm64_32/XUI.SwiftConstValuesFileList (in target 'XUI' from project 'XUI')
cd /Users/admin/builder/spi-builder-workspace
write-file /Users/admin/builder/spi-builder-workspace/.derivedData/Build/Intermediates.noindex/XUI.build/Debug-watchos/XUI-t.build/Objects-normal/arm64_32/XUI.SwiftConstValuesFileList
WriteAuxiliaryFile /Users/admin/builder/spi-builder-workspace/.derivedData/Build/Intermediates.noindex/XUI.build/Debug-watchos/XUI-t.build/Objects-normal/arm64_32/XUI-OutputFileMap.json (in target 'XUI' from project 'XUI')
cd /Users/admin/builder/spi-builder-workspace
write-file /Users/admin/builder/spi-builder-workspace/.derivedData/Build/Intermediates.noindex/XUI.build/Debug-watchos/XUI-t.build/Objects-normal/arm64_32/XUI-OutputFileMap.json
WriteAuxiliaryFile /Users/admin/builder/spi-builder-workspace/.derivedData/Build/Intermediates.noindex/XUI.build/Debug-watchos/XUI-t.build/Objects-normal/arm64_32/XUI_const_extract_protocols.json (in target 'XUI' from project 'XUI')
cd /Users/admin/builder/spi-builder-workspace
write-file /Users/admin/builder/spi-builder-workspace/.derivedData/Build/Intermediates.noindex/XUI.build/Debug-watchos/XUI-t.build/Objects-normal/arm64_32/XUI_const_extract_protocols.json
WriteAuxiliaryFile /Users/admin/builder/spi-builder-workspace/.derivedData/Build/Intermediates.noindex/XUI.build/Debug-watchos/XUI-t.build/Objects-normal/arm64_32/XUI.SwiftFileList (in target 'XUI' from project 'XUI')
cd /Users/admin/builder/spi-builder-workspace
write-file /Users/admin/builder/spi-builder-workspace/.derivedData/Build/Intermediates.noindex/XUI.build/Debug-watchos/XUI-t.build/Objects-normal/arm64_32/XUI.SwiftFileList
WriteAuxiliaryFile /Users/admin/builder/spi-builder-workspace/.derivedData/Build/Intermediates.noindex/XUI.build/Debug-watchos/XUI-t.build/Objects-normal/arm64/XUI_const_extract_protocols.json (in target 'XUI' from project 'XUI')
cd /Users/admin/builder/spi-builder-workspace
write-file /Users/admin/builder/spi-builder-workspace/.derivedData/Build/Intermediates.noindex/XUI.build/Debug-watchos/XUI-t.build/Objects-normal/arm64/XUI_const_extract_protocols.json
WriteAuxiliaryFile /Users/admin/builder/spi-builder-workspace/.derivedData/Build/Intermediates.noindex/XUI.build/Debug-watchos/XUI-t.build/Objects-normal/arm64/XUI.SwiftFileList (in target 'XUI' from project 'XUI')
cd /Users/admin/builder/spi-builder-workspace
write-file /Users/admin/builder/spi-builder-workspace/.derivedData/Build/Intermediates.noindex/XUI.build/Debug-watchos/XUI-t.build/Objects-normal/arm64/XUI.SwiftFileList
WriteAuxiliaryFile /Users/admin/builder/spi-builder-workspace/.derivedData/Build/Intermediates.noindex/XUI.build/Debug-watchos/XUI-t.build/Objects-normal/arm64/XUI.SwiftConstValuesFileList (in target 'XUI' from project 'XUI')
cd /Users/admin/builder/spi-builder-workspace
write-file /Users/admin/builder/spi-builder-workspace/.derivedData/Build/Intermediates.noindex/XUI.build/Debug-watchos/XUI-t.build/Objects-normal/arm64/XUI.SwiftConstValuesFileList
WriteAuxiliaryFile /Users/admin/builder/spi-builder-workspace/.derivedData/Build/Intermediates.noindex/XUI.build/Debug-watchos/XUI-t.build/Objects-normal/arm64/XUI.LinkFileList (in target 'XUI' from project 'XUI')
cd /Users/admin/builder/spi-builder-workspace
write-file /Users/admin/builder/spi-builder-workspace/.derivedData/Build/Intermediates.noindex/XUI.build/Debug-watchos/XUI-t.build/Objects-normal/arm64/XUI.LinkFileList
WriteAuxiliaryFile /Users/admin/builder/spi-builder-workspace/.derivedData/Build/Intermediates.noindex/XUI.build/Debug-watchos/XUI-t.build/Objects-normal/arm64/XUI-OutputFileMap.json (in target 'XUI' from project 'XUI')
cd /Users/admin/builder/spi-builder-workspace
write-file /Users/admin/builder/spi-builder-workspace/.derivedData/Build/Intermediates.noindex/XUI.build/Debug-watchos/XUI-t.build/Objects-normal/arm64/XUI-OutputFileMap.json
Copy /Users/admin/builder/spi-builder-workspace/.derivedData/Build/Intermediates.noindex/GeneratedModuleMaps-watchos/XUI.modulemap /Users/admin/builder/spi-builder-workspace/.derivedData/Build/Intermediates.noindex/XUI.build/Debug-watchos/XUI-t.build/XUI.modulemap (in target 'XUI' from project 'XUI')
cd /Users/admin/builder/spi-builder-workspace
builtin-copy -exclude .DS_Store -exclude CVS -exclude .svn -exclude .git -exclude .hg -resolve-src-symlinks /Users/admin/builder/spi-builder-workspace/.derivedData/Build/Intermediates.noindex/XUI.build/Debug-watchos/XUI-t.build/XUI.modulemap /Users/admin/builder/spi-builder-workspace/.derivedData/Build/Intermediates.noindex/GeneratedModuleMaps-watchos
SwiftDriver XUI normal arm64_32 com.apple.xcode.tools.swift.compiler (in target 'XUI' from project 'XUI')
cd /Users/admin/builder/spi-builder-workspace/.swiftpm/xcode
builtin-SwiftDriver -- /Applications/Xcode-27.0.0-Release.Candidate.app/Contents/Developer/Toolchains/XcodeDefault.xctoolchain/usr/bin/swiftc -parse-as-library -module-name XUI -Onone @/Users/admin/builder/spi-builder-workspace/.derivedData/Build/Intermediates.noindex/XUI.build/Debug-watchos/XUI-t.build/Objects-normal/arm64_32/XUI.SwiftFileList -DSWIFT_PACKAGE -DDEBUG -DSWIFT_MODULE_RESOURCE_BUNDLE_UNAVAILABLE -DXcode -plugin-path /Applications/Xcode-27.0.0-Release.Candidate.app/Contents/Developer/Toolchains/XcodeDefault.xctoolchain/usr/lib/swift/host/plugins/testing -enable-experimental-feature DebugDescriptionMacro -sdk /Applications/Xcode-27.0.0-Release.Candidate.app/Contents/Developer/Platforms/WatchOS.platform/Developer/SDKs/WatchOS27.0.sdk -target arm64_32-apple-watchos9.0 -g -module-cache-path /Users/admin/builder/spi-builder-workspace/.derivedData/ModuleCache.noindex -Xfrontend -serialize-debugging-options -profile-coverage-mapping -profile-generate -enable-testing -index-store-path /Users/admin/builder/spi-builder-workspace/.derivedData/Index.noindex/DataStore -Xcc -D_LIBCPP_HARDENING_MODE\=_LIBCPP_HARDENING_MODE_DEBUG -swift-version 5 -I /Users/admin/builder/spi-builder-workspace/.derivedData/Build/Products/Debug-watchos -Isystem /Applications/Xcode-27.0.0-Release.Candidate.app/Contents/Developer/Platforms/WatchOS.platform/Developer/usr/lib -F /Users/admin/builder/spi-builder-workspace/.derivedData/Build/Products/Debug-watchos -F /Applications/Xcode-27.0.0-Release.Candidate.app/Contents/Developer/Platforms/WatchOS.platform/Developer/Library/Frameworks -F /Applications/Xcode-27.0.0-Release.Candidate.app/Contents/Developer/Platforms/WatchOS.platform/Developer/SDKs/WatchOS27.0.sdk/Developer/Library/Frameworks -c -j10 -enable-batch-mode -incremental -Xcc -ivfsstatcache -Xcc /Users/admin/builder/spi-builder-workspace/.derivedData/SDKStatCaches.noindex/watchos27.0-24R360-e829b21a6f8c9b70876ba0858053c04477534ef55a1706bf4c1112bbb242f0a2.sdkstatcache -output-file-map /Users/admin/builder/spi-builder-workspace/.derivedData/Build/Intermediates.noindex/XUI.build/Debug-watchos/XUI-t.build/Objects-normal/arm64_32/XUI-OutputFileMap.json -save-temps -no-color-diagnostics -explicit-module-build -module-cache-path /Users/admin/builder/spi-builder-workspace/.derivedData/Build/Intermediates.noindex/SwiftExplicitPrecompiledModules -clang-scanner-module-cache-path /Users/admin/builder/spi-builder-workspace/.derivedData/ModuleCache.noindex -sdk-module-cache-path /Users/admin/builder/spi-builder-workspace/.derivedData/SDKExplicitPrecompiledModules -emit-dependencies -emit-module -emit-module-path /Users/admin/builder/spi-builder-workspace/.derivedData/Build/Intermediates.noindex/XUI.build/Debug-watchos/XUI-t.build/Objects-normal/arm64_32/XUI.swiftmodule -serialize-diagnostics -dependency-scan-serialize-diagnostics-path /Users/admin/builder/spi-builder-workspace/.derivedData/Build/Intermediates.noindex/XUI.build/Debug-watchos/XUI-t.build/Objects-normal/arm64_32/XUI-dependency-scan.dia -validate-clang-modules-once -clang-build-session-file /Users/admin/builder/spi-builder-workspace/.derivedData/ModuleCache.noindex/Session.modulevalidation -Xcc -fmodules-prune-interval\=86400 -Xcc -fmodules-prune-after\=345600 -emit-const-values -const-gather-protocols-list /Users/admin/builder/spi-builder-workspace/.derivedData/Build/Intermediates.noindex/XUI.build/Debug-watchos/XUI-t.build/Objects-normal/arm64_32/XUI_const_extract_protocols.json -Xcc -I/Users/admin/builder/spi-builder-workspace/.derivedData/Build/Products/Debug-watchos/include -Xcc -I/Users/admin/builder/spi-builder-workspace/.derivedData/Build/Intermediates.noindex/XUI.build/Debug-watchos/XUI-t.build/DerivedSources-normal/arm64_32 -Xcc -I/Users/admin/builder/spi-builder-workspace/.derivedData/Build/Intermediates.noindex/XUI.build/Debug-watchos/XUI-t.build/DerivedSources/arm64_32 -Xcc -I/Users/admin/builder/spi-builder-workspace/.derivedData/Build/Intermediates.noindex/XUI.build/Debug-watchos/XUI-t.build/DerivedSources -Xcc -DSWIFT_PACKAGE -Xcc -DDEBUG\=1 -emit-objc-header -emit-objc-header-path /Users/admin/builder/spi-builder-workspace/.derivedData/Build/Intermediates.noindex/XUI.build/Debug-watchos/XUI-t.build/Objects-normal/arm64_32/XUI-Swift.h -working-directory /Users/admin/builder/spi-builder-workspace/.swiftpm/xcode -experimental-emit-module-separately -disable-cmo
/Users/admin/builder/spi-builder-workspace/Sources/XUI/Combine/CancellableBuilder.swift:14:2: warning: '@_functionBuilder' has been renamed to '@resultBuilder' (in target 'XUI' from project 'XUI')
/Users/admin/builder/spi-builder-workspace/Sources/XUI/DeepLink/DeepLinkableBuilder.swift:11:2: warning: '@_functionBuilder' has been renamed to '@resultBuilder' (in target 'XUI' from project 'XUI')
SwiftDriver XUI normal arm64 com.apple.xcode.tools.swift.compiler (in target 'XUI' from project 'XUI')
cd /Users/admin/builder/spi-builder-workspace/.swiftpm/xcode
builtin-SwiftDriver -- /Applications/Xcode-27.0.0-Release.Candidate.app/Contents/Developer/Toolchains/XcodeDefault.xctoolchain/usr/bin/swiftc -parse-as-library -module-name XUI -Onone @/Users/admin/builder/spi-builder-workspace/.derivedData/Build/Intermediates.noindex/XUI.build/Debug-watchos/XUI-t.build/Objects-normal/arm64/XUI.SwiftFileList -DSWIFT_PACKAGE -DDEBUG -DSWIFT_MODULE_RESOURCE_BUNDLE_UNAVAILABLE -DXcode -plugin-path /Applications/Xcode-27.0.0-Release.Candidate.app/Contents/Developer/Toolchains/XcodeDefault.xctoolchain/usr/lib/swift/host/plugins/testing -enable-experimental-feature DebugDescriptionMacro -sdk /Applications/Xcode-27.0.0-Release.Candidate.app/Contents/Developer/Platforms/WatchOS.platform/Developer/SDKs/WatchOS27.0.sdk -target arm64-apple-watchos9.0 -g -module-cache-path /Users/admin/builder/spi-builder-workspace/.derivedData/ModuleCache.noindex -Xfrontend -serialize-debugging-options -profile-coverage-mapping -profile-generate -enable-testing -index-store-path /Users/admin/builder/spi-builder-workspace/.derivedData/Index.noindex/DataStore -Xcc -D_LIBCPP_HARDENING_MODE\=_LIBCPP_HARDENING_MODE_DEBUG -swift-version 5 -I /Users/admin/builder/spi-builder-workspace/.derivedData/Build/Products/Debug-watchos -Isystem /Applications/Xcode-27.0.0-Release.Candidate.app/Contents/Developer/Platforms/WatchOS.platform/Developer/usr/lib -F /Users/admin/builder/spi-builder-workspace/.derivedData/Build/Products/Debug-watchos -F /Applications/Xcode-27.0.0-Release.Candidate.app/Contents/Developer/Platforms/WatchOS.platform/Developer/Library/Frameworks -F /Applications/Xcode-27.0.0-Release.Candidate.app/Contents/Developer/Platforms/WatchOS.platform/Developer/SDKs/WatchOS27.0.sdk/Developer/Library/Frameworks -c -j10 -enable-batch-mode -incremental -Xcc -ivfsstatcache -Xcc /Users/admin/builder/spi-builder-workspace/.derivedData/SDKStatCaches.noindex/watchos27.0-24R360-e829b21a6f8c9b70876ba0858053c04477534ef55a1706bf4c1112bbb242f0a2.sdkstatcache -output-file-map /Users/admin/builder/spi-builder-workspace/.derivedData/Build/Intermediates.noindex/XUI.build/Debug-watchos/XUI-t.build/Objects-normal/arm64/XUI-OutputFileMap.json -save-temps -no-color-diagnostics -explicit-module-build -module-cache-path /Users/admin/builder/spi-builder-workspace/.derivedData/Build/Intermediates.noindex/SwiftExplicitPrecompiledModules -clang-scanner-module-cache-path /Users/admin/builder/spi-builder-workspace/.derivedData/ModuleCache.noindex -sdk-module-cache-path /Users/admin/builder/spi-builder-workspace/.derivedData/SDKExplicitPrecompiledModules -emit-dependencies -emit-module -emit-module-path /Users/admin/builder/spi-builder-workspace/.derivedData/Build/Intermediates.noindex/XUI.build/Debug-watchos/XUI-t.build/Objects-normal/arm64/XUI.swiftmodule -serialize-diagnostics -dependency-scan-serialize-diagnostics-path /Users/admin/builder/spi-builder-workspace/.derivedData/Build/Intermediates.noindex/XUI.build/Debug-watchos/XUI-t.build/Objects-normal/arm64/XUI-dependency-scan.dia -validate-clang-modules-once -clang-build-session-file /Users/admin/builder/spi-builder-workspace/.derivedData/ModuleCache.noindex/Session.modulevalidation -Xcc -fmodules-prune-interval\=86400 -Xcc -fmodules-prune-after\=345600 -emit-const-values -const-gather-protocols-list /Users/admin/builder/spi-builder-workspace/.derivedData/Build/Intermediates.noindex/XUI.build/Debug-watchos/XUI-t.build/Objects-normal/arm64/XUI_const_extract_protocols.json -Xcc -I/Users/admin/builder/spi-builder-workspace/.derivedData/Build/Products/Debug-watchos/include -Xcc -I/Users/admin/builder/spi-builder-workspace/.derivedData/Build/Intermediates.noindex/XUI.build/Debug-watchos/XUI-t.build/DerivedSources-normal/arm64 -Xcc -I/Users/admin/builder/spi-builder-workspace/.derivedData/Build/Intermediates.noindex/XUI.build/Debug-watchos/XUI-t.build/DerivedSources/arm64 -Xcc -I/Users/admin/builder/spi-builder-workspace/.derivedData/Build/Intermediates.noindex/XUI.build/Debug-watchos/XUI-t.build/DerivedSources -Xcc -DSWIFT_PACKAGE -Xcc -DDEBUG\=1 -emit-objc-header -emit-objc-header-path /Users/admin/builder/spi-builder-workspace/.derivedData/Build/Intermediates.noindex/XUI.build/Debug-watchos/XUI-t.build/Objects-normal/arm64/XUI-Swift.h -working-directory /Users/admin/builder/spi-builder-workspace/.swiftpm/xcode -experimental-emit-module-separately -disable-cmo
/Users/admin/builder/spi-builder-workspace/Sources/XUI/Combine/CancellableBuilder.swift:14:2: warning: '@_functionBuilder' has been renamed to '@resultBuilder' (in target 'XUI' from project 'XUI')
/Users/admin/builder/spi-builder-workspace/Sources/XUI/DeepLink/DeepLinkableBuilder.swift:11:2: warning: '@_functionBuilder' has been renamed to '@resultBuilder' (in target 'XUI' from project 'XUI')
SwiftExplicitDependencyGeneratePcm arm64_32 /Users/admin/builder/spi-builder-workspace/.derivedData/SDKExplicitPrecompiledModules/SwiftShims-9CQQGWTSNTN9EB5NSHDWUJICH.pcm
SwiftExplicitDependencyGeneratePcm arm64_32 /Users/admin/builder/spi-builder-workspace/.derivedData/SDKExplicitPrecompiledModules/ptrcheck-7ELIH9BTIGVKX3UBITM9N72WD.pcm
SwiftExplicitDependencyGeneratePcm arm64_32 /Users/admin/builder/spi-builder-workspace/.derivedData/SDKExplicitPrecompiledModules/_Builtin_stddef-H44EFHQX6XSS5MZ7QP6YJZ76.pcm
SwiftExplicitDependencyGeneratePcm arm64_32 /Users/admin/builder/spi-builder-workspace/.derivedData/SDKExplicitPrecompiledModules/_Builtin_float-6KO8O3PEWRCA4WC6PPLOYO6WJ.pcm
SwiftExplicitDependencyGeneratePcm arm64_32 /Users/admin/builder/spi-builder-workspace/.derivedData/SDKExplicitPrecompiledModules/_SwiftConcurrencyShims-6RTBPQ03V7BM9SPRK8SUE055H.pcm
SwiftExplicitDependencyGeneratePcm arm64_32 /Users/admin/builder/spi-builder-workspace/.derivedData/SDKExplicitPrecompiledModules/ptrauth-BFXF358ME5AK535N5A9Z766WU.pcm
SwiftExplicitDependencyGeneratePcm arm64_32 /Users/admin/builder/spi-builder-workspace/.derivedData/SDKExplicitPrecompiledModules/DeveloperToolsSupport-DZU5G1OCMNWU0AQRULIFHUJ1Z.pcm
SwiftExplicitDependencyGeneratePcm arm64_32 /Users/admin/builder/spi-builder-workspace/.derivedData/SDKExplicitPrecompiledModules/_Builtin_stdbool-A967K8W8YUYEC9SN52KJ7OO88.pcm
SwiftExplicitDependencyGeneratePcm arm64_32 /Users/admin/builder/spi-builder-workspace/.derivedData/SDKExplicitPrecompiledModules/_Builtin_stdarg-D305JG44A2WPI6CJY37X3QJE8.pcm
SwiftExplicitDependencyGeneratePcm arm64_32 /Users/admin/builder/spi-builder-workspace/.derivedData/SDKExplicitPrecompiledModules/_AvailabilityInternal-244WAN3Z1QBT7PIA64EZEFY1R.pcm
SwiftExplicitDependencyGeneratePcm arm64 /Users/admin/builder/spi-builder-workspace/.derivedData/SDKExplicitPrecompiledModules/ptrauth-3TZ9WJCGLYD25HQPWH4968ONX.pcm
SwiftExplicitDependencyGeneratePcm arm64 /Users/admin/builder/spi-builder-workspace/.derivedData/SDKExplicitPrecompiledModules/_AvailabilityInternal-BUNV3UXM65NT37THI4W1AM0SF.pcm
SwiftExplicitDependencyGeneratePcm arm64 /Users/admin/builder/spi-builder-workspace/.derivedData/SDKExplicitPrecompiledModules/SwiftShims-4MXFZPV6FEB0XBYXCGPWAMQGL.pcm
SwiftExplicitDependencyGeneratePcm arm64 /Users/admin/builder/spi-builder-workspace/.derivedData/SDKExplicitPrecompiledModules/_Builtin_stdarg-A7UU8LE6MP85SM26YO7PBZNUQ.pcm
SwiftExplicitDependencyGeneratePcm arm64 /Users/admin/builder/spi-builder-workspace/.derivedData/SDKExplicitPrecompiledModules/_Builtin_stdbool-83J96QSOFE9VX04AAS6310UAE.pcm
SwiftExplicitDependencyGeneratePcm arm64 /Users/admin/builder/spi-builder-workspace/.derivedData/SDKExplicitPrecompiledModules/_SwiftConcurrencyShims-659N52XSKR5F0QSB880BH2FJR.pcm
SwiftExplicitDependencyGeneratePcm arm64 /Users/admin/builder/spi-builder-workspace/.derivedData/SDKExplicitPrecompiledModules/_Builtin_stddef-1FU30Y8SWFB7OUUHMJQH5J6FM.pcm
SwiftExplicitDependencyGeneratePcm arm64 /Users/admin/builder/spi-builder-workspace/.derivedData/SDKExplicitPrecompiledModules/ptrcheck-AIF0NDOYZ8ORBNHQAQR5NNB8M.pcm
SwiftExplicitDependencyGeneratePcm arm64 /Users/admin/builder/spi-builder-workspace/.derivedData/SDKExplicitPrecompiledModules/DeveloperToolsSupport-E7CNISCB36UE8XQ9IOHK9XDX1.pcm
SwiftExplicitDependencyGeneratePcm arm64 /Users/admin/builder/spi-builder-workspace/.derivedData/SDKExplicitPrecompiledModules/_Builtin_float-C0CW5Q4HGBQYKE77TC42IAFB5.pcm
SwiftExplicitDependencyGeneratePcm arm64_32 /Users/admin/builder/spi-builder-workspace/.derivedData/SDKExplicitPrecompiledModules/_DarwinFoundation1-2GWF9RFMPLQW4PDHS3NARVI3G.pcm
SwiftExplicitDependencyGeneratePcm arm64 /Users/admin/builder/spi-builder-workspace/.derivedData/SDKExplicitPrecompiledModules/_DarwinFoundation1-7SPX3MD0HMP55E4OLNCPNDQ53.pcm
SwiftExplicitDependencyGeneratePcm arm64_32 /Users/admin/builder/spi-builder-workspace/.derivedData/SDKExplicitPrecompiledModules/_DarwinFoundation2-9MY8GOSYRO0M9MKNXF6D3MBNK.pcm
SwiftExplicitDependencyGeneratePcm arm64_32 /Users/admin/builder/spi-builder-workspace/.derivedData/SDKExplicitPrecompiledModules/_Builtin_limits-3VKBU2AFTD65PAJZ5CJ3LHFM2.pcm
SwiftExplicitDependencyGeneratePcm arm64 /Users/admin/builder/spi-builder-workspace/.derivedData/SDKExplicitPrecompiledModules/_DarwinFoundation2-D0XAPJU49S5E9XMKYOFGSTB1Q.pcm
SwiftExplicitDependencyGeneratePcm arm64 /Users/admin/builder/spi-builder-workspace/.derivedData/SDKExplicitPrecompiledModules/_Builtin_limits-9GWPA2B0H20DYUNYHYCWKABJG.pcm
SwiftExplicitDependencyGeneratePcm arm64_32 /Users/admin/builder/spi-builder-workspace/.derivedData/SDKExplicitPrecompiledModules/_Builtin_stdint-1HMXWI3V0V4TXHRWZOMZGZ80Y.pcm
SwiftExplicitDependencyGeneratePcm arm64_32 /Users/admin/builder/spi-builder-workspace/.derivedData/SDKExplicitPrecompiledModules/_Builtin_tgmath-23PGCKURCQILXMK0MYZRYDCOU.pcm
SwiftExplicitDependencyGeneratePcm arm64_32 /Users/admin/builder/spi-builder-workspace/.derivedData/SDKExplicitPrecompiledModules/sys_types-8TLLMW08ZJWDGIIPKOYFGHHZW.pcm
SwiftExplicitDependencyGeneratePcm arm64_32 /Users/admin/builder/spi-builder-workspace/.derivedData/SDKExplicitPrecompiledModules/string_h-BFVLUQUSBZWYMLCU9QI7VZALW.pcm
SwiftExplicitDependencyGeneratePcm arm64 /Users/admin/builder/spi-builder-workspace/.derivedData/SDKExplicitPrecompiledModules/_Builtin_tgmath-8NQ96OZ0YHXEC24JI95P01UF8.pcm
SwiftExplicitDependencyGeneratePcm arm64 /Users/admin/builder/spi-builder-workspace/.derivedData/SDKExplicitPrecompiledModules/string_h-E6PRXK75PHIPCZFWOFCQ3QBMK.pcm
SwiftExplicitDependencyGeneratePcm arm64 /Users/admin/builder/spi-builder-workspace/.derivedData/SDKExplicitPrecompiledModules/_Builtin_stdint-8XMILLJZEGRN2XG7XZUXZ5RLX.pcm
SwiftExplicitDependencyGeneratePcm arm64 /Users/admin/builder/spi-builder-workspace/.derivedData/SDKExplicitPrecompiledModules/sys_types-2KXQLI78OUCDP779AE68GZJ2.pcm
SwiftExplicitDependencyGeneratePcm arm64_32 /Users/admin/builder/spi-builder-workspace/.derivedData/SDKExplicitPrecompiledModules/_Builtin_stdatomic-1TY035TURL76BF2U98PZPPZRX.pcm
SwiftExplicitDependencyGeneratePcm arm64_32 /Users/admin/builder/spi-builder-workspace/.derivedData/SDKExplicitPrecompiledModules/_Builtin_intrinsics-196IIAKDQVU42DLOZP9OQCV76.pcm
SwiftExplicitDependencyGeneratePcm arm64_32 /Users/admin/builder/spi-builder-workspace/.derivedData/SDKExplicitPrecompiledModules/_DarwinFoundation3-3DUTYQDQSD9HUAAVY947NMWOI.pcm
SwiftExplicitDependencyGeneratePcm arm64 /Users/admin/builder/spi-builder-workspace/.derivedData/SDKExplicitPrecompiledModules/_Builtin_stdatomic-7JEFA3KBJJJN6TKJWY3OG1VG5.pcm
SwiftExplicitDependencyGeneratePcm arm64 /Users/admin/builder/spi-builder-workspace/.derivedData/SDKExplicitPrecompiledModules/_Builtin_intrinsics-75960HIPCIYA06IUW8FIIPQT.pcm
SwiftExplicitDependencyGeneratePcm arm64 /Users/admin/builder/spi-builder-workspace/.derivedData/SDKExplicitPrecompiledModules/_DarwinFoundation3-B97LRG0E9GON2NUE65TVG81HU.pcm
SwiftExplicitDependencyGeneratePcm arm64_32 /Users/admin/builder/spi-builder-workspace/.derivedData/SDKExplicitPrecompiledModules/_Builtin_inttypes-D2KPCR4PEX9AQA33NGLUT5SBR.pcm
SwiftExplicitDependencyGeneratePcm arm64 /Users/admin/builder/spi-builder-workspace/.derivedData/SDKExplicitPrecompiledModules/_Builtin_inttypes-3UQSCM7WNM9EK4HZML8TY5J3D.pcm
SwiftExplicitDependencyGeneratePcm arm64_32 /Users/admin/builder/spi-builder-workspace/.derivedData/SDKExplicitPrecompiledModules/Darwin-3FVT1SKLN2ZQ5RVOABMTQBB34.pcm
SwiftExplicitDependencyGeneratePcm arm64 /Users/admin/builder/spi-builder-workspace/.derivedData/SDKExplicitPrecompiledModules/Darwin-3984OXKFNSPE77NT743WK8SEX.pcm
SwiftExplicitDependencyGeneratePcm arm64_32 /Users/admin/builder/spi-builder-workspace/.derivedData/SDKExplicitPrecompiledModules/simd-21UNWYOBUZI1LVSQ99S1XBLMO.pcm
SwiftExplicitDependencyGeneratePcm arm64 /Users/admin/builder/spi-builder-workspace/.derivedData/SDKExplicitPrecompiledModules/simd-EH08NODU6574T74ZKU61VP9BW.pcm
SwiftExplicitDependencyGeneratePcm arm64_32 /Users/admin/builder/spi-builder-workspace/.derivedData/SDKExplicitPrecompiledModules/MachO-56838ZJ0NC1EBAJ0O6O8QMPDX.pcm
SwiftExplicitDependencyGeneratePcm arm64_32 /Users/admin/builder/spi-builder-workspace/.derivedData/SDKExplicitPrecompiledModules/ObjectiveC-6IJNELR2E80E7LUKESVCP2KET.pcm
SwiftExplicitDependencyGeneratePcm arm64 /Users/admin/builder/spi-builder-workspace/.derivedData/SDKExplicitPrecompiledModules/MachO-2U90NNSAQILBNBPS1SA4F8TYP.pcm
SwiftExplicitDependencyGeneratePcm arm64 /Users/admin/builder/spi-builder-workspace/.derivedData/SDKExplicitPrecompiledModules/ObjectiveC-72IVD3VS2RS8Q28D9PIMY0KQP.pcm
SwiftExplicitDependencyGeneratePcm arm64_32 /Users/admin/builder/spi-builder-workspace/.derivedData/SDKExplicitPrecompiledModules/os_object-5YWTC6L4756IWSTPGXS5NM0D0.pcm
SwiftExplicitDependencyGeneratePcm arm64 /Users/admin/builder/spi-builder-workspace/.derivedData/SDKExplicitPrecompiledModules/os_object-3SDKD7F87FTZ26OON37DRYT6O.pcm
SwiftExplicitDependencyGeneratePcm arm64_32 /Users/admin/builder/spi-builder-workspace/.derivedData/SDKExplicitPrecompiledModules/os_workgroup-5JHTPDMNBUNHLJI8LPHKQK1JK.pcm
SwiftExplicitDependencyGeneratePcm arm64 /Users/admin/builder/spi-builder-workspace/.derivedData/SDKExplicitPrecompiledModules/os_workgroup-89GG5G7YC2D0ZTK6AZXXQ20DH.pcm
SwiftExplicitDependencyGeneratePcm arm64_32 /Users/admin/builder/spi-builder-workspace/.derivedData/SDKExplicitPrecompiledModules/Spatial-CWVWNML3T0NXVHZDKVLD3X1YZ.pcm
SwiftExplicitDependencyGeneratePcm arm64 /Users/admin/builder/spi-builder-workspace/.derivedData/SDKExplicitPrecompiledModules/Spatial-44FJGYXFAT2AQAW9Z6T7YS02U.pcm
SwiftExplicitDependencyGeneratePcm arm64_32 /Users/admin/builder/spi-builder-workspace/.derivedData/SDKExplicitPrecompiledModules/Dispatch-2P62F1T4XV63S4P99TUDTOK2Q.pcm
SwiftExplicitDependencyGeneratePcm arm64 /Users/admin/builder/spi-builder-workspace/.derivedData/SDKExplicitPrecompiledModules/Dispatch-1NLJOVAK60XP0DUB05XA59EIM.pcm
SwiftExplicitDependencyGeneratePcm arm64_32 /Users/admin/builder/spi-builder-workspace/.derivedData/SDKExplicitPrecompiledModules/CoreFoundation-8E6Y4BA3EXYKUGJ24GT9LGV3N.pcm
SwiftExplicitDependencyGeneratePcm arm64_32 /Users/admin/builder/spi-builder-workspace/.derivedData/SDKExplicitPrecompiledModules/XPC-81Y45QFY96XYYFCW2GT6FY8S4.pcm
SwiftExplicitDependencyGeneratePcm arm64 /Users/admin/builder/spi-builder-workspace/.derivedData/SDKExplicitPrecompiledModules/XPC-40DR0X1DHKGCV4J1IOLFS8MOU.pcm
SwiftExplicitDependencyGeneratePcm arm64 /Users/admin/builder/spi-builder-workspace/.derivedData/SDKExplicitPrecompiledModules/CoreFoundation-8T2L24YC5NU7WO6WQJWRY7W08.pcm
SwiftExplicitDependencyGeneratePcm arm64_32 /Users/admin/builder/spi-builder-workspace/.derivedData/SDKExplicitPrecompiledModules/os-E5IGB442IA6SBB25TTCOLK2OC.pcm
SwiftExplicitDependencyGeneratePcm arm64 /Users/admin/builder/spi-builder-workspace/.derivedData/SDKExplicitPrecompiledModules/os-5DIL6Z9LFIGLMZAHM7X2T5435.pcm
SwiftExplicitDependencyGeneratePcm arm64 /Users/admin/builder/spi-builder-workspace/.derivedData/SDKExplicitPrecompiledModules/CoreAudioTypes-A9MF7N5LT63G21HNFVM6BT14B.pcm
SwiftExplicitDependencyGeneratePcm arm64 /Users/admin/builder/spi-builder-workspace/.derivedData/SDKExplicitPrecompiledModules/Security-6RZ6YBRU8WCUHRFFRVUK5WKMM.pcm
SwiftExplicitDependencyGeneratePcm arm64 /Users/admin/builder/spi-builder-workspace/.derivedData/SDKExplicitPrecompiledModules/CoreGraphics-DWNZ73GEH98SBJXZ7DEXB420K.pcm
SwiftExplicitDependencyGeneratePcm arm64_32 /Users/admin/builder/spi-builder-workspace/.derivedData/SDKExplicitPrecompiledModules/CoreGraphics-9FDXYX6BKBUT6TJ2VF819E7T5.pcm
SwiftExplicitDependencyGeneratePcm arm64_32 /Users/admin/builder/spi-builder-workspace/.derivedData/SDKExplicitPrecompiledModules/CoreAudioTypes-9GVB1DHA32M46R4A9NWSI3I2K.pcm
SwiftExplicitDependencyGeneratePcm arm64_32 /Users/admin/builder/spi-builder-workspace/.derivedData/SDKExplicitPrecompiledModules/Security-D7TOWF88VWF67TB9HAFP5UWB1.pcm
SwiftExplicitDependencyGeneratePcm arm64 /Users/admin/builder/spi-builder-workspace/.derivedData/SDKExplicitPrecompiledModules/CoreAudio-1B79RJJTP71GE6UY9WLESAN3C.pcm
SwiftExplicitDependencyGeneratePcm arm64_32 /Users/admin/builder/spi-builder-workspace/.derivedData/SDKExplicitPrecompiledModules/CoreAudio-5W6MX6OUPWBMUR8VD5LHT1PZF.pcm
SwiftExplicitDependencyGeneratePcm arm64 /Users/admin/builder/spi-builder-workspace/.derivedData/SDKExplicitPrecompiledModules/Foundation-DLBKUSGXN8QHAT8W0OARR9S8A.pcm
SwiftExplicitDependencyGeneratePcm arm64_32 /Users/admin/builder/spi-builder-workspace/.derivedData/SDKExplicitPrecompiledModules/Foundation-BJ2VQGI3OGR34500MEQ1VKHPH.pcm
SwiftExplicitDependencyGeneratePcm arm64 /Users/admin/builder/spi-builder-workspace/.derivedData/SDKExplicitPrecompiledModules/CoreText-970YJN6NIYGK1316L35Z0O8QT.pcm
SwiftExplicitDependencyGeneratePcm arm64 /Users/admin/builder/spi-builder-workspace/.derivedData/SDKExplicitPrecompiledModules/CoreVideo-8MRR5MNWUOAW2DBPGUQ8FKK4.pcm
SwiftExplicitDependencyGeneratePcm arm64_32 /Users/admin/builder/spi-builder-workspace/.derivedData/SDKExplicitPrecompiledModules/CoreVideo-2P8HI0403J99LBDPKNFJ5D4DL.pcm
SwiftExplicitDependencyGeneratePcm arm64_32 /Users/admin/builder/spi-builder-workspace/.derivedData/SDKExplicitPrecompiledModules/CoreText-C9X2REPZN2V5BSU4G80FCETDR.pcm
SwiftExplicitDependencyGeneratePcm arm64 /Users/admin/builder/spi-builder-workspace/.derivedData/SDKExplicitPrecompiledModules/CoreMedia-1AJVCUZNAO74KIKMFVFUUHWDI.pcm
SwiftExplicitDependencyGeneratePcm arm64_32 /Users/admin/builder/spi-builder-workspace/.derivedData/SDKExplicitPrecompiledModules/CoreMedia-AO387T8CHWTTZODD1DGT0UAFA.pcm
SwiftExplicitDependencyGeneratePcm arm64_32 /Users/admin/builder/spi-builder-workspace/.derivedData/SDKExplicitPrecompiledModules/OSLog-D9AVFY0KWO7RVBIQ73CBIJVCN.pcm
SwiftExplicitDependencyGeneratePcm arm64_32 /Users/admin/builder/spi-builder-workspace/.derivedData/SDKExplicitPrecompiledModules/CoreData-7AU1AFQWUH88EAPDKVMLJPKVD.pcm
SwiftExplicitDependencyGeneratePcm arm64_32 /Users/admin/builder/spi-builder-workspace/.derivedData/SDKExplicitPrecompiledModules/QuartzCore-6375NPYACK5NYVHPMC1QQ8MC2.pcm
SwiftExplicitDependencyGeneratePcm arm64_32 /Users/admin/builder/spi-builder-workspace/.derivedData/SDKExplicitPrecompiledModules/CoreTransferable-5D4IR6X37682FPHJ5CBPTKQV6.pcm
SwiftExplicitDependencyGeneratePcm arm64_32 /Users/admin/builder/spi-builder-workspace/.derivedData/SDKExplicitPrecompiledModules/Accessibility-F385OMZ5GYBUY5O4QAJB4NRII.pcm
SwiftExplicitDependencyGeneratePcm arm64_32 /Users/admin/builder/spi-builder-workspace/.derivedData/SDKExplicitPrecompiledModules/SceneKit-DKNLHKM5FJBQ79LSNMSSMBUBR.pcm
SwiftExplicitDependencyGeneratePcm arm64_32 /Users/admin/builder/spi-builder-workspace/.derivedData/SDKExplicitPrecompiledModules/_LocationEssentials-AQ1OL9QKC3LQLY5CNSRM1HB53.pcm
SwiftExplicitDependencyGeneratePcm arm64_32 /Users/admin/builder/spi-builder-workspace/.derivedData/SDKExplicitPrecompiledModules/DataDetection-U9BF7WHFVA6BZGFXXXP272PS.pcm
SwiftExplicitDependencyGeneratePcm arm64_32 /Users/admin/builder/spi-builder-workspace/.derivedData/SDKExplicitPrecompiledModules/Symbols-1H97WMG76HU94F5VGJR19PXFY.pcm
SwiftExplicitDependencyGeneratePcm arm64_32 /Users/admin/builder/spi-builder-workspace/.derivedData/SDKExplicitPrecompiledModules/UserNotifications-6TBN8TEAKO014N1T2QD926XED.pcm
SwiftExplicitDependencyGeneratePcm arm64 /Users/admin/builder/spi-builder-workspace/.derivedData/SDKExplicitPrecompiledModules/Symbols-3EFABTJ9L5PQDJ7RQCYQWEJMM.pcm
SwiftExplicitDependencyGeneratePcm arm64 /Users/admin/builder/spi-builder-workspace/.derivedData/SDKExplicitPrecompiledModules/UIUtilities-IR7RNW23VAUKYI9MLCS9NL9A.pcm
SwiftExplicitDependencyGeneratePcm arm64 /Users/admin/builder/spi-builder-workspace/.derivedData/SDKExplicitPrecompiledModules/_LocationEssentials-5ZZDGDXB6HLQUC72SJW7YJ7MK.pcm
SwiftExplicitDependencyGeneratePcm arm64 /Users/admin/builder/spi-builder-workspace/.derivedData/SDKExplicitPrecompiledModules/UserNotifications-ARAH8MEQ0C2L0FBO39HITJMAO.pcm
SwiftExplicitDependencyGeneratePcm arm64_32 /Users/admin/builder/spi-builder-workspace/.derivedData/SDKExplicitPrecompiledModules/CoreLocation-8XU5YMYM4P11RQMYCQAG65ITK.pcm
SwiftExplicitDependencyGeneratePcm arm64 /Users/admin/builder/spi-builder-workspace/.derivedData/SDKExplicitPrecompiledModules/CoreData-9JFJC4UET8BAO5IPV2JU6W9V8.pcm
SwiftExplicitDependencyGeneratePcm arm64 /Users/admin/builder/spi-builder-workspace/.derivedData/SDKExplicitPrecompiledModules/DataDetection-7BNVI1SZW5ISQL5SX4WL2X7I5.pcm
SwiftExplicitDependencyGeneratePcm arm64 /Users/admin/builder/spi-builder-workspace/.derivedData/SDKExplicitPrecompiledModules/OSLog-B7VGO357Y3GJG35TST7DKDSI3.pcm
SwiftExplicitDependencyGeneratePcm arm64_32 /Users/admin/builder/spi-builder-workspace/.derivedData/SDKExplicitPrecompiledModules/SwiftUICore-3Q7WLRD8MR9R3NGIPUBQCP6F6.pcm
SwiftExplicitDependencyGeneratePcm arm64 /Users/admin/builder/spi-builder-workspace/.derivedData/SDKExplicitPrecompiledModules/QuartzCore-94KFMWNOU7ZLUZNB4T5DLZC9D.pcm
SwiftExplicitDependencyGeneratePcm arm64_32 /Users/admin/builder/spi-builder-workspace/.derivedData/SDKExplicitPrecompiledModules/UIUtilities-9YFVNIMRC5HRVOIARNWHP1E3H.pcm
SwiftExplicitDependencyGeneratePcm arm64 /Users/admin/builder/spi-builder-workspace/.derivedData/SDKExplicitPrecompiledModules/SceneKit-5HZKIL7XETTTD8TOHYPN8JKRJ.pcm
SwiftExplicitDependencyGeneratePcm arm64 /Users/admin/builder/spi-builder-workspace/.derivedData/SDKExplicitPrecompiledModules/CoreTransferable-9PPG3SLJ55T4LITIFYX2M0NOZ.pcm
SwiftExplicitDependencyGeneratePcm arm64 /Users/admin/builder/spi-builder-workspace/.derivedData/SDKExplicitPrecompiledModules/CoreLocation-ACKJ9K7ABI14F97Y46Y6SRR17.pcm
SwiftExplicitDependencyGeneratePcm arm64 /Users/admin/builder/spi-builder-workspace/.derivedData/SDKExplicitPrecompiledModules/UniformTypeIdentifiers-8L08Q8DQJV8C4AW84YVGFGTRN.pcm
SwiftExplicitDependencyGeneratePcm arm64 /Users/admin/builder/spi-builder-workspace/.derivedData/SDKExplicitPrecompiledModules/Accessibility-27QMG6ZQ1NKYTNBYFPM1XKNFC.pcm
SwiftExplicitDependencyGeneratePcm arm64_32 /Users/admin/builder/spi-builder-workspace/.derivedData/SDKExplicitPrecompiledModules/CoreMotion-1XGTVTE5PP32UHME8AC63TL6.pcm
SwiftExplicitDependencyGeneratePcm arm64_32 /Users/admin/builder/spi-builder-workspace/.derivedData/SDKExplicitPrecompiledModules/UniformTypeIdentifiers-CJZ3NTHPSBH4XWX5EVOG56UZS.pcm
SwiftExplicitDependencyGeneratePcm arm64 /Users/admin/builder/spi-builder-workspace/.derivedData/SDKExplicitPrecompiledModules/SwiftUICore-C1DST1IX2Z0PTH5SJJZ1IULRB.pcm
SwiftExplicitDependencyGeneratePcm arm64 /Users/admin/builder/spi-builder-workspace/.derivedData/SDKExplicitPrecompiledModules/CoreMotion-6RD5K48QT1F4L9CATNFD2O7YB.pcm
SwiftExplicitDependencyGeneratePcm arm64_32 /Users/admin/builder/spi-builder-workspace/.derivedData/SDKExplicitPrecompiledModules/UIKit-6PPV7YPZ89CZPHYAP072QH8B6.pcm
SwiftExplicitDependencyGeneratePcm arm64 /Users/admin/builder/spi-builder-workspace/.derivedData/SDKExplicitPrecompiledModules/UIKit-27R3P1YMV4C6JLDT661G3MRIA.pcm
SwiftExplicitDependencyGeneratePcm arm64_32 /Users/admin/builder/spi-builder-workspace/.derivedData/SDKExplicitPrecompiledModules/MapKit-CWGB4YMP1VX1NYQN5FULFD5DR.pcm
SwiftExplicitDependencyGeneratePcm arm64_32 /Users/admin/builder/spi-builder-workspace/.derivedData/SDKExplicitPrecompiledModules/HomeKit-DUDZOMSN3UK8GNTNBNMPIWJRN.pcm
SwiftExplicitDependencyGeneratePcm arm64 /Users/admin/builder/spi-builder-workspace/.derivedData/SDKExplicitPrecompiledModules/HomeKit-DTS1N4AWILAL1URZ5IOXV5221.pcm
SwiftExplicitDependencyGeneratePcm arm64 /Users/admin/builder/spi-builder-workspace/.derivedData/SDKExplicitPrecompiledModules/MapKit-EJJWC7IL56MPLQMI93GJRE5OG.pcm
SwiftExplicitDependencyGeneratePcm arm64_32 /Users/admin/builder/spi-builder-workspace/.derivedData/SDKExplicitPrecompiledModules/WatchKit-FHF6WTKLC2APGK3LA2XJ6516.pcm
SwiftExplicitDependencyGeneratePcm arm64 /Users/admin/builder/spi-builder-workspace/.derivedData/SDKExplicitPrecompiledModules/WatchKit-3VT3K8YON6FJ6OWSUFJMFMP8J.pcm
SwiftExplicitDependencyGeneratePcm arm64_32 /Users/admin/builder/spi-builder-workspace/.derivedData/SDKExplicitPrecompiledModules/SwiftUI-9AYG9OCT5VOJK7V4MX1WYR86T.pcm
SwiftCompile normal arm64_32 Compiling\ AnyObservableObject.swift,\ Store.swift /Users/admin/builder/spi-builder-workspace/Sources/XUI/Store/AnyObservableObject.swift /Users/admin/builder/spi-builder-workspace/Sources/XUI/Store/Store.swift (in target 'XUI' from project 'XUI')
SwiftCompile normal arm64_32 /Users/admin/builder/spi-builder-workspace/Sources/XUI/Store/AnyObservableObject.swift (in target 'XUI' from project 'XUI')
cd /Users/admin/builder/spi-builder-workspace/.swiftpm/xcode
builtin-SwiftPerFileCompile AnyObservableObject.swift
SwiftCompile normal arm64_32 /Users/admin/builder/spi-builder-workspace/Sources/XUI/Store/Store.swift (in target 'XUI' from project 'XUI')
cd /Users/admin/builder/spi-builder-workspace/.swiftpm/xcode
builtin-SwiftPerFileCompile Store.swift
/Users/admin/builder/spi-builder-workspace/Sources/XUI/Store/Store.swift:20:28: warning: capture of 'self' with non-Sendable type 'Store<Model>.Wrapper' in a '@Sendable' closure [#SendableClosureCaptures]
18 |
19 | public subscript<Value>(dynamicMember keyPath: ReferenceWritableKeyPath<Model, Value>) -> Binding<Value> {
20 | Binding(get: { self.store.wrappedValue[keyPath: keyPath] },
| `- warning: capture of 'self' with non-Sendable type 'Store<Model>.Wrapper' in a '@Sendable' closure [#SendableClosureCaptures]
21 | set: { self.store.wrappedValue[keyPath: keyPath] = $0 })
22 | }
/Users/admin/builder/spi-builder-workspace/Sources/XUI/Store/Store.swift:21:28: warning: capture of 'self' with non-Sendable type 'Store<Model>.Wrapper' in a '@Sendable' closure [#SendableClosureCaptures]
19 | public subscript<Value>(dynamicMember keyPath: ReferenceWritableKeyPath<Model, Value>) -> Binding<Value> {
20 | Binding(get: { self.store.wrappedValue[keyPath: keyPath] },
21 | set: { self.store.wrappedValue[keyPath: keyPath] = $0 })
| `- warning: capture of 'self' with non-Sendable type 'Store<Model>.Wrapper' in a '@Sendable' closure [#SendableClosureCaptures]
22 | }
23 |
[#SendableClosureCaptures]: <https://docs.swift.org/compiler/documentation/diagnostics/sendable-closure-captures>
SwiftCompile normal arm64_32 Compiling\ NavigationLink.swift,\ View+Navigation.swift /Users/admin/builder/spi-builder-workspace/Sources/XUI/Views/NavigationLink.swift /Users/admin/builder/spi-builder-workspace/Sources/XUI/Views/View+Navigation.swift (in target 'XUI' from project 'XUI')
SwiftCompile normal arm64_32 /Users/admin/builder/spi-builder-workspace/Sources/XUI/Views/NavigationLink.swift (in target 'XUI' from project 'XUI')
cd /Users/admin/builder/spi-builder-workspace/.swiftpm/xcode
builtin-SwiftPerFileCompile NavigationLink.swift
SwiftCompile normal arm64_32 /Users/admin/builder/spi-builder-workspace/Sources/XUI/Views/View+Navigation.swift (in target 'XUI' from project 'XUI')
cd /Users/admin/builder/spi-builder-workspace/.swiftpm/xcode
builtin-SwiftPerFileCompile View+Navigation.swift
/Users/admin/builder/spi-builder-workspace/Sources/XUI/Views/NavigationLink.swift:24:14: warning: 'init(destination:isActive:label:)' was deprecated in watchOS 9.0: use NavigationLink(value:label:), or navigationDestination(isPresented:destination:), inside a NavigationStack or NavigationSplitView [#DeprecatedDeclaration]
22 | }
23 | )
24 | self.init(
| `- warning: 'init(destination:isActive:label:)' was deprecated in watchOS 9.0: use NavigationLink(value:label:), or navigationDestination(isPresented:destination:), inside a NavigationStack or NavigationSplitView [#DeprecatedDeclaration]
25 | destination: model.wrappedValue.map(destination),
26 | isActive: isActive,
/Users/admin/builder/spi-builder-workspace/Sources/XUI/Views/View+Navigation.swift:20:16: warning: 'init(destination:isActive:label:)' was deprecated in watchOS 9.0: use NavigationLink(value:label:), or navigationDestination(isPresented:destination:), inside a NavigationStack or NavigationSplitView [#DeprecatedDeclaration]
18 | }
19 | )
20 | return NavigationLink(
| `- warning: 'init(destination:isActive:label:)' was deprecated in watchOS 9.0: use NavigationLink(value:label:), or navigationDestination(isPresented:destination:), inside a NavigationStack or NavigationSplitView [#DeprecatedDeclaration]
21 | destination: EmptyView(),
22 | isActive: isActive
SwiftCompile normal arm64_32 Compiling\ ErasedObservableObject.swift,\ ObjectIdentifiable.swift /Users/admin/builder/spi-builder-workspace/Sources/XUI/Internal/ErasedObservableObject.swift /Users/admin/builder/spi-builder-workspace/Sources/XUI/Internal/ObjectIdentifiable.swift (in target 'XUI' from project 'XUI')
SwiftCompile normal arm64_32 /Users/admin/builder/spi-builder-workspace/Sources/XUI/Internal/ErasedObservableObject.swift (in target 'XUI' from project 'XUI')
cd /Users/admin/builder/spi-builder-workspace/.swiftpm/xcode
builtin-SwiftPerFileCompile ErasedObservableObject.swift
SwiftCompile normal arm64_32 /Users/admin/builder/spi-builder-workspace/Sources/XUI/Internal/ObjectIdentifiable.swift (in target 'XUI' from project 'XUI')
cd /Users/admin/builder/spi-builder-workspace/.swiftpm/xcode
builtin-SwiftPerFileCompile ObjectIdentifiable.swift
SwiftEmitModule normal arm64_32 Emitting\ module\ for\ XUI (in target 'XUI' from project 'XUI')
/Users/admin/builder/spi-builder-workspace/Sources/XUI/Combine/CancellableBuilder.swift:14:2: warning: '@_functionBuilder' has been renamed to '@resultBuilder'
12 | /// Possible use case: Storing multiple cancellables in a collection
13 | /// without writing `.store(in:)` for each subscription separately.
14 | @_functionBuilder
| `- warning: '@_functionBuilder' has been renamed to '@resultBuilder'
15 | public struct CancellableBuilder {
16 |
/Users/admin/builder/spi-builder-workspace/Sources/XUI/DeepLink/DeepLinkableBuilder.swift:11:2: warning: '@_functionBuilder' has been renamed to '@resultBuilder'
9 | public typealias DeepLinkableBuilder = CollectionBuilder<DeepLinkable>
10 |
11 | @_functionBuilder
| `- warning: '@_functionBuilder' has been renamed to '@resultBuilder'
12 | public struct CollectionBuilder<Component> {
13 |
SwiftCompile normal arm64_32 (in target 'XUI' from project 'XUI')
cd /Users/admin/builder/spi-builder-workspace/.swiftpm/xcode
SwiftCompile normal arm64_32 Compiling\ View+Popover.swift,\ View+Sheet.swift /Users/admin/builder/spi-builder-workspace/Sources/XUI/Views/View+Popover.swift /Users/admin/builder/spi-builder-workspace/Sources/XUI/Views/View+Sheet.swift (in target 'XUI' from project 'XUI')
/Users/admin/builder/spi-builder-workspace/Sources/XUI/Views/View+Popover.swift:16:9: error: 'popover(item:attachmentAnchor:arrowEdge:content:)' is unavailable in watchOS
14 | ) -> some View {
15 |
16 | popover(item: model.objectIdentifiable()) { _ in
| `- error: 'popover(item:attachmentAnchor:arrowEdge:content:)' is unavailable in watchOS
17 | model.wrappedValue.map(content)
18 | }
SwiftUI.View.popover:2:49: note: 'popover(item:attachmentAnchor:arrowEdge:content:)' has been explicitly marked unavailable here
1 | protocol View {
2 | @export(implementation) nonisolated public func popover<Item, Content>(item: Binding<Item?>, attachmentAnchor: PopoverAttachmentAnchor = .rect(.bounds), arrowEdge: Edge? = nil, @ContentBuilder content: @escaping (Item) -> Content) -> some View where Item : Identifiable, Content : View
| `- note: 'popover(item:attachmentAnchor:arrowEdge:content:)' has been explicitly marked unavailable here
3 | }
4 |
Failed frontend command:
/Applications/Xcode-27.0.0-Release.Candidate.app/Contents/Developer/Toolchains/XcodeDefault.xctoolchain/usr/bin/swift-frontend -frontend -c /Users/admin/builder/spi-builder-workspace/Sources/XUI/Binding/Binding+Change.swift /Users/admin/builder/spi-builder-workspace/Sources/XUI/Binding/Binding+Element.swift /Users/admin/builder/spi-builder-workspace/Sources/XUI/Binding/Binding+Force.swift /Users/admin/builder/spi-builder-workspace/Sources/XUI/Combine/CancellableBuilder.swift /Users/admin/builder/spi-builder-workspace/Sources/XUI/Combine/Result+Combine.swift /Users/admin/builder/spi-builder-workspace/Sources/XUI/DeepLink/DeepLinkable+Receiver.swift /Users/admin/builder/spi-builder-workspace/Sources/XUI/DeepLink/DeepLinkable.swift /Users/admin/builder/spi-builder-workspace/Sources/XUI/DeepLink/DeepLinkableBuilder.swift /Users/admin/builder/spi-builder-workspace/Sources/XUI/Exports.swift /Users/admin/builder/spi-builder-workspace/Sources/XUI/Internal/Binding+ObjectIdentifiable.swift /Users/admin/builder/spi-builder-workspace/Sources/XUI/Internal/ErasedObservableObject.swift /Users/admin/builder/spi-builder-workspace/Sources/XUI/Internal/ObjectIdentifiable.swift /Users/admin/builder/spi-builder-workspace/Sources/XUI/Store/AnyObservableObject.swift /Users/admin/builder/spi-builder-workspace/Sources/XUI/Store/Store.swift /Users/admin/builder/spi-builder-workspace/Sources/XUI/Store/ViewModel.swift /Users/admin/builder/spi-builder-workspace/Sources/XUI/ViewModifiers/NavigationModifier.swift /Users/admin/builder/spi-builder-workspace/Sources/XUI/ViewModifiers/PopoverModifier.swift /Users/admin/builder/spi-builder-workspace/Sources/XUI/ViewModifiers/SheetModifier.swift /Users/admin/builder/spi-builder-workspace/Sources/XUI/Views/NavigationLink.swift /Users/admin/builder/spi-builder-workspace/Sources/XUI/Views/View+Navigation.swift -primary-file /Users/admin/builder/spi-builder-workspace/Sources/XUI/Views/View+Popover.swift -primary-file /Users/admin/builder/spi-builder-workspace/Sources/XUI/Views/View+Sheet.swift -emit-dependencies-path /Users/admin/builder/spi-builder-workspace/.derivedData/Build/Intermediates.noindex/XUI.build/Debug-watchos/XUI-t.build/Objects-normal/arm64_32/View+Popover.d -emit-const-values-path /Users/admin/builder/spi-builder-workspace/.derivedData/Build/Intermediates.noindex/XUI.build/Debug-watchos/XUI-t.build/Objects-normal/arm64_32/View+Popover.swiftconstvalues -emit-reference-dependencies-path /Users/admin/builder/spi-builder-workspace/.derivedData/Build/Intermediates.noindex/XUI.build/Debug-watchos/XUI-t.build/Objects-normal/arm64_32/View+Popover.swiftdeps -serialize-diagnostics-path /Users/admin/builder/spi-builder-workspace/.derivedData/Build/Intermediates.noindex/XUI.build/Debug-watchos/XUI-t.build/Objects-normal/arm64_32/View+Popover.dia -emit-dependencies-path /Users/admin/builder/spi-builder-workspace/.derivedData/Build/Intermediates.noindex/XUI.build/Debug-watchos/XUI-t.build/Objects-normal/arm64_32/View+Sheet.d -emit-const-values-path /Users/admin/builder/spi-builder-workspace/.derivedData/Build/Intermediates.noindex/XUI.build/Debug-watchos/XUI-t.build/Objects-normal/arm64_32/View+Sheet.swiftconstvalues -emit-reference-dependencies-path /Users/admin/builder/spi-builder-workspace/.derivedData/Build/Intermediates.noindex/XUI.build/Debug-watchos/XUI-t.build/Objects-normal/arm64_32/View+Sheet.swiftdeps -serialize-diagnostics-path /Users/admin/builder/spi-builder-workspace/.derivedData/Build/Intermediates.noindex/XUI.build/Debug-watchos/XUI-t.build/Objects-normal/arm64_32/View+Sheet.dia -target arm64_32-apple-watchos9.0 -disable-cross-import-overlay-search -load-resolved-plugin /Applications/Xcode-27.0.0-Release.Candidate.app/Contents/Developer/Platforms/WatchOS.platform/Developer/usr/lib/swift/host/plugins/libFoundationMacros.dylib\#/Applications/Xcode-27.0.0-Release.Candidate.app/Contents/Developer/Platforms/WatchOS.platform/Developer/usr/bin/swift-plugin-server\#FoundationMacros -load-resolved-plugin /Applications/Xcode-27.0.0-Release.Candidate.app/Contents/Developer/Platforms/WatchOS.platform/Developer/usr/lib/swift/host/plugins/libObservationMacros.dylib\#/Applications/Xcode-27.0.0-Release.Candidate.app/Contents/Developer/Platforms/WatchOS.platform/Developer/usr/bin/swift-plugin-server\#ObservationMacros -load-resolved-plugin /Applications/Xcode-27.0.0-Release.Candidate.app/Contents/Developer/Platforms/WatchOS.platform/Developer/usr/lib/swift/host/plugins/libPreviewsMacros.dylib\#/Applications/Xcode-27.0.0-Release.Candidate.app/Contents/Developer/Platforms/WatchOS.platform/Developer/usr/bin/swift-plugin-server\#PreviewsMacros -load-resolved-plugin /Applications/Xcode-27.0.0-Release.Candidate.app/Contents/Developer/Platforms/WatchOS.platform/Developer/usr/lib/swift/host/plugins/libSwiftMacros.dylib\#/Applications/Xcode-27.0.0-Release.Candidate.app/Contents/Developer/Platforms/WatchOS.platform/Developer/usr/bin/swift-plugin-server\#SwiftMacros -load-resolved-plugin /Applications/Xcode-27.0.0-Release.Candidate.app/Contents/Developer/Platforms/WatchOS.platform/Developer/usr/lib/swift/host/plugins/libSwiftUIMacros.dylib\#/Applications/Xcode-27.0.0-Release.Candidate.app/Contents/Developer/Platforms/WatchOS.platform/Developer/usr/bin/swift-plugin-server\#SwiftUIMacros -disable-implicit-swift-modules -Xcc -fno-implicit-modules -Xcc -fno-implicit-module-maps -explicit-swift-module-map-file /Users/admin/builder/spi-builder-workspace/.derivedData/Build/Intermediates.noindex/XUI.build/Debug-watchos/XUI-t.build/Objects-normal/arm64_32/XUI-dependencies-2.json -enable-objc-interop -sdk /Applications/Xcode-27.0.0-Release.Candidate.app/Contents/Developer/Platforms/WatchOS.platform/Developer/SDKs/WatchOS27.0.sdk -I /Users/admin/builder/spi-builder-workspace/.derivedData/Build/Products/Debug-watchos -Isystem /Applications/Xcode-27.0.0-Release.Candidate.app/Contents/Developer/Platforms/WatchOS.platform/Developer/usr/lib -F /Users/admin/builder/spi-builder-workspace/.derivedData/Build/Products/Debug-watchos -F /Applications/Xcode-27.0.0-Release.Candidate.app/Contents/Developer/Platforms/WatchOS.platform/Developer/Library/Frameworks -F /Applications/Xcode-27.0.0-Release.Candidate.app/Contents/Developer/Platforms/WatchOS.platform/Developer/SDKs/WatchOS27.0.sdk/Developer/Library/Frameworks -module-cache-path /Users/admin/builder/spi-builder-workspace/.derivedData/Build/Intermediates.noindex/SwiftExplicitPrecompiledModules -no-color-diagnostics -Xcc -fno-color-diagnostics -enable-testing -g -debug-info-format\=dwarf -dwarf-version\=4 -profile-generate -profile-coverage-mapping -swift-version 5 -Onone -D SWIFT_PACKAGE -D DEBUG -D SWIFT_MODULE_RESOURCE_BUNDLE_UNAVAILABLE -D Xcode -serialize-debugging-options -enable-experimental-feature DebugDescriptionMacro -empty-abi-descriptor -validate-clang-modules-once -clang-build-session-file /Users/admin/builder/spi-builder-workspace/.derivedData/ModuleCache.noindex/Session.modulevalidation -Xcc -working-directory -Xcc /Users/admin/builder/spi-builder-workspace/.swiftpm/xcode -enable-anonymous-context-mangled-names -file-compilation-dir /Users/admin/builder/spi-builder-workspace/.swiftpm/xcode -Xcc -D_LIBCPP_HARDENING_MODE\=_LIBCPP_HARDENING_MODE_DEBUG -Xcc -ivfsstatcache -Xcc /Users/admin/builder/spi-builder-workspace/.derivedData/SDKStatCaches.noindex/watchos27.0-24R360-e829b21a6f8c9b70876ba0858053c04477534ef55a1706bf4c1112bbb242f0a2.sdkstatcache -Xcc -fmodules-prune-interval\=86400 -Xcc -fmodules-prune-after\=345600 -Xcc -I/Users/admin/builder/spi-builder-workspace/.derivedData/Build/Products/Debug-watchos/include -Xcc -I/Users/admin/builder/spi-builder-workspace/.derivedData/Build/Intermediates.noindex/XUI.build/Debug-watchos/XUI-t.build/DerivedSources-normal/arm64_32 -Xcc -I/Users/admin/builder/spi-builder-workspace/.derivedData/Build/Intermediates.noindex/XUI.build/Debug-watchos/XUI-t.build/DerivedSources/arm64_32 -Xcc -I/Users/admin/builder/spi-builder-workspace/.derivedData/Build/Intermediates.noindex/XUI.build/Debug-watchos/XUI-t.build/DerivedSources -Xcc -DSWIFT_PACKAGE -Xcc -DDEBUG\=1 -no-auto-bridging-header-chaining -module-name XUI -const-gather-protocols-file /Users/admin/builder/spi-builder-workspace/.derivedData/Build/Intermediates.noindex/XUI.build/Debug-watchos/XUI-t.build/Objects-normal/arm64_32/XUI_const_extract_protocols.json -disable-clang-spi -clang-target arm64_32-apple-watchos27.0 -target-sdk-version 27.0 -target-sdk-name watchos27.0 -in-process-plugin-server-path /Applications/Xcode-27.0.0-Release.Candidate.app/Contents/Developer/Toolchains/XcodeDefault.xctoolchain/usr/lib/swift/host/libSwiftInProcPluginServer.dylib -parse-as-library -o /Users/admin/builder/spi-builder-workspace/.derivedData/Build/Intermediates.noindex/XUI.build/Debug-watchos/XUI-t.build/Objects-normal/arm64_32/View+Popover.o -o /Users/admin/builder/spi-builder-workspace/.derivedData/Build/Intermediates.noindex/XUI.build/Debug-watchos/XUI-t.build/Objects-normal/arm64_32/View+Sheet.o -debug-module-path /Users/admin/builder/spi-builder-workspace/.derivedData/Build/Intermediates.noindex/XUI.build/Debug-watchos/XUI-t.build/Objects-normal/arm64_32/XUI.swiftmodule -index-unit-output-path /XUI.build/Debug-watchos/XUI-t.build/Objects-normal/arm64_32/View+Popover.o -index-unit-output-path /XUI.build/Debug-watchos/XUI-t.build/Objects-normal/arm64_32/View+Sheet.o -index-store-path /Users/admin/builder/spi-builder-workspace/.derivedData/Index.noindex/DataStore -index-system-modules
SwiftCompile normal arm64_32 /Users/admin/builder/spi-builder-workspace/Sources/XUI/Views/View+Popover.swift (in target 'XUI' from project 'XUI')
cd /Users/admin/builder/spi-builder-workspace/.swiftpm/xcode
builtin-SwiftPerFileCompile View+Popover.swift
SwiftCompile normal arm64_32 /Users/admin/builder/spi-builder-workspace/Sources/XUI/Views/View+Sheet.swift (in target 'XUI' from project 'XUI')
cd /Users/admin/builder/spi-builder-workspace/.swiftpm/xcode
builtin-SwiftPerFileCompile View+Sheet.swift
SwiftCompile normal arm64_32 Compiling\ CancellableBuilder.swift,\ Result+Combine.swift,\ DeepLinkable+Receiver.swift /Users/admin/builder/spi-builder-workspace/Sources/XUI/Combine/CancellableBuilder.swift /Users/admin/builder/spi-builder-workspace/Sources/XUI/Combine/Result+Combine.swift /Users/admin/builder/spi-builder-workspace/Sources/XUI/DeepLink/DeepLinkable+Receiver.swift (in target 'XUI' from project 'XUI')
SwiftCompile normal arm64_32 /Users/admin/builder/spi-builder-workspace/Sources/XUI/Combine/CancellableBuilder.swift (in target 'XUI' from project 'XUI')
cd /Users/admin/builder/spi-builder-workspace/.swiftpm/xcode
builtin-SwiftPerFileCompile CancellableBuilder.swift
SwiftCompile normal arm64_32 /Users/admin/builder/spi-builder-workspace/Sources/XUI/Combine/Result+Combine.swift (in target 'XUI' from project 'XUI')
cd /Users/admin/builder/spi-builder-workspace/.swiftpm/xcode
builtin-SwiftPerFileCompile Result+Combine.swift
SwiftCompile normal arm64_32 /Users/admin/builder/spi-builder-workspace/Sources/XUI/DeepLink/DeepLinkable+Receiver.swift (in target 'XUI' from project 'XUI')
cd /Users/admin/builder/spi-builder-workspace/.swiftpm/xcode
builtin-SwiftPerFileCompile DeepLinkable+Receiver.swift
/Users/admin/builder/spi-builder-workspace/Sources/XUI/Combine/CancellableBuilder.swift:14:2: warning: '@_functionBuilder' has been renamed to '@resultBuilder'
12 | /// Possible use case: Storing multiple cancellables in a collection
13 | /// without writing `.store(in:)` for each subscription separately.
14 | @_functionBuilder
| `- warning: '@_functionBuilder' has been renamed to '@resultBuilder'
15 | public struct CancellableBuilder {
16 |
SwiftCompile normal arm64_32 Compiling\ Exports.swift,\ Binding+ObjectIdentifiable.swift /Users/admin/builder/spi-builder-workspace/Sources/XUI/Exports.swift /Users/admin/builder/spi-builder-workspace/Sources/XUI/Internal/Binding+ObjectIdentifiable.swift (in target 'XUI' from project 'XUI')
SwiftCompile normal arm64_32 /Users/admin/builder/spi-builder-workspace/Sources/XUI/Exports.swift (in target 'XUI' from project 'XUI')
cd /Users/admin/builder/spi-builder-workspace/.swiftpm/xcode
builtin-SwiftPerFileCompile Exports.swift
SwiftCompile normal arm64_32 /Users/admin/builder/spi-builder-workspace/Sources/XUI/Internal/Binding+ObjectIdentifiable.swift (in target 'XUI' from project 'XUI')
cd /Users/admin/builder/spi-builder-workspace/.swiftpm/xcode
builtin-SwiftPerFileCompile Binding+ObjectIdentifiable.swift
SwiftCompile normal arm64_32 Compiling\ DeepLinkable.swift,\ DeepLinkableBuilder.swift /Users/admin/builder/spi-builder-workspace/Sources/XUI/DeepLink/DeepLinkable.swift /Users/admin/builder/spi-builder-workspace/Sources/XUI/DeepLink/DeepLinkableBuilder.swift (in target 'XUI' from project 'XUI')
/Users/admin/builder/spi-builder-workspace/Sources/XUI/DeepLink/DeepLinkableBuilder.swift:11:2: warning: '@_functionBuilder' has been renamed to '@resultBuilder'
9 | public typealias DeepLinkableBuilder = CollectionBuilder<DeepLinkable>
10 |
11 | @_functionBuilder
| `- warning: '@_functionBuilder' has been renamed to '@resultBuilder'
12 | public struct CollectionBuilder<Component> {
13 |
SwiftCompile normal arm64_32 /Users/admin/builder/spi-builder-workspace/Sources/XUI/DeepLink/DeepLinkable.swift (in target 'XUI' from project 'XUI')
cd /Users/admin/builder/spi-builder-workspace/.swiftpm/xcode
builtin-SwiftPerFileCompile DeepLinkable.swift
SwiftCompile normal arm64_32 /Users/admin/builder/spi-builder-workspace/Sources/XUI/DeepLink/DeepLinkableBuilder.swift (in target 'XUI' from project 'XUI')
cd /Users/admin/builder/spi-builder-workspace/.swiftpm/xcode
builtin-SwiftPerFileCompile DeepLinkableBuilder.swift
SwiftCompile normal arm64_32 Compiling\ ViewModel.swift,\ NavigationModifier.swift /Users/admin/builder/spi-builder-workspace/Sources/XUI/Store/ViewModel.swift /Users/admin/builder/spi-builder-workspace/Sources/XUI/ViewModifiers/NavigationModifier.swift (in target 'XUI' from project 'XUI')
SwiftCompile normal arm64_32 /Users/admin/builder/spi-builder-workspace/Sources/XUI/Store/ViewModel.swift (in target 'XUI' from project 'XUI')
cd /Users/admin/builder/spi-builder-workspace/.swiftpm/xcode
builtin-SwiftPerFileCompile ViewModel.swift
SwiftCompile normal arm64_32 /Users/admin/builder/spi-builder-workspace/Sources/XUI/ViewModifiers/NavigationModifier.swift (in target 'XUI' from project 'XUI')
cd /Users/admin/builder/spi-builder-workspace/.swiftpm/xcode
builtin-SwiftPerFileCompile NavigationModifier.swift
SwiftCompile normal arm64_32 Compiling\ PopoverModifier.swift,\ SheetModifier.swift /Users/admin/builder/spi-builder-workspace/Sources/XUI/ViewModifiers/PopoverModifier.swift /Users/admin/builder/spi-builder-workspace/Sources/XUI/ViewModifiers/SheetModifier.swift (in target 'XUI' from project 'XUI')
SwiftCompile normal arm64_32 /Users/admin/builder/spi-builder-workspace/Sources/XUI/ViewModifiers/PopoverModifier.swift (in target 'XUI' from project 'XUI')
cd /Users/admin/builder/spi-builder-workspace/.swiftpm/xcode
builtin-SwiftPerFileCompile PopoverModifier.swift
SwiftCompile normal arm64_32 /Users/admin/builder/spi-builder-workspace/Sources/XUI/ViewModifiers/SheetModifier.swift (in target 'XUI' from project 'XUI')
cd /Users/admin/builder/spi-builder-workspace/.swiftpm/xcode
builtin-SwiftPerFileCompile SheetModifier.swift
SwiftExplicitDependencyGeneratePcm arm64 /Users/admin/builder/spi-builder-workspace/.derivedData/SDKExplicitPrecompiledModules/SwiftUI-APXDH8ULYLM6FD17YRA73TULO.pcm
SwiftDriverJobDiscovery normal arm64_32 Emitting module for XUI (in target 'XUI' from project 'XUI')
SwiftDriver\ Compilation\ Requirements XUI normal arm64_32 com.apple.xcode.tools.swift.compiler (in target 'XUI' from project 'XUI')
cd /Users/admin/builder/spi-builder-workspace/.swiftpm/xcode
builtin-Swift-Compilation-Requirements -- /Applications/Xcode-27.0.0-Release.Candidate.app/Contents/Developer/Toolchains/XcodeDefault.xctoolchain/usr/bin/swiftc -parse-as-library -module-name XUI -Onone @/Users/admin/builder/spi-builder-workspace/.derivedData/Build/Intermediates.noindex/XUI.build/Debug-watchos/XUI-t.build/Objects-normal/arm64_32/XUI.SwiftFileList -DSWIFT_PACKAGE -DDEBUG -DSWIFT_MODULE_RESOURCE_BUNDLE_UNAVAILABLE -DXcode -plugin-path /Applications/Xcode-27.0.0-Release.Candidate.app/Contents/Developer/Toolchains/XcodeDefault.xctoolchain/usr/lib/swift/host/plugins/testing -enable-experimental-feature DebugDescriptionMacro -sdk /Applications/Xcode-27.0.0-Release.Candidate.app/Contents/Developer/Platforms/WatchOS.platform/Developer/SDKs/WatchOS27.0.sdk -target arm64_32-apple-watchos9.0 -g -module-cache-path /Users/admin/builder/spi-builder-workspace/.derivedData/ModuleCache.noindex -Xfrontend -serialize-debugging-options -profile-coverage-mapping -profile-generate -enable-testing -index-store-path /Users/admin/builder/spi-builder-workspace/.derivedData/Index.noindex/DataStore -Xcc -D_LIBCPP_HARDENING_MODE\=_LIBCPP_HARDENING_MODE_DEBUG -swift-version 5 -I /Users/admin/builder/spi-builder-workspace/.derivedData/Build/Products/Debug-watchos -Isystem /Applications/Xcode-27.0.0-Release.Candidate.app/Contents/Developer/Platforms/WatchOS.platform/Developer/usr/lib -F /Users/admin/builder/spi-builder-workspace/.derivedData/Build/Products/Debug-watchos -F /Applications/Xcode-27.0.0-Release.Candidate.app/Contents/Developer/Platforms/WatchOS.platform/Developer/Library/Frameworks -F /Applications/Xcode-27.0.0-Release.Candidate.app/Contents/Developer/Platforms/WatchOS.platform/Developer/SDKs/WatchOS27.0.sdk/Developer/Library/Frameworks -c -j10 -enable-batch-mode -incremental -Xcc -ivfsstatcache -Xcc /Users/admin/builder/spi-builder-workspace/.derivedData/SDKStatCaches.noindex/watchos27.0-24R360-e829b21a6f8c9b70876ba0858053c04477534ef55a1706bf4c1112bbb242f0a2.sdkstatcache -output-file-map /Users/admin/builder/spi-builder-workspace/.derivedData/Build/Intermediates.noindex/XUI.build/Debug-watchos/XUI-t.build/Objects-normal/arm64_32/XUI-OutputFileMap.json -save-temps -no-color-diagnostics -explicit-module-build -module-cache-path /Users/admin/builder/spi-builder-workspace/.derivedData/Build/Intermediates.noindex/SwiftExplicitPrecompiledModules -clang-scanner-module-cache-path /Users/admin/builder/spi-builder-workspace/.derivedData/ModuleCache.noindex -sdk-module-cache-path /Users/admin/builder/spi-builder-workspace/.derivedData/SDKExplicitPrecompiledModules -emit-dependencies -emit-module -emit-module-path /Users/admin/builder/spi-builder-workspace/.derivedData/Build/Intermediates.noindex/XUI.build/Debug-watchos/XUI-t.build/Objects-normal/arm64_32/XUI.swiftmodule -serialize-diagnostics -dependency-scan-serialize-diagnostics-path /Users/admin/builder/spi-builder-workspace/.derivedData/Build/Intermediates.noindex/XUI.build/Debug-watchos/XUI-t.build/Objects-normal/arm64_32/XUI-dependency-scan.dia -validate-clang-modules-once -clang-build-session-file /Users/admin/builder/spi-builder-workspace/.derivedData/ModuleCache.noindex/Session.modulevalidation -Xcc -fmodules-prune-interval\=86400 -Xcc -fmodules-prune-after\=345600 -emit-const-values -const-gather-protocols-list /Users/admin/builder/spi-builder-workspace/.derivedData/Build/Intermediates.noindex/XUI.build/Debug-watchos/XUI-t.build/Objects-normal/arm64_32/XUI_const_extract_protocols.json -Xcc -I/Users/admin/builder/spi-builder-workspace/.derivedData/Build/Products/Debug-watchos/include -Xcc -I/Users/admin/builder/spi-builder-workspace/.derivedData/Build/Intermediates.noindex/XUI.build/Debug-watchos/XUI-t.build/DerivedSources-normal/arm64_32 -Xcc -I/Users/admin/builder/spi-builder-workspace/.derivedData/Build/Intermediates.noindex/XUI.build/Debug-watchos/XUI-t.build/DerivedSources/arm64_32 -Xcc -I/Users/admin/builder/spi-builder-workspace/.derivedData/Build/Intermediates.noindex/XUI.build/Debug-watchos/XUI-t.build/DerivedSources -Xcc -DSWIFT_PACKAGE -Xcc -DDEBUG\=1 -emit-objc-header -emit-objc-header-path /Users/admin/builder/spi-builder-workspace/.derivedData/Build/Intermediates.noindex/XUI.build/Debug-watchos/XUI-t.build/Objects-normal/arm64_32/XUI-Swift.h -working-directory /Users/admin/builder/spi-builder-workspace/.swiftpm/xcode -experimental-emit-module-separately -disable-cmo
SwiftEmitModule normal arm64 Emitting\ module\ for\ XUI (in target 'XUI' from project 'XUI')
/Users/admin/builder/spi-builder-workspace/Sources/XUI/Combine/CancellableBuilder.swift:14:2: warning: '@_functionBuilder' has been renamed to '@resultBuilder'
12 | /// Possible use case: Storing multiple cancellables in a collection
13 | /// without writing `.store(in:)` for each subscription separately.
14 | @_functionBuilder
| `- warning: '@_functionBuilder' has been renamed to '@resultBuilder'
15 | public struct CancellableBuilder {
16 |
/Users/admin/builder/spi-builder-workspace/Sources/XUI/DeepLink/DeepLinkableBuilder.swift:11:2: warning: '@_functionBuilder' has been renamed to '@resultBuilder'
9 | public typealias DeepLinkableBuilder = CollectionBuilder<DeepLinkable>
10 |
11 | @_functionBuilder
| `- warning: '@_functionBuilder' has been renamed to '@resultBuilder'
12 | public struct CollectionBuilder<Component> {
13 |
SwiftCompile normal arm64 (in target 'XUI' from project 'XUI')
cd /Users/admin/builder/spi-builder-workspace/.swiftpm/xcode
Copy /Users/admin/builder/spi-builder-workspace/.derivedData/Build/Products/Debug-watchos/XUI.swiftmodule/arm64_32-apple-watchos.swiftmodule /Users/admin/builder/spi-builder-workspace/.derivedData/Build/Intermediates.noindex/XUI.build/Debug-watchos/XUI-t.build/Objects-normal/arm64_32/XUI.swiftmodule (in target 'XUI' from project 'XUI')
cd /Users/admin/builder/spi-builder-workspace
builtin-copy -exclude .DS_Store -exclude CVS -exclude .svn -exclude .git -exclude .hg -resolve-src-symlinks -rename /Users/admin/builder/spi-builder-workspace/.derivedData/Build/Intermediates.noindex/XUI.build/Debug-watchos/XUI-t.build/Objects-normal/arm64_32/XUI.swiftmodule /Users/admin/builder/spi-builder-workspace/.derivedData/Build/Products/Debug-watchos/XUI.swiftmodule/arm64_32-apple-watchos.swiftmodule
SwiftDriverJobDiscovery normal arm64 Emitting module for XUI (in target 'XUI' from project 'XUI')
SwiftDriver\ Compilation\ Requirements XUI normal arm64 com.apple.xcode.tools.swift.compiler (in target 'XUI' from project 'XUI')
cd /Users/admin/builder/spi-builder-workspace/.swiftpm/xcode
builtin-Swift-Compilation-Requirements -- /Applications/Xcode-27.0.0-Release.Candidate.app/Contents/Developer/Toolchains/XcodeDefault.xctoolchain/usr/bin/swiftc -parse-as-library -module-name XUI -Onone @/Users/admin/builder/spi-builder-workspace/.derivedData/Build/Intermediates.noindex/XUI.build/Debug-watchos/XUI-t.build/Objects-normal/arm64/XUI.SwiftFileList -DSWIFT_PACKAGE -DDEBUG -DSWIFT_MODULE_RESOURCE_BUNDLE_UNAVAILABLE -DXcode -plugin-path /Applications/Xcode-27.0.0-Release.Candidate.app/Contents/Developer/Toolchains/XcodeDefault.xctoolchain/usr/lib/swift/host/plugins/testing -enable-experimental-feature DebugDescriptionMacro -sdk /Applications/Xcode-27.0.0-Release.Candidate.app/Contents/Developer/Platforms/WatchOS.platform/Developer/SDKs/WatchOS27.0.sdk -target arm64-apple-watchos9.0 -g -module-cache-path /Users/admin/builder/spi-builder-workspace/.derivedData/ModuleCache.noindex -Xfrontend -serialize-debugging-options -profile-coverage-mapping -profile-generate -enable-testing -index-store-path /Users/admin/builder/spi-builder-workspace/.derivedData/Index.noindex/DataStore -Xcc -D_LIBCPP_HARDENING_MODE\=_LIBCPP_HARDENING_MODE_DEBUG -swift-version 5 -I /Users/admin/builder/spi-builder-workspace/.derivedData/Build/Products/Debug-watchos -Isystem /Applications/Xcode-27.0.0-Release.Candidate.app/Contents/Developer/Platforms/WatchOS.platform/Developer/usr/lib -F /Users/admin/builder/spi-builder-workspace/.derivedData/Build/Products/Debug-watchos -F /Applications/Xcode-27.0.0-Release.Candidate.app/Contents/Developer/Platforms/WatchOS.platform/Developer/Library/Frameworks -F /Applications/Xcode-27.0.0-Release.Candidate.app/Contents/Developer/Platforms/WatchOS.platform/Developer/SDKs/WatchOS27.0.sdk/Developer/Library/Frameworks -c -j10 -enable-batch-mode -incremental -Xcc -ivfsstatcache -Xcc /Users/admin/builder/spi-builder-workspace/.derivedData/SDKStatCaches.noindex/watchos27.0-24R360-e829b21a6f8c9b70876ba0858053c04477534ef55a1706bf4c1112bbb242f0a2.sdkstatcache -output-file-map /Users/admin/builder/spi-builder-workspace/.derivedData/Build/Intermediates.noindex/XUI.build/Debug-watchos/XUI-t.build/Objects-normal/arm64/XUI-OutputFileMap.json -save-temps -no-color-diagnostics -explicit-module-build -module-cache-path /Users/admin/builder/spi-builder-workspace/.derivedData/Build/Intermediates.noindex/SwiftExplicitPrecompiledModules -clang-scanner-module-cache-path /Users/admin/builder/spi-builder-workspace/.derivedData/ModuleCache.noindex -sdk-module-cache-path /Users/admin/builder/spi-builder-workspace/.derivedData/SDKExplicitPrecompiledModules -emit-dependencies -emit-module -emit-module-path /Users/admin/builder/spi-builder-workspace/.derivedData/Build/Intermediates.noindex/XUI.build/Debug-watchos/XUI-t.build/Objects-normal/arm64/XUI.swiftmodule -serialize-diagnostics -dependency-scan-serialize-diagnostics-path /Users/admin/builder/spi-builder-workspace/.derivedData/Build/Intermediates.noindex/XUI.build/Debug-watchos/XUI-t.build/Objects-normal/arm64/XUI-dependency-scan.dia -validate-clang-modules-once -clang-build-session-file /Users/admin/builder/spi-builder-workspace/.derivedData/ModuleCache.noindex/Session.modulevalidation -Xcc -fmodules-prune-interval\=86400 -Xcc -fmodules-prune-after\=345600 -emit-const-values -const-gather-protocols-list /Users/admin/builder/spi-builder-workspace/.derivedData/Build/Intermediates.noindex/XUI.build/Debug-watchos/XUI-t.build/Objects-normal/arm64/XUI_const_extract_protocols.json -Xcc -I/Users/admin/builder/spi-builder-workspace/.derivedData/Build/Products/Debug-watchos/include -Xcc -I/Users/admin/builder/spi-builder-workspace/.derivedData/Build/Intermediates.noindex/XUI.build/Debug-watchos/XUI-t.build/DerivedSources-normal/arm64 -Xcc -I/Users/admin/builder/spi-builder-workspace/.derivedData/Build/Intermediates.noindex/XUI.build/Debug-watchos/XUI-t.build/DerivedSources/arm64 -Xcc -I/Users/admin/builder/spi-builder-workspace/.derivedData/Build/Intermediates.noindex/XUI.build/Debug-watchos/XUI-t.build/DerivedSources -Xcc -DSWIFT_PACKAGE -Xcc -DDEBUG\=1 -emit-objc-header -emit-objc-header-path /Users/admin/builder/spi-builder-workspace/.derivedData/Build/Intermediates.noindex/XUI.build/Debug-watchos/XUI-t.build/Objects-normal/arm64/XUI-Swift.h -working-directory /Users/admin/builder/spi-builder-workspace/.swiftpm/xcode -experimental-emit-module-separately -disable-cmo
Copy /Users/admin/builder/spi-builder-workspace/.derivedData/Build/Products/Debug-watchos/XUI.swiftmodule/arm64_32-apple-watchos.swiftdoc /Users/admin/builder/spi-builder-workspace/.derivedData/Build/Intermediates.noindex/XUI.build/Debug-watchos/XUI-t.build/Objects-normal/arm64_32/XUI.swiftdoc (in target 'XUI' from project 'XUI')
cd /Users/admin/builder/spi-builder-workspace
builtin-copy -exclude .DS_Store -exclude CVS -exclude .svn -exclude .git -exclude .hg -resolve-src-symlinks -rename /Users/admin/builder/spi-builder-workspace/.derivedData/Build/Intermediates.noindex/XUI.build/Debug-watchos/XUI-t.build/Objects-normal/arm64_32/XUI.swiftdoc /Users/admin/builder/spi-builder-workspace/.derivedData/Build/Products/Debug-watchos/XUI.swiftmodule/arm64_32-apple-watchos.swiftdoc
SwiftMergeGeneratedHeaders /Users/admin/builder/spi-builder-workspace/.derivedData/Build/Intermediates.noindex/GeneratedModuleMaps-watchos/XUI-Swift.h /Users/admin/builder/spi-builder-workspace/.derivedData/Build/Intermediates.noindex/XUI.build/Debug-watchos/XUI-t.build/Objects-normal/arm64/XUI-Swift.h /Users/admin/builder/spi-builder-workspace/.derivedData/Build/Intermediates.noindex/XUI.build/Debug-watchos/XUI-t.build/Objects-normal/arm64_32/XUI-Swift.h (in target 'XUI' from project 'XUI')
cd /Users/admin/builder/spi-builder-workspace
builtin-swiftHeaderTool -arch arm64 /Users/admin/builder/spi-builder-workspace/.derivedData/Build/Intermediates.noindex/XUI.build/Debug-watchos/XUI-t.build/Objects-normal/arm64/XUI-Swift.h -arch arm64_32 /Users/admin/builder/spi-builder-workspace/.derivedData/Build/Intermediates.noindex/XUI.build/Debug-watchos/XUI-t.build/Objects-normal/arm64_32/XUI-Swift.h -o /Users/admin/builder/spi-builder-workspace/.derivedData/Build/Intermediates.noindex/GeneratedModuleMaps-watchos/XUI-Swift.h
Copy /Users/admin/builder/spi-builder-workspace/.derivedData/Build/Products/Debug-watchos/XUI.swiftmodule/arm64_32-apple-watchos.abi.json /Users/admin/builder/spi-builder-workspace/.derivedData/Build/Intermediates.noindex/XUI.build/Debug-watchos/XUI-t.build/Objects-normal/arm64_32/XUI.abi.json (in target 'XUI' from project 'XUI')
cd /Users/admin/builder/spi-builder-workspace
builtin-copy -exclude .DS_Store -exclude CVS -exclude .svn -exclude .git -exclude .hg -resolve-src-symlinks -rename /Users/admin/builder/spi-builder-workspace/.derivedData/Build/Intermediates.noindex/XUI.build/Debug-watchos/XUI-t.build/Objects-normal/arm64_32/XUI.abi.json /Users/admin/builder/spi-builder-workspace/.derivedData/Build/Products/Debug-watchos/XUI.swiftmodule/arm64_32-apple-watchos.abi.json
Copy /Users/admin/builder/spi-builder-workspace/.derivedData/Build/Products/Debug-watchos/XUI.swiftmodule/arm64-apple-watchos.swiftmodule /Users/admin/builder/spi-builder-workspace/.derivedData/Build/Intermediates.noindex/XUI.build/Debug-watchos/XUI-t.build/Objects-normal/arm64/XUI.swiftmodule (in target 'XUI' from project 'XUI')
cd /Users/admin/builder/spi-builder-workspace
builtin-copy -exclude .DS_Store -exclude CVS -exclude .svn -exclude .git -exclude .hg -resolve-src-symlinks -rename /Users/admin/builder/spi-builder-workspace/.derivedData/Build/Intermediates.noindex/XUI.build/Debug-watchos/XUI-t.build/Objects-normal/arm64/XUI.swiftmodule /Users/admin/builder/spi-builder-workspace/.derivedData/Build/Products/Debug-watchos/XUI.swiftmodule/arm64-apple-watchos.swiftmodule
Copy /Users/admin/builder/spi-builder-workspace/.derivedData/Build/Products/Debug-watchos/XUI.swiftmodule/arm64-apple-watchos.swiftdoc /Users/admin/builder/spi-builder-workspace/.derivedData/Build/Intermediates.noindex/XUI.build/Debug-watchos/XUI-t.build/Objects-normal/arm64/XUI.swiftdoc (in target 'XUI' from project 'XUI')
cd /Users/admin/builder/spi-builder-workspace
builtin-copy -exclude .DS_Store -exclude CVS -exclude .svn -exclude .git -exclude .hg -resolve-src-symlinks -rename /Users/admin/builder/spi-builder-workspace/.derivedData/Build/Intermediates.noindex/XUI.build/Debug-watchos/XUI-t.build/Objects-normal/arm64/XUI.swiftdoc /Users/admin/builder/spi-builder-workspace/.derivedData/Build/Products/Debug-watchos/XUI.swiftmodule/arm64-apple-watchos.swiftdoc
Copy /Users/admin/builder/spi-builder-workspace/.derivedData/Build/Products/Debug-watchos/XUI.swiftmodule/arm64-apple-watchos.abi.json /Users/admin/builder/spi-builder-workspace/.derivedData/Build/Intermediates.noindex/XUI.build/Debug-watchos/XUI-t.build/Objects-normal/arm64/XUI.abi.json (in target 'XUI' from project 'XUI')
cd /Users/admin/builder/spi-builder-workspace
builtin-copy -exclude .DS_Store -exclude CVS -exclude .svn -exclude .git -exclude .hg -resolve-src-symlinks -rename /Users/admin/builder/spi-builder-workspace/.derivedData/Build/Intermediates.noindex/XUI.build/Debug-watchos/XUI-t.build/Objects-normal/arm64/XUI.abi.json /Users/admin/builder/spi-builder-workspace/.derivedData/Build/Products/Debug-watchos/XUI.swiftmodule/arm64-apple-watchos.abi.json
Copy /Users/admin/builder/spi-builder-workspace/.derivedData/Build/Products/Debug-watchos/XUI.swiftmodule/Project/arm64_32-apple-watchos.swiftsourceinfo /Users/admin/builder/spi-builder-workspace/.derivedData/Build/Intermediates.noindex/XUI.build/Debug-watchos/XUI-t.build/Objects-normal/arm64_32/XUI.swiftsourceinfo (in target 'XUI' from project 'XUI')
cd /Users/admin/builder/spi-builder-workspace
builtin-copy -exclude .DS_Store -exclude CVS -exclude .svn -exclude .git -exclude .hg -resolve-src-symlinks -rename /Users/admin/builder/spi-builder-workspace/.derivedData/Build/Intermediates.noindex/XUI.build/Debug-watchos/XUI-t.build/Objects-normal/arm64_32/XUI.swiftsourceinfo /Users/admin/builder/spi-builder-workspace/.derivedData/Build/Products/Debug-watchos/XUI.swiftmodule/Project/arm64_32-apple-watchos.swiftsourceinfo
Copy /Users/admin/builder/spi-builder-workspace/.derivedData/Build/Products/Debug-watchos/XUI.swiftmodule/Project/arm64-apple-watchos.swiftsourceinfo /Users/admin/builder/spi-builder-workspace/.derivedData/Build/Intermediates.noindex/XUI.build/Debug-watchos/XUI-t.build/Objects-normal/arm64/XUI.swiftsourceinfo (in target 'XUI' from project 'XUI')
cd /Users/admin/builder/spi-builder-workspace
builtin-copy -exclude .DS_Store -exclude CVS -exclude .svn -exclude .git -exclude .hg -resolve-src-symlinks -rename /Users/admin/builder/spi-builder-workspace/.derivedData/Build/Intermediates.noindex/XUI.build/Debug-watchos/XUI-t.build/Objects-normal/arm64/XUI.swiftsourceinfo /Users/admin/builder/spi-builder-workspace/.derivedData/Build/Products/Debug-watchos/XUI.swiftmodule/Project/arm64-apple-watchos.swiftsourceinfo
SwiftCompile normal arm64 Compiling\ Exports.swift,\ Binding+ObjectIdentifiable.swift /Users/admin/builder/spi-builder-workspace/Sources/XUI/Exports.swift /Users/admin/builder/spi-builder-workspace/Sources/XUI/Internal/Binding+ObjectIdentifiable.swift (in target 'XUI' from project 'XUI')
SwiftCompile normal arm64 /Users/admin/builder/spi-builder-workspace/Sources/XUI/Exports.swift (in target 'XUI' from project 'XUI')
cd /Users/admin/builder/spi-builder-workspace/.swiftpm/xcode
builtin-SwiftPerFileCompile Exports.swift
SwiftCompile normal arm64 /Users/admin/builder/spi-builder-workspace/Sources/XUI/Internal/Binding+ObjectIdentifiable.swift (in target 'XUI' from project 'XUI')
cd /Users/admin/builder/spi-builder-workspace/.swiftpm/xcode
builtin-SwiftPerFileCompile Binding+ObjectIdentifiable.swift
PruneExplicitPrecompiledModules /Users/admin/builder/spi-builder-workspace/.derivedData/Build/Intermediates.noindex/ExplicitPrecompiledModules
PruneExplicitPrecompiledModules /Users/admin/builder/spi-builder-workspace/.derivedData/Build/Intermediates.noindex/SwiftExplicitPrecompiledModules
PruneExplicitPrecompiledModules /Users/admin/builder/spi-builder-workspace/.derivedData/SDKExplicitPrecompiledModules
2026-09-19 06:42:23.655 xcodebuild[649:4199] [MT] IDERunDestination: Supported platforms for the buildables in the current scheme is empty.
** BUILD FAILED **
The following build commands failed:
SwiftCompile normal arm64_32 Compiling\ View+Popover.swift,\ View+Sheet.swift /Users/admin/builder/spi-builder-workspace/Sources/XUI/Views/View+Popover.swift /Users/admin/builder/spi-builder-workspace/Sources/XUI/Views/View+Sheet.swift (in target 'XUI' from project 'XUI')
SwiftCompile normal arm64_32 /Users/admin/builder/spi-builder-workspace/Sources/XUI/Views/View+Popover.swift (in target 'XUI' from project 'XUI')
Building workspace XUI with scheme XUI
(3 failures)
Command line invocation:
/Applications/Xcode-27.0.0-Release.Candidate.app/Contents/Developer/usr/bin/xcodebuild -IDEClonedSourcePackagesDirPathOverride=/Users/admin/builder/spi-builder-workspace/.dependencies -resolvePackageDependencies
Resolve Package Graph
Resolved source packages:
XUI: /Users/admin/builder/spi-builder-workspace
resolved source packages: XUI
2026-09-19 06:42:30.863 xcodebuild[796:4769] [MT] IDERunDestination: Supported platforms for the buildables in the current scheme is empty.
{
"dependencies" : [
],
"manifest_display_name" : "XUI",
"name" : "XUI",
"path" : "/Users/admin/builder/spi-builder-workspace",
"platforms" : [
{
"name" : "ios",
"version" : "13.0"
},
{
"name" : "macos",
"version" : "10.15"
},
{
"name" : "watchos",
"version" : "6.0"
},
{
"name" : "tvos",
"version" : "13.0"
}
],
"products" : [
{
"name" : "XUI",
"targets" : [
"XUI"
],
"type" : {
"library" : [
"automatic"
]
}
}
],
"targets" : [
{
"c99name" : "XUITests",
"module_type" : "SwiftTarget",
"name" : "XUITests",
"path" : "Tests/XUITests",
"sources" : [
"XCTestManifests.swift",
"XUITests.swift"
],
"target_dependencies" : [
"XUI"
],
"type" : "test"
},
{
"c99name" : "XUI",
"module_type" : "SwiftTarget",
"name" : "XUI",
"path" : "Sources/XUI",
"product_memberships" : [
"XUI"
],
"sources" : [
"Binding/Binding+Change.swift",
"Binding/Binding+Element.swift",
"Binding/Binding+Force.swift",
"Combine/CancellableBuilder.swift",
"Combine/Result+Combine.swift",
"DeepLink/DeepLinkable+Receiver.swift",
"DeepLink/DeepLinkable.swift",
"DeepLink/DeepLinkableBuilder.swift",
"Exports.swift",
"Internal/Binding+ObjectIdentifiable.swift",
"Internal/ErasedObservableObject.swift",
"Internal/ObjectIdentifiable.swift",
"Store/AnyObservableObject.swift",
"Store/Store.swift",
"Store/ViewModel.swift",
"ViewModifiers/NavigationModifier.swift",
"ViewModifiers/PopoverModifier.swift",
"ViewModifiers/SheetModifier.swift",
"Views/NavigationLink.swift",
"Views/View+Navigation.swift",
"Views/View+Popover.swift",
"Views/View+Sheet.swift"
],
"type" : "library"
}
],
"tools_version" : "5.3"
}
{
"workspace" : {
"name" : "XUI",
"schemes" : [
"XUI"
]
}
}
2026-09-19 06:42:32.052 xcodebuild[804:4834] [MT] IDERunDestination: Supported platforms for the buildables in the current scheme is empty.
Running build ...
env DEVELOPER_DIR=/Applications/Xcode-27.0.0-Release.Candidate.app xcrun xcodebuild -IDEClonedSourcePackagesDirPathOverride=$PWD/.dependencies -skipMacroValidation -skipPackagePluginValidation -derivedDataPath $PWD/.derivedData build -scheme XUI -destination generic/platform=watchOS
Command line invocation:
/Applications/Xcode-27.0.0-Release.Candidate.app/Contents/Developer/usr/bin/xcodebuild -IDEClonedSourcePackagesDirPathOverride=/Users/admin/builder/spi-builder-workspace/.dependencies -skipMacroValidation -skipPackagePluginValidation -derivedDataPath /Users/admin/builder/spi-builder-workspace/.derivedData build -scheme XUI -destination generic/platform=watchOS
Resolve Package Graph
Resolved source packages:
XUI: /Users/admin/builder/spi-builder-workspace
ComputePackagePrebuildTargetDependencyGraph
Prepare packages
CreateBuildRequest
SendProjectDescription
CreateBuildOperation
ComputeTargetDependencyGraph
note: Building targets in dependency order
note: Target dependency graph (2 targets)
Target 'XUI-product' in project 'XUI'
➜ Explicit dependency on target 'XUI' in project 'XUI'
Target 'XUI' in project 'XUI' (no dependencies)
GatherProvisioningInputs
CreateBuildDescription
ClangStatCache /Applications/Xcode-27.0.0-Release.Candidate.app/Contents/Developer/Toolchains/XcodeDefault.xctoolchain/usr/bin/clang-stat-cache /Applications/Xcode-27.0.0-Release.Candidate.app/Contents/Developer/Platforms/WatchOS.platform/Developer/SDKs/WatchOS27.0.sdk /Users/admin/builder/spi-builder-workspace/.derivedData/SDKStatCaches.noindex/watchos27.0-24R360-e829b21a6f8c9b70876ba0858053c04477534ef55a1706bf4c1112bbb242f0a2.sdkstatcache
cd /Users/admin/builder/spi-builder-workspace/.swiftpm/xcode
/Applications/Xcode-27.0.0-Release.Candidate.app/Contents/Developer/Toolchains/XcodeDefault.xctoolchain/usr/bin/clang-stat-cache /Applications/Xcode-27.0.0-Release.Candidate.app/Contents/Developer/Platforms/WatchOS.platform/Developer/SDKs/WatchOS27.0.sdk -o /Users/admin/builder/spi-builder-workspace/.derivedData/SDKStatCaches.noindex/watchos27.0-24R360-e829b21a6f8c9b70876ba0858053c04477534ef55a1706bf4c1112bbb242f0a2.sdkstatcache
SwiftDriver XUI normal arm64_32 com.apple.xcode.tools.swift.compiler (in target 'XUI' from project 'XUI')
cd /Users/admin/builder/spi-builder-workspace/.swiftpm/xcode
builtin-SwiftDriver -- /Applications/Xcode-27.0.0-Release.Candidate.app/Contents/Developer/Toolchains/XcodeDefault.xctoolchain/usr/bin/swiftc -parse-as-library -module-name XUI -Onone @/Users/admin/builder/spi-builder-workspace/.derivedData/Build/Intermediates.noindex/XUI.build/Debug-watchos/XUI-t.build/Objects-normal/arm64_32/XUI.SwiftFileList -DSWIFT_PACKAGE -DDEBUG -DSWIFT_MODULE_RESOURCE_BUNDLE_UNAVAILABLE -DXcode -plugin-path /Applications/Xcode-27.0.0-Release.Candidate.app/Contents/Developer/Toolchains/XcodeDefault.xctoolchain/usr/lib/swift/host/plugins/testing -enable-experimental-feature DebugDescriptionMacro -sdk /Applications/Xcode-27.0.0-Release.Candidate.app/Contents/Developer/Platforms/WatchOS.platform/Developer/SDKs/WatchOS27.0.sdk -target arm64_32-apple-watchos9.0 -g -module-cache-path /Users/admin/builder/spi-builder-workspace/.derivedData/ModuleCache.noindex -Xfrontend -serialize-debugging-options -profile-coverage-mapping -profile-generate -enable-testing -index-store-path /Users/admin/builder/spi-builder-workspace/.derivedData/Index.noindex/DataStore -Xcc -D_LIBCPP_HARDENING_MODE\=_LIBCPP_HARDENING_MODE_DEBUG -swift-version 5 -I /Users/admin/builder/spi-builder-workspace/.derivedData/Build/Products/Debug-watchos -Isystem /Applications/Xcode-27.0.0-Release.Candidate.app/Contents/Developer/Platforms/WatchOS.platform/Developer/usr/lib -F /Users/admin/builder/spi-builder-workspace/.derivedData/Build/Products/Debug-watchos -F /Applications/Xcode-27.0.0-Release.Candidate.app/Contents/Developer/Platforms/WatchOS.platform/Developer/Library/Frameworks -F /Applications/Xcode-27.0.0-Release.Candidate.app/Contents/Developer/Platforms/WatchOS.platform/Developer/SDKs/WatchOS27.0.sdk/Developer/Library/Frameworks -c -j10 -enable-batch-mode -incremental -Xcc -ivfsstatcache -Xcc /Users/admin/builder/spi-builder-workspace/.derivedData/SDKStatCaches.noindex/watchos27.0-24R360-e829b21a6f8c9b70876ba0858053c04477534ef55a1706bf4c1112bbb242f0a2.sdkstatcache -output-file-map /Users/admin/builder/spi-builder-workspace/.derivedData/Build/Intermediates.noindex/XUI.build/Debug-watchos/XUI-t.build/Objects-normal/arm64_32/XUI-OutputFileMap.json -save-temps -no-color-diagnostics -explicit-module-build -module-cache-path /Users/admin/builder/spi-builder-workspace/.derivedData/Build/Intermediates.noindex/SwiftExplicitPrecompiledModules -clang-scanner-module-cache-path /Users/admin/builder/spi-builder-workspace/.derivedData/ModuleCache.noindex -sdk-module-cache-path /Users/admin/builder/spi-builder-workspace/.derivedData/SDKExplicitPrecompiledModules -emit-dependencies -emit-module -emit-module-path /Users/admin/builder/spi-builder-workspace/.derivedData/Build/Intermediates.noindex/XUI.build/Debug-watchos/XUI-t.build/Objects-normal/arm64_32/XUI.swiftmodule -serialize-diagnostics -dependency-scan-serialize-diagnostics-path /Users/admin/builder/spi-builder-workspace/.derivedData/Build/Intermediates.noindex/XUI.build/Debug-watchos/XUI-t.build/Objects-normal/arm64_32/XUI-dependency-scan.dia -validate-clang-modules-once -clang-build-session-file /Users/admin/builder/spi-builder-workspace/.derivedData/ModuleCache.noindex/Session.modulevalidation -Xcc -fmodules-prune-interval\=86400 -Xcc -fmodules-prune-after\=345600 -emit-const-values -const-gather-protocols-list /Users/admin/builder/spi-builder-workspace/.derivedData/Build/Intermediates.noindex/XUI.build/Debug-watchos/XUI-t.build/Objects-normal/arm64_32/XUI_const_extract_protocols.json -Xcc -I/Users/admin/builder/spi-builder-workspace/.derivedData/Build/Products/Debug-watchos/include -Xcc -I/Users/admin/builder/spi-builder-workspace/.derivedData/Build/Intermediates.noindex/XUI.build/Debug-watchos/XUI-t.build/DerivedSources-normal/arm64_32 -Xcc -I/Users/admin/builder/spi-builder-workspace/.derivedData/Build/Intermediates.noindex/XUI.build/Debug-watchos/XUI-t.build/DerivedSources/arm64_32 -Xcc -I/Users/admin/builder/spi-builder-workspace/.derivedData/Build/Intermediates.noindex/XUI.build/Debug-watchos/XUI-t.build/DerivedSources -Xcc -DSWIFT_PACKAGE -Xcc -DDEBUG\=1 -emit-objc-header -emit-objc-header-path /Users/admin/builder/spi-builder-workspace/.derivedData/Build/Intermediates.noindex/XUI.build/Debug-watchos/XUI-t.build/Objects-normal/arm64_32/XUI-Swift.h -working-directory /Users/admin/builder/spi-builder-workspace/.swiftpm/xcode -experimental-emit-module-separately -disable-cmo
/Users/admin/builder/spi-builder-workspace/Sources/XUI/Combine/CancellableBuilder.swift:14:2: warning: '@_functionBuilder' has been renamed to '@resultBuilder' (in target 'XUI' from project 'XUI')
/Users/admin/builder/spi-builder-workspace/Sources/XUI/DeepLink/DeepLinkableBuilder.swift:11:2: warning: '@_functionBuilder' has been renamed to '@resultBuilder' (in target 'XUI' from project 'XUI')
SwiftDriver XUI normal arm64 com.apple.xcode.tools.swift.compiler (in target 'XUI' from project 'XUI')
cd /Users/admin/builder/spi-builder-workspace/.swiftpm/xcode
builtin-SwiftDriver -- /Applications/Xcode-27.0.0-Release.Candidate.app/Contents/Developer/Toolchains/XcodeDefault.xctoolchain/usr/bin/swiftc -parse-as-library -module-name XUI -Onone @/Users/admin/builder/spi-builder-workspace/.derivedData/Build/Intermediates.noindex/XUI.build/Debug-watchos/XUI-t.build/Objects-normal/arm64/XUI.SwiftFileList -DSWIFT_PACKAGE -DDEBUG -DSWIFT_MODULE_RESOURCE_BUNDLE_UNAVAILABLE -DXcode -plugin-path /Applications/Xcode-27.0.0-Release.Candidate.app/Contents/Developer/Toolchains/XcodeDefault.xctoolchain/usr/lib/swift/host/plugins/testing -enable-experimental-feature DebugDescriptionMacro -sdk /Applications/Xcode-27.0.0-Release.Candidate.app/Contents/Developer/Platforms/WatchOS.platform/Developer/SDKs/WatchOS27.0.sdk -target arm64-apple-watchos9.0 -g -module-cache-path /Users/admin/builder/spi-builder-workspace/.derivedData/ModuleCache.noindex -Xfrontend -serialize-debugging-options -profile-coverage-mapping -profile-generate -enable-testing -index-store-path /Users/admin/builder/spi-builder-workspace/.derivedData/Index.noindex/DataStore -Xcc -D_LIBCPP_HARDENING_MODE\=_LIBCPP_HARDENING_MODE_DEBUG -swift-version 5 -I /Users/admin/builder/spi-builder-workspace/.derivedData/Build/Products/Debug-watchos -Isystem /Applications/Xcode-27.0.0-Release.Candidate.app/Contents/Developer/Platforms/WatchOS.platform/Developer/usr/lib -F /Users/admin/builder/spi-builder-workspace/.derivedData/Build/Products/Debug-watchos -F /Applications/Xcode-27.0.0-Release.Candidate.app/Contents/Developer/Platforms/WatchOS.platform/Developer/Library/Frameworks -F /Applications/Xcode-27.0.0-Release.Candidate.app/Contents/Developer/Platforms/WatchOS.platform/Developer/SDKs/WatchOS27.0.sdk/Developer/Library/Frameworks -c -j10 -enable-batch-mode -incremental -Xcc -ivfsstatcache -Xcc /Users/admin/builder/spi-builder-workspace/.derivedData/SDKStatCaches.noindex/watchos27.0-24R360-e829b21a6f8c9b70876ba0858053c04477534ef55a1706bf4c1112bbb242f0a2.sdkstatcache -output-file-map /Users/admin/builder/spi-builder-workspace/.derivedData/Build/Intermediates.noindex/XUI.build/Debug-watchos/XUI-t.build/Objects-normal/arm64/XUI-OutputFileMap.json -save-temps -no-color-diagnostics -explicit-module-build -module-cache-path /Users/admin/builder/spi-builder-workspace/.derivedData/Build/Intermediates.noindex/SwiftExplicitPrecompiledModules -clang-scanner-module-cache-path /Users/admin/builder/spi-builder-workspace/.derivedData/ModuleCache.noindex -sdk-module-cache-path /Users/admin/builder/spi-builder-workspace/.derivedData/SDKExplicitPrecompiledModules -emit-dependencies -emit-module -emit-module-path /Users/admin/builder/spi-builder-workspace/.derivedData/Build/Intermediates.noindex/XUI.build/Debug-watchos/XUI-t.build/Objects-normal/arm64/XUI.swiftmodule -serialize-diagnostics -dependency-scan-serialize-diagnostics-path /Users/admin/builder/spi-builder-workspace/.derivedData/Build/Intermediates.noindex/XUI.build/Debug-watchos/XUI-t.build/Objects-normal/arm64/XUI-dependency-scan.dia -validate-clang-modules-once -clang-build-session-file /Users/admin/builder/spi-builder-workspace/.derivedData/ModuleCache.noindex/Session.modulevalidation -Xcc -fmodules-prune-interval\=86400 -Xcc -fmodules-prune-after\=345600 -emit-const-values -const-gather-protocols-list /Users/admin/builder/spi-builder-workspace/.derivedData/Build/Intermediates.noindex/XUI.build/Debug-watchos/XUI-t.build/Objects-normal/arm64/XUI_const_extract_protocols.json -Xcc -I/Users/admin/builder/spi-builder-workspace/.derivedData/Build/Products/Debug-watchos/include -Xcc -I/Users/admin/builder/spi-builder-workspace/.derivedData/Build/Intermediates.noindex/XUI.build/Debug-watchos/XUI-t.build/DerivedSources-normal/arm64 -Xcc -I/Users/admin/builder/spi-builder-workspace/.derivedData/Build/Intermediates.noindex/XUI.build/Debug-watchos/XUI-t.build/DerivedSources/arm64 -Xcc -I/Users/admin/builder/spi-builder-workspace/.derivedData/Build/Intermediates.noindex/XUI.build/Debug-watchos/XUI-t.build/DerivedSources -Xcc -DSWIFT_PACKAGE -Xcc -DDEBUG\=1 -emit-objc-header -emit-objc-header-path /Users/admin/builder/spi-builder-workspace/.derivedData/Build/Intermediates.noindex/XUI.build/Debug-watchos/XUI-t.build/Objects-normal/arm64/XUI-Swift.h -working-directory /Users/admin/builder/spi-builder-workspace/.swiftpm/xcode -experimental-emit-module-separately -disable-cmo
/Users/admin/builder/spi-builder-workspace/Sources/XUI/Combine/CancellableBuilder.swift:14:2: warning: '@_functionBuilder' has been renamed to '@resultBuilder' (in target 'XUI' from project 'XUI')
/Users/admin/builder/spi-builder-workspace/Sources/XUI/DeepLink/DeepLinkableBuilder.swift:11:2: warning: '@_functionBuilder' has been renamed to '@resultBuilder' (in target 'XUI' from project 'XUI')
SwiftCompile normal arm64 Compiling\ Binding+Change.swift,\ Binding+Element.swift,\ Binding+Force.swift /Users/admin/builder/spi-builder-workspace/Sources/XUI/Binding/Binding+Change.swift /Users/admin/builder/spi-builder-workspace/Sources/XUI/Binding/Binding+Element.swift /Users/admin/builder/spi-builder-workspace/Sources/XUI/Binding/Binding+Force.swift (in target 'XUI' from project 'XUI')
SwiftCompile normal arm64 /Users/admin/builder/spi-builder-workspace/Sources/XUI/Binding/Binding+Change.swift (in target 'XUI' from project 'XUI')
cd /Users/admin/builder/spi-builder-workspace/.swiftpm/xcode
builtin-SwiftPerFileCompile Binding+Change.swift
SwiftCompile normal arm64 /Users/admin/builder/spi-builder-workspace/Sources/XUI/Binding/Binding+Element.swift (in target 'XUI' from project 'XUI')
cd /Users/admin/builder/spi-builder-workspace/.swiftpm/xcode
builtin-SwiftPerFileCompile Binding+Element.swift
SwiftCompile normal arm64 /Users/admin/builder/spi-builder-workspace/Sources/XUI/Binding/Binding+Force.swift (in target 'XUI' from project 'XUI')
cd /Users/admin/builder/spi-builder-workspace/.swiftpm/xcode
builtin-SwiftPerFileCompile Binding+Force.swift
SwiftCompile normal arm64 Compiling\ CancellableBuilder.swift,\ Result+Combine.swift,\ DeepLinkable+Receiver.swift /Users/admin/builder/spi-builder-workspace/Sources/XUI/Combine/CancellableBuilder.swift /Users/admin/builder/spi-builder-workspace/Sources/XUI/Combine/Result+Combine.swift /Users/admin/builder/spi-builder-workspace/Sources/XUI/DeepLink/DeepLinkable+Receiver.swift (in target 'XUI' from project 'XUI')
SwiftCompile normal arm64 /Users/admin/builder/spi-builder-workspace/Sources/XUI/Combine/CancellableBuilder.swift (in target 'XUI' from project 'XUI')
cd /Users/admin/builder/spi-builder-workspace/.swiftpm/xcode
builtin-SwiftPerFileCompile CancellableBuilder.swift
SwiftCompile normal arm64 /Users/admin/builder/spi-builder-workspace/Sources/XUI/Combine/Result+Combine.swift (in target 'XUI' from project 'XUI')
cd /Users/admin/builder/spi-builder-workspace/.swiftpm/xcode
builtin-SwiftPerFileCompile Result+Combine.swift
SwiftCompile normal arm64 /Users/admin/builder/spi-builder-workspace/Sources/XUI/DeepLink/DeepLinkable+Receiver.swift (in target 'XUI' from project 'XUI')
cd /Users/admin/builder/spi-builder-workspace/.swiftpm/xcode
builtin-SwiftPerFileCompile DeepLinkable+Receiver.swift
SwiftCompile normal arm64 Compiling\ DeepLinkable.swift,\ DeepLinkableBuilder.swift /Users/admin/builder/spi-builder-workspace/Sources/XUI/DeepLink/DeepLinkable.swift /Users/admin/builder/spi-builder-workspace/Sources/XUI/DeepLink/DeepLinkableBuilder.swift (in target 'XUI' from project 'XUI')
/Users/admin/builder/spi-builder-workspace/Sources/XUI/DeepLink/DeepLinkableBuilder.swift:11:2: warning: '@_functionBuilder' has been renamed to '@resultBuilder'
9 | public typealias DeepLinkableBuilder = CollectionBuilder<DeepLinkable>
10 |
11 | @_functionBuilder
| `- warning: '@_functionBuilder' has been renamed to '@resultBuilder'
12 | public struct CollectionBuilder<Component> {
13 |
SwiftCompile normal arm64 /Users/admin/builder/spi-builder-workspace/Sources/XUI/DeepLink/DeepLinkable.swift (in target 'XUI' from project 'XUI')
cd /Users/admin/builder/spi-builder-workspace/.swiftpm/xcode
builtin-SwiftPerFileCompile DeepLinkable.swift
SwiftCompile normal arm64 /Users/admin/builder/spi-builder-workspace/Sources/XUI/DeepLink/DeepLinkableBuilder.swift (in target 'XUI' from project 'XUI')
cd /Users/admin/builder/spi-builder-workspace/.swiftpm/xcode
builtin-SwiftPerFileCompile DeepLinkableBuilder.swift
SwiftCompile normal arm64 Compiling\ Exports.swift,\ Binding+ObjectIdentifiable.swift /Users/admin/builder/spi-builder-workspace/Sources/XUI/Exports.swift /Users/admin/builder/spi-builder-workspace/Sources/XUI/Internal/Binding+ObjectIdentifiable.swift (in target 'XUI' from project 'XUI')
SwiftCompile normal arm64 /Users/admin/builder/spi-builder-workspace/Sources/XUI/Exports.swift (in target 'XUI' from project 'XUI')
cd /Users/admin/builder/spi-builder-workspace/.swiftpm/xcode
builtin-SwiftPerFileCompile Exports.swift
SwiftCompile normal arm64 /Users/admin/builder/spi-builder-workspace/Sources/XUI/Internal/Binding+ObjectIdentifiable.swift (in target 'XUI' from project 'XUI')
cd /Users/admin/builder/spi-builder-workspace/.swiftpm/xcode
builtin-SwiftPerFileCompile Binding+ObjectIdentifiable.swift
SwiftCompile normal arm64 Compiling\ ViewModel.swift,\ NavigationModifier.swift /Users/admin/builder/spi-builder-workspace/Sources/XUI/Store/ViewModel.swift /Users/admin/builder/spi-builder-workspace/Sources/XUI/ViewModifiers/NavigationModifier.swift (in target 'XUI' from project 'XUI')
SwiftCompile normal arm64 /Users/admin/builder/spi-builder-workspace/Sources/XUI/Store/ViewModel.swift (in target 'XUI' from project 'XUI')
cd /Users/admin/builder/spi-builder-workspace/.swiftpm/xcode
builtin-SwiftPerFileCompile ViewModel.swift
SwiftCompile normal arm64 /Users/admin/builder/spi-builder-workspace/Sources/XUI/ViewModifiers/NavigationModifier.swift (in target 'XUI' from project 'XUI')
cd /Users/admin/builder/spi-builder-workspace/.swiftpm/xcode
builtin-SwiftPerFileCompile NavigationModifier.swift
SwiftCompile normal arm64 Compiling\ AnyObservableObject.swift,\ Store.swift /Users/admin/builder/spi-builder-workspace/Sources/XUI/Store/AnyObservableObject.swift /Users/admin/builder/spi-builder-workspace/Sources/XUI/Store/Store.swift (in target 'XUI' from project 'XUI')
/Users/admin/builder/spi-builder-workspace/Sources/XUI/Store/Store.swift:20:28: warning: capture of 'self' with non-Sendable type 'Store<Model>.Wrapper' in a '@Sendable' closure [#SendableClosureCaptures]
18 |
19 | public subscript<Value>(dynamicMember keyPath: ReferenceWritableKeyPath<Model, Value>) -> Binding<Value> {
20 | Binding(get: { self.store.wrappedValue[keyPath: keyPath] },
| `- warning: capture of 'self' with non-Sendable type 'Store<Model>.Wrapper' in a '@Sendable' closure [#SendableClosureCaptures]
21 | set: { self.store.wrappedValue[keyPath: keyPath] = $0 })
22 | }
/Users/admin/builder/spi-builder-workspace/Sources/XUI/Store/Store.swift:21:28: warning: capture of 'self' with non-Sendable type 'Store<Model>.Wrapper' in a '@Sendable' closure [#SendableClosureCaptures]
19 | public subscript<Value>(dynamicMember keyPath: ReferenceWritableKeyPath<Model, Value>) -> Binding<Value> {
20 | Binding(get: { self.store.wrappedValue[keyPath: keyPath] },
21 | set: { self.store.wrappedValue[keyPath: keyPath] = $0 })
| `- warning: capture of 'self' with non-Sendable type 'Store<Model>.Wrapper' in a '@Sendable' closure [#SendableClosureCaptures]
22 | }
23 |
[#SendableClosureCaptures]: <https://docs.swift.org/compiler/documentation/diagnostics/sendable-closure-captures>
SwiftCompile normal arm64 /Users/admin/builder/spi-builder-workspace/Sources/XUI/Store/AnyObservableObject.swift (in target 'XUI' from project 'XUI')
cd /Users/admin/builder/spi-builder-workspace/.swiftpm/xcode
builtin-SwiftPerFileCompile AnyObservableObject.swift
SwiftCompile normal arm64 /Users/admin/builder/spi-builder-workspace/Sources/XUI/Store/Store.swift (in target 'XUI' from project 'XUI')
cd /Users/admin/builder/spi-builder-workspace/.swiftpm/xcode
builtin-SwiftPerFileCompile Store.swift
SwiftCompile normal arm64 Compiling\ PopoverModifier.swift,\ SheetModifier.swift /Users/admin/builder/spi-builder-workspace/Sources/XUI/ViewModifiers/PopoverModifier.swift /Users/admin/builder/spi-builder-workspace/Sources/XUI/ViewModifiers/SheetModifier.swift (in target 'XUI' from project 'XUI')
SwiftCompile normal arm64 /Users/admin/builder/spi-builder-workspace/Sources/XUI/ViewModifiers/PopoverModifier.swift (in target 'XUI' from project 'XUI')
cd /Users/admin/builder/spi-builder-workspace/.swiftpm/xcode
builtin-SwiftPerFileCompile PopoverModifier.swift
SwiftCompile normal arm64 /Users/admin/builder/spi-builder-workspace/Sources/XUI/ViewModifiers/SheetModifier.swift (in target 'XUI' from project 'XUI')
cd /Users/admin/builder/spi-builder-workspace/.swiftpm/xcode
builtin-SwiftPerFileCompile SheetModifier.swift
SwiftCompile normal arm64 Compiling\ ErasedObservableObject.swift,\ ObjectIdentifiable.swift /Users/admin/builder/spi-builder-workspace/Sources/XUI/Internal/ErasedObservableObject.swift /Users/admin/builder/spi-builder-workspace/Sources/XUI/Internal/ObjectIdentifiable.swift (in target 'XUI' from project 'XUI')
SwiftCompile normal arm64 /Users/admin/builder/spi-builder-workspace/Sources/XUI/Internal/ErasedObservableObject.swift (in target 'XUI' from project 'XUI')
cd /Users/admin/builder/spi-builder-workspace/.swiftpm/xcode
builtin-SwiftPerFileCompile ErasedObservableObject.swift
SwiftCompile normal arm64 /Users/admin/builder/spi-builder-workspace/Sources/XUI/Internal/ObjectIdentifiable.swift (in target 'XUI' from project 'XUI')
cd /Users/admin/builder/spi-builder-workspace/.swiftpm/xcode
builtin-SwiftPerFileCompile ObjectIdentifiable.swift
SwiftCompile normal arm64 Compiling\ View+Popover.swift,\ View+Sheet.swift /Users/admin/builder/spi-builder-workspace/Sources/XUI/Views/View+Popover.swift /Users/admin/builder/spi-builder-workspace/Sources/XUI/Views/View+Sheet.swift (in target 'XUI' from project 'XUI')
/Users/admin/builder/spi-builder-workspace/Sources/XUI/Views/View+Popover.swift:16:9: error: 'popover(item:attachmentAnchor:arrowEdge:content:)' is unavailable in watchOS
14 | ) -> some View {
15 |
16 | popover(item: model.objectIdentifiable()) { _ in
| `- error: 'popover(item:attachmentAnchor:arrowEdge:content:)' is unavailable in watchOS
17 | model.wrappedValue.map(content)
18 | }
SwiftUI.View.popover:2:49: note: 'popover(item:attachmentAnchor:arrowEdge:content:)' has been explicitly marked unavailable here
1 | protocol View {
2 | @export(implementation) nonisolated public func popover<Item, Content>(item: Binding<Item?>, attachmentAnchor: PopoverAttachmentAnchor = .rect(.bounds), arrowEdge: Edge? = nil, @ContentBuilder content: @escaping (Item) -> Content) -> some View where Item : Identifiable, Content : View
| `- note: 'popover(item:attachmentAnchor:arrowEdge:content:)' has been explicitly marked unavailable here
3 | }
4 |
Failed frontend command:
/Applications/Xcode-27.0.0-Release.Candidate.app/Contents/Developer/Toolchains/XcodeDefault.xctoolchain/usr/bin/swift-frontend -frontend -c /Users/admin/builder/spi-builder-workspace/Sources/XUI/Binding/Binding+Change.swift /Users/admin/builder/spi-builder-workspace/Sources/XUI/Binding/Binding+Element.swift /Users/admin/builder/spi-builder-workspace/Sources/XUI/Binding/Binding+Force.swift /Users/admin/builder/spi-builder-workspace/Sources/XUI/Combine/CancellableBuilder.swift /Users/admin/builder/spi-builder-workspace/Sources/XUI/Combine/Result+Combine.swift /Users/admin/builder/spi-builder-workspace/Sources/XUI/DeepLink/DeepLinkable+Receiver.swift /Users/admin/builder/spi-builder-workspace/Sources/XUI/DeepLink/DeepLinkable.swift /Users/admin/builder/spi-builder-workspace/Sources/XUI/DeepLink/DeepLinkableBuilder.swift /Users/admin/builder/spi-builder-workspace/Sources/XUI/Exports.swift /Users/admin/builder/spi-builder-workspace/Sources/XUI/Internal/Binding+ObjectIdentifiable.swift /Users/admin/builder/spi-builder-workspace/Sources/XUI/Internal/ErasedObservableObject.swift /Users/admin/builder/spi-builder-workspace/Sources/XUI/Internal/ObjectIdentifiable.swift /Users/admin/builder/spi-builder-workspace/Sources/XUI/Store/AnyObservableObject.swift /Users/admin/builder/spi-builder-workspace/Sources/XUI/Store/Store.swift /Users/admin/builder/spi-builder-workspace/Sources/XUI/Store/ViewModel.swift /Users/admin/builder/spi-builder-workspace/Sources/XUI/ViewModifiers/NavigationModifier.swift /Users/admin/builder/spi-builder-workspace/Sources/XUI/ViewModifiers/PopoverModifier.swift /Users/admin/builder/spi-builder-workspace/Sources/XUI/ViewModifiers/SheetModifier.swift /Users/admin/builder/spi-builder-workspace/Sources/XUI/Views/NavigationLink.swift /Users/admin/builder/spi-builder-workspace/Sources/XUI/Views/View+Navigation.swift -primary-file /Users/admin/builder/spi-builder-workspace/Sources/XUI/Views/View+Popover.swift -primary-file /Users/admin/builder/spi-builder-workspace/Sources/XUI/Views/View+Sheet.swift -emit-dependencies-path /Users/admin/builder/spi-builder-workspace/.derivedData/Build/Intermediates.noindex/XUI.build/Debug-watchos/XUI-t.build/Objects-normal/arm64/View+Popover.d -emit-const-values-path /Users/admin/builder/spi-builder-workspace/.derivedData/Build/Intermediates.noindex/XUI.build/Debug-watchos/XUI-t.build/Objects-normal/arm64/View+Popover.swiftconstvalues -emit-reference-dependencies-path /Users/admin/builder/spi-builder-workspace/.derivedData/Build/Intermediates.noindex/XUI.build/Debug-watchos/XUI-t.build/Objects-normal/arm64/View+Popover.swiftdeps -serialize-diagnostics-path /Users/admin/builder/spi-builder-workspace/.derivedData/Build/Intermediates.noindex/XUI.build/Debug-watchos/XUI-t.build/Objects-normal/arm64/View+Popover.dia -emit-dependencies-path /Users/admin/builder/spi-builder-workspace/.derivedData/Build/Intermediates.noindex/XUI.build/Debug-watchos/XUI-t.build/Objects-normal/arm64/View+Sheet.d -emit-const-values-path /Users/admin/builder/spi-builder-workspace/.derivedData/Build/Intermediates.noindex/XUI.build/Debug-watchos/XUI-t.build/Objects-normal/arm64/View+Sheet.swiftconstvalues -emit-reference-dependencies-path /Users/admin/builder/spi-builder-workspace/.derivedData/Build/Intermediates.noindex/XUI.build/Debug-watchos/XUI-t.build/Objects-normal/arm64/View+Sheet.swiftdeps -serialize-diagnostics-path /Users/admin/builder/spi-builder-workspace/.derivedData/Build/Intermediates.noindex/XUI.build/Debug-watchos/XUI-t.build/Objects-normal/arm64/View+Sheet.dia -target arm64-apple-watchos9.0 -disable-cross-import-overlay-search -load-resolved-plugin /Applications/Xcode-27.0.0-Release.Candidate.app/Contents/Developer/Platforms/WatchOS.platform/Developer/usr/lib/swift/host/plugins/libFoundationMacros.dylib\#/Applications/Xcode-27.0.0-Release.Candidate.app/Contents/Developer/Platforms/WatchOS.platform/Developer/usr/bin/swift-plugin-server\#FoundationMacros -load-resolved-plugin /Applications/Xcode-27.0.0-Release.Candidate.app/Contents/Developer/Platforms/WatchOS.platform/Developer/usr/lib/swift/host/plugins/libObservationMacros.dylib\#/Applications/Xcode-27.0.0-Release.Candidate.app/Contents/Developer/Platforms/WatchOS.platform/Developer/usr/bin/swift-plugin-server\#ObservationMacros -load-resolved-plugin /Applications/Xcode-27.0.0-Release.Candidate.app/Contents/Developer/Platforms/WatchOS.platform/Developer/usr/lib/swift/host/plugins/libPreviewsMacros.dylib\#/Applications/Xcode-27.0.0-Release.Candidate.app/Contents/Developer/Platforms/WatchOS.platform/Developer/usr/bin/swift-plugin-server\#PreviewsMacros -load-resolved-plugin /Applications/Xcode-27.0.0-Release.Candidate.app/Contents/Developer/Platforms/WatchOS.platform/Developer/usr/lib/swift/host/plugins/libSwiftMacros.dylib\#/Applications/Xcode-27.0.0-Release.Candidate.app/Contents/Developer/Platforms/WatchOS.platform/Developer/usr/bin/swift-plugin-server\#SwiftMacros -load-resolved-plugin /Applications/Xcode-27.0.0-Release.Candidate.app/Contents/Developer/Platforms/WatchOS.platform/Developer/usr/lib/swift/host/plugins/libSwiftUIMacros.dylib\#/Applications/Xcode-27.0.0-Release.Candidate.app/Contents/Developer/Platforms/WatchOS.platform/Developer/usr/bin/swift-plugin-server\#SwiftUIMacros -disable-implicit-swift-modules -Xcc -fno-implicit-modules -Xcc -fno-implicit-module-maps -explicit-swift-module-map-file /Users/admin/builder/spi-builder-workspace/.derivedData/Build/Intermediates.noindex/XUI.build/Debug-watchos/XUI-t.build/Objects-normal/arm64/XUI-dependencies-1.json -Xllvm -aarch64-use-tbi -enable-objc-interop -stack-check -sdk /Applications/Xcode-27.0.0-Release.Candidate.app/Contents/Developer/Platforms/WatchOS.platform/Developer/SDKs/WatchOS27.0.sdk -I /Users/admin/builder/spi-builder-workspace/.derivedData/Build/Products/Debug-watchos -Isystem /Applications/Xcode-27.0.0-Release.Candidate.app/Contents/Developer/Platforms/WatchOS.platform/Developer/usr/lib -F /Users/admin/builder/spi-builder-workspace/.derivedData/Build/Products/Debug-watchos -F /Applications/Xcode-27.0.0-Release.Candidate.app/Contents/Developer/Platforms/WatchOS.platform/Developer/Library/Frameworks -F /Applications/Xcode-27.0.0-Release.Candidate.app/Contents/Developer/Platforms/WatchOS.platform/Developer/SDKs/WatchOS27.0.sdk/Developer/Library/Frameworks -module-cache-path /Users/admin/builder/spi-builder-workspace/.derivedData/Build/Intermediates.noindex/SwiftExplicitPrecompiledModules -no-color-diagnostics -Xcc -fno-color-diagnostics -enable-testing -g -debug-info-format\=dwarf -dwarf-version\=4 -profile-generate -profile-coverage-mapping -swift-version 5 -Onone -D SWIFT_PACKAGE -D DEBUG -D SWIFT_MODULE_RESOURCE_BUNDLE_UNAVAILABLE -D Xcode -serialize-debugging-options -enable-experimental-feature DebugDescriptionMacro -empty-abi-descriptor -validate-clang-modules-once -clang-build-session-file /Users/admin/builder/spi-builder-workspace/.derivedData/ModuleCache.noindex/Session.modulevalidation -Xcc -working-directory -Xcc /Users/admin/builder/spi-builder-workspace/.swiftpm/xcode -enable-anonymous-context-mangled-names -file-compilation-dir /Users/admin/builder/spi-builder-workspace/.swiftpm/xcode -Xcc -D_LIBCPP_HARDENING_MODE\=_LIBCPP_HARDENING_MODE_DEBUG -Xcc -ivfsstatcache -Xcc /Users/admin/builder/spi-builder-workspace/.derivedData/SDKStatCaches.noindex/watchos27.0-24R360-e829b21a6f8c9b70876ba0858053c04477534ef55a1706bf4c1112bbb242f0a2.sdkstatcache -Xcc -fmodules-prune-interval\=86400 -Xcc -fmodules-prune-after\=345600 -Xcc -I/Users/admin/builder/spi-builder-workspace/.derivedData/Build/Products/Debug-watchos/include -Xcc -I/Users/admin/builder/spi-builder-workspace/.derivedData/Build/Intermediates.noindex/XUI.build/Debug-watchos/XUI-t.build/DerivedSources-normal/arm64 -Xcc -I/Users/admin/builder/spi-builder-workspace/.derivedData/Build/Intermediates.noindex/XUI.build/Debug-watchos/XUI-t.build/DerivedSources/arm64 -Xcc -I/Users/admin/builder/spi-builder-workspace/.derivedData/Build/Intermediates.noindex/XUI.build/Debug-watchos/XUI-t.build/DerivedSources -Xcc -DSWIFT_PACKAGE -Xcc -DDEBUG\=1 -no-auto-bridging-header-chaining -module-name XUI -const-gather-protocols-file /Users/admin/builder/spi-builder-workspace/.derivedData/Build/Intermediates.noindex/XUI.build/Debug-watchos/XUI-t.build/Objects-normal/arm64/XUI_const_extract_protocols.json -disable-clang-spi -clang-target arm64-apple-watchos27.0 -target-sdk-version 27.0 -target-sdk-name watchos27.0 -in-process-plugin-server-path /Applications/Xcode-27.0.0-Release.Candidate.app/Contents/Developer/Toolchains/XcodeDefault.xctoolchain/usr/lib/swift/host/libSwiftInProcPluginServer.dylib -parse-as-library -o /Users/admin/builder/spi-builder-workspace/.derivedData/Build/Intermediates.noindex/XUI.build/Debug-watchos/XUI-t.build/Objects-normal/arm64/View+Popover.o -o /Users/admin/builder/spi-builder-workspace/.derivedData/Build/Intermediates.noindex/XUI.build/Debug-watchos/XUI-t.build/Objects-normal/arm64/View+Sheet.o -debug-module-path /Users/admin/builder/spi-builder-workspace/.derivedData/Build/Intermediates.noindex/XUI.build/Debug-watchos/XUI-t.build/Objects-normal/arm64/XUI.swiftmodule -index-unit-output-path /XUI.build/Debug-watchos/XUI-t.build/Objects-normal/arm64/View+Popover.o -index-unit-output-path /XUI.build/Debug-watchos/XUI-t.build/Objects-normal/arm64/View+Sheet.o -index-store-path /Users/admin/builder/spi-builder-workspace/.derivedData/Index.noindex/DataStore -index-system-modules
SwiftCompile normal arm64 /Users/admin/builder/spi-builder-workspace/Sources/XUI/Views/View+Popover.swift (in target 'XUI' from project 'XUI')
cd /Users/admin/builder/spi-builder-workspace/.swiftpm/xcode
builtin-SwiftPerFileCompile View+Popover.swift
SwiftCompile normal arm64 /Users/admin/builder/spi-builder-workspace/Sources/XUI/Views/View+Sheet.swift (in target 'XUI' from project 'XUI')
cd /Users/admin/builder/spi-builder-workspace/.swiftpm/xcode
builtin-SwiftPerFileCompile View+Sheet.swift
SwiftCompile normal arm64 Compiling\ NavigationLink.swift,\ View+Navigation.swift /Users/admin/builder/spi-builder-workspace/Sources/XUI/Views/NavigationLink.swift /Users/admin/builder/spi-builder-workspace/Sources/XUI/Views/View+Navigation.swift (in target 'XUI' from project 'XUI')
/Users/admin/builder/spi-builder-workspace/Sources/XUI/Views/NavigationLink.swift:24:14: warning: 'init(destination:isActive:label:)' was deprecated in watchOS 9.0: use NavigationLink(value:label:), or navigationDestination(isPresented:destination:), inside a NavigationStack or NavigationSplitView [#DeprecatedDeclaration]
22 | }
23 | )
24 | self.init(
| `- warning: 'init(destination:isActive:label:)' was deprecated in watchOS 9.0: use NavigationLink(value:label:), or navigationDestination(isPresented:destination:), inside a NavigationStack or NavigationSplitView [#DeprecatedDeclaration]
25 | destination: model.wrappedValue.map(destination),
26 | isActive: isActive,
/Users/admin/builder/spi-builder-workspace/Sources/XUI/Views/View+Navigation.swift:20:16: warning: 'init(destination:isActive:label:)' was deprecated in watchOS 9.0: use NavigationLink(value:label:), or navigationDestination(isPresented:destination:), inside a NavigationStack or NavigationSplitView [#DeprecatedDeclaration]
18 | }
19 | )
20 | return NavigationLink(
| `- warning: 'init(destination:isActive:label:)' was deprecated in watchOS 9.0: use NavigationLink(value:label:), or navigationDestination(isPresented:destination:), inside a NavigationStack or NavigationSplitView [#DeprecatedDeclaration]
21 | destination: EmptyView(),
22 | isActive: isActive
/Users/admin/builder/spi-builder-workspace/Sources/XUI/Views/View+Navigation.swift:59:13: warning: 'init(destination:isActive:label:)' was deprecated in watchOS 9.0: use NavigationLink(value:label:), or navigationDestination(isPresented:destination:), inside a NavigationStack or NavigationSplitView [#DeprecatedDeclaration]
57 |
58 | overlay(
59 | NavigationLink(
| `- warning: 'init(destination:isActive:label:)' was deprecated in watchOS 9.0: use NavigationLink(value:label:), or navigationDestination(isPresented:destination:), inside a NavigationStack or NavigationSplitView [#DeprecatedDeclaration]
60 | destination: isActive.wrappedValue ? destination() : nil,
61 | isActive: isActive,
[#DeprecatedDeclaration]: <https://docs.swift.org/compiler/documentation/diagnostics/deprecated-declaration>
SwiftCompile normal arm64 /Users/admin/builder/spi-builder-workspace/Sources/XUI/Views/NavigationLink.swift (in target 'XUI' from project 'XUI')
cd /Users/admin/builder/spi-builder-workspace/.swiftpm/xcode
builtin-SwiftPerFileCompile NavigationLink.swift
SwiftCompile normal arm64 /Users/admin/builder/spi-builder-workspace/Sources/XUI/Views/View+Navigation.swift (in target 'XUI' from project 'XUI')
cd /Users/admin/builder/spi-builder-workspace/.swiftpm/xcode
builtin-SwiftPerFileCompile View+Navigation.swift
SwiftEmitModule normal arm64_32 Emitting\ module\ for\ XUI (in target 'XUI' from project 'XUI')
SwiftCompile normal arm64_32 (in target 'XUI' from project 'XUI')
cd /Users/admin/builder/spi-builder-workspace/.swiftpm/xcode
SwiftDriverJobDiscovery normal arm64 Compiling ErasedObservableObject.swift, ObjectIdentifiable.swift (in target 'XUI' from project 'XUI')
SwiftEmitModule normal arm64 Emitting\ module\ for\ XUI (in target 'XUI' from project 'XUI')
SwiftCompile normal arm64 (in target 'XUI' from project 'XUI')
cd /Users/admin/builder/spi-builder-workspace/.swiftpm/xcode
PruneExplicitPrecompiledModules /Users/admin/builder/spi-builder-workspace/.derivedData/SDKExplicitPrecompiledModules
PruneExplicitPrecompiledModules /Users/admin/builder/spi-builder-workspace/.derivedData/Build/Intermediates.noindex/ExplicitPrecompiledModules
PruneExplicitPrecompiledModules /Users/admin/builder/spi-builder-workspace/.derivedData/Build/Intermediates.noindex/SwiftExplicitPrecompiledModules
2026-09-19 06:42:32.968 xcodebuild[805:4858] [MT] IDERunDestination: Supported platforms for the buildables in the current scheme is empty.
** BUILD FAILED **
The following build commands failed:
SwiftCompile normal arm64 Compiling\ View+Popover.swift,\ View+Sheet.swift /Users/admin/builder/spi-builder-workspace/Sources/XUI/Views/View+Popover.swift /Users/admin/builder/spi-builder-workspace/Sources/XUI/Views/View+Sheet.swift (in target 'XUI' from project 'XUI')
SwiftCompile normal arm64 /Users/admin/builder/spi-builder-workspace/Sources/XUI/Views/View+Popover.swift (in target 'XUI' from project 'XUI')
Building workspace XUI with scheme XUI
(3 failures)
BUILD FAILURE 6.4 watchOS