Build Information
Failed to build ActionBuilderCore, reference main (aae2ac), with Swift 6.4 for visionOS using Xcode 27.0 on 4 Oct 2026 06:30:35 UTC.
Build Command
env DEVELOPER_DIR=/Applications/Xcode-27.0.0-Release.Candidate.app xcrun xcodebuild -IDEClonedSourcePackagesDirPathOverride=$PWD/.dependencies -skipMacroValidation -skipPackagePluginValidation -derivedDataPath $PWD/.derivedData build -scheme ActionBuilderCore-Package -destination generic/platform=xrOSBuild Log
SwiftCompile normal arm64 (in target 'Subprocess' from project 'swift-subprocess')
cd /Users/admin/builder/spi-builder-workspace/.swiftpm/xcode
SwiftCompile normal x86_64 Compiling\ Result.swift,\ Span+Subprocess.swift /Users/admin/builder/spi-builder-workspace/.dependencies/checkouts/swift-subprocess/Sources/Subprocess/Result.swift /Users/admin/builder/spi-builder-workspace/.dependencies/checkouts/swift-subprocess/Sources/Subprocess/Span+Subprocess.swift (in target 'Subprocess' from project 'swift-subprocess')
SwiftCompile normal x86_64 /Users/admin/builder/spi-builder-workspace/.dependencies/checkouts/swift-subprocess/Sources/Subprocess/Result.swift (in target 'Subprocess' from project 'swift-subprocess')
cd /Users/admin/builder/spi-builder-workspace/.swiftpm/xcode
builtin-SwiftPerFileCompile Result.swift
SwiftCompile normal x86_64 /Users/admin/builder/spi-builder-workspace/.dependencies/checkouts/swift-subprocess/Sources/Subprocess/Span+Subprocess.swift (in target 'Subprocess' from project 'swift-subprocess')
cd /Users/admin/builder/spi-builder-workspace/.swiftpm/xcode
builtin-SwiftPerFileCompile Span+Subprocess.swift
SwiftDriverJobDiscovery normal arm64 Compiling String+ByteStreams.swift (in target 'ChaosByteStreams' from project 'ChaosByteStreams')
SwiftCompile normal x86_64 Compiling\ Teardown.swift,\ Thread.swift /Users/admin/builder/spi-builder-workspace/.dependencies/checkouts/swift-subprocess/Sources/Subprocess/Teardown.swift /Users/admin/builder/spi-builder-workspace/.dependencies/checkouts/swift-subprocess/Sources/Subprocess/Thread.swift (in target 'Subprocess' from project 'swift-subprocess')
SwiftCompile normal x86_64 /Users/admin/builder/spi-builder-workspace/.dependencies/checkouts/swift-subprocess/Sources/Subprocess/Teardown.swift (in target 'Subprocess' from project 'swift-subprocess')
cd /Users/admin/builder/spi-builder-workspace/.swiftpm/xcode
builtin-SwiftPerFileCompile Teardown.swift
SwiftCompile normal x86_64 /Users/admin/builder/spi-builder-workspace/.dependencies/checkouts/swift-subprocess/Sources/Subprocess/Thread.swift (in target 'Subprocess' from project 'swift-subprocess')
cd /Users/admin/builder/spi-builder-workspace/.swiftpm/xcode
builtin-SwiftPerFileCompile Thread.swift
SwiftDriverJobDiscovery normal arm64 Compiling SemanticVersion+Comparabl.swift (in target 'SemanticVersion' from project 'SemanticVersion')
SwiftCompile normal arm64 Compiling\ Subprocess+Unix.swift,\ Subprocess+Windows.swift /Users/admin/builder/spi-builder-workspace/.dependencies/checkouts/swift-subprocess/Sources/Subprocess/Platforms/Subprocess+Unix.swift /Users/admin/builder/spi-builder-workspace/.dependencies/checkouts/swift-subprocess/Sources/Subprocess/Platforms/Subprocess+Windows.swift (in target 'Subprocess' from project 'swift-subprocess')
SwiftCompile normal arm64 /Users/admin/builder/spi-builder-workspace/.dependencies/checkouts/swift-subprocess/Sources/Subprocess/Platforms/Subprocess+Unix.swift (in target 'Subprocess' from project 'swift-subprocess')
cd /Users/admin/builder/spi-builder-workspace/.swiftpm/xcode
builtin-SwiftPerFileCompile Subprocess+Unix.swift
SwiftCompile normal arm64 /Users/admin/builder/spi-builder-workspace/.dependencies/checkouts/swift-subprocess/Sources/Subprocess/Platforms/Subprocess+Windows.swift (in target 'Subprocess' from project 'swift-subprocess')
cd /Users/admin/builder/spi-builder-workspace/.swiftpm/xcode
builtin-SwiftPerFileCompile Subprocess+Windows.swift
SwiftDriverJobDiscovery normal arm64 Compiling Data+ByteStreams.swift (in target 'ChaosByteStreams' from project 'ChaosByteStreams')
SwiftCompile normal x86_64 Compiling\ Input+Foundation.swift,\ Output+Foundation.swift /Users/admin/builder/spi-builder-workspace/.dependencies/checkouts/swift-subprocess/Sources/Subprocess/SubprocessFoundation/Input+Foundation.swift /Users/admin/builder/spi-builder-workspace/.dependencies/checkouts/swift-subprocess/Sources/Subprocess/SubprocessFoundation/Output+Foundation.swift (in target 'Subprocess' from project 'swift-subprocess')
SwiftCompile normal x86_64 /Users/admin/builder/spi-builder-workspace/.dependencies/checkouts/swift-subprocess/Sources/Subprocess/SubprocessFoundation/Input+Foundation.swift (in target 'Subprocess' from project 'swift-subprocess')
cd /Users/admin/builder/spi-builder-workspace/.swiftpm/xcode
builtin-SwiftPerFileCompile Input+Foundation.swift
SwiftCompile normal x86_64 /Users/admin/builder/spi-builder-workspace/.dependencies/checkouts/swift-subprocess/Sources/Subprocess/SubprocessFoundation/Output+Foundation.swift (in target 'Subprocess' from project 'swift-subprocess')
cd /Users/admin/builder/spi-builder-workspace/.swiftpm/xcode
builtin-SwiftPerFileCompile Output+Foundation.swift
SwiftDriverJobDiscovery normal arm64 Compiling DataBuffer.swift (in target 'ChaosByteStreams' from project 'ChaosByteStreams')
SwiftCompile normal arm64 Compiling\ Input.swift,\ Output.swift,\ Subprocess+BSD.swift /Users/admin/builder/spi-builder-workspace/.dependencies/checkouts/swift-subprocess/Sources/Subprocess/IO/Input.swift /Users/admin/builder/spi-builder-workspace/.dependencies/checkouts/swift-subprocess/Sources/Subprocess/IO/Output.swift /Users/admin/builder/spi-builder-workspace/.dependencies/checkouts/swift-subprocess/Sources/Subprocess/Platforms/Subprocess+BSD.swift (in target 'Subprocess' from project 'swift-subprocess')
SwiftCompile normal arm64 /Users/admin/builder/spi-builder-workspace/.dependencies/checkouts/swift-subprocess/Sources/Subprocess/IO/Input.swift (in target 'Subprocess' from project 'swift-subprocess')
cd /Users/admin/builder/spi-builder-workspace/.swiftpm/xcode
builtin-SwiftPerFileCompile Input.swift
SwiftCompile normal arm64 /Users/admin/builder/spi-builder-workspace/.dependencies/checkouts/swift-subprocess/Sources/Subprocess/IO/Output.swift (in target 'Subprocess' from project 'swift-subprocess')
cd /Users/admin/builder/spi-builder-workspace/.swiftpm/xcode
builtin-SwiftPerFileCompile Output.swift
SwiftCompile normal arm64 /Users/admin/builder/spi-builder-workspace/.dependencies/checkouts/swift-subprocess/Sources/Subprocess/Platforms/Subprocess+BSD.swift (in target 'Subprocess' from project 'swift-subprocess')
cd /Users/admin/builder/spi-builder-workspace/.swiftpm/xcode
builtin-SwiftPerFileCompile Subprocess+BSD.swift
SwiftDriverJobDiscovery normal arm64 Compiling FilePathTempPosix.swift, FilePathTempWindows.swift, FilePathWindows.swift, FilePermissions.swift (in target 'SystemPackage' from project 'swift-system')
SwiftDriverJobDiscovery normal x86_64 Compiling String+AsyncSequence.swift (in target 'VersionatorUtils' from project 'Versionator')
SwiftDriver\ Compilation SystemPackage normal arm64 com.apple.xcode.tools.swift.compiler (in target 'SystemPackage' from project 'swift-system')
cd /Users/admin/builder/spi-builder-workspace/.swiftpm/xcode
builtin-Swift-Compilation -- /Applications/Xcode-27.0.0-Release.Candidate.app/Contents/Developer/Toolchains/XcodeDefault.xctoolchain/usr/bin/swiftc -parse-as-library -module-name SystemPackage -Onone @/Users/admin/builder/spi-builder-workspace/.derivedData/Build/Intermediates.noindex/swift-system.build/Debug/SystemPackage-t.build/Objects-normal/arm64/SystemPackage.SwiftFileList -DSWIFT_PACKAGE -DDEBUG -DSWIFT_MODULE_RESOURCE_BUNDLE_UNAVAILABLE -DSYSTEM_PACKAGE -DENABLE_MOCKING -DSYSTEM_PACKAGE_DARWIN -Xcc -fmodule-map-file\=/Users/admin/builder/spi-builder-workspace/.dependencies/checkouts/swift-system/Sources/CSystem/include/module.modulemap -DXcode -enable-experimental-feature AvailabilityMacro\=System\ 0.0.1:macOS\ 10.10,\ iOS\ 8.0,\ watchOS\ 2.0,\ tvOS\ 9.0,\ visionOS\ 1.0 -enable-experimental-feature AvailabilityMacro\=System\ 0.0.2:macOS\ 10.10,\ iOS\ 8.0,\ watchOS\ 2.0,\ tvOS\ 9.0,\ visionOS\ 1.0 -enable-experimental-feature AvailabilityMacro\=System\ 0.0.3:macOS\ 10.10,\ iOS\ 8.0,\ watchOS\ 2.0,\ tvOS\ 9.0,\ visionOS\ 1.0 -enable-experimental-feature AvailabilityMacro\=System\ 1.1.0:macOS\ 10.10,\ iOS\ 8.0,\ watchOS\ 2.0,\ tvOS\ 9.0,\ visionOS\ 1.0 -enable-experimental-feature AvailabilityMacro\=System\ 1.1.1:macOS\ 10.10,\ iOS\ 8.0,\ watchOS\ 2.0,\ tvOS\ 9.0,\ visionOS\ 1.0 -enable-experimental-feature AvailabilityMacro\=System\ 1.2.0:macOS\ 10.10,\ iOS\ 8.0,\ watchOS\ 2.0,\ tvOS\ 9.0,\ visionOS\ 1.0 -enable-experimental-feature AvailabilityMacro\=System\ 1.2.1:macOS\ 10.10,\ iOS\ 8.0,\ watchOS\ 2.0,\ tvOS\ 9.0,\ visionOS\ 1.0 -enable-experimental-feature AvailabilityMacro\=System\ 1.3.0:macOS\ 10.10,\ iOS\ 8.0,\ watchOS\ 2.0,\ tvOS\ 9.0,\ visionOS\ 1.0 -enable-experimental-feature AvailabilityMacro\=System\ 1.3.1:macOS\ 10.10,\ iOS\ 8.0,\ watchOS\ 2.0,\ tvOS\ 9.0,\ visionOS\ 1.0 -enable-experimental-feature AvailabilityMacro\=System\ 1.3.2:macOS\ 10.10,\ iOS\ 8.0,\ watchOS\ 2.0,\ tvOS\ 9.0,\ visionOS\ 1.0 -enable-experimental-feature AvailabilityMacro\=System\ 1.4.0:macOS\ 10.10,\ iOS\ 8.0,\ watchOS\ 2.0,\ tvOS\ 9.0,\ visionOS\ 1.0 -enable-experimental-feature AvailabilityMacro\=System\ 1.7.0:macOS\ 10.10,\ iOS\ 8.0,\ watchOS\ 2.0,\ tvOS\ 9.0,\ visionOS\ 1.0 -enable-experimental-feature AvailabilityMacro\=System\ 199:macOS\ 10.10,\ iOS\ 8.0,\ watchOS\ 2.0,\ tvOS\ 9.0,\ visionOS\ 1.0 -enable-experimental-feature Lifetimes -plugin-path /Applications/Xcode-27.0.0-Release.Candidate.app/Contents/Developer/Toolchains/XcodeDefault.xctoolchain/usr/lib/swift/host/plugins/testing -enable-experimental-feature DebugDescriptionMacro -sdk /Applications/Xcode-27.0.0-Release.Candidate.app/Contents/Developer/Platforms/MacOSX.platform/Developer/SDKs/MacOSX27.0.sdk -target arm64-apple-macos12.0 -g -module-cache-path /Users/admin/builder/spi-builder-workspace/.derivedData/ModuleCache.noindex -Xfrontend -serialize-debugging-options -enable-testing -suppress-warnings -index-store-path /Users/admin/builder/spi-builder-workspace/.derivedData/Index.noindex/DataStore -Xcc -D_LIBCPP_HARDENING_MODE\=_LIBCPP_HARDENING_MODE_DEBUG -swift-version 6 -I /Users/admin/builder/spi-builder-workspace/.derivedData/Build/Products/Debug -Isystem /Applications/Xcode-27.0.0-Release.Candidate.app/Contents/Developer/Platforms/MacOSX.platform/Developer/usr/lib -F /Users/admin/builder/spi-builder-workspace/.derivedData/Build/Products/Debug/PackageFrameworks -F /Users/admin/builder/spi-builder-workspace/.derivedData/Build/Products/Debug -F /Applications/Xcode-27.0.0-Release.Candidate.app/Contents/Developer/Platforms/MacOSX.platform/Developer/Library/Frameworks -c -j10 -enable-batch-mode -incremental -Xcc -ivfsstatcache -Xcc /Users/admin/builder/spi-builder-workspace/.derivedData/SDKStatCaches.noindex/macosx27.0-26A425-e829b21a6f8c9b70876ba0858053c0446a22442a12e9d48fe1a705f55a1adfc4.sdkstatcache -output-file-map /Users/admin/builder/spi-builder-workspace/.derivedData/Build/Intermediates.noindex/swift-system.build/Debug/SystemPackage-t.build/Objects-normal/arm64/SystemPackage-OutputFileMap.json -save-temps -no-color-diagnostics -explicit-module-build -module-cache-path /Users/admin/builder/spi-builder-workspace/.derivedData/Build/Intermediates.noindex/SwiftExplicitPrecompiledModules -clang-scanner-module-cache-path /Users/admin/builder/spi-builder-workspace/.derivedData/ModuleCache.noindex -sdk-module-cache-path /Users/admin/builder/spi-builder-workspace/.derivedData/SDKExplicitPrecompiledModules -emit-dependencies -emit-module -emit-module-path /Users/admin/builder/spi-builder-workspace/.derivedData/Build/Intermediates.noindex/swift-system.build/Debug/SystemPackage-t.build/Objects-normal/arm64/SystemPackage.swiftmodule -serialize-diagnostics -dependency-scan-serialize-diagnostics-path /Users/admin/builder/spi-builder-workspace/.derivedData/Build/Intermediates.noindex/swift-system.build/Debug/SystemPackage-t.build/Objects-normal/arm64/SystemPackage-dependency-scan.dia -user-module-version 1.8.1 -validate-clang-modules-once -clang-build-session-file /Users/admin/builder/spi-builder-workspace/.derivedData/ModuleCache.noindex/Session.modulevalidation -Xcc -fmodules-prune-interval\=86400 -Xcc -fmodules-prune-after\=345600 -package-name swift_system -emit-const-values -const-gather-protocols-list /Users/admin/builder/spi-builder-workspace/.derivedData/Build/Intermediates.noindex/swift-system.build/Debug/SystemPackage-t.build/Objects-normal/arm64/SystemPackage_const_extract_protocols.json -Xcc -I/Users/admin/builder/spi-builder-workspace/.dependencies/checkouts/swift-system/Sources/CSystem/include -Xcc -I/Users/admin/builder/spi-builder-workspace/.derivedData/Build/Products/Debug/include -Xcc -I/Users/admin/builder/spi-builder-workspace/.derivedData/Build/Intermediates.noindex/swift-system.build/Debug/SystemPackage-t.build/DerivedSources-normal/arm64 -Xcc -I/Users/admin/builder/spi-builder-workspace/.derivedData/Build/Intermediates.noindex/swift-system.build/Debug/SystemPackage-t.build/DerivedSources/arm64 -Xcc -I/Users/admin/builder/spi-builder-workspace/.derivedData/Build/Intermediates.noindex/swift-system.build/Debug/SystemPackage-t.build/DerivedSources -Xcc -DSWIFT_PACKAGE -Xcc -DDEBUG\=1 -emit-objc-header -emit-objc-header-path /Users/admin/builder/spi-builder-workspace/.derivedData/Build/Intermediates.noindex/swift-system.build/Debug/SystemPackage-t.build/Objects-normal/arm64/SystemPackage-Swift.h -working-directory /Users/admin/builder/spi-builder-workspace/.swiftpm/xcode -experimental-emit-module-separately -disable-cmo
SwiftDriver\ Compilation VersionatorUtils normal x86_64 com.apple.xcode.tools.swift.compiler (in target 'VersionatorUtils' from project 'Versionator')
cd /Users/admin/builder/spi-builder-workspace/.swiftpm/xcode
builtin-Swift-Compilation -- /Applications/Xcode-27.0.0-Release.Candidate.app/Contents/Developer/Toolchains/XcodeDefault.xctoolchain/usr/bin/swiftc -parse-as-library -module-name VersionatorUtils -Onone @/Users/admin/builder/spi-builder-workspace/.derivedData/Build/Intermediates.noindex/Versionator.build/Debug/VersionatorUtils-t.build/Objects-normal/x86_64/VersionatorUtils.SwiftFileList -DSWIFT_PACKAGE -DDEBUG -DSWIFT_MODULE_RESOURCE_BUNDLE_UNAVAILABLE -DXcode -plugin-path /Applications/Xcode-27.0.0-Release.Candidate.app/Contents/Developer/Toolchains/XcodeDefault.xctoolchain/usr/lib/swift/host/plugins/testing -enable-experimental-feature DebugDescriptionMacro -sdk /Applications/Xcode-27.0.0-Release.Candidate.app/Contents/Developer/Platforms/MacOSX.platform/Developer/SDKs/MacOSX27.0.sdk -target x86_64-apple-macos26.0 -g -module-cache-path /Users/admin/builder/spi-builder-workspace/.derivedData/ModuleCache.noindex -Xfrontend -serialize-debugging-options -enable-testing -suppress-warnings -index-store-path /Users/admin/builder/spi-builder-workspace/.derivedData/Index.noindex/DataStore -Xcc -D_LIBCPP_HARDENING_MODE\=_LIBCPP_HARDENING_MODE_DEBUG -swift-version 6 -I /Users/admin/builder/spi-builder-workspace/.derivedData/Build/Products/Debug -Isystem /Applications/Xcode-27.0.0-Release.Candidate.app/Contents/Developer/Platforms/MacOSX.platform/Developer/usr/lib -F /Users/admin/builder/spi-builder-workspace/.derivedData/Build/Products/Debug -F /Applications/Xcode-27.0.0-Release.Candidate.app/Contents/Developer/Platforms/MacOSX.platform/Developer/Library/Frameworks -c -j10 -enable-batch-mode -incremental -Xcc -ivfsstatcache -Xcc /Users/admin/builder/spi-builder-workspace/.derivedData/SDKStatCaches.noindex/macosx27.0-26A425-e829b21a6f8c9b70876ba0858053c0446a22442a12e9d48fe1a705f55a1adfc4.sdkstatcache -output-file-map /Users/admin/builder/spi-builder-workspace/.derivedData/Build/Intermediates.noindex/Versionator.build/Debug/VersionatorUtils-t.build/Objects-normal/x86_64/VersionatorUtils-OutputFileMap.json -save-temps -no-color-diagnostics -explicit-module-build -module-cache-path /Users/admin/builder/spi-builder-workspace/.derivedData/Build/Intermediates.noindex/SwiftExplicitPrecompiledModules -clang-scanner-module-cache-path /Users/admin/builder/spi-builder-workspace/.derivedData/ModuleCache.noindex -sdk-module-cache-path /Users/admin/builder/spi-builder-workspace/.derivedData/SDKExplicitPrecompiledModules -emit-dependencies -emit-module -emit-module-path /Users/admin/builder/spi-builder-workspace/.derivedData/Build/Intermediates.noindex/Versionator.build/Debug/VersionatorUtils-t.build/Objects-normal/x86_64/VersionatorUtils.swiftmodule -serialize-diagnostics -dependency-scan-serialize-diagnostics-path /Users/admin/builder/spi-builder-workspace/.derivedData/Build/Intermediates.noindex/Versionator.build/Debug/VersionatorUtils-t.build/Objects-normal/x86_64/VersionatorUtils-dependency-scan.dia -user-module-version 2.1.1 -validate-clang-modules-once -clang-build-session-file /Users/admin/builder/spi-builder-workspace/.derivedData/ModuleCache.noindex/Session.modulevalidation -Xcc -fmodules-prune-interval\=86400 -Xcc -fmodules-prune-after\=345600 -package-name versionator -emit-const-values -const-gather-protocols-list /Users/admin/builder/spi-builder-workspace/.derivedData/Build/Intermediates.noindex/Versionator.build/Debug/VersionatorUtils-t.build/Objects-normal/x86_64/VersionatorUtils_const_extract_protocols.json -Xcc -I/Users/admin/builder/spi-builder-workspace/.derivedData/Build/Products/Debug/include -Xcc -I/Users/admin/builder/spi-builder-workspace/.derivedData/Build/Intermediates.noindex/Versionator.build/Debug/VersionatorUtils-t.build/DerivedSources-normal/x86_64 -Xcc -I/Users/admin/builder/spi-builder-workspace/.derivedData/Build/Intermediates.noindex/Versionator.build/Debug/VersionatorUtils-t.build/DerivedSources/x86_64 -Xcc -I/Users/admin/builder/spi-builder-workspace/.derivedData/Build/Intermediates.noindex/Versionator.build/Debug/VersionatorUtils-t.build/DerivedSources -Xcc -DSWIFT_PACKAGE -Xcc -DDEBUG\=1 -emit-objc-header -emit-objc-header-path /Users/admin/builder/spi-builder-workspace/.derivedData/Build/Intermediates.noindex/Versionator.build/Debug/VersionatorUtils-t.build/Objects-normal/x86_64/VersionatorUtils-Swift.h -working-directory /Users/admin/builder/spi-builder-workspace/.swiftpm/xcode -experimental-emit-module-separately -disable-cmo
Ld /Users/admin/builder/spi-builder-workspace/.derivedData/Build/Intermediates.noindex/swift-system.build/Debug/SystemPackage-t.build/Objects-normal/arm64/Binary/SystemPackage.o normal arm64 (in target 'SystemPackage' from project 'swift-system')
cd /Users/admin/builder/spi-builder-workspace/.dependencies/checkouts/swift-system
/Applications/Xcode-27.0.0-Release.Candidate.app/Contents/Developer/Toolchains/XcodeDefault.xctoolchain/usr/bin/clang -Xlinker -reproducible -target arm64-apple-macos12.0 -r -isysroot /Applications/Xcode-27.0.0-Release.Candidate.app/Contents/Developer/Platforms/MacOSX.platform/Developer/SDKs/MacOSX27.0.sdk -O0 -w -Xlinker -no_warn_duplicate_libraries -F/Users/admin/builder/spi-builder-workspace/.derivedData/Build/Intermediates.noindex/EagerLinkingTBDs/Debug -F/Users/admin/builder/spi-builder-workspace/.derivedData/Build/Products/Debug/PackageFrameworks -F/Users/admin/builder/spi-builder-workspace/.derivedData/Build/Products/Debug -iframework /Applications/Xcode-27.0.0-Release.Candidate.app/Contents/Developer/Platforms/MacOSX.platform/Developer/Library/Frameworks -filelist /Users/admin/builder/spi-builder-workspace/.derivedData/Build/Intermediates.noindex/swift-system.build/Debug/SystemPackage-t.build/Objects-normal/arm64/SystemPackage.LinkFileList -nostdlib -Xlinker -object_path_lto -Xlinker /Users/admin/builder/spi-builder-workspace/.derivedData/Build/Intermediates.noindex/swift-system.build/Debug/SystemPackage-t.build/Objects-normal/arm64/SystemPackage_lto.o -Xlinker -no_deduplicate -Xlinker -dependency_info -Xlinker /Users/admin/builder/spi-builder-workspace/.derivedData/Build/Intermediates.noindex/swift-system.build/Debug/SystemPackage-t.build/Objects-normal/arm64/SystemPackage_dependency_info.dat -fobjc-link-runtime -L/Applications/Xcode-27.0.0-Release.Candidate.app/Contents/Developer/Toolchains/XcodeDefault.xctoolchain/usr/lib/swift/macosx -L/usr/lib/swift -Xlinker -add_ast_path -Xlinker /Users/admin/builder/spi-builder-workspace/.derivedData/Build/Intermediates.noindex/swift-system.build/Debug/SystemPackage-t.build/Objects-normal/arm64/SystemPackage.swiftmodule -o /Users/admin/builder/spi-builder-workspace/.derivedData/Build/Intermediates.noindex/swift-system.build/Debug/SystemPackage-t.build/Objects-normal/arm64/Binary/SystemPackage.o
SwiftCompile normal x86_64 Compiling\ AsyncIO+Linux.swift,\ AsyncIO+Unix.swift,\ AsyncIO+Windows.swift /Users/admin/builder/spi-builder-workspace/.dependencies/checkouts/swift-subprocess/Sources/Subprocess/IO/AsyncIO+Linux.swift /Users/admin/builder/spi-builder-workspace/.dependencies/checkouts/swift-subprocess/Sources/Subprocess/IO/AsyncIO+Unix.swift /Users/admin/builder/spi-builder-workspace/.dependencies/checkouts/swift-subprocess/Sources/Subprocess/IO/AsyncIO+Windows.swift (in target 'Subprocess' from project 'swift-subprocess')
SwiftCompile normal x86_64 /Users/admin/builder/spi-builder-workspace/.dependencies/checkouts/swift-subprocess/Sources/Subprocess/IO/AsyncIO+Linux.swift (in target 'Subprocess' from project 'swift-subprocess')
cd /Users/admin/builder/spi-builder-workspace/.swiftpm/xcode
builtin-SwiftPerFileCompile AsyncIO+Linux.swift
SwiftCompile normal x86_64 /Users/admin/builder/spi-builder-workspace/.dependencies/checkouts/swift-subprocess/Sources/Subprocess/IO/AsyncIO+Unix.swift (in target 'Subprocess' from project 'swift-subprocess')
cd /Users/admin/builder/spi-builder-workspace/.swiftpm/xcode
builtin-SwiftPerFileCompile AsyncIO+Unix.swift
SwiftCompile normal x86_64 /Users/admin/builder/spi-builder-workspace/.dependencies/checkouts/swift-subprocess/Sources/Subprocess/IO/AsyncIO+Windows.swift (in target 'Subprocess' from project 'swift-subprocess')
cd /Users/admin/builder/spi-builder-workspace/.swiftpm/xcode
builtin-SwiftPerFileCompile AsyncIO+Windows.swift
SwiftDriverJobDiscovery normal x86_64 Compiling Result.swift, Span+Subprocess.swift (in target 'Subprocess' from project 'swift-subprocess')
SwiftCompile normal x86_64 Compiling\ Input.swift,\ Output.swift,\ Subprocess+BSD.swift /Users/admin/builder/spi-builder-workspace/.dependencies/checkouts/swift-subprocess/Sources/Subprocess/IO/Input.swift /Users/admin/builder/spi-builder-workspace/.dependencies/checkouts/swift-subprocess/Sources/Subprocess/IO/Output.swift /Users/admin/builder/spi-builder-workspace/.dependencies/checkouts/swift-subprocess/Sources/Subprocess/Platforms/Subprocess+BSD.swift (in target 'Subprocess' from project 'swift-subprocess')
SwiftCompile normal x86_64 /Users/admin/builder/spi-builder-workspace/.dependencies/checkouts/swift-subprocess/Sources/Subprocess/IO/Input.swift (in target 'Subprocess' from project 'swift-subprocess')
cd /Users/admin/builder/spi-builder-workspace/.swiftpm/xcode
builtin-SwiftPerFileCompile Input.swift
SwiftCompile normal x86_64 /Users/admin/builder/spi-builder-workspace/.dependencies/checkouts/swift-subprocess/Sources/Subprocess/IO/Output.swift (in target 'Subprocess' from project 'swift-subprocess')
cd /Users/admin/builder/spi-builder-workspace/.swiftpm/xcode
builtin-SwiftPerFileCompile Output.swift
SwiftCompile normal x86_64 /Users/admin/builder/spi-builder-workspace/.dependencies/checkouts/swift-subprocess/Sources/Subprocess/Platforms/Subprocess+BSD.swift (in target 'Subprocess' from project 'swift-subprocess')
cd /Users/admin/builder/spi-builder-workspace/.swiftpm/xcode
builtin-SwiftPerFileCompile Subprocess+BSD.swift
SwiftCompile normal arm64 Compiling\ Input+Foundation.swift,\ Output+Foundation.swift /Users/admin/builder/spi-builder-workspace/.dependencies/checkouts/swift-subprocess/Sources/Subprocess/SubprocessFoundation/Input+Foundation.swift /Users/admin/builder/spi-builder-workspace/.dependencies/checkouts/swift-subprocess/Sources/Subprocess/SubprocessFoundation/Output+Foundation.swift (in target 'Subprocess' from project 'swift-subprocess')
SwiftCompile normal arm64 /Users/admin/builder/spi-builder-workspace/.dependencies/checkouts/swift-subprocess/Sources/Subprocess/SubprocessFoundation/Input+Foundation.swift (in target 'Subprocess' from project 'swift-subprocess')
cd /Users/admin/builder/spi-builder-workspace/.swiftpm/xcode
builtin-SwiftPerFileCompile Input+Foundation.swift
SwiftCompile normal arm64 /Users/admin/builder/spi-builder-workspace/.dependencies/checkouts/swift-subprocess/Sources/Subprocess/SubprocessFoundation/Output+Foundation.swift (in target 'Subprocess' from project 'swift-subprocess')
cd /Users/admin/builder/spi-builder-workspace/.swiftpm/xcode
builtin-SwiftPerFileCompile Output+Foundation.swift
SwiftDriverJobDiscovery normal x86_64 Compiling Input+Foundation.swift, Output+Foundation.swift (in target 'Subprocess' from project 'swift-subprocess')
SwiftCompile normal arm64 Compiling\ API.swift,\ Buffer.swift,\ Configuration.swift /Users/admin/builder/spi-builder-workspace/.dependencies/checkouts/swift-subprocess/Sources/Subprocess/API.swift /Users/admin/builder/spi-builder-workspace/.dependencies/checkouts/swift-subprocess/Sources/Subprocess/Buffer.swift /Users/admin/builder/spi-builder-workspace/.dependencies/checkouts/swift-subprocess/Sources/Subprocess/Configuration.swift (in target 'Subprocess' from project 'swift-subprocess')
SwiftCompile normal arm64 /Users/admin/builder/spi-builder-workspace/.dependencies/checkouts/swift-subprocess/Sources/Subprocess/API.swift (in target 'Subprocess' from project 'swift-subprocess')
cd /Users/admin/builder/spi-builder-workspace/.swiftpm/xcode
builtin-SwiftPerFileCompile API.swift
SwiftCompile normal arm64 /Users/admin/builder/spi-builder-workspace/.dependencies/checkouts/swift-subprocess/Sources/Subprocess/Buffer.swift (in target 'Subprocess' from project 'swift-subprocess')
cd /Users/admin/builder/spi-builder-workspace/.swiftpm/xcode
builtin-SwiftPerFileCompile Buffer.swift
SwiftCompile normal arm64 /Users/admin/builder/spi-builder-workspace/.dependencies/checkouts/swift-subprocess/Sources/Subprocess/Configuration.swift (in target 'Subprocess' from project 'swift-subprocess')
cd /Users/admin/builder/spi-builder-workspace/.swiftpm/xcode
builtin-SwiftPerFileCompile Configuration.swift
SwiftDriverJobDiscovery normal x86_64 Emitting module for Subprocess (in target 'Subprocess' from project 'swift-subprocess')
SwiftDriver\ Compilation\ Requirements Subprocess normal x86_64 com.apple.xcode.tools.swift.compiler (in target 'Subprocess' from project 'swift-subprocess')
cd /Users/admin/builder/spi-builder-workspace/.swiftpm/xcode
builtin-Swift-Compilation-Requirements -- /Applications/Xcode-27.0.0-Release.Candidate.app/Contents/Developer/Toolchains/XcodeDefault.xctoolchain/usr/bin/swiftc -parse-as-library -module-name Subprocess -Onone @/Users/admin/builder/spi-builder-workspace/.derivedData/Build/Intermediates.noindex/swift-subprocess.build/Debug/Subprocess-t.build/Objects-normal/x86_64/Subprocess.SwiftFileList -DSWIFT_PACKAGE -DDEBUG -DSWIFT_MODULE_RESOURCE_BUNDLE_UNAVAILABLE -DSubprocessFoundation -DSUBPROCESS_ASYNCIO_KQUEUE -Xcc -fmodule-map-file\=/Users/admin/builder/spi-builder-workspace/.dependencies/checkouts/swift-system/Sources/CSystem/include/module.modulemap -Xcc -fmodule-map-file\=/Users/admin/builder/spi-builder-workspace/.dependencies/checkouts/swift-subprocess/Sources/_SubprocessCShims/include/module.modulemap -DXcode -enable-experimental-feature StrictConcurrency -enable-experimental-feature Lifetimes -enable-upcoming-feature NonisolatedNonsendingByDefault -enable-upcoming-feature ExistentialAny -enable-upcoming-feature MemberImportVisibility -enable-upcoming-feature InternalImportsByDefault -plugin-path /Applications/Xcode-27.0.0-Release.Candidate.app/Contents/Developer/Toolchains/XcodeDefault.xctoolchain/usr/lib/swift/host/plugins/testing -enable-experimental-feature DebugDescriptionMacro -sdk /Applications/Xcode-27.0.0-Release.Candidate.app/Contents/Developer/Platforms/MacOSX.platform/Developer/SDKs/MacOSX27.0.sdk -target x86_64-apple-macos13.0 -g -module-cache-path /Users/admin/builder/spi-builder-workspace/.derivedData/ModuleCache.noindex -Xfrontend -serialize-debugging-options -enable-testing -suppress-warnings -index-store-path /Users/admin/builder/spi-builder-workspace/.derivedData/Index.noindex/DataStore -Xcc -D_LIBCPP_HARDENING_MODE\=_LIBCPP_HARDENING_MODE_DEBUG -swift-version 6 -I /Users/admin/builder/spi-builder-workspace/.derivedData/Build/Products/Debug -Isystem /Applications/Xcode-27.0.0-Release.Candidate.app/Contents/Developer/Platforms/MacOSX.platform/Developer/usr/lib -F /Users/admin/builder/spi-builder-workspace/.derivedData/Build/Products/Debug/PackageFrameworks -F /Users/admin/builder/spi-builder-workspace/.derivedData/Build/Products/Debug -F /Applications/Xcode-27.0.0-Release.Candidate.app/Contents/Developer/Platforms/MacOSX.platform/Developer/Library/Frameworks -c -j10 -enable-batch-mode -incremental -Xcc -ivfsstatcache -Xcc /Users/admin/builder/spi-builder-workspace/.derivedData/SDKStatCaches.noindex/macosx27.0-26A425-e829b21a6f8c9b70876ba0858053c0446a22442a12e9d48fe1a705f55a1adfc4.sdkstatcache -output-file-map /Users/admin/builder/spi-builder-workspace/.derivedData/Build/Intermediates.noindex/swift-subprocess.build/Debug/Subprocess-t.build/Objects-normal/x86_64/Subprocess-OutputFileMap.json -save-temps -no-color-diagnostics -explicit-module-build -module-cache-path /Users/admin/builder/spi-builder-workspace/.derivedData/Build/Intermediates.noindex/SwiftExplicitPrecompiledModules -clang-scanner-module-cache-path /Users/admin/builder/spi-builder-workspace/.derivedData/ModuleCache.noindex -sdk-module-cache-path /Users/admin/builder/spi-builder-workspace/.derivedData/SDKExplicitPrecompiledModules -emit-dependencies -emit-module -emit-module-path /Users/admin/builder/spi-builder-workspace/.derivedData/Build/Intermediates.noindex/swift-subprocess.build/Debug/Subprocess-t.build/Objects-normal/x86_64/Subprocess.swiftmodule -serialize-diagnostics -dependency-scan-serialize-diagnostics-path /Users/admin/builder/spi-builder-workspace/.derivedData/Build/Intermediates.noindex/swift-subprocess.build/Debug/Subprocess-t.build/Objects-normal/x86_64/Subprocess-dependency-scan.dia -user-module-version 0.5.0 -validate-clang-modules-once -clang-build-session-file /Users/admin/builder/spi-builder-workspace/.derivedData/ModuleCache.noindex/Session.modulevalidation -Xcc -fmodules-prune-interval\=86400 -Xcc -fmodules-prune-after\=345600 -package-name swift_subprocess -emit-const-values -const-gather-protocols-list /Users/admin/builder/spi-builder-workspace/.derivedData/Build/Intermediates.noindex/swift-subprocess.build/Debug/Subprocess-t.build/Objects-normal/x86_64/Subprocess_const_extract_protocols.json -Xcc -I/Users/admin/builder/spi-builder-workspace/.dependencies/checkouts/swift-system/Sources/CSystem/include -Xcc -I/Users/admin/builder/spi-builder-workspace/.dependencies/checkouts/swift-subprocess/Sources/_SubprocessCShims/include -Xcc -I/Users/admin/builder/spi-builder-workspace/.derivedData/Build/Products/Debug/include -Xcc -I/Users/admin/builder/spi-builder-workspace/.derivedData/Build/Intermediates.noindex/swift-subprocess.build/Debug/Subprocess-t.build/DerivedSources-normal/x86_64 -Xcc -I/Users/admin/builder/spi-builder-workspace/.derivedData/Build/Intermediates.noindex/swift-subprocess.build/Debug/Subprocess-t.build/DerivedSources/x86_64 -Xcc -I/Users/admin/builder/spi-builder-workspace/.derivedData/Build/Intermediates.noindex/swift-subprocess.build/Debug/Subprocess-t.build/DerivedSources -Xcc -DSWIFT_PACKAGE -Xcc -DDEBUG\=1 -emit-objc-header -emit-objc-header-path /Users/admin/builder/spi-builder-workspace/.derivedData/Build/Intermediates.noindex/swift-subprocess.build/Debug/Subprocess-t.build/Objects-normal/x86_64/Subprocess-Swift.h -working-directory /Users/admin/builder/spi-builder-workspace/.swiftpm/xcode -experimental-emit-module-separately -disable-cmo
SwiftDriverJobDiscovery normal arm64 Emitting module for Subprocess (in target 'Subprocess' from project 'swift-subprocess')
SwiftDriver\ Compilation\ Requirements Subprocess normal arm64 com.apple.xcode.tools.swift.compiler (in target 'Subprocess' from project 'swift-subprocess')
cd /Users/admin/builder/spi-builder-workspace/.swiftpm/xcode
builtin-Swift-Compilation-Requirements -- /Applications/Xcode-27.0.0-Release.Candidate.app/Contents/Developer/Toolchains/XcodeDefault.xctoolchain/usr/bin/swiftc -parse-as-library -module-name Subprocess -Onone @/Users/admin/builder/spi-builder-workspace/.derivedData/Build/Intermediates.noindex/swift-subprocess.build/Debug/Subprocess-t.build/Objects-normal/arm64/Subprocess.SwiftFileList -DSWIFT_PACKAGE -DDEBUG -DSWIFT_MODULE_RESOURCE_BUNDLE_UNAVAILABLE -DSubprocessFoundation -DSUBPROCESS_ASYNCIO_KQUEUE -Xcc -fmodule-map-file\=/Users/admin/builder/spi-builder-workspace/.dependencies/checkouts/swift-system/Sources/CSystem/include/module.modulemap -Xcc -fmodule-map-file\=/Users/admin/builder/spi-builder-workspace/.dependencies/checkouts/swift-subprocess/Sources/_SubprocessCShims/include/module.modulemap -DXcode -enable-experimental-feature StrictConcurrency -enable-experimental-feature Lifetimes -enable-upcoming-feature NonisolatedNonsendingByDefault -enable-upcoming-feature ExistentialAny -enable-upcoming-feature MemberImportVisibility -enable-upcoming-feature InternalImportsByDefault -plugin-path /Applications/Xcode-27.0.0-Release.Candidate.app/Contents/Developer/Toolchains/XcodeDefault.xctoolchain/usr/lib/swift/host/plugins/testing -enable-experimental-feature DebugDescriptionMacro -sdk /Applications/Xcode-27.0.0-Release.Candidate.app/Contents/Developer/Platforms/MacOSX.platform/Developer/SDKs/MacOSX27.0.sdk -target arm64-apple-macos13.0 -g -module-cache-path /Users/admin/builder/spi-builder-workspace/.derivedData/ModuleCache.noindex -Xfrontend -serialize-debugging-options -enable-testing -suppress-warnings -index-store-path /Users/admin/builder/spi-builder-workspace/.derivedData/Index.noindex/DataStore -Xcc -D_LIBCPP_HARDENING_MODE\=_LIBCPP_HARDENING_MODE_DEBUG -swift-version 6 -I /Users/admin/builder/spi-builder-workspace/.derivedData/Build/Products/Debug -Isystem /Applications/Xcode-27.0.0-Release.Candidate.app/Contents/Developer/Platforms/MacOSX.platform/Developer/usr/lib -F /Users/admin/builder/spi-builder-workspace/.derivedData/Build/Products/Debug/PackageFrameworks -F /Users/admin/builder/spi-builder-workspace/.derivedData/Build/Products/Debug -F /Applications/Xcode-27.0.0-Release.Candidate.app/Contents/Developer/Platforms/MacOSX.platform/Developer/Library/Frameworks -c -j10 -enable-batch-mode -incremental -Xcc -ivfsstatcache -Xcc /Users/admin/builder/spi-builder-workspace/.derivedData/SDKStatCaches.noindex/macosx27.0-26A425-e829b21a6f8c9b70876ba0858053c0446a22442a12e9d48fe1a705f55a1adfc4.sdkstatcache -output-file-map /Users/admin/builder/spi-builder-workspace/.derivedData/Build/Intermediates.noindex/swift-subprocess.build/Debug/Subprocess-t.build/Objects-normal/arm64/Subprocess-OutputFileMap.json -save-temps -no-color-diagnostics -explicit-module-build -module-cache-path /Users/admin/builder/spi-builder-workspace/.derivedData/Build/Intermediates.noindex/SwiftExplicitPrecompiledModules -clang-scanner-module-cache-path /Users/admin/builder/spi-builder-workspace/.derivedData/ModuleCache.noindex -sdk-module-cache-path /Users/admin/builder/spi-builder-workspace/.derivedData/SDKExplicitPrecompiledModules -emit-dependencies -emit-module -emit-module-path /Users/admin/builder/spi-builder-workspace/.derivedData/Build/Intermediates.noindex/swift-subprocess.build/Debug/Subprocess-t.build/Objects-normal/arm64/Subprocess.swiftmodule -serialize-diagnostics -dependency-scan-serialize-diagnostics-path /Users/admin/builder/spi-builder-workspace/.derivedData/Build/Intermediates.noindex/swift-subprocess.build/Debug/Subprocess-t.build/Objects-normal/arm64/Subprocess-dependency-scan.dia -user-module-version 0.5.0 -validate-clang-modules-once -clang-build-session-file /Users/admin/builder/spi-builder-workspace/.derivedData/ModuleCache.noindex/Session.modulevalidation -Xcc -fmodules-prune-interval\=86400 -Xcc -fmodules-prune-after\=345600 -package-name swift_subprocess -emit-const-values -const-gather-protocols-list /Users/admin/builder/spi-builder-workspace/.derivedData/Build/Intermediates.noindex/swift-subprocess.build/Debug/Subprocess-t.build/Objects-normal/arm64/Subprocess_const_extract_protocols.json -Xcc -I/Users/admin/builder/spi-builder-workspace/.dependencies/checkouts/swift-system/Sources/CSystem/include -Xcc -I/Users/admin/builder/spi-builder-workspace/.dependencies/checkouts/swift-subprocess/Sources/_SubprocessCShims/include -Xcc -I/Users/admin/builder/spi-builder-workspace/.derivedData/Build/Products/Debug/include -Xcc -I/Users/admin/builder/spi-builder-workspace/.derivedData/Build/Intermediates.noindex/swift-subprocess.build/Debug/Subprocess-t.build/DerivedSources-normal/arm64 -Xcc -I/Users/admin/builder/spi-builder-workspace/.derivedData/Build/Intermediates.noindex/swift-subprocess.build/Debug/Subprocess-t.build/DerivedSources/arm64 -Xcc -I/Users/admin/builder/spi-builder-workspace/.derivedData/Build/Intermediates.noindex/swift-subprocess.build/Debug/Subprocess-t.build/DerivedSources -Xcc -DSWIFT_PACKAGE -Xcc -DDEBUG\=1 -emit-objc-header -emit-objc-header-path /Users/admin/builder/spi-builder-workspace/.derivedData/Build/Intermediates.noindex/swift-subprocess.build/Debug/Subprocess-t.build/Objects-normal/arm64/Subprocess-Swift.h -working-directory /Users/admin/builder/spi-builder-workspace/.swiftpm/xcode -experimental-emit-module-separately -disable-cmo
Copy /Users/admin/builder/spi-builder-workspace/.derivedData/Build/Products/Debug/Subprocess.swiftmodule/x86_64-apple-macos.swiftmodule /Users/admin/builder/spi-builder-workspace/.derivedData/Build/Intermediates.noindex/swift-subprocess.build/Debug/Subprocess-t.build/Objects-normal/x86_64/Subprocess.swiftmodule (in target 'Subprocess' from project 'swift-subprocess')
cd /Users/admin/builder/spi-builder-workspace/.dependencies/checkouts/swift-subprocess
builtin-copy -exclude .DS_Store -exclude CVS -exclude .svn -exclude .git -exclude .hg -resolve-src-symlinks -rename /Users/admin/builder/spi-builder-workspace/.derivedData/Build/Intermediates.noindex/swift-subprocess.build/Debug/Subprocess-t.build/Objects-normal/x86_64/Subprocess.swiftmodule /Users/admin/builder/spi-builder-workspace/.derivedData/Build/Products/Debug/Subprocess.swiftmodule/x86_64-apple-macos.swiftmodule
SwiftMergeGeneratedHeaders /Users/admin/builder/spi-builder-workspace/.derivedData/Build/Intermediates.noindex/GeneratedModuleMaps/Subprocess-Swift.h /Users/admin/builder/spi-builder-workspace/.derivedData/Build/Intermediates.noindex/swift-subprocess.build/Debug/Subprocess-t.build/Objects-normal/arm64/Subprocess-Swift.h /Users/admin/builder/spi-builder-workspace/.derivedData/Build/Intermediates.noindex/swift-subprocess.build/Debug/Subprocess-t.build/Objects-normal/x86_64/Subprocess-Swift.h (in target 'Subprocess' from project 'swift-subprocess')
cd /Users/admin/builder/spi-builder-workspace/.dependencies/checkouts/swift-subprocess
builtin-swiftHeaderTool -arch arm64 /Users/admin/builder/spi-builder-workspace/.derivedData/Build/Intermediates.noindex/swift-subprocess.build/Debug/Subprocess-t.build/Objects-normal/arm64/Subprocess-Swift.h -arch x86_64 /Users/admin/builder/spi-builder-workspace/.derivedData/Build/Intermediates.noindex/swift-subprocess.build/Debug/Subprocess-t.build/Objects-normal/x86_64/Subprocess-Swift.h -o /Users/admin/builder/spi-builder-workspace/.derivedData/Build/Intermediates.noindex/GeneratedModuleMaps/Subprocess-Swift.h
Copy /Users/admin/builder/spi-builder-workspace/.derivedData/Build/Products/Debug/Subprocess.swiftmodule/x86_64-apple-macos.swiftdoc /Users/admin/builder/spi-builder-workspace/.derivedData/Build/Intermediates.noindex/swift-subprocess.build/Debug/Subprocess-t.build/Objects-normal/x86_64/Subprocess.swiftdoc (in target 'Subprocess' from project 'swift-subprocess')
cd /Users/admin/builder/spi-builder-workspace/.dependencies/checkouts/swift-subprocess
builtin-copy -exclude .DS_Store -exclude CVS -exclude .svn -exclude .git -exclude .hg -resolve-src-symlinks -rename /Users/admin/builder/spi-builder-workspace/.derivedData/Build/Intermediates.noindex/swift-subprocess.build/Debug/Subprocess-t.build/Objects-normal/x86_64/Subprocess.swiftdoc /Users/admin/builder/spi-builder-workspace/.derivedData/Build/Products/Debug/Subprocess.swiftmodule/x86_64-apple-macos.swiftdoc
Copy /Users/admin/builder/spi-builder-workspace/.derivedData/Build/Products/Debug/Subprocess.swiftmodule/x86_64-apple-macos.abi.json /Users/admin/builder/spi-builder-workspace/.derivedData/Build/Intermediates.noindex/swift-subprocess.build/Debug/Subprocess-t.build/Objects-normal/x86_64/Subprocess.abi.json (in target 'Subprocess' from project 'swift-subprocess')
cd /Users/admin/builder/spi-builder-workspace/.dependencies/checkouts/swift-subprocess
builtin-copy -exclude .DS_Store -exclude CVS -exclude .svn -exclude .git -exclude .hg -resolve-src-symlinks -rename /Users/admin/builder/spi-builder-workspace/.derivedData/Build/Intermediates.noindex/swift-subprocess.build/Debug/Subprocess-t.build/Objects-normal/x86_64/Subprocess.abi.json /Users/admin/builder/spi-builder-workspace/.derivedData/Build/Products/Debug/Subprocess.swiftmodule/x86_64-apple-macos.abi.json
Copy /Users/admin/builder/spi-builder-workspace/.derivedData/Build/Products/Debug/Subprocess.swiftmodule/arm64-apple-macos.swiftmodule /Users/admin/builder/spi-builder-workspace/.derivedData/Build/Intermediates.noindex/swift-subprocess.build/Debug/Subprocess-t.build/Objects-normal/arm64/Subprocess.swiftmodule (in target 'Subprocess' from project 'swift-subprocess')
cd /Users/admin/builder/spi-builder-workspace/.dependencies/checkouts/swift-subprocess
builtin-copy -exclude .DS_Store -exclude CVS -exclude .svn -exclude .git -exclude .hg -resolve-src-symlinks -rename /Users/admin/builder/spi-builder-workspace/.derivedData/Build/Intermediates.noindex/swift-subprocess.build/Debug/Subprocess-t.build/Objects-normal/arm64/Subprocess.swiftmodule /Users/admin/builder/spi-builder-workspace/.derivedData/Build/Products/Debug/Subprocess.swiftmodule/arm64-apple-macos.swiftmodule
Copy /Users/admin/builder/spi-builder-workspace/.derivedData/Build/Products/Debug/Subprocess.swiftmodule/arm64-apple-macos.swiftdoc /Users/admin/builder/spi-builder-workspace/.derivedData/Build/Intermediates.noindex/swift-subprocess.build/Debug/Subprocess-t.build/Objects-normal/arm64/Subprocess.swiftdoc (in target 'Subprocess' from project 'swift-subprocess')
cd /Users/admin/builder/spi-builder-workspace/.dependencies/checkouts/swift-subprocess
builtin-copy -exclude .DS_Store -exclude CVS -exclude .svn -exclude .git -exclude .hg -resolve-src-symlinks -rename /Users/admin/builder/spi-builder-workspace/.derivedData/Build/Intermediates.noindex/swift-subprocess.build/Debug/Subprocess-t.build/Objects-normal/arm64/Subprocess.swiftdoc /Users/admin/builder/spi-builder-workspace/.derivedData/Build/Products/Debug/Subprocess.swiftmodule/arm64-apple-macos.swiftdoc
Copy /Users/admin/builder/spi-builder-workspace/.derivedData/Build/Products/Debug/Subprocess.swiftmodule/arm64-apple-macos.abi.json /Users/admin/builder/spi-builder-workspace/.derivedData/Build/Intermediates.noindex/swift-subprocess.build/Debug/Subprocess-t.build/Objects-normal/arm64/Subprocess.abi.json (in target 'Subprocess' from project 'swift-subprocess')
cd /Users/admin/builder/spi-builder-workspace/.dependencies/checkouts/swift-subprocess
builtin-copy -exclude .DS_Store -exclude CVS -exclude .svn -exclude .git -exclude .hg -resolve-src-symlinks -rename /Users/admin/builder/spi-builder-workspace/.derivedData/Build/Intermediates.noindex/swift-subprocess.build/Debug/Subprocess-t.build/Objects-normal/arm64/Subprocess.abi.json /Users/admin/builder/spi-builder-workspace/.derivedData/Build/Products/Debug/Subprocess.swiftmodule/arm64-apple-macos.abi.json
Copy /Users/admin/builder/spi-builder-workspace/.derivedData/Build/Products/Debug/Subprocess.swiftmodule/Project/x86_64-apple-macos.swiftsourceinfo /Users/admin/builder/spi-builder-workspace/.derivedData/Build/Intermediates.noindex/swift-subprocess.build/Debug/Subprocess-t.build/Objects-normal/x86_64/Subprocess.swiftsourceinfo (in target 'Subprocess' from project 'swift-subprocess')
cd /Users/admin/builder/spi-builder-workspace/.dependencies/checkouts/swift-subprocess
builtin-copy -exclude .DS_Store -exclude CVS -exclude .svn -exclude .git -exclude .hg -resolve-src-symlinks -rename /Users/admin/builder/spi-builder-workspace/.derivedData/Build/Intermediates.noindex/swift-subprocess.build/Debug/Subprocess-t.build/Objects-normal/x86_64/Subprocess.swiftsourceinfo /Users/admin/builder/spi-builder-workspace/.derivedData/Build/Products/Debug/Subprocess.swiftmodule/Project/x86_64-apple-macos.swiftsourceinfo
Copy /Users/admin/builder/spi-builder-workspace/.derivedData/Build/Products/Debug/Subprocess.swiftmodule/Project/arm64-apple-macos.swiftsourceinfo /Users/admin/builder/spi-builder-workspace/.derivedData/Build/Intermediates.noindex/swift-subprocess.build/Debug/Subprocess-t.build/Objects-normal/arm64/Subprocess.swiftsourceinfo (in target 'Subprocess' from project 'swift-subprocess')
cd /Users/admin/builder/spi-builder-workspace/.dependencies/checkouts/swift-subprocess
builtin-copy -exclude .DS_Store -exclude CVS -exclude .svn -exclude .git -exclude .hg -resolve-src-symlinks -rename /Users/admin/builder/spi-builder-workspace/.derivedData/Build/Intermediates.noindex/swift-subprocess.build/Debug/Subprocess-t.build/Objects-normal/arm64/Subprocess.swiftsourceinfo /Users/admin/builder/spi-builder-workspace/.derivedData/Build/Products/Debug/Subprocess.swiftmodule/Project/arm64-apple-macos.swiftsourceinfo
SwiftDriverJobDiscovery normal arm64 Compiling String+AsyncSequence.swift (in target 'VersionatorUtils' from project 'Versionator')
SwiftCompile normal x86_64 Compiling\ Span+SubprocessFoundation.swift,\ SubprocessOutputSequence.swift /Users/admin/builder/spi-builder-workspace/.dependencies/checkouts/swift-subprocess/Sources/Subprocess/SubprocessFoundation/Span+SubprocessFoundation.swift /Users/admin/builder/spi-builder-workspace/.dependencies/checkouts/swift-subprocess/Sources/Subprocess/SubprocessOutputSequence.swift (in target 'Subprocess' from project 'swift-subprocess')
SwiftCompile normal x86_64 /Users/admin/builder/spi-builder-workspace/.dependencies/checkouts/swift-subprocess/Sources/Subprocess/SubprocessFoundation/Span+SubprocessFoundation.swift (in target 'Subprocess' from project 'swift-subprocess')
cd /Users/admin/builder/spi-builder-workspace/.swiftpm/xcode
builtin-SwiftPerFileCompile Span+SubprocessFoundation.swift
SwiftCompile normal x86_64 /Users/admin/builder/spi-builder-workspace/.dependencies/checkouts/swift-subprocess/Sources/Subprocess/SubprocessOutputSequence.swift (in target 'Subprocess' from project 'swift-subprocess')
cd /Users/admin/builder/spi-builder-workspace/.swiftpm/xcode
builtin-SwiftPerFileCompile SubprocessOutputSequence.swift
SwiftDriver\ Compilation VersionatorUtils normal arm64 com.apple.xcode.tools.swift.compiler (in target 'VersionatorUtils' from project 'Versionator')
cd /Users/admin/builder/spi-builder-workspace/.swiftpm/xcode
builtin-Swift-Compilation -- /Applications/Xcode-27.0.0-Release.Candidate.app/Contents/Developer/Toolchains/XcodeDefault.xctoolchain/usr/bin/swiftc -parse-as-library -module-name VersionatorUtils -Onone @/Users/admin/builder/spi-builder-workspace/.derivedData/Build/Intermediates.noindex/Versionator.build/Debug/VersionatorUtils-t.build/Objects-normal/arm64/VersionatorUtils.SwiftFileList -DSWIFT_PACKAGE -DDEBUG -DSWIFT_MODULE_RESOURCE_BUNDLE_UNAVAILABLE -DXcode -plugin-path /Applications/Xcode-27.0.0-Release.Candidate.app/Contents/Developer/Toolchains/XcodeDefault.xctoolchain/usr/lib/swift/host/plugins/testing -enable-experimental-feature DebugDescriptionMacro -sdk /Applications/Xcode-27.0.0-Release.Candidate.app/Contents/Developer/Platforms/MacOSX.platform/Developer/SDKs/MacOSX27.0.sdk -target arm64-apple-macos26.0 -g -module-cache-path /Users/admin/builder/spi-builder-workspace/.derivedData/ModuleCache.noindex -Xfrontend -serialize-debugging-options -enable-testing -suppress-warnings -index-store-path /Users/admin/builder/spi-builder-workspace/.derivedData/Index.noindex/DataStore -Xcc -D_LIBCPP_HARDENING_MODE\=_LIBCPP_HARDENING_MODE_DEBUG -swift-version 6 -I /Users/admin/builder/spi-builder-workspace/.derivedData/Build/Products/Debug -Isystem /Applications/Xcode-27.0.0-Release.Candidate.app/Contents/Developer/Platforms/MacOSX.platform/Developer/usr/lib -F /Users/admin/builder/spi-builder-workspace/.derivedData/Build/Products/Debug -F /Applications/Xcode-27.0.0-Release.Candidate.app/Contents/Developer/Platforms/MacOSX.platform/Developer/Library/Frameworks -c -j10 -enable-batch-mode -incremental -Xcc -ivfsstatcache -Xcc /Users/admin/builder/spi-builder-workspace/.derivedData/SDKStatCaches.noindex/macosx27.0-26A425-e829b21a6f8c9b70876ba0858053c0446a22442a12e9d48fe1a705f55a1adfc4.sdkstatcache -output-file-map /Users/admin/builder/spi-builder-workspace/.derivedData/Build/Intermediates.noindex/Versionator.build/Debug/VersionatorUtils-t.build/Objects-normal/arm64/VersionatorUtils-OutputFileMap.json -save-temps -no-color-diagnostics -explicit-module-build -module-cache-path /Users/admin/builder/spi-builder-workspace/.derivedData/Build/Intermediates.noindex/SwiftExplicitPrecompiledModules -clang-scanner-module-cache-path /Users/admin/builder/spi-builder-workspace/.derivedData/ModuleCache.noindex -sdk-module-cache-path /Users/admin/builder/spi-builder-workspace/.derivedData/SDKExplicitPrecompiledModules -emit-dependencies -emit-module -emit-module-path /Users/admin/builder/spi-builder-workspace/.derivedData/Build/Intermediates.noindex/Versionator.build/Debug/VersionatorUtils-t.build/Objects-normal/arm64/VersionatorUtils.swiftmodule -serialize-diagnostics -dependency-scan-serialize-diagnostics-path /Users/admin/builder/spi-builder-workspace/.derivedData/Build/Intermediates.noindex/Versionator.build/Debug/VersionatorUtils-t.build/Objects-normal/arm64/VersionatorUtils-dependency-scan.dia -user-module-version 2.1.1 -validate-clang-modules-once -clang-build-session-file /Users/admin/builder/spi-builder-workspace/.derivedData/ModuleCache.noindex/Session.modulevalidation -Xcc -fmodules-prune-interval\=86400 -Xcc -fmodules-prune-after\=345600 -package-name versionator -emit-const-values -const-gather-protocols-list /Users/admin/builder/spi-builder-workspace/.derivedData/Build/Intermediates.noindex/Versionator.build/Debug/VersionatorUtils-t.build/Objects-normal/arm64/VersionatorUtils_const_extract_protocols.json -Xcc -I/Users/admin/builder/spi-builder-workspace/.derivedData/Build/Products/Debug/include -Xcc -I/Users/admin/builder/spi-builder-workspace/.derivedData/Build/Intermediates.noindex/Versionator.build/Debug/VersionatorUtils-t.build/DerivedSources-normal/arm64 -Xcc -I/Users/admin/builder/spi-builder-workspace/.derivedData/Build/Intermediates.noindex/Versionator.build/Debug/VersionatorUtils-t.build/DerivedSources/arm64 -Xcc -I/Users/admin/builder/spi-builder-workspace/.derivedData/Build/Intermediates.noindex/Versionator.build/Debug/VersionatorUtils-t.build/DerivedSources -Xcc -DSWIFT_PACKAGE -Xcc -DDEBUG\=1 -emit-objc-header -emit-objc-header-path /Users/admin/builder/spi-builder-workspace/.derivedData/Build/Intermediates.noindex/Versionator.build/Debug/VersionatorUtils-t.build/Objects-normal/arm64/VersionatorUtils-Swift.h -working-directory /Users/admin/builder/spi-builder-workspace/.swiftpm/xcode -experimental-emit-module-separately -disable-cmo
SwiftCompile normal arm64 Compiling\ Subprocess+Darwin.swift,\ Subprocess+Linux.swift /Users/admin/builder/spi-builder-workspace/.dependencies/checkouts/swift-subprocess/Sources/Subprocess/Platforms/Subprocess+Darwin.swift /Users/admin/builder/spi-builder-workspace/.dependencies/checkouts/swift-subprocess/Sources/Subprocess/Platforms/Subprocess+Linux.swift (in target 'Subprocess' from project 'swift-subprocess')
SwiftCompile normal arm64 /Users/admin/builder/spi-builder-workspace/.dependencies/checkouts/swift-subprocess/Sources/Subprocess/Platforms/Subprocess+Darwin.swift (in target 'Subprocess' from project 'swift-subprocess')
cd /Users/admin/builder/spi-builder-workspace/.swiftpm/xcode
builtin-SwiftPerFileCompile Subprocess+Darwin.swift
SwiftCompile normal arm64 /Users/admin/builder/spi-builder-workspace/.dependencies/checkouts/swift-subprocess/Sources/Subprocess/Platforms/Subprocess+Linux.swift (in target 'Subprocess' from project 'swift-subprocess')
cd /Users/admin/builder/spi-builder-workspace/.swiftpm/xcode
builtin-SwiftPerFileCompile Subprocess+Linux.swift
SwiftDriverJobDiscovery normal arm64 Compiling Subprocess+Unix.swift, Subprocess+Windows.swift (in target 'Subprocess' from project 'swift-subprocess')
SwiftCompile normal arm64 Compiling\ AsyncIO+Linux.swift,\ AsyncIO+Unix.swift,\ AsyncIO+Windows.swift /Users/admin/builder/spi-builder-workspace/.dependencies/checkouts/swift-subprocess/Sources/Subprocess/IO/AsyncIO+Linux.swift /Users/admin/builder/spi-builder-workspace/.dependencies/checkouts/swift-subprocess/Sources/Subprocess/IO/AsyncIO+Unix.swift /Users/admin/builder/spi-builder-workspace/.dependencies/checkouts/swift-subprocess/Sources/Subprocess/IO/AsyncIO+Windows.swift (in target 'Subprocess' from project 'swift-subprocess')
SwiftCompile normal arm64 /Users/admin/builder/spi-builder-workspace/.dependencies/checkouts/swift-subprocess/Sources/Subprocess/IO/AsyncIO+Linux.swift (in target 'Subprocess' from project 'swift-subprocess')
cd /Users/admin/builder/spi-builder-workspace/.swiftpm/xcode
builtin-SwiftPerFileCompile AsyncIO+Linux.swift
SwiftCompile normal arm64 /Users/admin/builder/spi-builder-workspace/.dependencies/checkouts/swift-subprocess/Sources/Subprocess/IO/AsyncIO+Unix.swift (in target 'Subprocess' from project 'swift-subprocess')
cd /Users/admin/builder/spi-builder-workspace/.swiftpm/xcode
builtin-SwiftPerFileCompile AsyncIO+Unix.swift
SwiftCompile normal arm64 /Users/admin/builder/spi-builder-workspace/.dependencies/checkouts/swift-subprocess/Sources/Subprocess/IO/AsyncIO+Windows.swift (in target 'Subprocess' from project 'swift-subprocess')
cd /Users/admin/builder/spi-builder-workspace/.swiftpm/xcode
builtin-SwiftPerFileCompile AsyncIO+Windows.swift
SwiftCompile normal x86_64 Compiling\ API.swift,\ Buffer.swift,\ Configuration.swift /Users/admin/builder/spi-builder-workspace/.dependencies/checkouts/swift-subprocess/Sources/Subprocess/API.swift /Users/admin/builder/spi-builder-workspace/.dependencies/checkouts/swift-subprocess/Sources/Subprocess/Buffer.swift /Users/admin/builder/spi-builder-workspace/.dependencies/checkouts/swift-subprocess/Sources/Subprocess/Configuration.swift (in target 'Subprocess' from project 'swift-subprocess')
SwiftCompile normal x86_64 /Users/admin/builder/spi-builder-workspace/.dependencies/checkouts/swift-subprocess/Sources/Subprocess/API.swift (in target 'Subprocess' from project 'swift-subprocess')
cd /Users/admin/builder/spi-builder-workspace/.swiftpm/xcode
builtin-SwiftPerFileCompile API.swift
SwiftCompile normal x86_64 /Users/admin/builder/spi-builder-workspace/.dependencies/checkouts/swift-subprocess/Sources/Subprocess/Buffer.swift (in target 'Subprocess' from project 'swift-subprocess')
cd /Users/admin/builder/spi-builder-workspace/.swiftpm/xcode
builtin-SwiftPerFileCompile Buffer.swift
SwiftCompile normal x86_64 /Users/admin/builder/spi-builder-workspace/.dependencies/checkouts/swift-subprocess/Sources/Subprocess/Configuration.swift (in target 'Subprocess' from project 'swift-subprocess')
cd /Users/admin/builder/spi-builder-workspace/.swiftpm/xcode
builtin-SwiftPerFileCompile Configuration.swift
SwiftDriverJobDiscovery normal x86_64 Compiling FilePathTempPosix.swift, FilePathTempWindows.swift, FilePathWindows.swift, FilePermissions.swift (in target 'SystemPackage' from project 'swift-system')
SwiftDriver\ Compilation SystemPackage normal x86_64 com.apple.xcode.tools.swift.compiler (in target 'SystemPackage' from project 'swift-system')
cd /Users/admin/builder/spi-builder-workspace/.swiftpm/xcode
builtin-Swift-Compilation -- /Applications/Xcode-27.0.0-Release.Candidate.app/Contents/Developer/Toolchains/XcodeDefault.xctoolchain/usr/bin/swiftc -parse-as-library -module-name SystemPackage -Onone @/Users/admin/builder/spi-builder-workspace/.derivedData/Build/Intermediates.noindex/swift-system.build/Debug/SystemPackage-t.build/Objects-normal/x86_64/SystemPackage.SwiftFileList -DSWIFT_PACKAGE -DDEBUG -DSWIFT_MODULE_RESOURCE_BUNDLE_UNAVAILABLE -DSYSTEM_PACKAGE -DENABLE_MOCKING -DSYSTEM_PACKAGE_DARWIN -Xcc -fmodule-map-file\=/Users/admin/builder/spi-builder-workspace/.dependencies/checkouts/swift-system/Sources/CSystem/include/module.modulemap -DXcode -enable-experimental-feature AvailabilityMacro\=System\ 0.0.1:macOS\ 10.10,\ iOS\ 8.0,\ watchOS\ 2.0,\ tvOS\ 9.0,\ visionOS\ 1.0 -enable-experimental-feature AvailabilityMacro\=System\ 0.0.2:macOS\ 10.10,\ iOS\ 8.0,\ watchOS\ 2.0,\ tvOS\ 9.0,\ visionOS\ 1.0 -enable-experimental-feature AvailabilityMacro\=System\ 0.0.3:macOS\ 10.10,\ iOS\ 8.0,\ watchOS\ 2.0,\ tvOS\ 9.0,\ visionOS\ 1.0 -enable-experimental-feature AvailabilityMacro\=System\ 1.1.0:macOS\ 10.10,\ iOS\ 8.0,\ watchOS\ 2.0,\ tvOS\ 9.0,\ visionOS\ 1.0 -enable-experimental-feature AvailabilityMacro\=System\ 1.1.1:macOS\ 10.10,\ iOS\ 8.0,\ watchOS\ 2.0,\ tvOS\ 9.0,\ visionOS\ 1.0 -enable-experimental-feature AvailabilityMacro\=System\ 1.2.0:macOS\ 10.10,\ iOS\ 8.0,\ watchOS\ 2.0,\ tvOS\ 9.0,\ visionOS\ 1.0 -enable-experimental-feature AvailabilityMacro\=System\ 1.2.1:macOS\ 10.10,\ iOS\ 8.0,\ watchOS\ 2.0,\ tvOS\ 9.0,\ visionOS\ 1.0 -enable-experimental-feature AvailabilityMacro\=System\ 1.3.0:macOS\ 10.10,\ iOS\ 8.0,\ watchOS\ 2.0,\ tvOS\ 9.0,\ visionOS\ 1.0 -enable-experimental-feature AvailabilityMacro\=System\ 1.3.1:macOS\ 10.10,\ iOS\ 8.0,\ watchOS\ 2.0,\ tvOS\ 9.0,\ visionOS\ 1.0 -enable-experimental-feature AvailabilityMacro\=System\ 1.3.2:macOS\ 10.10,\ iOS\ 8.0,\ watchOS\ 2.0,\ tvOS\ 9.0,\ visionOS\ 1.0 -enable-experimental-feature AvailabilityMacro\=System\ 1.4.0:macOS\ 10.10,\ iOS\ 8.0,\ watchOS\ 2.0,\ tvOS\ 9.0,\ visionOS\ 1.0 -enable-experimental-feature AvailabilityMacro\=System\ 1.7.0:macOS\ 10.10,\ iOS\ 8.0,\ watchOS\ 2.0,\ tvOS\ 9.0,\ visionOS\ 1.0 -enable-experimental-feature AvailabilityMacro\=System\ 199:macOS\ 10.10,\ iOS\ 8.0,\ watchOS\ 2.0,\ tvOS\ 9.0,\ visionOS\ 1.0 -enable-experimental-feature Lifetimes -plugin-path /Applications/Xcode-27.0.0-Release.Candidate.app/Contents/Developer/Toolchains/XcodeDefault.xctoolchain/usr/lib/swift/host/plugins/testing -enable-experimental-feature DebugDescriptionMacro -sdk /Applications/Xcode-27.0.0-Release.Candidate.app/Contents/Developer/Platforms/MacOSX.platform/Developer/SDKs/MacOSX27.0.sdk -target x86_64-apple-macos12.0 -g -module-cache-path /Users/admin/builder/spi-builder-workspace/.derivedData/ModuleCache.noindex -Xfrontend -serialize-debugging-options -enable-testing -suppress-warnings -index-store-path /Users/admin/builder/spi-builder-workspace/.derivedData/Index.noindex/DataStore -Xcc -D_LIBCPP_HARDENING_MODE\=_LIBCPP_HARDENING_MODE_DEBUG -swift-version 6 -I /Users/admin/builder/spi-builder-workspace/.derivedData/Build/Products/Debug -Isystem /Applications/Xcode-27.0.0-Release.Candidate.app/Contents/Developer/Platforms/MacOSX.platform/Developer/usr/lib -F /Users/admin/builder/spi-builder-workspace/.derivedData/Build/Products/Debug/PackageFrameworks -F /Users/admin/builder/spi-builder-workspace/.derivedData/Build/Products/Debug -F /Applications/Xcode-27.0.0-Release.Candidate.app/Contents/Developer/Platforms/MacOSX.platform/Developer/Library/Frameworks -c -j10 -enable-batch-mode -incremental -Xcc -ivfsstatcache -Xcc /Users/admin/builder/spi-builder-workspace/.derivedData/SDKStatCaches.noindex/macosx27.0-26A425-e829b21a6f8c9b70876ba0858053c0446a22442a12e9d48fe1a705f55a1adfc4.sdkstatcache -output-file-map /Users/admin/builder/spi-builder-workspace/.derivedData/Build/Intermediates.noindex/swift-system.build/Debug/SystemPackage-t.build/Objects-normal/x86_64/SystemPackage-OutputFileMap.json -save-temps -no-color-diagnostics -explicit-module-build -module-cache-path /Users/admin/builder/spi-builder-workspace/.derivedData/Build/Intermediates.noindex/SwiftExplicitPrecompiledModules -clang-scanner-module-cache-path /Users/admin/builder/spi-builder-workspace/.derivedData/ModuleCache.noindex -sdk-module-cache-path /Users/admin/builder/spi-builder-workspace/.derivedData/SDKExplicitPrecompiledModules -emit-dependencies -emit-module -emit-module-path /Users/admin/builder/spi-builder-workspace/.derivedData/Build/Intermediates.noindex/swift-system.build/Debug/SystemPackage-t.build/Objects-normal/x86_64/SystemPackage.swiftmodule -serialize-diagnostics -dependency-scan-serialize-diagnostics-path /Users/admin/builder/spi-builder-workspace/.derivedData/Build/Intermediates.noindex/swift-system.build/Debug/SystemPackage-t.build/Objects-normal/x86_64/SystemPackage-dependency-scan.dia -user-module-version 1.8.1 -validate-clang-modules-once -clang-build-session-file /Users/admin/builder/spi-builder-workspace/.derivedData/ModuleCache.noindex/Session.modulevalidation -Xcc -fmodules-prune-interval\=86400 -Xcc -fmodules-prune-after\=345600 -package-name swift_system -emit-const-values -const-gather-protocols-list /Users/admin/builder/spi-builder-workspace/.derivedData/Build/Intermediates.noindex/swift-system.build/Debug/SystemPackage-t.build/Objects-normal/x86_64/SystemPackage_const_extract_protocols.json -Xcc -I/Users/admin/builder/spi-builder-workspace/.dependencies/checkouts/swift-system/Sources/CSystem/include -Xcc -I/Users/admin/builder/spi-builder-workspace/.derivedData/Build/Products/Debug/include -Xcc -I/Users/admin/builder/spi-builder-workspace/.derivedData/Build/Intermediates.noindex/swift-system.build/Debug/SystemPackage-t.build/DerivedSources-normal/x86_64 -Xcc -I/Users/admin/builder/spi-builder-workspace/.derivedData/Build/Intermediates.noindex/swift-system.build/Debug/SystemPackage-t.build/DerivedSources/x86_64 -Xcc -I/Users/admin/builder/spi-builder-workspace/.derivedData/Build/Intermediates.noindex/swift-system.build/Debug/SystemPackage-t.build/DerivedSources -Xcc -DSWIFT_PACKAGE -Xcc -DDEBUG\=1 -emit-objc-header -emit-objc-header-path /Users/admin/builder/spi-builder-workspace/.derivedData/Build/Intermediates.noindex/swift-system.build/Debug/SystemPackage-t.build/Objects-normal/x86_64/SystemPackage-Swift.h -working-directory /Users/admin/builder/spi-builder-workspace/.swiftpm/xcode -experimental-emit-module-separately -disable-cmo
SwiftDriverJobDiscovery normal x86_64 Compiling Teardown.swift, Thread.swift (in target 'Subprocess' from project 'swift-subprocess')
SwiftDriverJobDiscovery normal arm64 Compiling Input+Foundation.swift, Output+Foundation.swift (in target 'Subprocess' from project 'swift-subprocess')
SwiftCompile normal arm64 Compiling\ Result.swift,\ Span+Subprocess.swift /Users/admin/builder/spi-builder-workspace/.dependencies/checkouts/swift-subprocess/Sources/Subprocess/Result.swift /Users/admin/builder/spi-builder-workspace/.dependencies/checkouts/swift-subprocess/Sources/Subprocess/Span+Subprocess.swift (in target 'Subprocess' from project 'swift-subprocess')
SwiftCompile normal arm64 /Users/admin/builder/spi-builder-workspace/.dependencies/checkouts/swift-subprocess/Sources/Subprocess/Result.swift (in target 'Subprocess' from project 'swift-subprocess')
cd /Users/admin/builder/spi-builder-workspace/.swiftpm/xcode
builtin-SwiftPerFileCompile Result.swift
SwiftCompile normal arm64 /Users/admin/builder/spi-builder-workspace/.dependencies/checkouts/swift-subprocess/Sources/Subprocess/Span+Subprocess.swift (in target 'Subprocess' from project 'swift-subprocess')
cd /Users/admin/builder/spi-builder-workspace/.swiftpm/xcode
builtin-SwiftPerFileCompile Span+Subprocess.swift
SwiftCompile normal arm64 Compiling\ Teardown.swift,\ Thread.swift /Users/admin/builder/spi-builder-workspace/.dependencies/checkouts/swift-subprocess/Sources/Subprocess/Teardown.swift /Users/admin/builder/spi-builder-workspace/.dependencies/checkouts/swift-subprocess/Sources/Subprocess/Thread.swift (in target 'Subprocess' from project 'swift-subprocess')
SwiftCompile normal arm64 /Users/admin/builder/spi-builder-workspace/.dependencies/checkouts/swift-subprocess/Sources/Subprocess/Teardown.swift (in target 'Subprocess' from project 'swift-subprocess')
cd /Users/admin/builder/spi-builder-workspace/.swiftpm/xcode
builtin-SwiftPerFileCompile Teardown.swift
SwiftCompile normal arm64 /Users/admin/builder/spi-builder-workspace/.dependencies/checkouts/swift-subprocess/Sources/Subprocess/Thread.swift (in target 'Subprocess' from project 'swift-subprocess')
cd /Users/admin/builder/spi-builder-workspace/.swiftpm/xcode
builtin-SwiftPerFileCompile Thread.swift
Ld /Users/admin/builder/spi-builder-workspace/.derivedData/Build/Intermediates.noindex/swift-system.build/Debug/SystemPackage-t.build/Objects-normal/x86_64/Binary/SystemPackage.o normal x86_64 (in target 'SystemPackage' from project 'swift-system')
cd /Users/admin/builder/spi-builder-workspace/.dependencies/checkouts/swift-system
/Applications/Xcode-27.0.0-Release.Candidate.app/Contents/Developer/Toolchains/XcodeDefault.xctoolchain/usr/bin/clang -Xlinker -reproducible -target x86_64-apple-macos12.0 -r -isysroot /Applications/Xcode-27.0.0-Release.Candidate.app/Contents/Developer/Platforms/MacOSX.platform/Developer/SDKs/MacOSX27.0.sdk -O0 -w -Xlinker -no_warn_duplicate_libraries -F/Users/admin/builder/spi-builder-workspace/.derivedData/Build/Intermediates.noindex/EagerLinkingTBDs/Debug -F/Users/admin/builder/spi-builder-workspace/.derivedData/Build/Products/Debug/PackageFrameworks -F/Users/admin/builder/spi-builder-workspace/.derivedData/Build/Products/Debug -iframework /Applications/Xcode-27.0.0-Release.Candidate.app/Contents/Developer/Platforms/MacOSX.platform/Developer/Library/Frameworks -filelist /Users/admin/builder/spi-builder-workspace/.derivedData/Build/Intermediates.noindex/swift-system.build/Debug/SystemPackage-t.build/Objects-normal/x86_64/SystemPackage.LinkFileList -nostdlib -Xlinker -object_path_lto -Xlinker /Users/admin/builder/spi-builder-workspace/.derivedData/Build/Intermediates.noindex/swift-system.build/Debug/SystemPackage-t.build/Objects-normal/x86_64/SystemPackage_lto.o -Xlinker -no_deduplicate -Xlinker -dependency_info -Xlinker /Users/admin/builder/spi-builder-workspace/.derivedData/Build/Intermediates.noindex/swift-system.build/Debug/SystemPackage-t.build/Objects-normal/x86_64/SystemPackage_dependency_info.dat -fobjc-link-runtime -L/Applications/Xcode-27.0.0-Release.Candidate.app/Contents/Developer/Toolchains/XcodeDefault.xctoolchain/usr/lib/swift/macosx -L/usr/lib/swift -Xlinker -add_ast_path -Xlinker /Users/admin/builder/spi-builder-workspace/.derivedData/Build/Intermediates.noindex/swift-system.build/Debug/SystemPackage-t.build/Objects-normal/x86_64/SystemPackage.swiftmodule -o /Users/admin/builder/spi-builder-workspace/.derivedData/Build/Intermediates.noindex/swift-system.build/Debug/SystemPackage-t.build/Objects-normal/x86_64/Binary/SystemPackage.o
SwiftDriverJobDiscovery normal x86_64 Compiling AsyncIO+Linux.swift, AsyncIO+Unix.swift, AsyncIO+Windows.swift (in target 'Subprocess' from project 'swift-subprocess')
CreateUniversalBinary /Users/admin/builder/spi-builder-workspace/.derivedData/Build/Products/Debug/SystemPackage.o normal arm64\ x86_64 (in target 'SystemPackage' from project 'swift-system')
cd /Users/admin/builder/spi-builder-workspace/.dependencies/checkouts/swift-system
/Applications/Xcode-27.0.0-Release.Candidate.app/Contents/Developer/Toolchains/XcodeDefault.xctoolchain/usr/bin/lipo -create /Users/admin/builder/spi-builder-workspace/.derivedData/Build/Intermediates.noindex/swift-system.build/Debug/SystemPackage-t.build/Objects-normal/arm64/Binary/SystemPackage.o /Users/admin/builder/spi-builder-workspace/.derivedData/Build/Intermediates.noindex/swift-system.build/Debug/SystemPackage-t.build/Objects-normal/x86_64/Binary/SystemPackage.o -output /Users/admin/builder/spi-builder-workspace/.derivedData/Build/Products/Debug/SystemPackage.o
SwiftCompile normal arm64 Compiling\ Span+SubprocessFoundation.swift,\ SubprocessOutputSequence.swift /Users/admin/builder/spi-builder-workspace/.dependencies/checkouts/swift-subprocess/Sources/Subprocess/SubprocessFoundation/Span+SubprocessFoundation.swift /Users/admin/builder/spi-builder-workspace/.dependencies/checkouts/swift-subprocess/Sources/Subprocess/SubprocessOutputSequence.swift (in target 'Subprocess' from project 'swift-subprocess')
SwiftCompile normal arm64 /Users/admin/builder/spi-builder-workspace/.dependencies/checkouts/swift-subprocess/Sources/Subprocess/SubprocessFoundation/Span+SubprocessFoundation.swift (in target 'Subprocess' from project 'swift-subprocess')
cd /Users/admin/builder/spi-builder-workspace/.swiftpm/xcode
builtin-SwiftPerFileCompile Span+SubprocessFoundation.swift
SwiftCompile normal arm64 /Users/admin/builder/spi-builder-workspace/.dependencies/checkouts/swift-subprocess/Sources/Subprocess/SubprocessOutputSequence.swift (in target 'Subprocess' from project 'swift-subprocess')
cd /Users/admin/builder/spi-builder-workspace/.swiftpm/xcode
builtin-SwiftPerFileCompile SubprocessOutputSequence.swift
SwiftCompile normal arm64 Compiling\ Error.swift,\ Execution.swift,\ AsyncIO+KQueue.swift /Users/admin/builder/spi-builder-workspace/.dependencies/checkouts/swift-subprocess/Sources/Subprocess/Error.swift /Users/admin/builder/spi-builder-workspace/.dependencies/checkouts/swift-subprocess/Sources/Subprocess/Execution.swift /Users/admin/builder/spi-builder-workspace/.dependencies/checkouts/swift-subprocess/Sources/Subprocess/IO/AsyncIO+KQueue.swift (in target 'Subprocess' from project 'swift-subprocess')
SwiftCompile normal arm64 /Users/admin/builder/spi-builder-workspace/.dependencies/checkouts/swift-subprocess/Sources/Subprocess/Error.swift (in target 'Subprocess' from project 'swift-subprocess')
cd /Users/admin/builder/spi-builder-workspace/.swiftpm/xcode
builtin-SwiftPerFileCompile Error.swift
SwiftCompile normal arm64 /Users/admin/builder/spi-builder-workspace/.dependencies/checkouts/swift-subprocess/Sources/Subprocess/Execution.swift (in target 'Subprocess' from project 'swift-subprocess')
cd /Users/admin/builder/spi-builder-workspace/.swiftpm/xcode
builtin-SwiftPerFileCompile Execution.swift
SwiftCompile normal arm64 /Users/admin/builder/spi-builder-workspace/.dependencies/checkouts/swift-subprocess/Sources/Subprocess/IO/AsyncIO+KQueue.swift (in target 'Subprocess' from project 'swift-subprocess')
cd /Users/admin/builder/spi-builder-workspace/.swiftpm/xcode
builtin-SwiftPerFileCompile AsyncIO+KQueue.swift
SwiftDriverJobDiscovery normal arm64 Compiling Input.swift, Output.swift, Subprocess+BSD.swift (in target 'Subprocess' from project 'swift-subprocess')
SwiftCompile normal x86_64 Compiling\ Subprocess+Unix.swift,\ Subprocess+Windows.swift /Users/admin/builder/spi-builder-workspace/.dependencies/checkouts/swift-subprocess/Sources/Subprocess/Platforms/Subprocess+Unix.swift /Users/admin/builder/spi-builder-workspace/.dependencies/checkouts/swift-subprocess/Sources/Subprocess/Platforms/Subprocess+Windows.swift (in target 'Subprocess' from project 'swift-subprocess')
SwiftCompile normal x86_64 /Users/admin/builder/spi-builder-workspace/.dependencies/checkouts/swift-subprocess/Sources/Subprocess/Platforms/Subprocess+Unix.swift (in target 'Subprocess' from project 'swift-subprocess')
cd /Users/admin/builder/spi-builder-workspace/.swiftpm/xcode
builtin-SwiftPerFileCompile Subprocess+Unix.swift
SwiftCompile normal x86_64 /Users/admin/builder/spi-builder-workspace/.dependencies/checkouts/swift-subprocess/Sources/Subprocess/Platforms/Subprocess+Windows.swift (in target 'Subprocess' from project 'swift-subprocess')
cd /Users/admin/builder/spi-builder-workspace/.swiftpm/xcode
builtin-SwiftPerFileCompile Subprocess+Windows.swift
SwiftDriverJobDiscovery normal x86_64 Compiling Input.swift, Output.swift, Subprocess+BSD.swift (in target 'Subprocess' from project 'swift-subprocess')
SwiftCompile normal x86_64 Compiling\ Error.swift,\ Execution.swift,\ AsyncIO+KQueue.swift /Users/admin/builder/spi-builder-workspace/.dependencies/checkouts/swift-subprocess/Sources/Subprocess/Error.swift /Users/admin/builder/spi-builder-workspace/.dependencies/checkouts/swift-subprocess/Sources/Subprocess/Execution.swift /Users/admin/builder/spi-builder-workspace/.dependencies/checkouts/swift-subprocess/Sources/Subprocess/IO/AsyncIO+KQueue.swift (in target 'Subprocess' from project 'swift-subprocess')
SwiftCompile normal x86_64 /Users/admin/builder/spi-builder-workspace/.dependencies/checkouts/swift-subprocess/Sources/Subprocess/Error.swift (in target 'Subprocess' from project 'swift-subprocess')
cd /Users/admin/builder/spi-builder-workspace/.swiftpm/xcode
builtin-SwiftPerFileCompile Error.swift
SwiftCompile normal x86_64 /Users/admin/builder/spi-builder-workspace/.dependencies/checkouts/swift-subprocess/Sources/Subprocess/Execution.swift (in target 'Subprocess' from project 'swift-subprocess')
cd /Users/admin/builder/spi-builder-workspace/.swiftpm/xcode
builtin-SwiftPerFileCompile Execution.swift
SwiftCompile normal x86_64 /Users/admin/builder/spi-builder-workspace/.dependencies/checkouts/swift-subprocess/Sources/Subprocess/IO/AsyncIO+KQueue.swift (in target 'Subprocess' from project 'swift-subprocess')
cd /Users/admin/builder/spi-builder-workspace/.swiftpm/xcode
builtin-SwiftPerFileCompile AsyncIO+KQueue.swift
SwiftDriverJobDiscovery normal arm64 Compiling Result.swift, Span+Subprocess.swift (in target 'Subprocess' from project 'swift-subprocess')
SwiftCompile normal x86_64 Compiling\ Subprocess+Darwin.swift,\ Subprocess+Linux.swift /Users/admin/builder/spi-builder-workspace/.dependencies/checkouts/swift-subprocess/Sources/Subprocess/Platforms/Subprocess+Darwin.swift /Users/admin/builder/spi-builder-workspace/.dependencies/checkouts/swift-subprocess/Sources/Subprocess/Platforms/Subprocess+Linux.swift (in target 'Subprocess' from project 'swift-subprocess')
SwiftCompile normal x86_64 /Users/admin/builder/spi-builder-workspace/.dependencies/checkouts/swift-subprocess/Sources/Subprocess/Platforms/Subprocess+Darwin.swift (in target 'Subprocess' from project 'swift-subprocess')
cd /Users/admin/builder/spi-builder-workspace/.swiftpm/xcode
builtin-SwiftPerFileCompile Subprocess+Darwin.swift
SwiftCompile normal x86_64 /Users/admin/builder/spi-builder-workspace/.dependencies/checkouts/swift-subprocess/Sources/Subprocess/Platforms/Subprocess+Linux.swift (in target 'Subprocess' from project 'swift-subprocess')
cd /Users/admin/builder/spi-builder-workspace/.swiftpm/xcode
builtin-SwiftPerFileCompile Subprocess+Linux.swift
SwiftDriverJobDiscovery normal arm64 Compiling AsyncIO+Linux.swift, AsyncIO+Unix.swift, AsyncIO+Windows.swift (in target 'Subprocess' from project 'swift-subprocess')
SwiftDriver\ Compilation SemanticVersion normal arm64 com.apple.xcode.tools.swift.compiler (in target 'SemanticVersion' from project 'SemanticVersion')
cd /Users/admin/builder/spi-builder-workspace/.swiftpm/xcode
builtin-Swift-Compilation -- /Applications/Xcode-27.0.0-Release.Candidate.app/Contents/Developer/Toolchains/XcodeDefault.xctoolchain/usr/bin/swiftc -parse-as-library -module-name SemanticVersion -Onone @/Users/admin/builder/spi-builder-workspace/.derivedData/Build/Intermediates.noindex/SemanticVersion.build/Debug-xros/SemanticVersion-t.build/Objects-normal/arm64/SemanticVersion.SwiftFileList -DSWIFT_PACKAGE -DDEBUG -DSWIFT_MODULE_RESOURCE_BUNDLE_UNAVAILABLE -DXcode -plugin-path /Applications/Xcode-27.0.0-Release.Candidate.app/Contents/Developer/Toolchains/XcodeDefault.xctoolchain/usr/lib/swift/host/plugins/testing -enable-experimental-feature DebugDescriptionMacro -sdk /Applications/Xcode-27.0.0-Release.Candidate.app/Contents/Developer/Platforms/XROS.platform/Developer/SDKs/XROS27.0.sdk -target arm64-apple-xros1.0 -g -module-cache-path /Users/admin/builder/spi-builder-workspace/.derivedData/ModuleCache.noindex -Xfrontend -serialize-debugging-options -enable-testing -suppress-warnings -index-store-path /Users/admin/builder/spi-builder-workspace/.derivedData/Index.noindex/DataStore -Xcc -D_LIBCPP_HARDENING_MODE\=_LIBCPP_HARDENING_MODE_DEBUG -swift-version 5 -I /Users/admin/builder/spi-builder-workspace/.derivedData/Build/Products/Debug-xros -Isystem /Applications/Xcode-27.0.0-Release.Candidate.app/Contents/Developer/Platforms/XROS.platform/Developer/usr/lib -F /Users/admin/builder/spi-builder-workspace/.derivedData/Build/Products/Debug-xros -F /Applications/Xcode-27.0.0-Release.Candidate.app/Contents/Developer/Platforms/XROS.platform/Developer/Library/Frameworks -F /Applications/Xcode-27.0.0-Release.Candidate.app/Contents/Developer/Platforms/XROS.platform/Developer/SDKs/XROS27.0.sdk/Developer/Library/Frameworks -c -j10 -enable-batch-mode -incremental -Xcc -ivfsstatcache -Xcc /Users/admin/builder/spi-builder-workspace/.derivedData/SDKStatCaches.noindex/xros27.0-24M361-e829b21a6f8c9b70876ba0858053c044735bd543db762f57723cac368afd1ce4.sdkstatcache -output-file-map /Users/admin/builder/spi-builder-workspace/.derivedData/Build/Intermediates.noindex/SemanticVersion.build/Debug-xros/SemanticVersion-t.build/Objects-normal/arm64/SemanticVersion-OutputFileMap.json -save-temps -no-color-diagnostics -explicit-module-build -module-cache-path /Users/admin/builder/spi-builder-workspace/.derivedData/Build/Intermediates.noindex/SwiftExplicitPrecompiledModules -clang-scanner-module-cache-path /Users/admin/builder/spi-builder-workspace/.derivedData/ModuleCache.noindex -sdk-module-cache-path /Users/admin/builder/spi-builder-workspace/.derivedData/SDKExplicitPrecompiledModules -emit-dependencies -emit-module -emit-module-path /Users/admin/builder/spi-builder-workspace/.derivedData/Build/Intermediates.noindex/SemanticVersion.build/Debug-xros/SemanticVersion-t.build/Objects-normal/arm64/SemanticVersion.swiftmodule -serialize-diagnostics -dependency-scan-serialize-diagnostics-path /Users/admin/builder/spi-builder-workspace/.derivedData/Build/Intermediates.noindex/SemanticVersion.build/Debug-xros/SemanticVersion-t.build/Objects-normal/arm64/SemanticVersion-dependency-scan.dia -validate-clang-modules-once -clang-build-session-file /Users/admin/builder/spi-builder-workspace/.derivedData/ModuleCache.noindex/Session.modulevalidation -Xcc -fmodules-prune-interval\=86400 -Xcc -fmodules-prune-after\=345600 -emit-const-values -const-gather-protocols-list /Users/admin/builder/spi-builder-workspace/.derivedData/Build/Intermediates.noindex/SemanticVersion.build/Debug-xros/SemanticVersion-t.build/Objects-normal/arm64/SemanticVersion_const_extract_protocols.json -Xcc -I/Users/admin/builder/spi-builder-workspace/.derivedData/Build/Products/Debug-xros/include -Xcc -I/Users/admin/builder/spi-builder-workspace/.derivedData/Build/Intermediates.noindex/SemanticVersion.build/Debug-xros/SemanticVersion-t.build/DerivedSources-normal/arm64 -Xcc -I/Users/admin/builder/spi-builder-workspace/.derivedData/Build/Intermediates.noindex/SemanticVersion.build/Debug-xros/SemanticVersion-t.build/DerivedSources/arm64 -Xcc -I/Users/admin/builder/spi-builder-workspace/.derivedData/Build/Intermediates.noindex/SemanticVersion.build/Debug-xros/SemanticVersion-t.build/DerivedSources -Xcc -DSWIFT_PACKAGE -Xcc -DDEBUG\=1 -emit-objc-header -emit-objc-header-path /Users/admin/builder/spi-builder-workspace/.derivedData/Build/Intermediates.noindex/SemanticVersion.build/Debug-xros/SemanticVersion-t.build/Objects-normal/arm64/SemanticVersion-Swift.h -working-directory /Users/admin/builder/spi-builder-workspace/.swiftpm/xcode -experimental-emit-module-separately -disable-cmo
SwiftDriverJobDiscovery normal arm64 Compiling Subprocess+Darwin.swift, Subprocess+Linux.swift (in target 'Subprocess' from project 'swift-subprocess')
SwiftDriver\ Compilation ChaosByteStreams normal arm64 com.apple.xcode.tools.swift.compiler (in target 'ChaosByteStreams' from project 'ChaosByteStreams')
cd /Users/admin/builder/spi-builder-workspace/.swiftpm/xcode
builtin-Swift-Compilation -- /Applications/Xcode-27.0.0-Release.Candidate.app/Contents/Developer/Toolchains/XcodeDefault.xctoolchain/usr/bin/swiftc -parse-as-library -module-name ChaosByteStreams -Onone @/Users/admin/builder/spi-builder-workspace/.derivedData/Build/Intermediates.noindex/ChaosByteStreams.build/Debug-xros/ChaosByteStreams-t.build/Objects-normal/arm64/ChaosByteStreams.SwiftFileList -DSWIFT_PACKAGE -DDEBUG -DSWIFT_MODULE_RESOURCE_BUNDLE_UNAVAILABLE -DXcode -plugin-path /Applications/Xcode-27.0.0-Release.Candidate.app/Contents/Developer/Toolchains/XcodeDefault.xctoolchain/usr/lib/swift/host/plugins/testing -enable-experimental-feature DebugDescriptionMacro -sdk /Applications/Xcode-27.0.0-Release.Candidate.app/Contents/Developer/Platforms/XROS.platform/Developer/SDKs/XROS27.0.sdk -target arm64-apple-xros1.0 -g -module-cache-path /Users/admin/builder/spi-builder-workspace/.derivedData/ModuleCache.noindex -Xfrontend -serialize-debugging-options -enable-testing -suppress-warnings -index-store-path /Users/admin/builder/spi-builder-workspace/.derivedData/Index.noindex/DataStore -Xcc -D_LIBCPP_HARDENING_MODE\=_LIBCPP_HARDENING_MODE_DEBUG -swift-version 6 -I /Users/admin/builder/spi-builder-workspace/.derivedData/Build/Products/Debug-xros -Isystem /Applications/Xcode-27.0.0-Release.Candidate.app/Contents/Developer/Platforms/XROS.platform/Developer/usr/lib -F /Users/admin/builder/spi-builder-workspace/.derivedData/Build/Products/Debug-xros -F /Applications/Xcode-27.0.0-Release.Candidate.app/Contents/Developer/Platforms/XROS.platform/Developer/Library/Frameworks -F /Applications/Xcode-27.0.0-Release.Candidate.app/Contents/Developer/Platforms/XROS.platform/Developer/SDKs/XROS27.0.sdk/Developer/Library/Frameworks -c -j10 -enable-batch-mode -incremental -Xcc -ivfsstatcache -Xcc /Users/admin/builder/spi-builder-workspace/.derivedData/SDKStatCaches.noindex/xros27.0-24M361-e829b21a6f8c9b70876ba0858053c044735bd543db762f57723cac368afd1ce4.sdkstatcache -output-file-map /Users/admin/builder/spi-builder-workspace/.derivedData/Build/Intermediates.noindex/ChaosByteStreams.build/Debug-xros/ChaosByteStreams-t.build/Objects-normal/arm64/ChaosByteStreams-OutputFileMap.json -save-temps -no-color-diagnostics -explicit-module-build -module-cache-path /Users/admin/builder/spi-builder-workspace/.derivedData/Build/Intermediates.noindex/SwiftExplicitPrecompiledModules -clang-scanner-module-cache-path /Users/admin/builder/spi-builder-workspace/.derivedData/ModuleCache.noindex -sdk-module-cache-path /Users/admin/builder/spi-builder-workspace/.derivedData/SDKExplicitPrecompiledModules -emit-dependencies -emit-module -emit-module-path /Users/admin/builder/spi-builder-workspace/.derivedData/Build/Intermediates.noindex/ChaosByteStreams.build/Debug-xros/ChaosByteStreams-t.build/Objects-normal/arm64/ChaosByteStreams.swiftmodule -serialize-diagnostics -dependency-scan-serialize-diagnostics-path /Users/admin/builder/spi-builder-workspace/.derivedData/Build/Intermediates.noindex/ChaosByteStreams.build/Debug-xros/ChaosByteStreams-t.build/Objects-normal/arm64/ChaosByteStreams-dependency-scan.dia -user-module-version 1.0.7 -validate-clang-modules-once -clang-build-session-file /Users/admin/builder/spi-builder-workspace/.derivedData/ModuleCache.noindex/Session.modulevalidation -Xcc -fmodules-prune-interval\=86400 -Xcc -fmodules-prune-after\=345600 -package-name chaosbytestreams -emit-const-values -const-gather-protocols-list /Users/admin/builder/spi-builder-workspace/.derivedData/Build/Intermediates.noindex/ChaosByteStreams.build/Debug-xros/ChaosByteStreams-t.build/Objects-normal/arm64/ChaosByteStreams_const_extract_protocols.json -Xcc -I/Users/admin/builder/spi-builder-workspace/.derivedData/Build/Products/Debug-xros/include -Xcc -I/Users/admin/builder/spi-builder-workspace/.derivedData/Build/Intermediates.noindex/ChaosByteStreams.build/Debug-xros/ChaosByteStreams-t.build/DerivedSources-normal/arm64 -Xcc -I/Users/admin/builder/spi-builder-workspace/.derivedData/Build/Intermediates.noindex/ChaosByteStreams.build/Debug-xros/ChaosByteStreams-t.build/DerivedSources/arm64 -Xcc -I/Users/admin/builder/spi-builder-workspace/.derivedData/Build/Intermediates.noindex/ChaosByteStreams.build/Debug-xros/ChaosByteStreams-t.build/DerivedSources -Xcc -DSWIFT_PACKAGE -Xcc -DDEBUG\=1 -emit-objc-header -emit-objc-header-path /Users/admin/builder/spi-builder-workspace/.derivedData/Build/Intermediates.noindex/ChaosByteStreams.build/Debug-xros/ChaosByteStreams-t.build/Objects-normal/arm64/ChaosByteStreams-Swift.h -working-directory /Users/admin/builder/spi-builder-workspace/.swiftpm/xcode -experimental-emit-module-separately -disable-cmo
Ld /Users/admin/builder/spi-builder-workspace/.derivedData/Build/Products/Debug-xros/SemanticVersion.o normal (in target 'SemanticVersion' from project 'SemanticVersion')
cd /Users/admin/builder/spi-builder-workspace/.dependencies/checkouts/SemanticVersion
/Applications/Xcode-27.0.0-Release.Candidate.app/Contents/Developer/Toolchains/XcodeDefault.xctoolchain/usr/bin/clang -Xlinker -reproducible -target arm64-apple-xros1.0 -r -isysroot /Applications/Xcode-27.0.0-Release.Candidate.app/Contents/Developer/Platforms/XROS.platform/Developer/SDKs/XROS27.0.sdk -O0 -w -Xlinker -no_warn_duplicate_libraries -F/Users/admin/builder/spi-builder-workspace/.derivedData/Build/Intermediates.noindex/EagerLinkingTBDs/Debug-xros -F/Users/admin/builder/spi-builder-workspace/.derivedData/Build/Products/Debug-xros -iframework /Applications/Xcode-27.0.0-Release.Candidate.app/Contents/Developer/Platforms/XROS.platform/Developer/Library/Frameworks -iframework /Applications/Xcode-27.0.0-Release.Candidate.app/Contents/Developer/Platforms/XROS.platform/Developer/SDKs/XROS27.0.sdk/Developer/Library/Frameworks -filelist /Users/admin/builder/spi-builder-workspace/.derivedData/Build/Intermediates.noindex/SemanticVersion.build/Debug-xros/SemanticVersion-t.build/Objects-normal/arm64/SemanticVersion.LinkFileList -nostdlib -Xlinker -object_path_lto -Xlinker /Users/admin/builder/spi-builder-workspace/.derivedData/Build/Intermediates.noindex/SemanticVersion.build/Debug-xros/SemanticVersion-t.build/Objects-normal/arm64/SemanticVersion_lto.o -Xlinker -no_deduplicate -Xlinker -dependency_info -Xlinker /Users/admin/builder/spi-builder-workspace/.derivedData/Build/Intermediates.noindex/SemanticVersion.build/Debug-xros/SemanticVersion-t.build/Objects-normal/arm64/SemanticVersion_dependency_info.dat -fobjc-link-runtime -L/Applications/Xcode-27.0.0-Release.Candidate.app/Contents/Developer/Toolchains/XcodeDefault.xctoolchain/usr/lib/swift/xros -L/usr/lib/swift -Xlinker -add_ast_path -Xlinker /Users/admin/builder/spi-builder-workspace/.derivedData/Build/Intermediates.noindex/SemanticVersion.build/Debug-xros/SemanticVersion-t.build/Objects-normal/arm64/SemanticVersion.swiftmodule -o /Users/admin/builder/spi-builder-workspace/.derivedData/Build/Products/Debug-xros/SemanticVersion.o
Ld /Users/admin/builder/spi-builder-workspace/.derivedData/Build/Products/Debug-xros/ChaosByteStreams.o normal (in target 'ChaosByteStreams' from project 'ChaosByteStreams')
cd /Users/admin/builder/spi-builder-workspace/.dependencies/checkouts/ChaosByteStreams
/Applications/Xcode-27.0.0-Release.Candidate.app/Contents/Developer/Toolchains/XcodeDefault.xctoolchain/usr/bin/clang -Xlinker -reproducible -target arm64-apple-xros1.0 -r -isysroot /Applications/Xcode-27.0.0-Release.Candidate.app/Contents/Developer/Platforms/XROS.platform/Developer/SDKs/XROS27.0.sdk -O0 -w -Xlinker -no_warn_duplicate_libraries -F/Users/admin/builder/spi-builder-workspace/.derivedData/Build/Intermediates.noindex/EagerLinkingTBDs/Debug-xros -F/Users/admin/builder/spi-builder-workspace/.derivedData/Build/Products/Debug-xros -iframework /Applications/Xcode-27.0.0-Release.Candidate.app/Contents/Developer/Platforms/XROS.platform/Developer/Library/Frameworks -iframework /Applications/Xcode-27.0.0-Release.Candidate.app/Contents/Developer/Platforms/XROS.platform/Developer/SDKs/XROS27.0.sdk/Developer/Library/Frameworks -filelist /Users/admin/builder/spi-builder-workspace/.derivedData/Build/Intermediates.noindex/ChaosByteStreams.build/Debug-xros/ChaosByteStreams-t.build/Objects-normal/arm64/ChaosByteStreams.LinkFileList -nostdlib -Xlinker -object_path_lto -Xlinker /Users/admin/builder/spi-builder-workspace/.derivedData/Build/Intermediates.noindex/ChaosByteStreams.build/Debug-xros/ChaosByteStreams-t.build/Objects-normal/arm64/ChaosByteStreams_lto.o -Xlinker -no_deduplicate -Xlinker -dependency_info -Xlinker /Users/admin/builder/spi-builder-workspace/.derivedData/Build/Intermediates.noindex/ChaosByteStreams.build/Debug-xros/ChaosByteStreams-t.build/Objects-normal/arm64/ChaosByteStreams_dependency_info.dat -fobjc-link-runtime -L/Applications/Xcode-27.0.0-Release.Candidate.app/Contents/Developer/Toolchains/XcodeDefault.xctoolchain/usr/lib/swift/xros -L/usr/lib/swift -Xlinker -add_ast_path -Xlinker /Users/admin/builder/spi-builder-workspace/.derivedData/Build/Intermediates.noindex/ChaosByteStreams.build/Debug-xros/ChaosByteStreams-t.build/Objects-normal/arm64/ChaosByteStreams.swiftmodule -o /Users/admin/builder/spi-builder-workspace/.derivedData/Build/Products/Debug-xros/ChaosByteStreams.o
SwiftDriverJobDiscovery normal x86_64 Compiling Span+SubprocessFoundation.swift, SubprocessOutputSequence.swift (in target 'Subprocess' from project 'swift-subprocess')
Ld /Users/admin/builder/spi-builder-workspace/.derivedData/Build/Intermediates.noindex/Versionator.build/Debug/VersionatorUtils-t.build/Objects-normal/x86_64/Binary/VersionatorUtils.o normal x86_64 (in target 'VersionatorUtils' from project 'Versionator')
cd /Users/admin/builder/spi-builder-workspace/.dependencies/checkouts/Versionator
/Applications/Xcode-27.0.0-Release.Candidate.app/Contents/Developer/Toolchains/XcodeDefault.xctoolchain/usr/bin/clang -Xlinker -reproducible -target x86_64-apple-macos26.0 -r -isysroot /Applications/Xcode-27.0.0-Release.Candidate.app/Contents/Developer/Platforms/MacOSX.platform/Developer/SDKs/MacOSX27.0.sdk -O0 -w -Xlinker -no_warn_duplicate_libraries -F/Users/admin/builder/spi-builder-workspace/.derivedData/Build/Intermediates.noindex/EagerLinkingTBDs/Debug -F/Users/admin/builder/spi-builder-workspace/.derivedData/Build/Products/Debug -iframework /Applications/Xcode-27.0.0-Release.Candidate.app/Contents/Developer/Platforms/MacOSX.platform/Developer/Library/Frameworks -filelist /Users/admin/builder/spi-builder-workspace/.derivedData/Build/Intermediates.noindex/Versionator.build/Debug/VersionatorUtils-t.build/Objects-normal/x86_64/VersionatorUtils.LinkFileList -nostdlib -Xlinker -object_path_lto -Xlinker /Users/admin/builder/spi-builder-workspace/.derivedData/Build/Intermediates.noindex/Versionator.build/Debug/VersionatorUtils-t.build/Objects-normal/x86_64/VersionatorUtils_lto.o -Xlinker -no_deduplicate -Xlinker -dependency_info -Xlinker /Users/admin/builder/spi-builder-workspace/.derivedData/Build/Intermediates.noindex/Versionator.build/Debug/VersionatorUtils-t.build/Objects-normal/x86_64/VersionatorUtils_dependency_info.dat -fobjc-link-runtime -L/Applications/Xcode-27.0.0-Release.Candidate.app/Contents/Developer/Toolchains/XcodeDefault.xctoolchain/usr/lib/swift/macosx -L/usr/lib/swift -Xlinker -add_ast_path -Xlinker /Users/admin/builder/spi-builder-workspace/.derivedData/Build/Intermediates.noindex/Versionator.build/Debug/VersionatorUtils-t.build/Objects-normal/x86_64/VersionatorUtils.swiftmodule -o /Users/admin/builder/spi-builder-workspace/.derivedData/Build/Intermediates.noindex/Versionator.build/Debug/VersionatorUtils-t.build/Objects-normal/x86_64/Binary/VersionatorUtils.o
Ld /Users/admin/builder/spi-builder-workspace/.derivedData/Build/Intermediates.noindex/Versionator.build/Debug/VersionatorUtils-t.build/Objects-normal/arm64/Binary/VersionatorUtils.o normal arm64 (in target 'VersionatorUtils' from project 'Versionator')
cd /Users/admin/builder/spi-builder-workspace/.dependencies/checkouts/Versionator
/Applications/Xcode-27.0.0-Release.Candidate.app/Contents/Developer/Toolchains/XcodeDefault.xctoolchain/usr/bin/clang -Xlinker -reproducible -target arm64-apple-macos26.0 -r -isysroot /Applications/Xcode-27.0.0-Release.Candidate.app/Contents/Developer/Platforms/MacOSX.platform/Developer/SDKs/MacOSX27.0.sdk -O0 -w -Xlinker -no_warn_duplicate_libraries -F/Users/admin/builder/spi-builder-workspace/.derivedData/Build/Intermediates.noindex/EagerLinkingTBDs/Debug -F/Users/admin/builder/spi-builder-workspace/.derivedData/Build/Products/Debug -iframework /Applications/Xcode-27.0.0-Release.Candidate.app/Contents/Developer/Platforms/MacOSX.platform/Developer/Library/Frameworks -filelist /Users/admin/builder/spi-builder-workspace/.derivedData/Build/Intermediates.noindex/Versionator.build/Debug/VersionatorUtils-t.build/Objects-normal/arm64/VersionatorUtils.LinkFileList -nostdlib -Xlinker -object_path_lto -Xlinker /Users/admin/builder/spi-builder-workspace/.derivedData/Build/Intermediates.noindex/Versionator.build/Debug/VersionatorUtils-t.build/Objects-normal/arm64/VersionatorUtils_lto.o -Xlinker -no_deduplicate -Xlinker -dependency_info -Xlinker /Users/admin/builder/spi-builder-workspace/.derivedData/Build/Intermediates.noindex/Versionator.build/Debug/VersionatorUtils-t.build/Objects-normal/arm64/VersionatorUtils_dependency_info.dat -fobjc-link-runtime -L/Applications/Xcode-27.0.0-Release.Candidate.app/Contents/Developer/Toolchains/XcodeDefault.xctoolchain/usr/lib/swift/macosx -L/usr/lib/swift -Xlinker -add_ast_path -Xlinker /Users/admin/builder/spi-builder-workspace/.derivedData/Build/Intermediates.noindex/Versionator.build/Debug/VersionatorUtils-t.build/Objects-normal/arm64/VersionatorUtils.swiftmodule -o /Users/admin/builder/spi-builder-workspace/.derivedData/Build/Intermediates.noindex/Versionator.build/Debug/VersionatorUtils-t.build/Objects-normal/arm64/Binary/VersionatorUtils.o
ExtractAppIntentsMetadata (in target 'SystemPackage' from project 'swift-system')
cd /Users/admin/builder/spi-builder-workspace/.dependencies/checkouts/swift-system
/Applications/Xcode-27.0.0-Release.Candidate.app/Contents/Developer/Toolchains/XcodeDefault.xctoolchain/usr/bin/appintentsmetadataprocessor --toolchain-dir /var/run/com.apple.security.cryptexd/mnt/com.apple.MobileAsset.MetalToolchain-v27.1.266.1.Q6u9wk/Metal.xctoolchain --module-name SystemPackage --sdk-root /Applications/Xcode-27.0.0-Release.Candidate.app/Contents/Developer/Platforms/MacOSX.platform/Developer/SDKs/MacOSX27.0.sdk --xcode-version 27A266a --platform-family macOS --deployment-target 12.0 --bundle-identifier swift-system.SystemPackage --output /Users/admin/builder/spi-builder-workspace/.derivedData/Build/Products/Debug/SystemPackage.appintents --target-triple arm64-apple-macos12.0 --target-triple x86_64-apple-macos12.0 --binary-file /Users/admin/builder/spi-builder-workspace/.derivedData/Build/Products/Debug/SystemPackage.o --dependency-file /Users/admin/builder/spi-builder-workspace/.derivedData/Build/Intermediates.noindex/swift-system.build/Debug/SystemPackage-t.build/Objects-normal/arm64/SystemPackage_dependency_info.dat --dependency-file /Users/admin/builder/spi-builder-workspace/.derivedData/Build/Intermediates.noindex/swift-system.build/Debug/SystemPackage-t.build/Objects-normal/x86_64/SystemPackage_dependency_info.dat --stringsdata-file /Users/admin/builder/spi-builder-workspace/.derivedData/Build/Intermediates.noindex/swift-system.build/Debug/SystemPackage-t.build/Objects-normal/arm64/ExtractedAppShortcutsMetadata.stringsdata --stringsdata-file /Users/admin/builder/spi-builder-workspace/.derivedData/Build/Intermediates.noindex/swift-system.build/Debug/SystemPackage-t.build/Objects-normal/x86_64/ExtractedAppShortcutsMetadata.stringsdata --source-file-list /Users/admin/builder/spi-builder-workspace/.derivedData/Build/Intermediates.noindex/swift-system.build/Debug/SystemPackage-t.build/Objects-normal/arm64/SystemPackage.SwiftFileList --source-file-list /Users/admin/builder/spi-builder-workspace/.derivedData/Build/Intermediates.noindex/swift-system.build/Debug/SystemPackage-t.build/Objects-normal/x86_64/SystemPackage.SwiftFileList --metadata-file-list /Users/admin/builder/spi-builder-workspace/.derivedData/Build/Intermediates.noindex/swift-system.build/Debug/SystemPackage-t.build/SystemPackage.DependencyMetadataFileList --static-metadata-file-list /Users/admin/builder/spi-builder-workspace/.derivedData/Build/Intermediates.noindex/swift-system.build/Debug/SystemPackage-t.build/SystemPackage.DependencyStaticMetadataFileList --swift-const-vals-list /Users/admin/builder/spi-builder-workspace/.derivedData/Build/Intermediates.noindex/swift-system.build/Debug/SystemPackage-t.build/Objects-normal/arm64/SystemPackage.SwiftConstValuesFileList --swift-const-vals-list /Users/admin/builder/spi-builder-workspace/.derivedData/Build/Intermediates.noindex/swift-system.build/Debug/SystemPackage-t.build/Objects-normal/x86_64/SystemPackage.SwiftConstValuesFileList --force --compile-time-extraction --deployment-aware-processing --no-app-shortcuts-localization
2026-10-04 02:30:27.146 appintentsmetadataprocessor[1261:6708] Starting appintentsmetadataprocessor export
2026-10-04 02:30:27.297 appintentsmetadataprocessor[1261:6708] Extracted no relevant App Intents symbols, skipping writing output
SwiftDriverJobDiscovery normal arm64 Compiling Teardown.swift, Thread.swift (in target 'Subprocess' from project 'swift-subprocess')
ExtractAppIntentsMetadata (in target 'SemanticVersion' from project 'SemanticVersion')
cd /Users/admin/builder/spi-builder-workspace/.dependencies/checkouts/SemanticVersion
/Applications/Xcode-27.0.0-Release.Candidate.app/Contents/Developer/Toolchains/XcodeDefault.xctoolchain/usr/bin/appintentsmetadataprocessor --toolchain-dir /var/run/com.apple.security.cryptexd/mnt/com.apple.MobileAsset.MetalToolchain-v27.1.266.1.Q6u9wk/Metal.xctoolchain --module-name SemanticVersion --sdk-root /Applications/Xcode-27.0.0-Release.Candidate.app/Contents/Developer/Platforms/XROS.platform/Developer/SDKs/XROS27.0.sdk --xcode-version 27A266a --platform-family xrOS --deployment-target 1.0 --bundle-identifier semanticversion.SemanticVersion --output /Users/admin/builder/spi-builder-workspace/.derivedData/Build/Products/Debug-xros/SemanticVersion.appintents --target-triple arm64-apple-xros1.0 --binary-file /Users/admin/builder/spi-builder-workspace/.derivedData/Build/Products/Debug-xros/SemanticVersion.o --dependency-file /Users/admin/builder/spi-builder-workspace/.derivedData/Build/Intermediates.noindex/SemanticVersion.build/Debug-xros/SemanticVersion-t.build/Objects-normal/arm64/SemanticVersion_dependency_info.dat --stringsdata-file /Users/admin/builder/spi-builder-workspace/.derivedData/Build/Intermediates.noindex/SemanticVersion.build/Debug-xros/SemanticVersion-t.build/Objects-normal/arm64/ExtractedAppShortcutsMetadata.stringsdata --source-file-list /Users/admin/builder/spi-builder-workspace/.derivedData/Build/Intermediates.noindex/SemanticVersion.build/Debug-xros/SemanticVersion-t.build/Objects-normal/arm64/SemanticVersion.SwiftFileList --metadata-file-list /Users/admin/builder/spi-builder-workspace/.derivedData/Build/Intermediates.noindex/SemanticVersion.build/Debug-xros/SemanticVersion-t.build/SemanticVersion.DependencyMetadataFileList --static-metadata-file-list /Users/admin/builder/spi-builder-workspace/.derivedData/Build/Intermediates.noindex/SemanticVersion.build/Debug-xros/SemanticVersion-t.build/SemanticVersion.DependencyStaticMetadataFileList --swift-const-vals-list /Users/admin/builder/spi-builder-workspace/.derivedData/Build/Intermediates.noindex/SemanticVersion.build/Debug-xros/SemanticVersion-t.build/Objects-normal/arm64/SemanticVersion.SwiftConstValuesFileList --force --compile-time-extraction --deployment-aware-processing --no-app-shortcuts-localization
2026-10-04 02:30:27.147 appintentsmetadataprocessor[1263:6710] Starting appintentsmetadataprocessor export
2026-10-04 02:30:27.299 appintentsmetadataprocessor[1263:6710] Extracted no relevant App Intents symbols, skipping writing output
ExtractAppIntentsMetadata (in target 'ChaosByteStreams' from project 'ChaosByteStreams')
cd /Users/admin/builder/spi-builder-workspace/.dependencies/checkouts/ChaosByteStreams
/Applications/Xcode-27.0.0-Release.Candidate.app/Contents/Developer/Toolchains/XcodeDefault.xctoolchain/usr/bin/appintentsmetadataprocessor --toolchain-dir /var/run/com.apple.security.cryptexd/mnt/com.apple.MobileAsset.MetalToolchain-v27.1.266.1.Q6u9wk/Metal.xctoolchain --module-name ChaosByteStreams --sdk-root /Applications/Xcode-27.0.0-Release.Candidate.app/Contents/Developer/Platforms/XROS.platform/Developer/SDKs/XROS27.0.sdk --xcode-version 27A266a --platform-family xrOS --deployment-target 1.0 --bundle-identifier chaosbytestreams.ChaosByteStreams --output /Users/admin/builder/spi-builder-workspace/.derivedData/Build/Products/Debug-xros/ChaosByteStreams.appintents --target-triple arm64-apple-xros1.0 --binary-file /Users/admin/builder/spi-builder-workspace/.derivedData/Build/Products/Debug-xros/ChaosByteStreams.o --dependency-file /Users/admin/builder/spi-builder-workspace/.derivedData/Build/Intermediates.noindex/ChaosByteStreams.build/Debug-xros/ChaosByteStreams-t.build/Objects-normal/arm64/ChaosByteStreams_dependency_info.dat --stringsdata-file /Users/admin/builder/spi-builder-workspace/.derivedData/Build/Intermediates.noindex/ChaosByteStreams.build/Debug-xros/ChaosByteStreams-t.build/Objects-normal/arm64/ExtractedAppShortcutsMetadata.stringsdata --source-file-list /Users/admin/builder/spi-builder-workspace/.derivedData/Build/Intermediates.noindex/ChaosByteStreams.build/Debug-xros/ChaosByteStreams-t.build/Objects-normal/arm64/ChaosByteStreams.SwiftFileList --metadata-file-list /Users/admin/builder/spi-builder-workspace/.derivedData/Build/Intermediates.noindex/ChaosByteStreams.build/Debug-xros/ChaosByteStreams-t.build/ChaosByteStreams.DependencyMetadataFileList --static-metadata-file-list /Users/admin/builder/spi-builder-workspace/.derivedData/Build/Intermediates.noindex/ChaosByteStreams.build/Debug-xros/ChaosByteStreams-t.build/ChaosByteStreams.DependencyStaticMetadataFileList --swift-const-vals-list /Users/admin/builder/spi-builder-workspace/.derivedData/Build/Intermediates.noindex/ChaosByteStreams.build/Debug-xros/ChaosByteStreams-t.build/Objects-normal/arm64/ChaosByteStreams.SwiftConstValuesFileList --force --compile-time-extraction --deployment-aware-processing --no-app-shortcuts-localization
2026-10-04 02:30:27.146 appintentsmetadataprocessor[1264:6721] Starting appintentsmetadataprocessor export
2026-10-04 02:30:27.309 appintentsmetadataprocessor[1264:6721] Extracted no relevant App Intents symbols, skipping writing output
CreateUniversalBinary /Users/admin/builder/spi-builder-workspace/.derivedData/Build/Products/Debug/VersionatorUtils.o normal arm64\ x86_64 (in target 'VersionatorUtils' from project 'Versionator')
cd /Users/admin/builder/spi-builder-workspace/.dependencies/checkouts/Versionator
/Applications/Xcode-27.0.0-Release.Candidate.app/Contents/Developer/Toolchains/XcodeDefault.xctoolchain/usr/bin/lipo -create /Users/admin/builder/spi-builder-workspace/.derivedData/Build/Intermediates.noindex/Versionator.build/Debug/VersionatorUtils-t.build/Objects-normal/arm64/Binary/VersionatorUtils.o /Users/admin/builder/spi-builder-workspace/.derivedData/Build/Intermediates.noindex/Versionator.build/Debug/VersionatorUtils-t.build/Objects-normal/x86_64/Binary/VersionatorUtils.o -output /Users/admin/builder/spi-builder-workspace/.derivedData/Build/Products/Debug/VersionatorUtils.o
SwiftDriverJobDiscovery normal x86_64 Compiling Subprocess+Unix.swift, Subprocess+Windows.swift (in target 'Subprocess' from project 'swift-subprocess')
ExtractAppIntentsMetadata (in target 'VersionatorUtils' from project 'Versionator')
cd /Users/admin/builder/spi-builder-workspace/.dependencies/checkouts/Versionator
/Applications/Xcode-27.0.0-Release.Candidate.app/Contents/Developer/Toolchains/XcodeDefault.xctoolchain/usr/bin/appintentsmetadataprocessor --toolchain-dir /var/run/com.apple.security.cryptexd/mnt/com.apple.MobileAsset.MetalToolchain-v27.1.266.1.Q6u9wk/Metal.xctoolchain --module-name VersionatorUtils --sdk-root /Applications/Xcode-27.0.0-Release.Candidate.app/Contents/Developer/Platforms/MacOSX.platform/Developer/SDKs/MacOSX27.0.sdk --xcode-version 27A266a --platform-family macOS --deployment-target 26.0 --bundle-identifier versionator.VersionatorUtils --output /Users/admin/builder/spi-builder-workspace/.derivedData/Build/Products/Debug/VersionatorUtils.appintents --target-triple arm64-apple-macos26.0 --target-triple x86_64-apple-macos26.0 --binary-file /Users/admin/builder/spi-builder-workspace/.derivedData/Build/Products/Debug/VersionatorUtils.o --dependency-file /Users/admin/builder/spi-builder-workspace/.derivedData/Build/Intermediates.noindex/Versionator.build/Debug/VersionatorUtils-t.build/Objects-normal/arm64/VersionatorUtils_dependency_info.dat --dependency-file /Users/admin/builder/spi-builder-workspace/.derivedData/Build/Intermediates.noindex/Versionator.build/Debug/VersionatorUtils-t.build/Objects-normal/x86_64/VersionatorUtils_dependency_info.dat --stringsdata-file /Users/admin/builder/spi-builder-workspace/.derivedData/Build/Intermediates.noindex/Versionator.build/Debug/VersionatorUtils-t.build/Objects-normal/arm64/ExtractedAppShortcutsMetadata.stringsdata --stringsdata-file /Users/admin/builder/spi-builder-workspace/.derivedData/Build/Intermediates.noindex/Versionator.build/Debug/VersionatorUtils-t.build/Objects-normal/x86_64/ExtractedAppShortcutsMetadata.stringsdata --source-file-list /Users/admin/builder/spi-builder-workspace/.derivedData/Build/Intermediates.noindex/Versionator.build/Debug/VersionatorUtils-t.build/Objects-normal/arm64/VersionatorUtils.SwiftFileList --source-file-list /Users/admin/builder/spi-builder-workspace/.derivedData/Build/Intermediates.noindex/Versionator.build/Debug/VersionatorUtils-t.build/Objects-normal/x86_64/VersionatorUtils.SwiftFileList --metadata-file-list /Users/admin/builder/spi-builder-workspace/.derivedData/Build/Intermediates.noindex/Versionator.build/Debug/VersionatorUtils-t.build/VersionatorUtils.DependencyMetadataFileList --static-metadata-file-list /Users/admin/builder/spi-builder-workspace/.derivedData/Build/Intermediates.noindex/Versionator.build/Debug/VersionatorUtils-t.build/VersionatorUtils.DependencyStaticMetadataFileList --swift-const-vals-list /Users/admin/builder/spi-builder-workspace/.derivedData/Build/Intermediates.noindex/Versionator.build/Debug/VersionatorUtils-t.build/Objects-normal/arm64/VersionatorUtils.SwiftConstValuesFileList --swift-const-vals-list /Users/admin/builder/spi-builder-workspace/.derivedData/Build/Intermediates.noindex/Versionator.build/Debug/VersionatorUtils-t.build/Objects-normal/x86_64/VersionatorUtils.SwiftConstValuesFileList --force --compile-time-extraction --deployment-aware-processing --no-app-shortcuts-localization
2026-10-04 02:30:27.158 appintentsmetadataprocessor[1266:6728] Starting appintentsmetadataprocessor export
2026-10-04 02:30:27.307 appintentsmetadataprocessor[1266:6728] Extracted no relevant App Intents symbols, skipping writing output
SwiftDriver VersionatorTool normal x86_64 com.apple.xcode.tools.swift.compiler (in target 'VersionatorTool-product' from project 'Versionator')
cd /Users/admin/builder/spi-builder-workspace/.swiftpm/xcode
builtin-SwiftDriver -- /Applications/Xcode-27.0.0-Release.Candidate.app/Contents/Developer/Toolchains/XcodeDefault.xctoolchain/usr/bin/swiftc -parse-as-library -module-name VersionatorTool -Onone @/Users/admin/builder/spi-builder-workspace/.derivedData/Build/Intermediates.noindex/Versionator.build/Debug/VersionatorTool-p.build/Objects-normal/x86_64/VersionatorTool.SwiftFileList -DSWIFT_PACKAGE -DDEBUG -Xcc -fmodule-map-file\=/Users/admin/builder/spi-builder-workspace/.dependencies/checkouts/swift-system/Sources/CSystem/include/module.modulemap -Xcc -fmodule-map-file\=/Users/admin/builder/spi-builder-workspace/.dependencies/checkouts/swift-subprocess/Sources/_SubprocessCShims/include/module.modulemap -DXcode -plugin-path /Applications/Xcode-27.0.0-Release.Candidate.app/Contents/Developer/Toolchains/XcodeDefault.xctoolchain/usr/lib/swift/host/plugins/testing -enable-experimental-feature DebugDescriptionMacro -sdk /Applications/Xcode-27.0.0-Release.Candidate.app/Contents/Developer/Platforms/MacOSX.platform/Developer/SDKs/MacOSX27.0.sdk -target x86_64-apple-macos26.0 -g -module-cache-path /Users/admin/builder/spi-builder-workspace/.derivedData/ModuleCache.noindex -Xfrontend -serialize-debugging-options -enable-testing -suppress-warnings -index-store-path /Users/admin/builder/spi-builder-workspace/.derivedData/Index.noindex/DataStore -Xcc -D_LIBCPP_HARDENING_MODE\=_LIBCPP_HARDENING_MODE_DEBUG -swift-version 6 -I /Users/admin/builder/spi-builder-workspace/.derivedData/Build/Products/Debug -Isystem /Applications/Xcode-27.0.0-Release.Candidate.app/Contents/Developer/Platforms/MacOSX.platform/Developer/usr/lib -F /Users/admin/builder/spi-builder-workspace/.derivedData/Build/Products/Debug/PackageFrameworks -F /Users/admin/builder/spi-builder-workspace/.derivedData/Build/Products/Debug -F /Applications/Xcode-27.0.0-Release.Candidate.app/Contents/Developer/Platforms/MacOSX.platform/Developer/Library/Frameworks -c -j10 -enable-batch-mode -incremental -Xcc -ivfsstatcache -Xcc /Users/admin/builder/spi-builder-workspace/.derivedData/SDKStatCaches.noindex/macosx27.0-26A425-e829b21a6f8c9b70876ba0858053c0446a22442a12e9d48fe1a705f55a1adfc4.sdkstatcache -output-file-map /Users/admin/builder/spi-builder-workspace/.derivedData/Build/Intermediates.noindex/Versionator.build/Debug/VersionatorTool-p.build/Objects-normal/x86_64/VersionatorTool-OutputFileMap.json -save-temps -no-color-diagnostics -explicit-module-build -module-cache-path /Users/admin/builder/spi-builder-workspace/.derivedData/Build/Intermediates.noindex/SwiftExplicitPrecompiledModules -clang-scanner-module-cache-path /Users/admin/builder/spi-builder-workspace/.derivedData/ModuleCache.noindex -sdk-module-cache-path /Users/admin/builder/spi-builder-workspace/.derivedData/SDKExplicitPrecompiledModules -emit-dependencies -emit-module -emit-module-path /Users/admin/builder/spi-builder-workspace/.derivedData/Build/Intermediates.noindex/Versionator.build/Debug/VersionatorTool-p.build/Objects-normal/x86_64/VersionatorTool.swiftmodule -serialize-diagnostics -dependency-scan-serialize-diagnostics-path /Users/admin/builder/spi-builder-workspace/.derivedData/Build/Intermediates.noindex/Versionator.build/Debug/VersionatorTool-p.build/Objects-normal/x86_64/VersionatorTool-dependency-scan.dia -user-module-version 2.1.1 -validate-clang-modules-once -clang-build-session-file /Users/admin/builder/spi-builder-workspace/.derivedData/ModuleCache.noindex/Session.modulevalidation -Xcc -fmodules-prune-interval\=86400 -Xcc -fmodules-prune-after\=345600 -package-name versionator -emit-const-values -const-gather-protocols-list /Users/admin/builder/spi-builder-workspace/.derivedData/Build/Intermediates.noindex/Versionator.build/Debug/VersionatorTool-p.build/Objects-normal/x86_64/VersionatorTool_const_extract_protocols.json -Xcc -I/Users/admin/builder/spi-builder-workspace/.dependencies/checkouts/swift-system/Sources/CSystem/include -Xcc -I/Users/admin/builder/spi-builder-workspace/.dependencies/checkouts/swift-subprocess/Sources/_SubprocessCShims/include -Xcc -I/Users/admin/builder/spi-builder-workspace/.derivedData/Build/Products/Debug/include -Xcc -I/Users/admin/builder/spi-builder-workspace/.derivedData/Build/Intermediates.noindex/Versionator.build/Debug/VersionatorTool-p.build/DerivedSources-normal/x86_64 -Xcc -I/Users/admin/builder/spi-builder-workspace/.derivedData/Build/Intermediates.noindex/Versionator.build/Debug/VersionatorTool-p.build/DerivedSources/x86_64 -Xcc -I/Users/admin/builder/spi-builder-workspace/.derivedData/Build/Intermediates.noindex/Versionator.build/Debug/VersionatorTool-p.build/DerivedSources -Xcc -DSWIFT_PACKAGE -Xcc -DDEBUG\=1 -working-directory /Users/admin/builder/spi-builder-workspace/.swiftpm/xcode -experimental-emit-module-separately -disable-cmo
SwiftDriverJobDiscovery normal arm64 Compiling Span+SubprocessFoundation.swift, SubprocessOutputSequence.swift (in target 'Subprocess' from project 'swift-subprocess')
SwiftDriver VersionatorTool normal arm64 com.apple.xcode.tools.swift.compiler (in target 'VersionatorTool-product' from project 'Versionator')
cd /Users/admin/builder/spi-builder-workspace/.swiftpm/xcode
builtin-SwiftDriver -- /Applications/Xcode-27.0.0-Release.Candidate.app/Contents/Developer/Toolchains/XcodeDefault.xctoolchain/usr/bin/swiftc -parse-as-library -module-name VersionatorTool -Onone @/Users/admin/builder/spi-builder-workspace/.derivedData/Build/Intermediates.noindex/Versionator.build/Debug/VersionatorTool-p.build/Objects-normal/arm64/VersionatorTool.SwiftFileList -DSWIFT_PACKAGE -DDEBUG -Xcc -fmodule-map-file\=/Users/admin/builder/spi-builder-workspace/.dependencies/checkouts/swift-system/Sources/CSystem/include/module.modulemap -Xcc -fmodule-map-file\=/Users/admin/builder/spi-builder-workspace/.dependencies/checkouts/swift-subprocess/Sources/_SubprocessCShims/include/module.modulemap -DXcode -plugin-path /Applications/Xcode-27.0.0-Release.Candidate.app/Contents/Developer/Toolchains/XcodeDefault.xctoolchain/usr/lib/swift/host/plugins/testing -enable-experimental-feature DebugDescriptionMacro -sdk /Applications/Xcode-27.0.0-Release.Candidate.app/Contents/Developer/Platforms/MacOSX.platform/Developer/SDKs/MacOSX27.0.sdk -target arm64-apple-macos26.0 -g -module-cache-path /Users/admin/builder/spi-builder-workspace/.derivedData/ModuleCache.noindex -Xfrontend -serialize-debugging-options -enable-testing -suppress-warnings -index-store-path /Users/admin/builder/spi-builder-workspace/.derivedData/Index.noindex/DataStore -Xcc -D_LIBCPP_HARDENING_MODE\=_LIBCPP_HARDENING_MODE_DEBUG -swift-version 6 -I /Users/admin/builder/spi-builder-workspace/.derivedData/Build/Products/Debug -Isystem /Applications/Xcode-27.0.0-Release.Candidate.app/Contents/Developer/Platforms/MacOSX.platform/Developer/usr/lib -F /Users/admin/builder/spi-builder-workspace/.derivedData/Build/Products/Debug/PackageFrameworks -F /Users/admin/builder/spi-builder-workspace/.derivedData/Build/Products/Debug -F /Applications/Xcode-27.0.0-Release.Candidate.app/Contents/Developer/Platforms/MacOSX.platform/Developer/Library/Frameworks -c -j10 -enable-batch-mode -incremental -Xcc -ivfsstatcache -Xcc /Users/admin/builder/spi-builder-workspace/.derivedData/SDKStatCaches.noindex/macosx27.0-26A425-e829b21a6f8c9b70876ba0858053c0446a22442a12e9d48fe1a705f55a1adfc4.sdkstatcache -output-file-map /Users/admin/builder/spi-builder-workspace/.derivedData/Build/Intermediates.noindex/Versionator.build/Debug/VersionatorTool-p.build/Objects-normal/arm64/VersionatorTool-OutputFileMap.json -save-temps -no-color-diagnostics -explicit-module-build -module-cache-path /Users/admin/builder/spi-builder-workspace/.derivedData/Build/Intermediates.noindex/SwiftExplicitPrecompiledModules -clang-scanner-module-cache-path /Users/admin/builder/spi-builder-workspace/.derivedData/ModuleCache.noindex -sdk-module-cache-path /Users/admin/builder/spi-builder-workspace/.derivedData/SDKExplicitPrecompiledModules -emit-dependencies -emit-module -emit-module-path /Users/admin/builder/spi-builder-workspace/.derivedData/Build/Intermediates.noindex/Versionator.build/Debug/VersionatorTool-p.build/Objects-normal/arm64/VersionatorTool.swiftmodule -serialize-diagnostics -dependency-scan-serialize-diagnostics-path /Users/admin/builder/spi-builder-workspace/.derivedData/Build/Intermediates.noindex/Versionator.build/Debug/VersionatorTool-p.build/Objects-normal/arm64/VersionatorTool-dependency-scan.dia -user-module-version 2.1.1 -validate-clang-modules-once -clang-build-session-file /Users/admin/builder/spi-builder-workspace/.derivedData/ModuleCache.noindex/Session.modulevalidation -Xcc -fmodules-prune-interval\=86400 -Xcc -fmodules-prune-after\=345600 -package-name versionator -emit-const-values -const-gather-protocols-list /Users/admin/builder/spi-builder-workspace/.derivedData/Build/Intermediates.noindex/Versionator.build/Debug/VersionatorTool-p.build/Objects-normal/arm64/VersionatorTool_const_extract_protocols.json -Xcc -I/Users/admin/builder/spi-builder-workspace/.dependencies/checkouts/swift-system/Sources/CSystem/include -Xcc -I/Users/admin/builder/spi-builder-workspace/.dependencies/checkouts/swift-subprocess/Sources/_SubprocessCShims/include -Xcc -I/Users/admin/builder/spi-builder-workspace/.derivedData/Build/Products/Debug/include -Xcc -I/Users/admin/builder/spi-builder-workspace/.derivedData/Build/Intermediates.noindex/Versionator.build/Debug/VersionatorTool-p.build/DerivedSources-normal/arm64 -Xcc -I/Users/admin/builder/spi-builder-workspace/.derivedData/Build/Intermediates.noindex/Versionator.build/Debug/VersionatorTool-p.build/DerivedSources/arm64 -Xcc -I/Users/admin/builder/spi-builder-workspace/.derivedData/Build/Intermediates.noindex/Versionator.build/Debug/VersionatorTool-p.build/DerivedSources -Xcc -DSWIFT_PACKAGE -Xcc -DDEBUG\=1 -working-directory /Users/admin/builder/spi-builder-workspace/.swiftpm/xcode -experimental-emit-module-separately -disable-cmo
SwiftDriverJobDiscovery normal arm64 Compiling API.swift, Buffer.swift, Configuration.swift (in target 'Subprocess' from project 'swift-subprocess')
SwiftDriverJobDiscovery normal arm64 Compiling Error.swift, Execution.swift, AsyncIO+KQueue.swift (in target 'Subprocess' from project 'swift-subprocess')
SwiftDriver\ Compilation Subprocess normal arm64 com.apple.xcode.tools.swift.compiler (in target 'Subprocess' from project 'swift-subprocess')
cd /Users/admin/builder/spi-builder-workspace/.swiftpm/xcode
builtin-Swift-Compilation -- /Applications/Xcode-27.0.0-Release.Candidate.app/Contents/Developer/Toolchains/XcodeDefault.xctoolchain/usr/bin/swiftc -parse-as-library -module-name Subprocess -Onone @/Users/admin/builder/spi-builder-workspace/.derivedData/Build/Intermediates.noindex/swift-subprocess.build/Debug/Subprocess-t.build/Objects-normal/arm64/Subprocess.SwiftFileList -DSWIFT_PACKAGE -DDEBUG -DSWIFT_MODULE_RESOURCE_BUNDLE_UNAVAILABLE -DSubprocessFoundation -DSUBPROCESS_ASYNCIO_KQUEUE -Xcc -fmodule-map-file\=/Users/admin/builder/spi-builder-workspace/.dependencies/checkouts/swift-system/Sources/CSystem/include/module.modulemap -Xcc -fmodule-map-file\=/Users/admin/builder/spi-builder-workspace/.dependencies/checkouts/swift-subprocess/Sources/_SubprocessCShims/include/module.modulemap -DXcode -enable-experimental-feature StrictConcurrency -enable-experimental-feature Lifetimes -enable-upcoming-feature NonisolatedNonsendingByDefault -enable-upcoming-feature ExistentialAny -enable-upcoming-feature MemberImportVisibility -enable-upcoming-feature InternalImportsByDefault -plugin-path /Applications/Xcode-27.0.0-Release.Candidate.app/Contents/Developer/Toolchains/XcodeDefault.xctoolchain/usr/lib/swift/host/plugins/testing -enable-experimental-feature DebugDescriptionMacro -sdk /Applications/Xcode-27.0.0-Release.Candidate.app/Contents/Developer/Platforms/MacOSX.platform/Developer/SDKs/MacOSX27.0.sdk -target arm64-apple-macos13.0 -g -module-cache-path /Users/admin/builder/spi-builder-workspace/.derivedData/ModuleCache.noindex -Xfrontend -serialize-debugging-options -enable-testing -suppress-warnings -index-store-path /Users/admin/builder/spi-builder-workspace/.derivedData/Index.noindex/DataStore -Xcc -D_LIBCPP_HARDENING_MODE\=_LIBCPP_HARDENING_MODE_DEBUG -swift-version 6 -I /Users/admin/builder/spi-builder-workspace/.derivedData/Build/Products/Debug -Isystem /Applications/Xcode-27.0.0-Release.Candidate.app/Contents/Developer/Platforms/MacOSX.platform/Developer/usr/lib -F /Users/admin/builder/spi-builder-workspace/.derivedData/Build/Products/Debug/PackageFrameworks -F /Users/admin/builder/spi-builder-workspace/.derivedData/Build/Products/Debug -F /Applications/Xcode-27.0.0-Release.Candidate.app/Contents/Developer/Platforms/MacOSX.platform/Developer/Library/Frameworks -c -j10 -enable-batch-mode -incremental -Xcc -ivfsstatcache -Xcc /Users/admin/builder/spi-builder-workspace/.derivedData/SDKStatCaches.noindex/macosx27.0-26A425-e829b21a6f8c9b70876ba0858053c0446a22442a12e9d48fe1a705f55a1adfc4.sdkstatcache -output-file-map /Users/admin/builder/spi-builder-workspace/.derivedData/Build/Intermediates.noindex/swift-subprocess.build/Debug/Subprocess-t.build/Objects-normal/arm64/Subprocess-OutputFileMap.json -save-temps -no-color-diagnostics -explicit-module-build -module-cache-path /Users/admin/builder/spi-builder-workspace/.derivedData/Build/Intermediates.noindex/SwiftExplicitPrecompiledModules -clang-scanner-module-cache-path /Users/admin/builder/spi-builder-workspace/.derivedData/ModuleCache.noindex -sdk-module-cache-path /Users/admin/builder/spi-builder-workspace/.derivedData/SDKExplicitPrecompiledModules -emit-dependencies -emit-module -emit-module-path /Users/admin/builder/spi-builder-workspace/.derivedData/Build/Intermediates.noindex/swift-subprocess.build/Debug/Subprocess-t.build/Objects-normal/arm64/Subprocess.swiftmodule -serialize-diagnostics -dependency-scan-serialize-diagnostics-path /Users/admin/builder/spi-builder-workspace/.derivedData/Build/Intermediates.noindex/swift-subprocess.build/Debug/Subprocess-t.build/Objects-normal/arm64/Subprocess-dependency-scan.dia -user-module-version 0.5.0 -validate-clang-modules-once -clang-build-session-file /Users/admin/builder/spi-builder-workspace/.derivedData/ModuleCache.noindex/Session.modulevalidation -Xcc -fmodules-prune-interval\=86400 -Xcc -fmodules-prune-after\=345600 -package-name swift_subprocess -emit-const-values -const-gather-protocols-list /Users/admin/builder/spi-builder-workspace/.derivedData/Build/Intermediates.noindex/swift-subprocess.build/Debug/Subprocess-t.build/Objects-normal/arm64/Subprocess_const_extract_protocols.json -Xcc -I/Users/admin/builder/spi-builder-workspace/.dependencies/checkouts/swift-system/Sources/CSystem/include -Xcc -I/Users/admin/builder/spi-builder-workspace/.dependencies/checkouts/swift-subprocess/Sources/_SubprocessCShims/include -Xcc -I/Users/admin/builder/spi-builder-workspace/.derivedData/Build/Products/Debug/include -Xcc -I/Users/admin/builder/spi-builder-workspace/.derivedData/Build/Intermediates.noindex/swift-subprocess.build/Debug/Subprocess-t.build/DerivedSources-normal/arm64 -Xcc -I/Users/admin/builder/spi-builder-workspace/.derivedData/Build/Intermediates.noindex/swift-subprocess.build/Debug/Subprocess-t.build/DerivedSources/arm64 -Xcc -I/Users/admin/builder/spi-builder-workspace/.derivedData/Build/Intermediates.noindex/swift-subprocess.build/Debug/Subprocess-t.build/DerivedSources -Xcc -DSWIFT_PACKAGE -Xcc -DDEBUG\=1 -emit-objc-header -emit-objc-header-path /Users/admin/builder/spi-builder-workspace/.derivedData/Build/Intermediates.noindex/swift-subprocess.build/Debug/Subprocess-t.build/Objects-normal/arm64/Subprocess-Swift.h -working-directory /Users/admin/builder/spi-builder-workspace/.swiftpm/xcode -experimental-emit-module-separately -disable-cmo
SwiftDriver Runner normal arm64 com.apple.xcode.tools.swift.compiler (in target 'Runner' from project 'Runner')
cd /Users/admin/builder/spi-builder-workspace/.swiftpm/xcode
builtin-SwiftDriver -- /Applications/Xcode-27.0.0-Release.Candidate.app/Contents/Developer/Toolchains/XcodeDefault.xctoolchain/usr/bin/swiftc -parse-as-library -module-name Runner -Onone @/Users/admin/builder/spi-builder-workspace/.derivedData/Build/Intermediates.noindex/Runner.build/Debug-xros/Runner-t.build/Objects-normal/arm64/Runner.SwiftFileList -DSWIFT_PACKAGE -DDEBUG -DSWIFT_MODULE_RESOURCE_BUNDLE_UNAVAILABLE -DXcode -plugin-path /Applications/Xcode-27.0.0-Release.Candidate.app/Contents/Developer/Toolchains/XcodeDefault.xctoolchain/usr/lib/swift/host/plugins/testing -enable-experimental-feature DebugDescriptionMacro -sdk /Applications/Xcode-27.0.0-Release.Candidate.app/Contents/Developer/Platforms/XROS.platform/Developer/SDKs/XROS27.0.sdk -target arm64-apple-xros1.0 -g -module-cache-path /Users/admin/builder/spi-builder-workspace/.derivedData/ModuleCache.noindex -Xfrontend -serialize-debugging-options -enable-testing -suppress-warnings -index-store-path /Users/admin/builder/spi-builder-workspace/.derivedData/Index.noindex/DataStore -Xcc -D_LIBCPP_HARDENING_MODE\=_LIBCPP_HARDENING_MODE_DEBUG -swift-version 6 -I /Users/admin/builder/spi-builder-workspace/.derivedData/Build/Products/Debug-xros -Isystem /Applications/Xcode-27.0.0-Release.Candidate.app/Contents/Developer/Platforms/XROS.platform/Developer/usr/lib -F /Users/admin/builder/spi-builder-workspace/.derivedData/Build/Products/Debug-xros/PackageFrameworks -F /Users/admin/builder/spi-builder-workspace/.derivedData/Build/Products/Debug-xros -F /Applications/Xcode-27.0.0-Release.Candidate.app/Contents/Developer/Platforms/XROS.platform/Developer/Library/Frameworks -F /Applications/Xcode-27.0.0-Release.Candidate.app/Contents/Developer/Platforms/XROS.platform/Developer/SDKs/XROS27.0.sdk/Developer/Library/Frameworks -c -j10 -enable-batch-mode -incremental -Xcc -ivfsstatcache -Xcc /Users/admin/builder/spi-builder-workspace/.derivedData/SDKStatCaches.noindex/xros27.0-24M361-e829b21a6f8c9b70876ba0858053c044735bd543db762f57723cac368afd1ce4.sdkstatcache -output-file-map /Users/admin/builder/spi-builder-workspace/.derivedData/Build/Intermediates.noindex/Runner.build/Debug-xros/Runner-t.build/Objects-normal/arm64/Runner-OutputFileMap.json -save-temps -no-color-diagnostics -explicit-module-build -module-cache-path /Users/admin/builder/spi-builder-workspace/.derivedData/Build/Intermediates.noindex/SwiftExplicitPrecompiledModules -clang-scanner-module-cache-path /Users/admin/builder/spi-builder-workspace/.derivedData/ModuleCache.noindex -sdk-module-cache-path /Users/admin/builder/spi-builder-workspace/.derivedData/SDKExplicitPrecompiledModules -emit-dependencies -emit-module -emit-module-path /Users/admin/builder/spi-builder-workspace/.derivedData/Build/Intermediates.noindex/Runner.build/Debug-xros/Runner-t.build/Objects-normal/arm64/Runner.swiftmodule -serialize-diagnostics -dependency-scan-serialize-diagnostics-path /Users/admin/builder/spi-builder-workspace/.derivedData/Build/Intermediates.noindex/Runner.build/Debug-xros/Runner-t.build/Objects-normal/arm64/Runner-dependency-scan.dia -user-module-version 2.2.0 -validate-clang-modules-once -clang-build-session-file /Users/admin/builder/spi-builder-workspace/.derivedData/ModuleCache.noindex/Session.modulevalidation -Xcc -fmodules-prune-interval\=86400 -Xcc -fmodules-prune-after\=345600 -package-name runner -emit-const-values -const-gather-protocols-list /Users/admin/builder/spi-builder-workspace/.derivedData/Build/Intermediates.noindex/Runner.build/Debug-xros/Runner-t.build/Objects-normal/arm64/Runner_const_extract_protocols.json -Xcc -I/Users/admin/builder/spi-builder-workspace/.derivedData/Build/Products/Debug-xros/include -Xcc -I/Users/admin/builder/spi-builder-workspace/.derivedData/Build/Intermediates.noindex/Runner.build/Debug-xros/Runner-t.build/DerivedSources-normal/arm64 -Xcc -I/Users/admin/builder/spi-builder-workspace/.derivedData/Build/Intermediates.noindex/Runner.build/Debug-xros/Runner-t.build/DerivedSources/arm64 -Xcc -I/Users/admin/builder/spi-builder-workspace/.derivedData/Build/Intermediates.noindex/Runner.build/Debug-xros/Runner-t.build/DerivedSources -Xcc -DSWIFT_PACKAGE -Xcc -DDEBUG\=1 -emit-objc-header -emit-objc-header-path /Users/admin/builder/spi-builder-workspace/.derivedData/Build/Intermediates.noindex/Runner.build/Debug-xros/Runner-t.build/Objects-normal/arm64/Runner-Swift.h -working-directory /Users/admin/builder/spi-builder-workspace/.swiftpm/xcode -experimental-emit-module-separately -disable-cmo
Ld /Users/admin/builder/spi-builder-workspace/.derivedData/Build/Intermediates.noindex/swift-subprocess.build/Debug/Subprocess-t.build/Objects-normal/arm64/Binary/Subprocess.o normal arm64 (in target 'Subprocess' from project 'swift-subprocess')
cd /Users/admin/builder/spi-builder-workspace/.dependencies/checkouts/swift-subprocess
/Applications/Xcode-27.0.0-Release.Candidate.app/Contents/Developer/Toolchains/XcodeDefault.xctoolchain/usr/bin/clang -Xlinker -reproducible -target arm64-apple-macos13.0 -r -isysroot /Applications/Xcode-27.0.0-Release.Candidate.app/Contents/Developer/Platforms/MacOSX.platform/Developer/SDKs/MacOSX27.0.sdk -O0 -w -Xlinker -no_warn_duplicate_libraries -F/Users/admin/builder/spi-builder-workspace/.derivedData/Build/Intermediates.noindex/EagerLinkingTBDs/Debug -F/Users/admin/builder/spi-builder-workspace/.derivedData/Build/Products/Debug/PackageFrameworks -F/Users/admin/builder/spi-builder-workspace/.derivedData/Build/Products/Debug -iframework /Applications/Xcode-27.0.0-Release.Candidate.app/Contents/Developer/Platforms/MacOSX.platform/Developer/Library/Frameworks -filelist /Users/admin/builder/spi-builder-workspace/.derivedData/Build/Intermediates.noindex/swift-subprocess.build/Debug/Subprocess-t.build/Objects-normal/arm64/Subprocess.LinkFileList -nostdlib -Xlinker -object_path_lto -Xlinker /Users/admin/builder/spi-builder-workspace/.derivedData/Build/Intermediates.noindex/swift-subprocess.build/Debug/Subprocess-t.build/Objects-normal/arm64/Subprocess_lto.o -Xlinker -no_deduplicate -Xlinker -dependency_info -Xlinker /Users/admin/builder/spi-builder-workspace/.derivedData/Build/Intermediates.noindex/swift-subprocess.build/Debug/Subprocess-t.build/Objects-normal/arm64/Subprocess_dependency_info.dat -fobjc-link-runtime -L/Applications/Xcode-27.0.0-Release.Candidate.app/Contents/Developer/Toolchains/XcodeDefault.xctoolchain/usr/lib/swift/macosx -L/usr/lib/swift -Xlinker -add_ast_path -Xlinker /Users/admin/builder/spi-builder-workspace/.derivedData/Build/Intermediates.noindex/swift-subprocess.build/Debug/Subprocess-t.build/Objects-normal/arm64/Subprocess.swiftmodule -o /Users/admin/builder/spi-builder-workspace/.derivedData/Build/Intermediates.noindex/swift-subprocess.build/Debug/Subprocess-t.build/Objects-normal/arm64/Binary/Subprocess.o
SwiftDriverJobDiscovery normal x86_64 Compiling Error.swift, Execution.swift, AsyncIO+KQueue.swift (in target 'Subprocess' from project 'swift-subprocess')
SwiftDriverJobDiscovery normal x86_64 Compiling Subprocess+Darwin.swift, Subprocess+Linux.swift (in target 'Subprocess' from project 'swift-subprocess')
SwiftCompile normal arm64 Compiling\ Error.swift /Users/admin/builder/spi-builder-workspace/.dependencies/checkouts/Runner/Sources/Runner/Error.swift (in target 'Runner' from project 'Runner')
SwiftCompile normal arm64 /Users/admin/builder/spi-builder-workspace/.dependencies/checkouts/Runner/Sources/Runner/Error.swift (in target 'Runner' from project 'Runner')
cd /Users/admin/builder/spi-builder-workspace/.swiftpm/xcode
builtin-SwiftPerFileCompile Error.swift
SwiftCompile normal arm64 Compiling\ Output.swift /Users/admin/builder/spi-builder-workspace/.dependencies/checkouts/Runner/Sources/Runner/Output.swift (in target 'Runner' from project 'Runner')
SwiftCompile normal arm64 /Users/admin/builder/spi-builder-workspace/.dependencies/checkouts/Runner/Sources/Runner/Output.swift (in target 'Runner' from project 'Runner')
cd /Users/admin/builder/spi-builder-workspace/.swiftpm/xcode
builtin-SwiftPerFileCompile Output.swift
SwiftCompile normal arm64 Compiling\ RunState.swift /Users/admin/builder/spi-builder-workspace/.dependencies/checkouts/Runner/Sources/Runner/RunState.swift (in target 'Runner' from project 'Runner')
SwiftCompile normal arm64 /Users/admin/builder/spi-builder-workspace/.dependencies/checkouts/Runner/Sources/Runner/RunState.swift (in target 'Runner' from project 'Runner')
cd /Users/admin/builder/spi-builder-workspace/.swiftpm/xcode
builtin-SwiftPerFileCompile RunState.swift
/Users/admin/builder/spi-builder-workspace/.dependencies/checkouts/Runner/Sources/Runner/RunState.swift:18:18: error: cannot find type 'Process' in scope
16 | public struct Sequence: AsyncSequence, Sendable {
17 | /// The runner we're reporting on.
18 | let process: Process
| `- error: cannot find type 'Process' in scope
19 |
20 | public func makeAsyncIterator() -> AsyncStream<RunState>.Iterator {
/Users/admin/builder/spi-builder-workspace/.dependencies/checkouts/Runner/Sources/Runner/RunState.swift:63:11: error: cannot find type 'Process' in scope
61 | }
62 |
63 | extension Process {
| `- error: cannot find type 'Process' in scope
64 | /// Return the final state of the process.
65 | var finalState: RunState {
SwiftEmitModule normal arm64 Emitting\ module\ for\ Runner (in target 'Runner' from project 'Runner')
SwiftCompile normal arm64 (in target 'Runner' from project 'Runner')
cd /Users/admin/builder/spi-builder-workspace/.swiftpm/xcode
SwiftCompile normal arm64 Compiling\ Runner.swift /Users/admin/builder/spi-builder-workspace/.dependencies/checkouts/Runner/Sources/Runner/Runner.swift (in target 'Runner' from project 'Runner')
/Users/admin/builder/spi-builder-workspace/.dependencies/checkouts/Runner/Sources/Runner/Runner.swift:73:19: error: cannot find 'Process' in scope
71 | ) -> Session {
72 |
73 | let process = Process()
| `- error: cannot find 'Process' in scope
74 | if let cwd = cwd { process.currentDirectoryURL = cwd }
75 | process.executableURL = executable
/Users/admin/builder/spi-builder-workspace/.dependencies/checkouts/Runner/Sources/Runner/RunState.swift:18:18: error: cannot find type 'Process' in scope
16 | public struct Sequence: AsyncSequence, Sendable {
17 | /// The runner we're reporting on.
18 | let process: Process
| `- error: cannot find type 'Process' in scope
19 |
20 | public func makeAsyncIterator() -> AsyncStream<RunState>.Iterator {
/Users/admin/builder/spi-builder-workspace/.dependencies/checkouts/Runner/Sources/Runner/Runner.swift:103:19: error: cannot find 'Process' in scope
101 | /// Control is transferred to the launched process, and this function doesn't return.
102 | public func exec(arguments: [String] = []) -> Never {
103 | let process = Process()
| `- error: cannot find 'Process' in scope
104 | if let cwd = cwd { process.currentDirectoryURL = cwd }
105 |
/Users/admin/builder/spi-builder-workspace/.dependencies/checkouts/Runner/Sources/Runner/Runner.swift:111:36: error: cannot infer type of closure parameter 'process' without a type annotation
109 |
110 | let group = self.group
111 | process.terminationHandler = { process in
| `- error: cannot infer type of closure parameter 'process' without a type annotation
112 | group.wait()
113 | Runner.debug("all buffers closed")
Failed frontend command:
/Applications/Xcode-27.0.0-Release.Candidate.app/Contents/Developer/Toolchains/XcodeDefault.xctoolchain/usr/bin/swift-frontend -frontend -c /Users/admin/builder/spi-builder-workspace/.dependencies/checkouts/Runner/Sources/Runner/Error.swift /Users/admin/builder/spi-builder-workspace/.dependencies/checkouts/Runner/Sources/Runner/ExitStateCache.swift /Users/admin/builder/spi-builder-workspace/.dependencies/checkouts/Runner/Sources/Runner/Output.swift /Users/admin/builder/spi-builder-workspace/.dependencies/checkouts/Runner/Sources/Runner/RunState.swift -primary-file /Users/admin/builder/spi-builder-workspace/.dependencies/checkouts/Runner/Sources/Runner/Runner.swift /Users/admin/builder/spi-builder-workspace/.dependencies/checkouts/Runner/Sources/Runner/Session.swift /Users/admin/builder/spi-builder-workspace/.dependencies/checkouts/Runner/Sources/Runner/URL+SystemPath.swift -emit-dependencies-path /Users/admin/builder/spi-builder-workspace/.derivedData/Build/Intermediates.noindex/Runner.build/Debug-xros/Runner-t.build/Objects-normal/arm64/Runner.d -emit-const-values-path /Users/admin/builder/spi-builder-workspace/.derivedData/Build/Intermediates.noindex/Runner.build/Debug-xros/Runner-t.build/Objects-normal/arm64/Runner.swiftconstvalues -emit-reference-dependencies-path /Users/admin/builder/spi-builder-workspace/.derivedData/Build/Intermediates.noindex/Runner.build/Debug-xros/Runner-t.build/Objects-normal/arm64/Runner.swiftdeps -serialize-diagnostics-path /Users/admin/builder/spi-builder-workspace/.derivedData/Build/Intermediates.noindex/Runner.build/Debug-xros/Runner-t.build/Objects-normal/arm64/Runner.dia -target arm64-apple-xros1.0 -disable-cross-import-overlay-search -load-resolved-plugin /Applications/Xcode-27.0.0-Release.Candidate.app/Contents/Developer/Platforms/XROS.platform/Developer/usr/lib/swift/host/plugins/libFoundationMacros.dylib\#/Applications/Xcode-27.0.0-Release.Candidate.app/Contents/Developer/Platforms/XROS.platform/Developer/usr/bin/swift-plugin-server\#FoundationMacros -load-resolved-plugin /Applications/Xcode-27.0.0-Release.Candidate.app/Contents/Developer/Platforms/XROS.platform/Developer/usr/lib/swift/host/plugins/libObservationMacros.dylib\#/Applications/Xcode-27.0.0-Release.Candidate.app/Contents/Developer/Platforms/XROS.platform/Developer/usr/bin/swift-plugin-server\#ObservationMacros -load-resolved-plugin /Applications/Xcode-27.0.0-Release.Candidate.app/Contents/Developer/Platforms/XROS.platform/Developer/usr/lib/swift/host/plugins/libSwiftMacros.dylib\#/Applications/Xcode-27.0.0-Release.Candidate.app/Contents/Developer/Platforms/XROS.platform/Developer/usr/bin/swift-plugin-server\#SwiftMacros -disable-implicit-swift-modules -Xcc -fno-implicit-modules -Xcc -fno-implicit-module-maps -explicit-swift-module-map-file /Users/admin/builder/spi-builder-workspace/.derivedData/Build/Intermediates.noindex/Runner.build/Debug-xros/Runner-t.build/Objects-normal/arm64/Runner-dependencies-1.json -Xllvm -aarch64-use-tbi -enable-objc-interop -stack-check -sdk /Applications/Xcode-27.0.0-Release.Candidate.app/Contents/Developer/Platforms/XROS.platform/Developer/SDKs/XROS27.0.sdk -I /Users/admin/builder/spi-builder-workspace/.derivedData/Build/Products/Debug-xros -Isystem /Applications/Xcode-27.0.0-Release.Candidate.app/Contents/Developer/Platforms/XROS.platform/Developer/usr/lib -F /Users/admin/builder/spi-builder-workspace/.derivedData/Build/Products/Debug-xros/PackageFrameworks -F /Users/admin/builder/spi-builder-workspace/.derivedData/Build/Products/Debug-xros -F /Applications/Xcode-27.0.0-Release.Candidate.app/Contents/Developer/Platforms/XROS.platform/Developer/Library/Frameworks -F /Applications/Xcode-27.0.0-Release.Candidate.app/Contents/Developer/Platforms/XROS.platform/Developer/SDKs/XROS27.0.sdk/Developer/Library/Frameworks -module-cache-path /Users/admin/builder/spi-builder-workspace/.derivedData/Build/Intermediates.noindex/SwiftExplicitPrecompiledModules -no-color-diagnostics -Xcc -fno-color-diagnostics -enable-testing -g -debug-info-format\=dwarf -dwarf-version\=4 -suppress-warnings -swift-version 6 -Onone -D SWIFT_PACKAGE -D DEBUG -D SWIFT_MODULE_RESOURCE_BUNDLE_UNAVAILABLE -D Xcode -serialize-debugging-options -enable-experimental-feature DebugDescriptionMacro -empty-abi-descriptor -user-module-version 2.2.0 -validate-clang-modules-once -clang-build-session-file /Users/admin/builder/spi-builder-workspace/.derivedData/ModuleCache.noindex/Session.modulevalidation -Xcc -working-directory -Xcc /Users/admin/builder/spi-builder-workspace/.swiftpm/xcode -enable-anonymous-context-mangled-names -file-compilation-dir /Users/admin/builder/spi-builder-workspace/.swiftpm/xcode -Xcc -D_LIBCPP_HARDENING_MODE\=_LIBCPP_HARDENING_MODE_DEBUG -Xcc -ivfsstatcache -Xcc /Users/admin/builder/spi-builder-workspace/.derivedData/SDKStatCaches.noindex/xros27.0-24M361-e829b21a6f8c9b70876ba0858053c044735bd543db762f57723cac368afd1ce4.sdkstatcache -Xcc -fmodules-prune-interval\=86400 -Xcc -fmodules-prune-after\=345600 -Xcc -I/Users/admin/builder/spi-builder-workspace/.derivedData/Build/Products/Debug-xros/include -Xcc -I/Users/admin/builder/spi-builder-workspace/.derivedData/Build/Intermediates.noindex/Runner.build/Debug-xros/Runner-t.build/DerivedSources-normal/arm64 -Xcc -I/Users/admin/builder/spi-builder-workspace/.derivedData/Build/Intermediates.noindex/Runner.build/Debug-xros/Runner-t.build/DerivedSources/arm64 -Xcc -I/Users/admin/builder/spi-builder-workspace/.derivedData/Build/Intermediates.noindex/Runner.build/Debug-xros/Runner-t.build/DerivedSources -Xcc -DSWIFT_PACKAGE -Xcc -DDEBUG\=1 -no-auto-bridging-header-chaining -module-name Runner -package-name runner -const-gather-protocols-file /Users/admin/builder/spi-builder-workspace/.derivedData/Build/Intermediates.noindex/Runner.build/Debug-xros/Runner-t.build/Objects-normal/arm64/Runner_const_extract_protocols.json -disable-clang-spi -clang-target arm64-apple-xros27.0 -target-sdk-version 27.0 -target-sdk-name xros27.0 -in-process-plugin-server-path /Applications/Xcode-27.0.0-Release.Candidate.app/Contents/Developer/Toolchains/XcodeDefault.xctoolchain/usr/lib/swift/host/libSwiftInProcPluginServer.dylib -parse-as-library -o /Users/admin/builder/spi-builder-workspace/.derivedData/Build/Intermediates.noindex/Runner.build/Debug-xros/Runner-t.build/Objects-normal/arm64/Runner.o -debug-module-path /Users/admin/builder/spi-builder-workspace/.derivedData/Build/Intermediates.noindex/Runner.build/Debug-xros/Runner-t.build/Objects-normal/arm64/Runner.swiftmodule -index-unit-output-path /Runner.build/Debug-xros/Runner-t.build/Objects-normal/arm64/Runner.o -index-store-path /Users/admin/builder/spi-builder-workspace/.derivedData/Index.noindex/DataStore -index-system-modules
SwiftCompile normal arm64 /Users/admin/builder/spi-builder-workspace/.dependencies/checkouts/Runner/Sources/Runner/Runner.swift (in target 'Runner' from project 'Runner')
cd /Users/admin/builder/spi-builder-workspace/.swiftpm/xcode
builtin-SwiftPerFileCompile Runner.swift
SwiftCompile normal arm64 Compiling\ URL+SystemPath.swift /Users/admin/builder/spi-builder-workspace/.dependencies/checkouts/Runner/Sources/Runner/URL+SystemPath.swift (in target 'Runner' from project 'Runner')
SwiftCompile normal arm64 /Users/admin/builder/spi-builder-workspace/.dependencies/checkouts/Runner/Sources/Runner/URL+SystemPath.swift (in target 'Runner' from project 'Runner')
cd /Users/admin/builder/spi-builder-workspace/.swiftpm/xcode
builtin-SwiftPerFileCompile URL+SystemPath.swift
SwiftCompile normal arm64 Compiling\ Session.swift /Users/admin/builder/spi-builder-workspace/.dependencies/checkouts/Runner/Sources/Runner/Session.swift (in target 'Runner' from project 'Runner')
SwiftCompile normal arm64 /Users/admin/builder/spi-builder-workspace/.dependencies/checkouts/Runner/Sources/Runner/Session.swift (in target 'Runner' from project 'Runner')
cd /Users/admin/builder/spi-builder-workspace/.swiftpm/xcode
builtin-SwiftPerFileCompile Session.swift
SwiftCompile normal arm64 Compiling\ ExitStateCache.swift /Users/admin/builder/spi-builder-workspace/.dependencies/checkouts/Runner/Sources/Runner/ExitStateCache.swift (in target 'Runner' from project 'Runner')
SwiftCompile normal arm64 /Users/admin/builder/spi-builder-workspace/.dependencies/checkouts/Runner/Sources/Runner/ExitStateCache.swift (in target 'Runner' from project 'Runner')
cd /Users/admin/builder/spi-builder-workspace/.swiftpm/xcode
builtin-SwiftPerFileCompile ExitStateCache.swift
SwiftEmitModule normal x86_64 Emitting\ module\ for\ VersionatorTool (in target 'VersionatorTool-product' from project 'Versionator')
SwiftCompile normal x86_64 (in target 'VersionatorTool-product' from project 'Versionator')
cd /Users/admin/builder/spi-builder-workspace/.swiftpm/xcode
SwiftDriverJobDiscovery normal x86_64 Compiling API.swift, Buffer.swift, Configuration.swift (in target 'Subprocess' from project 'swift-subprocess')
SwiftCompile normal x86_64 Compiling\ VersionatorTool.swift /Users/admin/builder/spi-builder-workspace/.dependencies/checkouts/Versionator/Sources/VersionatorTool/VersionatorTool.swift (in target 'VersionatorTool-product' from project 'Versionator')
SwiftCompile normal x86_64 /Users/admin/builder/spi-builder-workspace/.dependencies/checkouts/Versionator/Sources/VersionatorTool/VersionatorTool.swift (in target 'VersionatorTool-product' from project 'Versionator')
cd /Users/admin/builder/spi-builder-workspace/.swiftpm/xcode
builtin-SwiftPerFileCompile VersionatorTool.swift
SwiftEmitModule normal arm64 Emitting\ module\ for\ VersionatorTool (in target 'VersionatorTool-product' from project 'Versionator')
SwiftCompile normal arm64 (in target 'VersionatorTool-product' from project 'Versionator')
cd /Users/admin/builder/spi-builder-workspace/.swiftpm/xcode
SwiftDriverJobDiscovery normal arm64 Compiling Error.swift (in target 'Runner' from project 'Runner')
SwiftCompile normal arm64 Compiling\ VersionatorTool.swift /Users/admin/builder/spi-builder-workspace/.dependencies/checkouts/Versionator/Sources/VersionatorTool/VersionatorTool.swift (in target 'VersionatorTool-product' from project 'Versionator')
SwiftCompile normal arm64 /Users/admin/builder/spi-builder-workspace/.dependencies/checkouts/Versionator/Sources/VersionatorTool/VersionatorTool.swift (in target 'VersionatorTool-product' from project 'Versionator')
cd /Users/admin/builder/spi-builder-workspace/.swiftpm/xcode
builtin-SwiftPerFileCompile VersionatorTool.swift
PruneExplicitPrecompiledModules /Users/admin/builder/spi-builder-workspace/.derivedData/Build/Intermediates.noindex/SwiftExplicitPrecompiledModules
PruneExplicitPrecompiledModules /Users/admin/builder/spi-builder-workspace/.derivedData/Build/Intermediates.noindex/ExplicitPrecompiledModules
PruneExplicitPrecompiledModules /Users/admin/builder/spi-builder-workspace/.derivedData/SDKExplicitPrecompiledModules
2026-10-04 02:30:09.458 xcodebuild[877:5060] [MT] IDERunDestination: Supported platforms for the buildables in the current scheme is empty.
2026-10-04 02:30:09.560 xcodebuild[877:5060] [MT] IDERunDestination: Supported platforms for the buildables in the current scheme is empty.
** BUILD FAILED **
The following build commands failed:
SwiftCompile normal arm64 Compiling\ Runner.swift /Users/admin/builder/spi-builder-workspace/.dependencies/checkouts/Runner/Sources/Runner/Runner.swift (in target 'Runner' from project 'Runner')
SwiftCompile normal arm64 /Users/admin/builder/spi-builder-workspace/.dependencies/checkouts/Runner/Sources/Runner/Runner.swift (in target 'Runner' from project 'Runner')
Building workspace ActionBuilderCore with scheme ActionBuilderCore-Package
(3 failures)
Command line invocation:
/Applications/Xcode-27.0.0-Release.Candidate.app/Contents/Developer/usr/bin/xcodebuild -IDEClonedSourcePackagesDirPathOverride=/Users/admin/builder/spi-builder-workspace/.dependencies -resolvePackageDependencies
Resolve Package Graph
Resolved source packages:
swift-subprocess: https://github.com/swiftlang/swift-subprocess.git @ 0.5.0
Versionator: https://github.com/elegantchaos/Versionator.git @ 2.1.1
swift-system: https://github.com/apple/swift-system @ 1.8.1
ActionBuilderCore: /Users/admin/builder/spi-builder-workspace
SemanticVersion: https://github.com/elegantchaos/SemanticVersion.git @ 1.1.2
Runner: https://github.com/elegantchaos/Runner.git @ 2.2.0
ChaosByteStreams: https://github.com/elegantchaos/ChaosByteStreams @ 1.0.7
resolved source packages: swift-subprocess, Versionator, swift-system, ActionBuilderCore, SemanticVersion, Runner, ChaosByteStreams
2026-10-04 02:30:28.543 xcodebuild[1286:6956] [MT] IDERunDestination: Supported platforms for the buildables in the current scheme is empty.
2026-10-04 02:30:28.649 xcodebuild[1286:6956] [MT] IDERunDestination: Supported platforms for the buildables in the current scheme is empty.
{
"dependencies" : [
{
"identity" : "runner",
"requirement" : {
"range" : [
{
"lower_bound" : "2.1.5",
"upper_bound" : "3.0.0"
}
]
},
"type" : "sourceControl",
"url" : "https://github.com/elegantchaos/Runner.git"
},
{
"identity" : "semanticversion",
"requirement" : {
"range" : [
{
"lower_bound" : "1.1.2",
"upper_bound" : "2.0.0"
}
]
},
"type" : "sourceControl",
"url" : "https://github.com/elegantchaos/SemanticVersion.git"
},
{
"identity" : "versionator",
"requirement" : {
"exact" : [
"2.1.1"
]
},
"type" : "sourceControl",
"url" : "https://github.com/elegantchaos/Versionator.git"
}
],
"manifest_display_name" : "ActionBuilderCore",
"name" : "ActionBuilderCore",
"path" : "/Users/admin/builder/spi-builder-workspace",
"platforms" : [
{
"name" : "macos",
"version" : "26.0"
}
],
"products" : [
{
"name" : "ActionBuilderCore",
"targets" : [
"ActionBuilderCore"
],
"type" : {
"library" : [
"automatic"
]
}
},
{
"name" : "ActionBuilderTool",
"targets" : [
"ActionBuilderTool"
],
"type" : {
"executable" : null
}
}
],
"targets" : [
{
"c99name" : "ActionBuilderTool",
"module_type" : "SwiftTarget",
"name" : "ActionBuilderTool",
"path" : "Sources/ActionBuilderTool",
"product_dependencies" : [
"VersionatorPlugin"
],
"product_memberships" : [
"ActionBuilderTool"
],
"sources" : [
"ActionBuilderTool.swift"
],
"target_dependencies" : [
"ActionBuilderCore"
],
"type" : "executable"
},
{
"c99name" : "ActionBuilderCoreTests",
"module_type" : "SwiftTarget",
"name" : "ActionBuilderCoreTests",
"path" : "Tests/ActionBuilderCoreTests",
"resources" : [
{
"path" : "/Users/admin/builder/spi-builder-workspace/Tests/ActionBuilderCoreTests/Resources/Example-config.package",
"rule" : {
"copy" : {
}
}
},
{
"path" : "/Users/admin/builder/spi-builder-workspace/Tests/ActionBuilderCoreTests/Resources/Example-future.package",
"rule" : {
"copy" : {
}
}
},
{
"path" : "/Users/admin/builder/spi-builder-workspace/Tests/ActionBuilderCoreTests/Resources/Example-mac.package",
"rule" : {
"copy" : {
}
}
},
{
"path" : "/Users/admin/builder/spi-builder-workspace/Tests/ActionBuilderCoreTests/Resources/Example-multi.package",
"rule" : {
"copy" : {
}
}
},
{
"path" : "/Users/admin/builder/spi-builder-workspace/Tests/ActionBuilderCoreTests/Resources/Example-old.package",
"rule" : {
"copy" : {
}
}
}
],
"sources" : [
"GeneratorTests.swift",
"RepoTests.swift",
"TestFrameworkTests.swift"
],
"target_dependencies" : [
"ActionBuilderCore"
],
"type" : "test"
},
{
"c99name" : "ActionBuilderCore",
"module_type" : "SwiftTarget",
"name" : "ActionBuilderCore",
"path" : "Sources/ActionBuilderCore",
"product_dependencies" : [
"Runner",
"SemanticVersion"
],
"product_memberships" : [
"ActionBuilderCore",
"ActionBuilderTool"
],
"sources" : [
"CaseInsensitiveRawRepresentable.swift",
"Compiler.swift",
"Configuration.swift",
"GeneratedWorkflowFile.swift",
"Generator+WorkflowHelpers.swift",
"Generator.swift",
"GitInfo.swift",
"Github.swift",
"PackageInfo.swift",
"Platform.swift",
"Repo+SPM.swift",
"Repo.swift",
"Settings.swift",
"TargetInfo.swift",
"TestFramework.swift",
"YAML.swift"
],
"type" : "library"
}
],
"tools_version" : "6.2"
}
{
"workspace" : {
"name" : "ActionBuilderCore",
"schemes" : [
"ActionBuilderCore",
"ActionBuilderCore-Package",
"ActionBuilderTool",
"ChaosByteStreams",
"VersionatorPlugin"
]
}
}
2026-10-04 02:30:30.176 xcodebuild[1296:7046] [MT] IDERunDestination: Supported platforms for the buildables in the current scheme is empty.
2026-10-04 02:30:30.276 xcodebuild[1296:7046] [MT] IDERunDestination: Supported platforms for the buildables in the current scheme is empty.
{
"workspace" : {
"name" : "ActionBuilderCore",
"schemes" : [
"ActionBuilderCore",
"ActionBuilderCore-Package",
"ActionBuilderTool",
"ChaosByteStreams",
"VersionatorPlugin"
]
}
}
2026-10-04 02:30:31.551 xcodebuild[1300:7092] [MT] IDERunDestination: Supported platforms for the buildables in the current scheme is empty.
2026-10-04 02:30:31.651 xcodebuild[1300:7092] [MT] IDERunDestination: Supported platforms for the buildables in the current scheme is empty.
Running build ...
env DEVELOPER_DIR=/Applications/Xcode-27.0.0-Release.Candidate.app xcrun xcodebuild -IDEClonedSourcePackagesDirPathOverride=$PWD/.dependencies -skipMacroValidation -skipPackagePluginValidation -derivedDataPath $PWD/.derivedData build -scheme ActionBuilderCore-Package -destination generic/platform=xrOS
Command line invocation:
/Applications/Xcode-27.0.0-Release.Candidate.app/Contents/Developer/usr/bin/xcodebuild -IDEClonedSourcePackagesDirPathOverride=/Users/admin/builder/spi-builder-workspace/.dependencies -skipMacroValidation -skipPackagePluginValidation -derivedDataPath /Users/admin/builder/spi-builder-workspace/.derivedData build -scheme ActionBuilderCore-Package -destination generic/platform=xrOS
Resolve Package Graph
Resolved source packages:
ChaosByteStreams: https://github.com/elegantchaos/ChaosByteStreams @ 1.0.7
Versionator: https://github.com/elegantchaos/Versionator.git @ 2.1.1
swift-subprocess: https://github.com/swiftlang/swift-subprocess.git @ 0.5.0
swift-system: https://github.com/apple/swift-system @ 1.8.1
ActionBuilderCore: /Users/admin/builder/spi-builder-workspace
SemanticVersion: https://github.com/elegantchaos/SemanticVersion.git @ 1.1.2
Runner: https://github.com/elegantchaos/Runner.git @ 2.2.0
ComputePackagePrebuildTargetDependencyGraph
Prepare packages
Compile plug-in “VersionatorPlugin” in package “versionator”
[debug]: Compiling plugin to executable at /Users/admin/builder/spi-builder-workspace/.derivedData/Build/Products/PluginExecutables/VersionatorPlugin
[debug]: Using compiler /Applications/Xcode-27.0.0-Release.Candidate.app/Contents/Developer/Toolchains/XcodeDefault.xctoolchain/usr/bin/swiftc
[debug]: Plugin compilation output directory '/Users/admin/builder/spi-builder-workspace/.derivedData/Build/Products/PluginExecutables'
[debug]: Computed hash of plugin compilation inputs: 1397d60c267d0e50771beafbedb10387d893f42ee14f9a5c361857038c21168a
Apply build tool plug-in “VersionatorPlugin” to target “ActionBuilderTool” in package “spi-builder-workspace”
Process build tool plug-in results
package: <IDESwiftPackageCore.IDESwiftPackage:0x90db1de00 path:'/Users/admin/builder/spi-builder-workspace'>
target: ActionBuilderTool
prebuildCommandOutputPaths: []
buildCommands: [SwiftPM.SPMCustomBuildCommand(displayName: Optional("Calculating Version"), executable: "/${BUILD_DIR}/${CONFIGURATION}/VersionatorTool", arguments: ["/Users/admin/builder/spi-builder-workspace", "/Users/admin/builder/spi-builder-workspace/.derivedData/Build/Intermediates.noindex/BuildToolPluginIntermediates/spi-builder-workspace.output/ActionBuilderTool/VersionatorPlugin/GeneratedSources/Version.generated.swift"], environment: [:], workingDir: nil, inputPaths: [], outputPaths: ["/Users/admin/builder/spi-builder-workspace/.derivedData/Build/Intermediates.noindex/BuildToolPluginIntermediates/spi-builder-workspace.output/ActionBuilderTool/VersionatorPlugin/GeneratedSources/Version.generated.swift"], pluginOutputDir: SwiftPM.SPMAbsolutePath(absolutePath: <AbsolutePath:"/Users/admin/builder/spi-builder-workspace/.derivedData/Build/Intermediates.noindex/BuildToolPluginIntermediates/spi-builder-workspace.output/ActionBuilderTool/VersionatorPlugin">), sandboxProfile: Optional(SwiftPM.SPMSandboxProfile(strictness: Basics.Sandbox.Strictness.writableTemporaryDirectory, writableDirectories: [<AbsolutePath:"/Users/admin/builder/spi-builder-workspace/.derivedData/Build/Intermediates.noindex/BuildToolPluginIntermediates/spi-builder-workspace.output/ActionBuilderTool/VersionatorPlugin">], readOnlyDirectories: [<AbsolutePath:"/Users/admin/builder/spi-builder-workspace">])))]
allDerivedOutputPaths: [SwiftPM.SPMAbsolutePath(absolutePath: <AbsolutePath:"/Users/admin/builder/spi-builder-workspace/.derivedData/Build/Intermediates.noindex/BuildToolPluginIntermediates/spi-builder-workspace.output/ActionBuilderTool/VersionatorPlugin/GeneratedSources/Version.generated.swift">)]
CreateBuildRequest
SendProjectDescription
CreateBuildOperation
ComputeTargetDependencyGraph
note: Building targets in dependency order
note: Target dependency graph (21 targets)
Target 'ActionBuilderCoreTests-product' in project 'ActionBuilderCore'
➜ Explicit dependency on target 'ActionBuilderCore_ActionBuilderCoreTests' in project 'ActionBuilderCore'
➜ Explicit dependency on target 'ActionBuilderCore' in project 'ActionBuilderCore'
➜ Explicit dependency on target 'Runner-product' in project 'Runner'
➜ Explicit dependency on target 'SemanticVersion-product' in project 'SemanticVersion'
Target 'ActionBuilderTool-product' in project 'ActionBuilderCore'
➜ Explicit dependency on target 'ActionBuilderCore' in project 'ActionBuilderCore'
➜ Explicit dependency on target 'VersionatorPlugin-product' in project 'Versionator'
➜ Explicit dependency on target 'Runner-product' in project 'Runner'
➜ Explicit dependency on target 'SemanticVersion-product' in project 'SemanticVersion'
Target 'VersionatorPlugin-product' in project 'Versionator'
➜ Explicit dependency on target 'VersionatorPlugin' in project 'Versionator'
Target 'VersionatorPlugin' in project 'Versionator'
➜ Explicit dependency on target 'VersionatorUtils' in project 'Versionator'
➜ Explicit dependency on target 'VersionatorTool-product' in project 'Versionator'
➜ Explicit dependency on target 'Subprocess-product' in project 'swift-subprocess'
Target 'VersionatorTool-product' in project 'Versionator'
➜ Explicit dependency on target 'VersionatorUtils' in project 'Versionator'
➜ Explicit dependency on target 'Subprocess-product' in project 'swift-subprocess'
Target 'Subprocess-product' in project 'swift-subprocess'
➜ Explicit dependency on target 'Subprocess' in project 'swift-subprocess'
➜ Explicit dependency on target '_SubprocessCShims' in project 'swift-subprocess'
➜ Explicit dependency on target 'SystemPackage-product' in project 'swift-system'
Target 'Subprocess' in project 'swift-subprocess'
➜ Explicit dependency on target '_SubprocessCShims' in project 'swift-subprocess'
➜ Explicit dependency on target 'SystemPackage-product' in project 'swift-system'
Target 'SystemPackage-product' in project 'swift-system'
➜ Explicit dependency on target 'SystemPackage' in project 'swift-system'
➜ Explicit dependency on target 'CSystem' in project 'swift-system'
Target 'SystemPackage' in project 'swift-system'
➜ Explicit dependency on target 'CSystem' in project 'swift-system'
Target 'CSystem' in project 'swift-system' (no dependencies)
Target '_SubprocessCShims' in project 'swift-subprocess' (no dependencies)
Target 'VersionatorUtils' in project 'Versionator' (no dependencies)
Target 'ActionBuilderCore-product' in project 'ActionBuilderCore'
➜ Explicit dependency on target 'ActionBuilderCore' in project 'ActionBuilderCore'
➜ Explicit dependency on target 'Runner-product' in project 'Runner'
➜ Explicit dependency on target 'SemanticVersion-product' in project 'SemanticVersion'
Target 'ActionBuilderCore' in project 'ActionBuilderCore'
➜ Explicit dependency on target 'Runner-product' in project 'Runner'
➜ Explicit dependency on target 'SemanticVersion-product' in project 'SemanticVersion'
Target 'SemanticVersion-product' in project 'SemanticVersion'
➜ Explicit dependency on target 'SemanticVersion' in project 'SemanticVersion'
Target 'SemanticVersion' in project 'SemanticVersion' (no dependencies)
Target 'Runner-product' in project 'Runner'
➜ Explicit dependency on target 'Runner' in project 'Runner'
➜ Explicit dependency on target 'ChaosByteStreams-product' in project 'ChaosByteStreams'
Target 'Runner' in project 'Runner'
➜ Explicit dependency on target 'ChaosByteStreams-product' in project 'ChaosByteStreams'
Target 'ChaosByteStreams-product' in project 'ChaosByteStreams'
➜ Explicit dependency on target 'ChaosByteStreams' in project 'ChaosByteStreams'
Target 'ChaosByteStreams' in project 'ChaosByteStreams' (no dependencies)
Target 'ActionBuilderCore_ActionBuilderCoreTests' in project 'ActionBuilderCore' (no dependencies)
GatherProvisioningInputs
CreateBuildDescription
ClangStatCache /Applications/Xcode-27.0.0-Release.Candidate.app/Contents/Developer/Toolchains/XcodeDefault.xctoolchain/usr/bin/clang-stat-cache /Applications/Xcode-27.0.0-Release.Candidate.app/Contents/Developer/Platforms/MacOSX.platform/Developer/SDKs/MacOSX27.0.sdk /Users/admin/builder/spi-builder-workspace/.derivedData/SDKStatCaches.noindex/macosx27.0-26A425-e829b21a6f8c9b70876ba0858053c0446a22442a12e9d48fe1a705f55a1adfc4.sdkstatcache
cd /Users/admin/builder/spi-builder-workspace/.swiftpm/xcode
/Applications/Xcode-27.0.0-Release.Candidate.app/Contents/Developer/Toolchains/XcodeDefault.xctoolchain/usr/bin/clang-stat-cache /Applications/Xcode-27.0.0-Release.Candidate.app/Contents/Developer/Platforms/MacOSX.platform/Developer/SDKs/MacOSX27.0.sdk -o /Users/admin/builder/spi-builder-workspace/.derivedData/SDKStatCaches.noindex/macosx27.0-26A425-e829b21a6f8c9b70876ba0858053c0446a22442a12e9d48fe1a705f55a1adfc4.sdkstatcache
ClangStatCache /Applications/Xcode-27.0.0-Release.Candidate.app/Contents/Developer/Toolchains/XcodeDefault.xctoolchain/usr/bin/clang-stat-cache /Applications/Xcode-27.0.0-Release.Candidate.app/Contents/Developer/Platforms/XROS.platform/Developer/SDKs/XROS27.0.sdk /Users/admin/builder/spi-builder-workspace/.derivedData/SDKStatCaches.noindex/xros27.0-24M361-e829b21a6f8c9b70876ba0858053c044735bd543db762f57723cac368afd1ce4.sdkstatcache
cd /Users/admin/builder/spi-builder-workspace/.swiftpm/xcode
/Applications/Xcode-27.0.0-Release.Candidate.app/Contents/Developer/Toolchains/XcodeDefault.xctoolchain/usr/bin/clang-stat-cache /Applications/Xcode-27.0.0-Release.Candidate.app/Contents/Developer/Platforms/XROS.platform/Developer/SDKs/XROS27.0.sdk -o /Users/admin/builder/spi-builder-workspace/.derivedData/SDKStatCaches.noindex/xros27.0-24M361-e829b21a6f8c9b70876ba0858053c044735bd543db762f57723cac368afd1ce4.sdkstatcache
SwiftDriver Runner normal arm64 com.apple.xcode.tools.swift.compiler (in target 'Runner' from project 'Runner')
cd /Users/admin/builder/spi-builder-workspace/.swiftpm/xcode
builtin-SwiftDriver -- /Applications/Xcode-27.0.0-Release.Candidate.app/Contents/Developer/Toolchains/XcodeDefault.xctoolchain/usr/bin/swiftc -parse-as-library -module-name Runner -Onone @/Users/admin/builder/spi-builder-workspace/.derivedData/Build/Intermediates.noindex/Runner.build/Debug-xros/Runner-t.build/Objects-normal/arm64/Runner.SwiftFileList -DSWIFT_PACKAGE -DDEBUG -DSWIFT_MODULE_RESOURCE_BUNDLE_UNAVAILABLE -DXcode -plugin-path /Applications/Xcode-27.0.0-Release.Candidate.app/Contents/Developer/Toolchains/XcodeDefault.xctoolchain/usr/lib/swift/host/plugins/testing -enable-experimental-feature DebugDescriptionMacro -sdk /Applications/Xcode-27.0.0-Release.Candidate.app/Contents/Developer/Platforms/XROS.platform/Developer/SDKs/XROS27.0.sdk -target arm64-apple-xros1.0 -g -module-cache-path /Users/admin/builder/spi-builder-workspace/.derivedData/ModuleCache.noindex -Xfrontend -serialize-debugging-options -enable-testing -suppress-warnings -index-store-path /Users/admin/builder/spi-builder-workspace/.derivedData/Index.noindex/DataStore -Xcc -D_LIBCPP_HARDENING_MODE\=_LIBCPP_HARDENING_MODE_DEBUG -swift-version 6 -I /Users/admin/builder/spi-builder-workspace/.derivedData/Build/Products/Debug-xros -Isystem /Applications/Xcode-27.0.0-Release.Candidate.app/Contents/Developer/Platforms/XROS.platform/Developer/usr/lib -F /Users/admin/builder/spi-builder-workspace/.derivedData/Build/Products/Debug-xros/PackageFrameworks -F /Users/admin/builder/spi-builder-workspace/.derivedData/Build/Products/Debug-xros -F /Applications/Xcode-27.0.0-Release.Candidate.app/Contents/Developer/Platforms/XROS.platform/Developer/Library/Frameworks -F /Applications/Xcode-27.0.0-Release.Candidate.app/Contents/Developer/Platforms/XROS.platform/Developer/SDKs/XROS27.0.sdk/Developer/Library/Frameworks -c -j10 -enable-batch-mode -incremental -Xcc -ivfsstatcache -Xcc /Users/admin/builder/spi-builder-workspace/.derivedData/SDKStatCaches.noindex/xros27.0-24M361-e829b21a6f8c9b70876ba0858053c044735bd543db762f57723cac368afd1ce4.sdkstatcache -output-file-map /Users/admin/builder/spi-builder-workspace/.derivedData/Build/Intermediates.noindex/Runner.build/Debug-xros/Runner-t.build/Objects-normal/arm64/Runner-OutputFileMap.json -save-temps -no-color-diagnostics -explicit-module-build -module-cache-path /Users/admin/builder/spi-builder-workspace/.derivedData/Build/Intermediates.noindex/SwiftExplicitPrecompiledModules -clang-scanner-module-cache-path /Users/admin/builder/spi-builder-workspace/.derivedData/ModuleCache.noindex -sdk-module-cache-path /Users/admin/builder/spi-builder-workspace/.derivedData/SDKExplicitPrecompiledModules -emit-dependencies -emit-module -emit-module-path /Users/admin/builder/spi-builder-workspace/.derivedData/Build/Intermediates.noindex/Runner.build/Debug-xros/Runner-t.build/Objects-normal/arm64/Runner.swiftmodule -serialize-diagnostics -dependency-scan-serialize-diagnostics-path /Users/admin/builder/spi-builder-workspace/.derivedData/Build/Intermediates.noindex/Runner.build/Debug-xros/Runner-t.build/Objects-normal/arm64/Runner-dependency-scan.dia -user-module-version 2.2.0 -validate-clang-modules-once -clang-build-session-file /Users/admin/builder/spi-builder-workspace/.derivedData/ModuleCache.noindex/Session.modulevalidation -Xcc -fmodules-prune-interval\=86400 -Xcc -fmodules-prune-after\=345600 -package-name runner -emit-const-values -const-gather-protocols-list /Users/admin/builder/spi-builder-workspace/.derivedData/Build/Intermediates.noindex/Runner.build/Debug-xros/Runner-t.build/Objects-normal/arm64/Runner_const_extract_protocols.json -Xcc -I/Users/admin/builder/spi-builder-workspace/.derivedData/Build/Products/Debug-xros/include -Xcc -I/Users/admin/builder/spi-builder-workspace/.derivedData/Build/Intermediates.noindex/Runner.build/Debug-xros/Runner-t.build/DerivedSources-normal/arm64 -Xcc -I/Users/admin/builder/spi-builder-workspace/.derivedData/Build/Intermediates.noindex/Runner.build/Debug-xros/Runner-t.build/DerivedSources/arm64 -Xcc -I/Users/admin/builder/spi-builder-workspace/.derivedData/Build/Intermediates.noindex/Runner.build/Debug-xros/Runner-t.build/DerivedSources -Xcc -DSWIFT_PACKAGE -Xcc -DDEBUG\=1 -emit-objc-header -emit-objc-header-path /Users/admin/builder/spi-builder-workspace/.derivedData/Build/Intermediates.noindex/Runner.build/Debug-xros/Runner-t.build/Objects-normal/arm64/Runner-Swift.h -working-directory /Users/admin/builder/spi-builder-workspace/.swiftpm/xcode -experimental-emit-module-separately -disable-cmo
SwiftDriver VersionatorTool normal x86_64 com.apple.xcode.tools.swift.compiler (in target 'VersionatorTool-product' from project 'Versionator')
cd /Users/admin/builder/spi-builder-workspace/.swiftpm/xcode
builtin-SwiftDriver -- /Applications/Xcode-27.0.0-Release.Candidate.app/Contents/Developer/Toolchains/XcodeDefault.xctoolchain/usr/bin/swiftc -parse-as-library -module-name VersionatorTool -Onone @/Users/admin/builder/spi-builder-workspace/.derivedData/Build/Intermediates.noindex/Versionator.build/Debug/VersionatorTool-p.build/Objects-normal/x86_64/VersionatorTool.SwiftFileList -DSWIFT_PACKAGE -DDEBUG -Xcc -fmodule-map-file\=/Users/admin/builder/spi-builder-workspace/.dependencies/checkouts/swift-system/Sources/CSystem/include/module.modulemap -Xcc -fmodule-map-file\=/Users/admin/builder/spi-builder-workspace/.dependencies/checkouts/swift-subprocess/Sources/_SubprocessCShims/include/module.modulemap -DXcode -plugin-path /Applications/Xcode-27.0.0-Release.Candidate.app/Contents/Developer/Toolchains/XcodeDefault.xctoolchain/usr/lib/swift/host/plugins/testing -enable-experimental-feature DebugDescriptionMacro -sdk /Applications/Xcode-27.0.0-Release.Candidate.app/Contents/Developer/Platforms/MacOSX.platform/Developer/SDKs/MacOSX27.0.sdk -target x86_64-apple-macos26.0 -g -module-cache-path /Users/admin/builder/spi-builder-workspace/.derivedData/ModuleCache.noindex -Xfrontend -serialize-debugging-options -enable-testing -suppress-warnings -index-store-path /Users/admin/builder/spi-builder-workspace/.derivedData/Index.noindex/DataStore -Xcc -D_LIBCPP_HARDENING_MODE\=_LIBCPP_HARDENING_MODE_DEBUG -swift-version 6 -I /Users/admin/builder/spi-builder-workspace/.derivedData/Build/Products/Debug -Isystem /Applications/Xcode-27.0.0-Release.Candidate.app/Contents/Developer/Platforms/MacOSX.platform/Developer/usr/lib -F /Users/admin/builder/spi-builder-workspace/.derivedData/Build/Products/Debug/PackageFrameworks -F /Users/admin/builder/spi-builder-workspace/.derivedData/Build/Products/Debug -F /Applications/Xcode-27.0.0-Release.Candidate.app/Contents/Developer/Platforms/MacOSX.platform/Developer/Library/Frameworks -c -j10 -enable-batch-mode -incremental -Xcc -ivfsstatcache -Xcc /Users/admin/builder/spi-builder-workspace/.derivedData/SDKStatCaches.noindex/macosx27.0-26A425-e829b21a6f8c9b70876ba0858053c0446a22442a12e9d48fe1a705f55a1adfc4.sdkstatcache -output-file-map /Users/admin/builder/spi-builder-workspace/.derivedData/Build/Intermediates.noindex/Versionator.build/Debug/VersionatorTool-p.build/Objects-normal/x86_64/VersionatorTool-OutputFileMap.json -save-temps -no-color-diagnostics -explicit-module-build -module-cache-path /Users/admin/builder/spi-builder-workspace/.derivedData/Build/Intermediates.noindex/SwiftExplicitPrecompiledModules -clang-scanner-module-cache-path /Users/admin/builder/spi-builder-workspace/.derivedData/ModuleCache.noindex -sdk-module-cache-path /Users/admin/builder/spi-builder-workspace/.derivedData/SDKExplicitPrecompiledModules -emit-dependencies -emit-module -emit-module-path /Users/admin/builder/spi-builder-workspace/.derivedData/Build/Intermediates.noindex/Versionator.build/Debug/VersionatorTool-p.build/Objects-normal/x86_64/VersionatorTool.swiftmodule -serialize-diagnostics -dependency-scan-serialize-diagnostics-path /Users/admin/builder/spi-builder-workspace/.derivedData/Build/Intermediates.noindex/Versionator.build/Debug/VersionatorTool-p.build/Objects-normal/x86_64/VersionatorTool-dependency-scan.dia -user-module-version 2.1.1 -validate-clang-modules-once -clang-build-session-file /Users/admin/builder/spi-builder-workspace/.derivedData/ModuleCache.noindex/Session.modulevalidation -Xcc -fmodules-prune-interval\=86400 -Xcc -fmodules-prune-after\=345600 -package-name versionator -emit-const-values -const-gather-protocols-list /Users/admin/builder/spi-builder-workspace/.derivedData/Build/Intermediates.noindex/Versionator.build/Debug/VersionatorTool-p.build/Objects-normal/x86_64/VersionatorTool_const_extract_protocols.json -Xcc -I/Users/admin/builder/spi-builder-workspace/.dependencies/checkouts/swift-system/Sources/CSystem/include -Xcc -I/Users/admin/builder/spi-builder-workspace/.dependencies/checkouts/swift-subprocess/Sources/_SubprocessCShims/include -Xcc -I/Users/admin/builder/spi-builder-workspace/.derivedData/Build/Products/Debug/include -Xcc -I/Users/admin/builder/spi-builder-workspace/.derivedData/Build/Intermediates.noindex/Versionator.build/Debug/VersionatorTool-p.build/DerivedSources-normal/x86_64 -Xcc -I/Users/admin/builder/spi-builder-workspace/.derivedData/Build/Intermediates.noindex/Versionator.build/Debug/VersionatorTool-p.build/DerivedSources/x86_64 -Xcc -I/Users/admin/builder/spi-builder-workspace/.derivedData/Build/Intermediates.noindex/Versionator.build/Debug/VersionatorTool-p.build/DerivedSources -Xcc -DSWIFT_PACKAGE -Xcc -DDEBUG\=1 -working-directory /Users/admin/builder/spi-builder-workspace/.swiftpm/xcode -experimental-emit-module-separately -disable-cmo
SwiftDriver VersionatorTool normal arm64 com.apple.xcode.tools.swift.compiler (in target 'VersionatorTool-product' from project 'Versionator')
cd /Users/admin/builder/spi-builder-workspace/.swiftpm/xcode
builtin-SwiftDriver -- /Applications/Xcode-27.0.0-Release.Candidate.app/Contents/Developer/Toolchains/XcodeDefault.xctoolchain/usr/bin/swiftc -parse-as-library -module-name VersionatorTool -Onone @/Users/admin/builder/spi-builder-workspace/.derivedData/Build/Intermediates.noindex/Versionator.build/Debug/VersionatorTool-p.build/Objects-normal/arm64/VersionatorTool.SwiftFileList -DSWIFT_PACKAGE -DDEBUG -Xcc -fmodule-map-file\=/Users/admin/builder/spi-builder-workspace/.dependencies/checkouts/swift-system/Sources/CSystem/include/module.modulemap -Xcc -fmodule-map-file\=/Users/admin/builder/spi-builder-workspace/.dependencies/checkouts/swift-subprocess/Sources/_SubprocessCShims/include/module.modulemap -DXcode -plugin-path /Applications/Xcode-27.0.0-Release.Candidate.app/Contents/Developer/Toolchains/XcodeDefault.xctoolchain/usr/lib/swift/host/plugins/testing -enable-experimental-feature DebugDescriptionMacro -sdk /Applications/Xcode-27.0.0-Release.Candidate.app/Contents/Developer/Platforms/MacOSX.platform/Developer/SDKs/MacOSX27.0.sdk -target arm64-apple-macos26.0 -g -module-cache-path /Users/admin/builder/spi-builder-workspace/.derivedData/ModuleCache.noindex -Xfrontend -serialize-debugging-options -enable-testing -suppress-warnings -index-store-path /Users/admin/builder/spi-builder-workspace/.derivedData/Index.noindex/DataStore -Xcc -D_LIBCPP_HARDENING_MODE\=_LIBCPP_HARDENING_MODE_DEBUG -swift-version 6 -I /Users/admin/builder/spi-builder-workspace/.derivedData/Build/Products/Debug -Isystem /Applications/Xcode-27.0.0-Release.Candidate.app/Contents/Developer/Platforms/MacOSX.platform/Developer/usr/lib -F /Users/admin/builder/spi-builder-workspace/.derivedData/Build/Products/Debug/PackageFrameworks -F /Users/admin/builder/spi-builder-workspace/.derivedData/Build/Products/Debug -F /Applications/Xcode-27.0.0-Release.Candidate.app/Contents/Developer/Platforms/MacOSX.platform/Developer/Library/Frameworks -c -j10 -enable-batch-mode -incremental -Xcc -ivfsstatcache -Xcc /Users/admin/builder/spi-builder-workspace/.derivedData/SDKStatCaches.noindex/macosx27.0-26A425-e829b21a6f8c9b70876ba0858053c0446a22442a12e9d48fe1a705f55a1adfc4.sdkstatcache -output-file-map /Users/admin/builder/spi-builder-workspace/.derivedData/Build/Intermediates.noindex/Versionator.build/Debug/VersionatorTool-p.build/Objects-normal/arm64/VersionatorTool-OutputFileMap.json -save-temps -no-color-diagnostics -explicit-module-build -module-cache-path /Users/admin/builder/spi-builder-workspace/.derivedData/Build/Intermediates.noindex/SwiftExplicitPrecompiledModules -clang-scanner-module-cache-path /Users/admin/builder/spi-builder-workspace/.derivedData/ModuleCache.noindex -sdk-module-cache-path /Users/admin/builder/spi-builder-workspace/.derivedData/SDKExplicitPrecompiledModules -emit-dependencies -emit-module -emit-module-path /Users/admin/builder/spi-builder-workspace/.derivedData/Build/Intermediates.noindex/Versionator.build/Debug/VersionatorTool-p.build/Objects-normal/arm64/VersionatorTool.swiftmodule -serialize-diagnostics -dependency-scan-serialize-diagnostics-path /Users/admin/builder/spi-builder-workspace/.derivedData/Build/Intermediates.noindex/Versionator.build/Debug/VersionatorTool-p.build/Objects-normal/arm64/VersionatorTool-dependency-scan.dia -user-module-version 2.1.1 -validate-clang-modules-once -clang-build-session-file /Users/admin/builder/spi-builder-workspace/.derivedData/ModuleCache.noindex/Session.modulevalidation -Xcc -fmodules-prune-interval\=86400 -Xcc -fmodules-prune-after\=345600 -package-name versionator -emit-const-values -const-gather-protocols-list /Users/admin/builder/spi-builder-workspace/.derivedData/Build/Intermediates.noindex/Versionator.build/Debug/VersionatorTool-p.build/Objects-normal/arm64/VersionatorTool_const_extract_protocols.json -Xcc -I/Users/admin/builder/spi-builder-workspace/.dependencies/checkouts/swift-system/Sources/CSystem/include -Xcc -I/Users/admin/builder/spi-builder-workspace/.dependencies/checkouts/swift-subprocess/Sources/_SubprocessCShims/include -Xcc -I/Users/admin/builder/spi-builder-workspace/.derivedData/Build/Products/Debug/include -Xcc -I/Users/admin/builder/spi-builder-workspace/.derivedData/Build/Intermediates.noindex/Versionator.build/Debug/VersionatorTool-p.build/DerivedSources-normal/arm64 -Xcc -I/Users/admin/builder/spi-builder-workspace/.derivedData/Build/Intermediates.noindex/Versionator.build/Debug/VersionatorTool-p.build/DerivedSources/arm64 -Xcc -I/Users/admin/builder/spi-builder-workspace/.derivedData/Build/Intermediates.noindex/Versionator.build/Debug/VersionatorTool-p.build/DerivedSources -Xcc -DSWIFT_PACKAGE -Xcc -DDEBUG\=1 -working-directory /Users/admin/builder/spi-builder-workspace/.swiftpm/xcode -experimental-emit-module-separately -disable-cmo
SwiftDriver Subprocess normal x86_64 com.apple.xcode.tools.swift.compiler (in target 'Subprocess' from project 'swift-subprocess')
cd /Users/admin/builder/spi-builder-workspace/.swiftpm/xcode
builtin-SwiftDriver -- /Applications/Xcode-27.0.0-Release.Candidate.app/Contents/Developer/Toolchains/XcodeDefault.xctoolchain/usr/bin/swiftc -parse-as-library -module-name Subprocess -Onone @/Users/admin/builder/spi-builder-workspace/.derivedData/Build/Intermediates.noindex/swift-subprocess.build/Debug/Subprocess-t.build/Objects-normal/x86_64/Subprocess.SwiftFileList -DSWIFT_PACKAGE -DDEBUG -DSWIFT_MODULE_RESOURCE_BUNDLE_UNAVAILABLE -DSubprocessFoundation -DSUBPROCESS_ASYNCIO_KQUEUE -Xcc -fmodule-map-file\=/Users/admin/builder/spi-builder-workspace/.dependencies/checkouts/swift-system/Sources/CSystem/include/module.modulemap -Xcc -fmodule-map-file\=/Users/admin/builder/spi-builder-workspace/.dependencies/checkouts/swift-subprocess/Sources/_SubprocessCShims/include/module.modulemap -DXcode -enable-experimental-feature StrictConcurrency -enable-experimental-feature Lifetimes -enable-upcoming-feature NonisolatedNonsendingByDefault -enable-upcoming-feature ExistentialAny -enable-upcoming-feature MemberImportVisibility -enable-upcoming-feature InternalImportsByDefault -plugin-path /Applications/Xcode-27.0.0-Release.Candidate.app/Contents/Developer/Toolchains/XcodeDefault.xctoolchain/usr/lib/swift/host/plugins/testing -enable-experimental-feature DebugDescriptionMacro -sdk /Applications/Xcode-27.0.0-Release.Candidate.app/Contents/Developer/Platforms/MacOSX.platform/Developer/SDKs/MacOSX27.0.sdk -target x86_64-apple-macos13.0 -g -module-cache-path /Users/admin/builder/spi-builder-workspace/.derivedData/ModuleCache.noindex -Xfrontend -serialize-debugging-options -enable-testing -suppress-warnings -index-store-path /Users/admin/builder/spi-builder-workspace/.derivedData/Index.noindex/DataStore -Xcc -D_LIBCPP_HARDENING_MODE\=_LIBCPP_HARDENING_MODE_DEBUG -swift-version 6 -I /Users/admin/builder/spi-builder-workspace/.derivedData/Build/Products/Debug -Isystem /Applications/Xcode-27.0.0-Release.Candidate.app/Contents/Developer/Platforms/MacOSX.platform/Developer/usr/lib -F /Users/admin/builder/spi-builder-workspace/.derivedData/Build/Products/Debug/PackageFrameworks -F /Users/admin/builder/spi-builder-workspace/.derivedData/Build/Products/Debug -F /Applications/Xcode-27.0.0-Release.Candidate.app/Contents/Developer/Platforms/MacOSX.platform/Developer/Library/Frameworks -c -j10 -enable-batch-mode -incremental -Xcc -ivfsstatcache -Xcc /Users/admin/builder/spi-builder-workspace/.derivedData/SDKStatCaches.noindex/macosx27.0-26A425-e829b21a6f8c9b70876ba0858053c0446a22442a12e9d48fe1a705f55a1adfc4.sdkstatcache -output-file-map /Users/admin/builder/spi-builder-workspace/.derivedData/Build/Intermediates.noindex/swift-subprocess.build/Debug/Subprocess-t.build/Objects-normal/x86_64/Subprocess-OutputFileMap.json -save-temps -no-color-diagnostics -explicit-module-build -module-cache-path /Users/admin/builder/spi-builder-workspace/.derivedData/Build/Intermediates.noindex/SwiftExplicitPrecompiledModules -clang-scanner-module-cache-path /Users/admin/builder/spi-builder-workspace/.derivedData/ModuleCache.noindex -sdk-module-cache-path /Users/admin/builder/spi-builder-workspace/.derivedData/SDKExplicitPrecompiledModules -emit-dependencies -emit-module -emit-module-path /Users/admin/builder/spi-builder-workspace/.derivedData/Build/Intermediates.noindex/swift-subprocess.build/Debug/Subprocess-t.build/Objects-normal/x86_64/Subprocess.swiftmodule -serialize-diagnostics -dependency-scan-serialize-diagnostics-path /Users/admin/builder/spi-builder-workspace/.derivedData/Build/Intermediates.noindex/swift-subprocess.build/Debug/Subprocess-t.build/Objects-normal/x86_64/Subprocess-dependency-scan.dia -user-module-version 0.5.0 -validate-clang-modules-once -clang-build-session-file /Users/admin/builder/spi-builder-workspace/.derivedData/ModuleCache.noindex/Session.modulevalidation -Xcc -fmodules-prune-interval\=86400 -Xcc -fmodules-prune-after\=345600 -package-name swift_subprocess -emit-const-values -const-gather-protocols-list /Users/admin/builder/spi-builder-workspace/.derivedData/Build/Intermediates.noindex/swift-subprocess.build/Debug/Subprocess-t.build/Objects-normal/x86_64/Subprocess_const_extract_protocols.json -Xcc -I/Users/admin/builder/spi-builder-workspace/.dependencies/checkouts/swift-system/Sources/CSystem/include -Xcc -I/Users/admin/builder/spi-builder-workspace/.dependencies/checkouts/swift-subprocess/Sources/_SubprocessCShims/include -Xcc -I/Users/admin/builder/spi-builder-workspace/.derivedData/Build/Products/Debug/include -Xcc -I/Users/admin/builder/spi-builder-workspace/.derivedData/Build/Intermediates.noindex/swift-subprocess.build/Debug/Subprocess-t.build/DerivedSources-normal/x86_64 -Xcc -I/Users/admin/builder/spi-builder-workspace/.derivedData/Build/Intermediates.noindex/swift-subprocess.build/Debug/Subprocess-t.build/DerivedSources/x86_64 -Xcc -I/Users/admin/builder/spi-builder-workspace/.derivedData/Build/Intermediates.noindex/swift-subprocess.build/Debug/Subprocess-t.build/DerivedSources -Xcc -DSWIFT_PACKAGE -Xcc -DDEBUG\=1 -emit-objc-header -emit-objc-header-path /Users/admin/builder/spi-builder-workspace/.derivedData/Build/Intermediates.noindex/swift-subprocess.build/Debug/Subprocess-t.build/Objects-normal/x86_64/Subprocess-Swift.h -working-directory /Users/admin/builder/spi-builder-workspace/.swiftpm/xcode -experimental-emit-module-separately -disable-cmo
SwiftCompile normal arm64 Compiling\ Output.swift /Users/admin/builder/spi-builder-workspace/.dependencies/checkouts/Runner/Sources/Runner/Output.swift (in target 'Runner' from project 'Runner')
SwiftCompile normal arm64 /Users/admin/builder/spi-builder-workspace/.dependencies/checkouts/Runner/Sources/Runner/Output.swift (in target 'Runner' from project 'Runner')
cd /Users/admin/builder/spi-builder-workspace/.swiftpm/xcode
builtin-SwiftPerFileCompile Output.swift
SwiftCompile normal arm64 Compiling\ ExitStateCache.swift /Users/admin/builder/spi-builder-workspace/.dependencies/checkouts/Runner/Sources/Runner/ExitStateCache.swift (in target 'Runner' from project 'Runner')
SwiftCompile normal arm64 /Users/admin/builder/spi-builder-workspace/.dependencies/checkouts/Runner/Sources/Runner/ExitStateCache.swift (in target 'Runner' from project 'Runner')
cd /Users/admin/builder/spi-builder-workspace/.swiftpm/xcode
builtin-SwiftPerFileCompile ExitStateCache.swift
SwiftCompile normal arm64 Compiling\ RunState.swift /Users/admin/builder/spi-builder-workspace/.dependencies/checkouts/Runner/Sources/Runner/RunState.swift (in target 'Runner' from project 'Runner')
/Users/admin/builder/spi-builder-workspace/.dependencies/checkouts/Runner/Sources/Runner/RunState.swift:18:18: error: cannot find type 'Process' in scope
16 | public struct Sequence: AsyncSequence, Sendable {
17 | /// The runner we're reporting on.
18 | let process: Process
| `- error: cannot find type 'Process' in scope
19 |
20 | public func makeAsyncIterator() -> AsyncStream<RunState>.Iterator {
/Users/admin/builder/spi-builder-workspace/.dependencies/checkouts/Runner/Sources/Runner/RunState.swift:63:11: error: cannot find type 'Process' in scope
61 | }
62 |
63 | extension Process {
| `- error: cannot find type 'Process' in scope
64 | /// Return the final state of the process.
65 | var finalState: RunState {
SwiftCompile normal arm64 /Users/admin/builder/spi-builder-workspace/.dependencies/checkouts/Runner/Sources/Runner/RunState.swift (in target 'Runner' from project 'Runner')
cd /Users/admin/builder/spi-builder-workspace/.swiftpm/xcode
builtin-SwiftPerFileCompile RunState.swift
SwiftCompile normal arm64 Compiling\ URL+SystemPath.swift /Users/admin/builder/spi-builder-workspace/.dependencies/checkouts/Runner/Sources/Runner/URL+SystemPath.swift (in target 'Runner' from project 'Runner')
SwiftCompile normal arm64 /Users/admin/builder/spi-builder-workspace/.dependencies/checkouts/Runner/Sources/Runner/URL+SystemPath.swift (in target 'Runner' from project 'Runner')
cd /Users/admin/builder/spi-builder-workspace/.swiftpm/xcode
builtin-SwiftPerFileCompile URL+SystemPath.swift
SwiftEmitModule normal arm64 Emitting\ module\ for\ Runner (in target 'Runner' from project 'Runner')
SwiftCompile normal arm64 (in target 'Runner' from project 'Runner')
cd /Users/admin/builder/spi-builder-workspace/.swiftpm/xcode
SwiftCompile normal arm64 Compiling\ Runner.swift /Users/admin/builder/spi-builder-workspace/.dependencies/checkouts/Runner/Sources/Runner/Runner.swift (in target 'Runner' from project 'Runner')
/Users/admin/builder/spi-builder-workspace/.dependencies/checkouts/Runner/Sources/Runner/Runner.swift:73:19: error: cannot find 'Process' in scope
71 | ) -> Session {
72 |
73 | let process = Process()
| `- error: cannot find 'Process' in scope
74 | if let cwd = cwd { process.currentDirectoryURL = cwd }
75 | process.executableURL = executable
/Users/admin/builder/spi-builder-workspace/.dependencies/checkouts/Runner/Sources/Runner/RunState.swift:18:18: error: cannot find type 'Process' in scope
16 | public struct Sequence: AsyncSequence, Sendable {
17 | /// The runner we're reporting on.
18 | let process: Process
| `- error: cannot find type 'Process' in scope
19 |
20 | public func makeAsyncIterator() -> AsyncStream<RunState>.Iterator {
/Users/admin/builder/spi-builder-workspace/.dependencies/checkouts/Runner/Sources/Runner/Runner.swift:103:19: error: cannot find 'Process' in scope
101 | /// Control is transferred to the launched process, and this function doesn't return.
102 | public func exec(arguments: [String] = []) -> Never {
103 | let process = Process()
| `- error: cannot find 'Process' in scope
104 | if let cwd = cwd { process.currentDirectoryURL = cwd }
105 |
/Users/admin/builder/spi-builder-workspace/.dependencies/checkouts/Runner/Sources/Runner/Runner.swift:111:36: error: cannot infer type of closure parameter 'process' without a type annotation
109 |
110 | let group = self.group
111 | process.terminationHandler = { process in
| `- error: cannot infer type of closure parameter 'process' without a type annotation
112 | group.wait()
113 | Runner.debug("all buffers closed")
Failed frontend command:
/Applications/Xcode-27.0.0-Release.Candidate.app/Contents/Developer/Toolchains/XcodeDefault.xctoolchain/usr/bin/swift-frontend -frontend -c /Users/admin/builder/spi-builder-workspace/.dependencies/checkouts/Runner/Sources/Runner/Error.swift /Users/admin/builder/spi-builder-workspace/.dependencies/checkouts/Runner/Sources/Runner/ExitStateCache.swift /Users/admin/builder/spi-builder-workspace/.dependencies/checkouts/Runner/Sources/Runner/Output.swift /Users/admin/builder/spi-builder-workspace/.dependencies/checkouts/Runner/Sources/Runner/RunState.swift -primary-file /Users/admin/builder/spi-builder-workspace/.dependencies/checkouts/Runner/Sources/Runner/Runner.swift /Users/admin/builder/spi-builder-workspace/.dependencies/checkouts/Runner/Sources/Runner/Session.swift /Users/admin/builder/spi-builder-workspace/.dependencies/checkouts/Runner/Sources/Runner/URL+SystemPath.swift -emit-dependencies-path /Users/admin/builder/spi-builder-workspace/.derivedData/Build/Intermediates.noindex/Runner.build/Debug-xros/Runner-t.build/Objects-normal/arm64/Runner.d -emit-const-values-path /Users/admin/builder/spi-builder-workspace/.derivedData/Build/Intermediates.noindex/Runner.build/Debug-xros/Runner-t.build/Objects-normal/arm64/Runner.swiftconstvalues -emit-reference-dependencies-path /Users/admin/builder/spi-builder-workspace/.derivedData/Build/Intermediates.noindex/Runner.build/Debug-xros/Runner-t.build/Objects-normal/arm64/Runner.swiftdeps -serialize-diagnostics-path /Users/admin/builder/spi-builder-workspace/.derivedData/Build/Intermediates.noindex/Runner.build/Debug-xros/Runner-t.build/Objects-normal/arm64/Runner.dia -target arm64-apple-xros1.0 -disable-cross-import-overlay-search -load-resolved-plugin /Applications/Xcode-27.0.0-Release.Candidate.app/Contents/Developer/Platforms/XROS.platform/Developer/usr/lib/swift/host/plugins/libFoundationMacros.dylib\#/Applications/Xcode-27.0.0-Release.Candidate.app/Contents/Developer/Platforms/XROS.platform/Developer/usr/bin/swift-plugin-server\#FoundationMacros -load-resolved-plugin /Applications/Xcode-27.0.0-Release.Candidate.app/Contents/Developer/Platforms/XROS.platform/Developer/usr/lib/swift/host/plugins/libObservationMacros.dylib\#/Applications/Xcode-27.0.0-Release.Candidate.app/Contents/Developer/Platforms/XROS.platform/Developer/usr/bin/swift-plugin-server\#ObservationMacros -load-resolved-plugin /Applications/Xcode-27.0.0-Release.Candidate.app/Contents/Developer/Platforms/XROS.platform/Developer/usr/lib/swift/host/plugins/libSwiftMacros.dylib\#/Applications/Xcode-27.0.0-Release.Candidate.app/Contents/Developer/Platforms/XROS.platform/Developer/usr/bin/swift-plugin-server\#SwiftMacros -disable-implicit-swift-modules -Xcc -fno-implicit-modules -Xcc -fno-implicit-module-maps -explicit-swift-module-map-file /Users/admin/builder/spi-builder-workspace/.derivedData/Build/Intermediates.noindex/Runner.build/Debug-xros/Runner-t.build/Objects-normal/arm64/Runner-dependencies-1.json -Xllvm -aarch64-use-tbi -enable-objc-interop -stack-check -sdk /Applications/Xcode-27.0.0-Release.Candidate.app/Contents/Developer/Platforms/XROS.platform/Developer/SDKs/XROS27.0.sdk -I /Users/admin/builder/spi-builder-workspace/.derivedData/Build/Products/Debug-xros -Isystem /Applications/Xcode-27.0.0-Release.Candidate.app/Contents/Developer/Platforms/XROS.platform/Developer/usr/lib -F /Users/admin/builder/spi-builder-workspace/.derivedData/Build/Products/Debug-xros/PackageFrameworks -F /Users/admin/builder/spi-builder-workspace/.derivedData/Build/Products/Debug-xros -F /Applications/Xcode-27.0.0-Release.Candidate.app/Contents/Developer/Platforms/XROS.platform/Developer/Library/Frameworks -F /Applications/Xcode-27.0.0-Release.Candidate.app/Contents/Developer/Platforms/XROS.platform/Developer/SDKs/XROS27.0.sdk/Developer/Library/Frameworks -module-cache-path /Users/admin/builder/spi-builder-workspace/.derivedData/Build/Intermediates.noindex/SwiftExplicitPrecompiledModules -no-color-diagnostics -Xcc -fno-color-diagnostics -enable-testing -g -debug-info-format\=dwarf -dwarf-version\=4 -suppress-warnings -swift-version 6 -Onone -D SWIFT_PACKAGE -D DEBUG -D SWIFT_MODULE_RESOURCE_BUNDLE_UNAVAILABLE -D Xcode -serialize-debugging-options -enable-experimental-feature DebugDescriptionMacro -empty-abi-descriptor -user-module-version 2.2.0 -validate-clang-modules-once -clang-build-session-file /Users/admin/builder/spi-builder-workspace/.derivedData/ModuleCache.noindex/Session.modulevalidation -Xcc -working-directory -Xcc /Users/admin/builder/spi-builder-workspace/.swiftpm/xcode -enable-anonymous-context-mangled-names -file-compilation-dir /Users/admin/builder/spi-builder-workspace/.swiftpm/xcode -Xcc -D_LIBCPP_HARDENING_MODE\=_LIBCPP_HARDENING_MODE_DEBUG -Xcc -ivfsstatcache -Xcc /Users/admin/builder/spi-builder-workspace/.derivedData/SDKStatCaches.noindex/xros27.0-24M361-e829b21a6f8c9b70876ba0858053c044735bd543db762f57723cac368afd1ce4.sdkstatcache -Xcc -fmodules-prune-interval\=86400 -Xcc -fmodules-prune-after\=345600 -Xcc -I/Users/admin/builder/spi-builder-workspace/.derivedData/Build/Products/Debug-xros/include -Xcc -I/Users/admin/builder/spi-builder-workspace/.derivedData/Build/Intermediates.noindex/Runner.build/Debug-xros/Runner-t.build/DerivedSources-normal/arm64 -Xcc -I/Users/admin/builder/spi-builder-workspace/.derivedData/Build/Intermediates.noindex/Runner.build/Debug-xros/Runner-t.build/DerivedSources/arm64 -Xcc -I/Users/admin/builder/spi-builder-workspace/.derivedData/Build/Intermediates.noindex/Runner.build/Debug-xros/Runner-t.build/DerivedSources -Xcc -DSWIFT_PACKAGE -Xcc -DDEBUG\=1 -no-auto-bridging-header-chaining -module-name Runner -package-name runner -const-gather-protocols-file /Users/admin/builder/spi-builder-workspace/.derivedData/Build/Intermediates.noindex/Runner.build/Debug-xros/Runner-t.build/Objects-normal/arm64/Runner_const_extract_protocols.json -disable-clang-spi -clang-target arm64-apple-xros27.0 -target-sdk-version 27.0 -target-sdk-name xros27.0 -in-process-plugin-server-path /Applications/Xcode-27.0.0-Release.Candidate.app/Contents/Developer/Toolchains/XcodeDefault.xctoolchain/usr/lib/swift/host/libSwiftInProcPluginServer.dylib -parse-as-library -o /Users/admin/builder/spi-builder-workspace/.derivedData/Build/Intermediates.noindex/Runner.build/Debug-xros/Runner-t.build/Objects-normal/arm64/Runner.o -debug-module-path /Users/admin/builder/spi-builder-workspace/.derivedData/Build/Intermediates.noindex/Runner.build/Debug-xros/Runner-t.build/Objects-normal/arm64/Runner.swiftmodule -index-unit-output-path /Runner.build/Debug-xros/Runner-t.build/Objects-normal/arm64/Runner.o -index-store-path /Users/admin/builder/spi-builder-workspace/.derivedData/Index.noindex/DataStore -index-system-modules
SwiftCompile normal arm64 /Users/admin/builder/spi-builder-workspace/.dependencies/checkouts/Runner/Sources/Runner/Runner.swift (in target 'Runner' from project 'Runner')
cd /Users/admin/builder/spi-builder-workspace/.swiftpm/xcode
builtin-SwiftPerFileCompile Runner.swift
SwiftCompile normal arm64 Compiling\ Session.swift /Users/admin/builder/spi-builder-workspace/.dependencies/checkouts/Runner/Sources/Runner/Session.swift (in target 'Runner' from project 'Runner')
SwiftCompile normal arm64 /Users/admin/builder/spi-builder-workspace/.dependencies/checkouts/Runner/Sources/Runner/Session.swift (in target 'Runner' from project 'Runner')
cd /Users/admin/builder/spi-builder-workspace/.swiftpm/xcode
builtin-SwiftPerFileCompile Session.swift
SwiftEmitModule normal arm64 Emitting\ module\ for\ VersionatorTool (in target 'VersionatorTool-product' from project 'Versionator')
SwiftCompile normal arm64 (in target 'VersionatorTool-product' from project 'Versionator')
cd /Users/admin/builder/spi-builder-workspace/.swiftpm/xcode
SwiftEmitModule normal x86_64 Emitting\ module\ for\ VersionatorTool (in target 'VersionatorTool-product' from project 'Versionator')
SwiftCompile normal x86_64 (in target 'VersionatorTool-product' from project 'Versionator')
cd /Users/admin/builder/spi-builder-workspace/.swiftpm/xcode
SwiftCompile normal arm64 Compiling\ VersionatorTool.swift /Users/admin/builder/spi-builder-workspace/.dependencies/checkouts/Versionator/Sources/VersionatorTool/VersionatorTool.swift (in target 'VersionatorTool-product' from project 'Versionator')
SwiftCompile normal arm64 /Users/admin/builder/spi-builder-workspace/.dependencies/checkouts/Versionator/Sources/VersionatorTool/VersionatorTool.swift (in target 'VersionatorTool-product' from project 'Versionator')
cd /Users/admin/builder/spi-builder-workspace/.swiftpm/xcode
builtin-SwiftPerFileCompile VersionatorTool.swift
SwiftCompile normal x86_64 Compiling\ VersionatorTool.swift /Users/admin/builder/spi-builder-workspace/.dependencies/checkouts/Versionator/Sources/VersionatorTool/VersionatorTool.swift (in target 'VersionatorTool-product' from project 'Versionator')
SwiftCompile normal x86_64 /Users/admin/builder/spi-builder-workspace/.dependencies/checkouts/Versionator/Sources/VersionatorTool/VersionatorTool.swift (in target 'VersionatorTool-product' from project 'Versionator')
cd /Users/admin/builder/spi-builder-workspace/.swiftpm/xcode
builtin-SwiftPerFileCompile VersionatorTool.swift
PruneExplicitPrecompiledModules /Users/admin/builder/spi-builder-workspace/.derivedData/SDKExplicitPrecompiledModules
PruneExplicitPrecompiledModules /Users/admin/builder/spi-builder-workspace/.derivedData/Build/Intermediates.noindex/SwiftExplicitPrecompiledModules
PruneExplicitPrecompiledModules /Users/admin/builder/spi-builder-workspace/.derivedData/Build/Intermediates.noindex/ExplicitPrecompiledModules
2026-10-04 02:30:32.871 xcodebuild[1303:7131] [MT] IDERunDestination: Supported platforms for the buildables in the current scheme is empty.
2026-10-04 02:30:32.973 xcodebuild[1303:7131] [MT] IDERunDestination: Supported platforms for the buildables in the current scheme is empty.
** BUILD FAILED **
The following build commands failed:
SwiftCompile normal arm64 Compiling\ Runner.swift /Users/admin/builder/spi-builder-workspace/.dependencies/checkouts/Runner/Sources/Runner/Runner.swift (in target 'Runner' from project 'Runner')
SwiftCompile normal arm64 /Users/admin/builder/spi-builder-workspace/.dependencies/checkouts/Runner/Sources/Runner/Runner.swift (in target 'Runner' from project 'Runner')
Building workspace ActionBuilderCore with scheme ActionBuilderCore-Package
(3 failures)
BUILD FAILURE 6.4 visionOS