The Swift Package Index logo.Swift Package Index

Build Information

Failed to build HelperKit, reference main (969614), with Swift 6.4 for watchOS using Xcode 27.0 on 19 Sep 2026 22:18:02 UTC.

Build Command

env DEVELOPER_DIR=/Applications/Xcode-27.0.0-Release.Candidate.app xcrun xcodebuild -IDEClonedSourcePackagesDirPathOverride=$PWD/.dependencies -skipMacroValidation -skipPackagePluginValidation -derivedDataPath $PWD/.derivedData build -scheme HelperKit -destination generic/platform=watchOS

Build Log

========================================
RunAll
========================================
Builder version: 5.1.0
Interrupt handler set up.
========================================
Checkout
========================================
Clone URL: https://github.com/marionauta/HelperKit.git
Reference: main
Initialized empty Git repository in /Users/admin/builder/spi-builder-workspace/.git/
From https://github.com/marionauta/HelperKit
 * branch            main       -> FETCH_HEAD
 * [new branch]      main       -> origin/main
HEAD is now at 9696142 docs: update README.md
Cloned https://github.com/marionauta/HelperKit.git
Revision (git rev-parse @):
96961423fc822cdb2bdd7fae5ea34b7b442c7410
SPI manifest file found: $PWD/.spi.yml
SUCCESS checkout https://github.com/marionauta/HelperKit.git at main
========================================
Build
========================================
Selected platform:         watchOS
Swift version:             6.4
Building package at path:  $PWD
https://github.com/marionauta/HelperKit.git
Command line invocation:
    /Applications/Xcode-27.0.0-Release.Candidate.app/Contents/Developer/usr/bin/xcodebuild -IDEClonedSourcePackagesDirPathOverride=/Users/admin/builder/spi-builder-workspace/.dependencies -resolvePackageDependencies
Resolve Package Graph
Resolve Package Graph
Resolve Package Graph
Resolved source packages:
  HelperKit: /Users/admin/builder/spi-builder-workspace
resolved source packages: HelperKit
2026-09-19 18:17:10.147 xcodebuild[524:3007] [MT] IDERunDestination: Supported platforms for the buildables in the current scheme is empty.
{
  "dependencies" : [
  ],
  "manifest_display_name" : "HelperKit",
  "name" : "HelperKit",
  "path" : "/Users/admin/builder/spi-builder-workspace",
  "platforms" : [
    {
      "name" : "ios",
      "version" : "10.0"
    }
  ],
  "products" : [
    {
      "name" : "HelperKit",
      "targets" : [
        "HelperKit"
      ],
      "type" : {
        "library" : [
          "automatic"
        ]
      }
    }
  ],
  "targets" : [
    {
      "c99name" : "HelperKit",
      "module_type" : "SwiftTarget",
      "name" : "HelperKit",
      "path" : "Sources/HelperKit",
      "product_memberships" : [
        "HelperKit"
      ],
      "sources" : [
        "Extensions/Array.swift",
        "Extensions/BinaryFloatingPoint+CGFloat.swift",
        "Extensions/BinaryInteger+CGFloat.swift",
        "Extensions/Bundle.swift",
        "Extensions/CGSize.swift",
        "Extensions/Comparable.swift",
        "Extensions/Dictionary.swift",
        "Extensions/Numeric.swift",
        "Extensions/Optional.swift",
        "Extensions/Sequence+Optional.swift",
        "Extensions/String.swift",
        "Extensions/UIButton.swift",
        "Extensions/UIEdgeInsets.swift",
        "Extensions/UIImage.swift",
        "Extensions/UIStackView.swift",
        "Extensions/UIView.swift",
        "Extensions/UIViewController.swift",
        "Extensions/URL.swift",
        "Models/Identifier.swift",
        "Protocols/Apply.swift"
      ],
      "type" : "library"
    }
  ],
  "tools_version" : "5.2"
}
{
  "workspace" : {
    "name" : "HelperKit",
    "schemes" : [
      "HelperKit"
    ]
  }
}
2026-09-19 18:17:51.063 xcodebuild[623:3898] [MT] IDERunDestination: Supported platforms for the buildables in the current scheme is empty.
Running build ...
env DEVELOPER_DIR=/Applications/Xcode-27.0.0-Release.Candidate.app xcrun xcodebuild -IDEClonedSourcePackagesDirPathOverride=$PWD/.dependencies -skipMacroValidation -skipPackagePluginValidation -derivedDataPath $PWD/.derivedData build -scheme HelperKit -destination generic/platform=watchOS
Command line invocation:
    /Applications/Xcode-27.0.0-Release.Candidate.app/Contents/Developer/usr/bin/xcodebuild -IDEClonedSourcePackagesDirPathOverride=/Users/admin/builder/spi-builder-workspace/.dependencies -skipMacroValidation -skipPackagePluginValidation -derivedDataPath /Users/admin/builder/spi-builder-workspace/.derivedData build -scheme HelperKit -destination generic/platform=watchOS
Resolve Package Graph
Resolved source packages:
  HelperKit: /Users/admin/builder/spi-builder-workspace
ComputePackagePrebuildTargetDependencyGraph
Prepare packages
CreateBuildRequest
SendProjectDescription
CreateBuildOperation
ComputeTargetDependencyGraph
note: Building targets in dependency order
note: Target dependency graph (2 targets)
    Target 'HelperKit-product' in project 'HelperKit'
        ➜ Explicit dependency on target 'HelperKit' in project 'HelperKit'
    Target 'HelperKit' in project 'HelperKit' (no dependencies)
GatherProvisioningInputs
CreateBuildDescription
ExecuteExternalTool /Applications/Xcode-27.0.0-Release.Candidate.app/Contents/Developer/Toolchains/XcodeDefault.xctoolchain/usr/bin/clang -v -E -dM -isysroot /Applications/Xcode-27.0.0-Release.Candidate.app/Contents/Developer/Platforms/WatchOS.platform/Developer/SDKs/WatchOS27.0.sdk -x c -c /dev/null
ExecuteExternalTool /Applications/Xcode-27.0.0-Release.Candidate.app/Contents/Developer/Toolchains/XcodeDefault.xctoolchain/usr/bin/swiftc --version
ExecuteExternalTool /Applications/Xcode-27.0.0-Release.Candidate.app/Contents/Developer/Toolchains/XcodeDefault.xctoolchain/usr/bin/ld -version_details
Build description signature: c33fc7564f98962ea9a68c41f483b6ed
Build description path: /Users/admin/builder/spi-builder-workspace/.derivedData/Build/Intermediates.noindex/XCBuildData/c33fc7564f98962ea9a68c41f483b6ed.xcbuilddata
CreateBuildDirectory /Users/admin/builder/spi-builder-workspace/.derivedData/SDKExplicitPrecompiledModules
    cd /Users/admin/builder/spi-builder-workspace/.swiftpm/xcode
    builtin-create-build-directory /Users/admin/builder/spi-builder-workspace/.derivedData/SDKExplicitPrecompiledModules
CreateBuildDirectory /Users/admin/builder/spi-builder-workspace/.derivedData/ModuleCache.noindex
    cd /Users/admin/builder/spi-builder-workspace/.swiftpm/xcode
    builtin-create-build-directory /Users/admin/builder/spi-builder-workspace/.derivedData/ModuleCache.noindex
CreateBuildDirectory /Users/admin/builder/spi-builder-workspace/.derivedData/CompilationCache.noindex
    cd /Users/admin/builder/spi-builder-workspace/.swiftpm/xcode
    builtin-create-build-directory /Users/admin/builder/spi-builder-workspace/.derivedData/CompilationCache.noindex
CreateBuildDirectory /Users/admin/builder/spi-builder-workspace/.derivedData/Build/Intermediates.noindex
    cd /Users/admin/builder/spi-builder-workspace/.swiftpm/xcode
    builtin-create-build-directory /Users/admin/builder/spi-builder-workspace/.derivedData/Build/Intermediates.noindex
ClangStatCache /Applications/Xcode-27.0.0-Release.Candidate.app/Contents/Developer/Toolchains/XcodeDefault.xctoolchain/usr/bin/clang-stat-cache /Applications/Xcode-27.0.0-Release.Candidate.app/Contents/Developer/Platforms/WatchOS.platform/Developer/SDKs/WatchOS27.0.sdk /Users/admin/builder/spi-builder-workspace/.derivedData/SDKStatCaches.noindex/watchos27.0-24R360-e829b21a6f8c9b70876ba0858053c04477534ef55a1706bf4c1112bbb242f0a2.sdkstatcache
    cd /Users/admin/builder/spi-builder-workspace/.swiftpm/xcode
    /Applications/Xcode-27.0.0-Release.Candidate.app/Contents/Developer/Toolchains/XcodeDefault.xctoolchain/usr/bin/clang-stat-cache /Applications/Xcode-27.0.0-Release.Candidate.app/Contents/Developer/Platforms/WatchOS.platform/Developer/SDKs/WatchOS27.0.sdk -o /Users/admin/builder/spi-builder-workspace/.derivedData/SDKStatCaches.noindex/watchos27.0-24R360-e829b21a6f8c9b70876ba0858053c04477534ef55a1706bf4c1112bbb242f0a2.sdkstatcache
CreateBuildDirectory /Users/admin/builder/spi-builder-workspace/.derivedData/Build/Products
    cd /Users/admin/builder/spi-builder-workspace/.swiftpm/xcode
    builtin-create-build-directory /Users/admin/builder/spi-builder-workspace/.derivedData/Build/Products
CreateBuildDirectory /Users/admin/builder/spi-builder-workspace/.derivedData/Build/Intermediates.noindex/SwiftExplicitPrecompiledModules
    cd /Users/admin/builder/spi-builder-workspace/.swiftpm/xcode
    builtin-create-build-directory /Users/admin/builder/spi-builder-workspace/.derivedData/Build/Intermediates.noindex/SwiftExplicitPrecompiledModules
CreateBuildDirectory /Users/admin/builder/spi-builder-workspace/.derivedData/Build/Intermediates.noindex/PrecompiledHeaders
    cd /Users/admin/builder/spi-builder-workspace/.swiftpm/xcode
    builtin-create-build-directory /Users/admin/builder/spi-builder-workspace/.derivedData/Build/Intermediates.noindex/PrecompiledHeaders
CreateBuildDirectory /Users/admin/builder/spi-builder-workspace/.derivedData/Build/Intermediates.noindex/ExplicitPrecompiledModules
    cd /Users/admin/builder/spi-builder-workspace/.swiftpm/xcode
    builtin-create-build-directory /Users/admin/builder/spi-builder-workspace/.derivedData/Build/Intermediates.noindex/ExplicitPrecompiledModules
CreateBuildDirectory /Users/admin/builder/spi-builder-workspace/.derivedData/Build/Intermediates.noindex/EagerLinkingTBDs/Debug-watchos
    cd /Users/admin/builder/spi-builder-workspace/.swiftpm/xcode
    builtin-create-build-directory /Users/admin/builder/spi-builder-workspace/.derivedData/Build/Intermediates.noindex/EagerLinkingTBDs/Debug-watchos
CreateBuildDirectory /Users/admin/builder/spi-builder-workspace/.derivedData/Build/Products/Debug-watchos
    cd /Users/admin/builder/spi-builder-workspace/.swiftpm/xcode
    builtin-create-build-directory /Users/admin/builder/spi-builder-workspace/.derivedData/Build/Products/Debug-watchos
CreateBuildDirectory /Users/admin/builder/spi-builder-workspace/.derivedData/Build/Products/Debug-watchos/PackageFrameworks
    cd /Users/admin/builder/spi-builder-workspace/.swiftpm/xcode
    builtin-create-build-directory /Users/admin/builder/spi-builder-workspace/.derivedData/Build/Products/Debug-watchos/PackageFrameworks
WriteAuxiliaryFile /Users/admin/builder/spi-builder-workspace/.derivedData/Build/Intermediates.noindex/HelperKit.build/Debug-watchos/HelperKit-t.build/Objects-normal/arm64_32/HelperKit_const_extract_protocols.json (in target 'HelperKit' from project 'HelperKit')
    cd /Users/admin/builder/spi-builder-workspace
    write-file /Users/admin/builder/spi-builder-workspace/.derivedData/Build/Intermediates.noindex/HelperKit.build/Debug-watchos/HelperKit-t.build/Objects-normal/arm64_32/HelperKit_const_extract_protocols.json
WriteAuxiliaryFile /Users/admin/builder/spi-builder-workspace/.derivedData/Build/Intermediates.noindex/HelperKit.build/Debug-watchos/HelperKit-t.build/Objects-normal/arm64_32/HelperKit-OutputFileMap.json (in target 'HelperKit' from project 'HelperKit')
    cd /Users/admin/builder/spi-builder-workspace
    write-file /Users/admin/builder/spi-builder-workspace/.derivedData/Build/Intermediates.noindex/HelperKit.build/Debug-watchos/HelperKit-t.build/Objects-normal/arm64_32/HelperKit-OutputFileMap.json
WriteAuxiliaryFile /Users/admin/builder/spi-builder-workspace/.derivedData/Build/Intermediates.noindex/HelperKit.build/Debug-watchos/HelperKit-t.build/Objects-normal/arm64/HelperKit.SwiftFileList (in target 'HelperKit' from project 'HelperKit')
    cd /Users/admin/builder/spi-builder-workspace
    write-file /Users/admin/builder/spi-builder-workspace/.derivedData/Build/Intermediates.noindex/HelperKit.build/Debug-watchos/HelperKit-t.build/Objects-normal/arm64/HelperKit.SwiftFileList
WriteAuxiliaryFile /Users/admin/builder/spi-builder-workspace/.derivedData/Build/Intermediates.noindex/HelperKit.build/Debug-watchos/HelperKit-t.build/Objects-normal/arm64/HelperKit_const_extract_protocols.json (in target 'HelperKit' from project 'HelperKit')
    cd /Users/admin/builder/spi-builder-workspace
    write-file /Users/admin/builder/spi-builder-workspace/.derivedData/Build/Intermediates.noindex/HelperKit.build/Debug-watchos/HelperKit-t.build/Objects-normal/arm64/HelperKit_const_extract_protocols.json
WriteAuxiliaryFile /Users/admin/builder/spi-builder-workspace/.derivedData/Build/Intermediates.noindex/HelperKit.build/Debug-watchos/HelperKit-t.build/Objects-normal/arm64_32/HelperKit.LinkFileList (in target 'HelperKit' from project 'HelperKit')
    cd /Users/admin/builder/spi-builder-workspace
    write-file /Users/admin/builder/spi-builder-workspace/.derivedData/Build/Intermediates.noindex/HelperKit.build/Debug-watchos/HelperKit-t.build/Objects-normal/arm64_32/HelperKit.LinkFileList
WriteAuxiliaryFile /Users/admin/builder/spi-builder-workspace/.derivedData/Build/Intermediates.noindex/HelperKit.build/Debug-watchos/HelperKit-t.build/Objects-normal/arm64_32/HelperKit.SwiftConstValuesFileList (in target 'HelperKit' from project 'HelperKit')
    cd /Users/admin/builder/spi-builder-workspace
    write-file /Users/admin/builder/spi-builder-workspace/.derivedData/Build/Intermediates.noindex/HelperKit.build/Debug-watchos/HelperKit-t.build/Objects-normal/arm64_32/HelperKit.SwiftConstValuesFileList
WriteAuxiliaryFile /Users/admin/builder/spi-builder-workspace/.derivedData/Build/Intermediates.noindex/HelperKit.build/Debug-watchos/HelperKit-t.build/Objects-normal/arm64_32/HelperKit.SwiftFileList (in target 'HelperKit' from project 'HelperKit')
    cd /Users/admin/builder/spi-builder-workspace
    write-file /Users/admin/builder/spi-builder-workspace/.derivedData/Build/Intermediates.noindex/HelperKit.build/Debug-watchos/HelperKit-t.build/Objects-normal/arm64_32/HelperKit.SwiftFileList
WriteAuxiliaryFile /Users/admin/builder/spi-builder-workspace/.derivedData/Build/Intermediates.noindex/HelperKit.build/Debug-watchos/HelperKit-t.build/Objects-normal/arm64/HelperKit.SwiftConstValuesFileList (in target 'HelperKit' from project 'HelperKit')
    cd /Users/admin/builder/spi-builder-workspace
    write-file /Users/admin/builder/spi-builder-workspace/.derivedData/Build/Intermediates.noindex/HelperKit.build/Debug-watchos/HelperKit-t.build/Objects-normal/arm64/HelperKit.SwiftConstValuesFileList
WriteAuxiliaryFile /Users/admin/builder/spi-builder-workspace/.derivedData/Build/Intermediates.noindex/HelperKit.build/Debug-watchos/HelperKit-t.build/Objects-normal/arm64/HelperKit.LinkFileList (in target 'HelperKit' from project 'HelperKit')
    cd /Users/admin/builder/spi-builder-workspace
    write-file /Users/admin/builder/spi-builder-workspace/.derivedData/Build/Intermediates.noindex/HelperKit.build/Debug-watchos/HelperKit-t.build/Objects-normal/arm64/HelperKit.LinkFileList
WriteAuxiliaryFile /Users/admin/builder/spi-builder-workspace/.derivedData/Build/Intermediates.noindex/HelperKit.build/Debug-watchos/HelperKit-t.build/Objects-normal/arm64/HelperKit-OutputFileMap.json (in target 'HelperKit' from project 'HelperKit')
    cd /Users/admin/builder/spi-builder-workspace
    write-file /Users/admin/builder/spi-builder-workspace/.derivedData/Build/Intermediates.noindex/HelperKit.build/Debug-watchos/HelperKit-t.build/Objects-normal/arm64/HelperKit-OutputFileMap.json
WriteAuxiliaryFile /Users/admin/builder/spi-builder-workspace/.derivedData/Build/Intermediates.noindex/HelperKit.build/Debug-watchos/HelperKit-t.build/HelperKit.modulemap (in target 'HelperKit' from project 'HelperKit')
    cd /Users/admin/builder/spi-builder-workspace
    write-file /Users/admin/builder/spi-builder-workspace/.derivedData/Build/Intermediates.noindex/HelperKit.build/Debug-watchos/HelperKit-t.build/HelperKit.modulemap
WriteAuxiliaryFile /Users/admin/builder/spi-builder-workspace/.derivedData/Build/Intermediates.noindex/HelperKit.build/Debug-watchos/HelperKit-t.build/HelperKit.DependencyStaticMetadataFileList (in target 'HelperKit' from project 'HelperKit')
    cd /Users/admin/builder/spi-builder-workspace
    write-file /Users/admin/builder/spi-builder-workspace/.derivedData/Build/Intermediates.noindex/HelperKit.build/Debug-watchos/HelperKit-t.build/HelperKit.DependencyStaticMetadataFileList
WriteAuxiliaryFile /Users/admin/builder/spi-builder-workspace/.derivedData/Build/Intermediates.noindex/HelperKit.build/Debug-watchos/HelperKit-t.build/HelperKit.DependencyMetadataFileList (in target 'HelperKit' from project 'HelperKit')
    cd /Users/admin/builder/spi-builder-workspace
    write-file /Users/admin/builder/spi-builder-workspace/.derivedData/Build/Intermediates.noindex/HelperKit.build/Debug-watchos/HelperKit-t.build/HelperKit.DependencyMetadataFileList
Copy /Users/admin/builder/spi-builder-workspace/.derivedData/Build/Intermediates.noindex/GeneratedModuleMaps-watchos/HelperKit.modulemap /Users/admin/builder/spi-builder-workspace/.derivedData/Build/Intermediates.noindex/HelperKit.build/Debug-watchos/HelperKit-t.build/HelperKit.modulemap (in target 'HelperKit' from project 'HelperKit')
    cd /Users/admin/builder/spi-builder-workspace
    builtin-copy -exclude .DS_Store -exclude CVS -exclude .svn -exclude .git -exclude .hg -resolve-src-symlinks /Users/admin/builder/spi-builder-workspace/.derivedData/Build/Intermediates.noindex/HelperKit.build/Debug-watchos/HelperKit-t.build/HelperKit.modulemap /Users/admin/builder/spi-builder-workspace/.derivedData/Build/Intermediates.noindex/GeneratedModuleMaps-watchos
SwiftDriver HelperKit normal arm64 com.apple.xcode.tools.swift.compiler (in target 'HelperKit' from project 'HelperKit')
    cd /Users/admin/builder/spi-builder-workspace/.swiftpm/xcode
    builtin-SwiftDriver -- /Applications/Xcode-27.0.0-Release.Candidate.app/Contents/Developer/Toolchains/XcodeDefault.xctoolchain/usr/bin/swiftc -parse-as-library -module-name HelperKit -Onone @/Users/admin/builder/spi-builder-workspace/.derivedData/Build/Intermediates.noindex/HelperKit.build/Debug-watchos/HelperKit-t.build/Objects-normal/arm64/HelperKit.SwiftFileList -DSWIFT_PACKAGE -DDEBUG -DSWIFT_MODULE_RESOURCE_BUNDLE_UNAVAILABLE -DXcode -plugin-path /Applications/Xcode-27.0.0-Release.Candidate.app/Contents/Developer/Toolchains/XcodeDefault.xctoolchain/usr/lib/swift/host/plugins/testing -enable-experimental-feature DebugDescriptionMacro -sdk /Applications/Xcode-27.0.0-Release.Candidate.app/Contents/Developer/Platforms/WatchOS.platform/Developer/SDKs/WatchOS27.0.sdk -target arm64-apple-watchos9.0 -g -module-cache-path /Users/admin/builder/spi-builder-workspace/.derivedData/ModuleCache.noindex -Xfrontend -serialize-debugging-options -enable-testing -index-store-path /Users/admin/builder/spi-builder-workspace/.derivedData/Index.noindex/DataStore -Xcc -D_LIBCPP_HARDENING_MODE\=_LIBCPP_HARDENING_MODE_DEBUG -swift-version 5 -I /Users/admin/builder/spi-builder-workspace/.derivedData/Build/Products/Debug-watchos -Isystem /Applications/Xcode-27.0.0-Release.Candidate.app/Contents/Developer/Platforms/WatchOS.platform/Developer/usr/lib -F /Users/admin/builder/spi-builder-workspace/.derivedData/Build/Products/Debug-watchos -F /Applications/Xcode-27.0.0-Release.Candidate.app/Contents/Developer/Platforms/WatchOS.platform/Developer/Library/Frameworks -F /Applications/Xcode-27.0.0-Release.Candidate.app/Contents/Developer/Platforms/WatchOS.platform/Developer/SDKs/WatchOS27.0.sdk/Developer/Library/Frameworks -c -j10 -enable-batch-mode -incremental -Xcc -ivfsstatcache -Xcc /Users/admin/builder/spi-builder-workspace/.derivedData/SDKStatCaches.noindex/watchos27.0-24R360-e829b21a6f8c9b70876ba0858053c04477534ef55a1706bf4c1112bbb242f0a2.sdkstatcache -output-file-map /Users/admin/builder/spi-builder-workspace/.derivedData/Build/Intermediates.noindex/HelperKit.build/Debug-watchos/HelperKit-t.build/Objects-normal/arm64/HelperKit-OutputFileMap.json -save-temps -no-color-diagnostics -explicit-module-build -module-cache-path /Users/admin/builder/spi-builder-workspace/.derivedData/Build/Intermediates.noindex/SwiftExplicitPrecompiledModules -clang-scanner-module-cache-path /Users/admin/builder/spi-builder-workspace/.derivedData/ModuleCache.noindex -sdk-module-cache-path /Users/admin/builder/spi-builder-workspace/.derivedData/SDKExplicitPrecompiledModules -emit-dependencies -emit-module -emit-module-path /Users/admin/builder/spi-builder-workspace/.derivedData/Build/Intermediates.noindex/HelperKit.build/Debug-watchos/HelperKit-t.build/Objects-normal/arm64/HelperKit.swiftmodule -serialize-diagnostics -dependency-scan-serialize-diagnostics-path /Users/admin/builder/spi-builder-workspace/.derivedData/Build/Intermediates.noindex/HelperKit.build/Debug-watchos/HelperKit-t.build/Objects-normal/arm64/HelperKit-dependency-scan.dia -validate-clang-modules-once -clang-build-session-file /Users/admin/builder/spi-builder-workspace/.derivedData/ModuleCache.noindex/Session.modulevalidation -Xcc -fmodules-prune-interval\=86400 -Xcc -fmodules-prune-after\=345600 -emit-const-values -const-gather-protocols-list /Users/admin/builder/spi-builder-workspace/.derivedData/Build/Intermediates.noindex/HelperKit.build/Debug-watchos/HelperKit-t.build/Objects-normal/arm64/HelperKit_const_extract_protocols.json -Xcc -I/Users/admin/builder/spi-builder-workspace/.derivedData/Build/Products/Debug-watchos/include -Xcc -I/Users/admin/builder/spi-builder-workspace/.derivedData/Build/Intermediates.noindex/HelperKit.build/Debug-watchos/HelperKit-t.build/DerivedSources-normal/arm64 -Xcc -I/Users/admin/builder/spi-builder-workspace/.derivedData/Build/Intermediates.noindex/HelperKit.build/Debug-watchos/HelperKit-t.build/DerivedSources/arm64 -Xcc -I/Users/admin/builder/spi-builder-workspace/.derivedData/Build/Intermediates.noindex/HelperKit.build/Debug-watchos/HelperKit-t.build/DerivedSources -Xcc -DSWIFT_PACKAGE -Xcc -DDEBUG\=1 -emit-objc-header -emit-objc-header-path /Users/admin/builder/spi-builder-workspace/.derivedData/Build/Intermediates.noindex/HelperKit.build/Debug-watchos/HelperKit-t.build/Objects-normal/arm64/HelperKit-Swift.h -working-directory /Users/admin/builder/spi-builder-workspace/.swiftpm/xcode -experimental-emit-module-separately -disable-cmo
SwiftDriver HelperKit normal arm64_32 com.apple.xcode.tools.swift.compiler (in target 'HelperKit' from project 'HelperKit')
    cd /Users/admin/builder/spi-builder-workspace/.swiftpm/xcode
    builtin-SwiftDriver -- /Applications/Xcode-27.0.0-Release.Candidate.app/Contents/Developer/Toolchains/XcodeDefault.xctoolchain/usr/bin/swiftc -parse-as-library -module-name HelperKit -Onone @/Users/admin/builder/spi-builder-workspace/.derivedData/Build/Intermediates.noindex/HelperKit.build/Debug-watchos/HelperKit-t.build/Objects-normal/arm64_32/HelperKit.SwiftFileList -DSWIFT_PACKAGE -DDEBUG -DSWIFT_MODULE_RESOURCE_BUNDLE_UNAVAILABLE -DXcode -plugin-path /Applications/Xcode-27.0.0-Release.Candidate.app/Contents/Developer/Toolchains/XcodeDefault.xctoolchain/usr/lib/swift/host/plugins/testing -enable-experimental-feature DebugDescriptionMacro -sdk /Applications/Xcode-27.0.0-Release.Candidate.app/Contents/Developer/Platforms/WatchOS.platform/Developer/SDKs/WatchOS27.0.sdk -target arm64_32-apple-watchos9.0 -g -module-cache-path /Users/admin/builder/spi-builder-workspace/.derivedData/ModuleCache.noindex -Xfrontend -serialize-debugging-options -enable-testing -index-store-path /Users/admin/builder/spi-builder-workspace/.derivedData/Index.noindex/DataStore -Xcc -D_LIBCPP_HARDENING_MODE\=_LIBCPP_HARDENING_MODE_DEBUG -swift-version 5 -I /Users/admin/builder/spi-builder-workspace/.derivedData/Build/Products/Debug-watchos -Isystem /Applications/Xcode-27.0.0-Release.Candidate.app/Contents/Developer/Platforms/WatchOS.platform/Developer/usr/lib -F /Users/admin/builder/spi-builder-workspace/.derivedData/Build/Products/Debug-watchos -F /Applications/Xcode-27.0.0-Release.Candidate.app/Contents/Developer/Platforms/WatchOS.platform/Developer/Library/Frameworks -F /Applications/Xcode-27.0.0-Release.Candidate.app/Contents/Developer/Platforms/WatchOS.platform/Developer/SDKs/WatchOS27.0.sdk/Developer/Library/Frameworks -c -j10 -enable-batch-mode -incremental -Xcc -ivfsstatcache -Xcc /Users/admin/builder/spi-builder-workspace/.derivedData/SDKStatCaches.noindex/watchos27.0-24R360-e829b21a6f8c9b70876ba0858053c04477534ef55a1706bf4c1112bbb242f0a2.sdkstatcache -output-file-map /Users/admin/builder/spi-builder-workspace/.derivedData/Build/Intermediates.noindex/HelperKit.build/Debug-watchos/HelperKit-t.build/Objects-normal/arm64_32/HelperKit-OutputFileMap.json -save-temps -no-color-diagnostics -explicit-module-build -module-cache-path /Users/admin/builder/spi-builder-workspace/.derivedData/Build/Intermediates.noindex/SwiftExplicitPrecompiledModules -clang-scanner-module-cache-path /Users/admin/builder/spi-builder-workspace/.derivedData/ModuleCache.noindex -sdk-module-cache-path /Users/admin/builder/spi-builder-workspace/.derivedData/SDKExplicitPrecompiledModules -emit-dependencies -emit-module -emit-module-path /Users/admin/builder/spi-builder-workspace/.derivedData/Build/Intermediates.noindex/HelperKit.build/Debug-watchos/HelperKit-t.build/Objects-normal/arm64_32/HelperKit.swiftmodule -serialize-diagnostics -dependency-scan-serialize-diagnostics-path /Users/admin/builder/spi-builder-workspace/.derivedData/Build/Intermediates.noindex/HelperKit.build/Debug-watchos/HelperKit-t.build/Objects-normal/arm64_32/HelperKit-dependency-scan.dia -validate-clang-modules-once -clang-build-session-file /Users/admin/builder/spi-builder-workspace/.derivedData/ModuleCache.noindex/Session.modulevalidation -Xcc -fmodules-prune-interval\=86400 -Xcc -fmodules-prune-after\=345600 -emit-const-values -const-gather-protocols-list /Users/admin/builder/spi-builder-workspace/.derivedData/Build/Intermediates.noindex/HelperKit.build/Debug-watchos/HelperKit-t.build/Objects-normal/arm64_32/HelperKit_const_extract_protocols.json -Xcc -I/Users/admin/builder/spi-builder-workspace/.derivedData/Build/Products/Debug-watchos/include -Xcc -I/Users/admin/builder/spi-builder-workspace/.derivedData/Build/Intermediates.noindex/HelperKit.build/Debug-watchos/HelperKit-t.build/DerivedSources-normal/arm64_32 -Xcc -I/Users/admin/builder/spi-builder-workspace/.derivedData/Build/Intermediates.noindex/HelperKit.build/Debug-watchos/HelperKit-t.build/DerivedSources/arm64_32 -Xcc -I/Users/admin/builder/spi-builder-workspace/.derivedData/Build/Intermediates.noindex/HelperKit.build/Debug-watchos/HelperKit-t.build/DerivedSources -Xcc -DSWIFT_PACKAGE -Xcc -DDEBUG\=1 -emit-objc-header -emit-objc-header-path /Users/admin/builder/spi-builder-workspace/.derivedData/Build/Intermediates.noindex/HelperKit.build/Debug-watchos/HelperKit-t.build/Objects-normal/arm64_32/HelperKit-Swift.h -working-directory /Users/admin/builder/spi-builder-workspace/.swiftpm/xcode -experimental-emit-module-separately -disable-cmo
SwiftExplicitDependencyGeneratePcm arm64 /Users/admin/builder/spi-builder-workspace/.derivedData/SDKExplicitPrecompiledModules/_Builtin_float-C0CW5Q4HGBQYKE77TC42IAFB5.pcm
SwiftExplicitDependencyGeneratePcm arm64 /Users/admin/builder/spi-builder-workspace/.derivedData/SDKExplicitPrecompiledModules/ptrauth-3TZ9WJCGLYD25HQPWH4968ONX.pcm
SwiftExplicitDependencyGeneratePcm arm64 /Users/admin/builder/spi-builder-workspace/.derivedData/SDKExplicitPrecompiledModules/_Builtin_stddef-1FU30Y8SWFB7OUUHMJQH5J6FM.pcm
SwiftExplicitDependencyGeneratePcm arm64 /Users/admin/builder/spi-builder-workspace/.derivedData/SDKExplicitPrecompiledModules/ptrcheck-AIF0NDOYZ8ORBNHQAQR5NNB8M.pcm
SwiftExplicitDependencyGeneratePcm arm64 /Users/admin/builder/spi-builder-workspace/.derivedData/SDKExplicitPrecompiledModules/SwiftShims-4MXFZPV6FEB0XBYXCGPWAMQGL.pcm
SwiftExplicitDependencyGeneratePcm arm64 /Users/admin/builder/spi-builder-workspace/.derivedData/SDKExplicitPrecompiledModules/_Builtin_stdarg-A7UU8LE6MP85SM26YO7PBZNUQ.pcm
SwiftExplicitDependencyGeneratePcm arm64 /Users/admin/builder/spi-builder-workspace/.derivedData/SDKExplicitPrecompiledModules/DeveloperToolsSupport-E7CNISCB36UE8XQ9IOHK9XDX1.pcm
SwiftExplicitDependencyGeneratePcm arm64 /Users/admin/builder/spi-builder-workspace/.derivedData/SDKExplicitPrecompiledModules/_SwiftConcurrencyShims-659N52XSKR5F0QSB880BH2FJR.pcm
SwiftExplicitDependencyGeneratePcm arm64 /Users/admin/builder/spi-builder-workspace/.derivedData/SDKExplicitPrecompiledModules/_AvailabilityInternal-BUNV3UXM65NT37THI4W1AM0SF.pcm
SwiftExplicitDependencyGeneratePcm arm64 /Users/admin/builder/spi-builder-workspace/.derivedData/SDKExplicitPrecompiledModules/_Builtin_stdbool-83J96QSOFE9VX04AAS6310UAE.pcm
SwiftExplicitDependencyGeneratePcm arm64_32 /Users/admin/builder/spi-builder-workspace/.derivedData/SDKExplicitPrecompiledModules/ptrcheck-7ELIH9BTIGVKX3UBITM9N72WD.pcm
SwiftExplicitDependencyGeneratePcm arm64_32 /Users/admin/builder/spi-builder-workspace/.derivedData/SDKExplicitPrecompiledModules/DeveloperToolsSupport-DZU5G1OCMNWU0AQRULIFHUJ1Z.pcm
SwiftExplicitDependencyGeneratePcm arm64_32 /Users/admin/builder/spi-builder-workspace/.derivedData/SDKExplicitPrecompiledModules/_Builtin_float-6KO8O3PEWRCA4WC6PPLOYO6WJ.pcm
SwiftExplicitDependencyGeneratePcm arm64_32 /Users/admin/builder/spi-builder-workspace/.derivedData/SDKExplicitPrecompiledModules/_Builtin_stdbool-A967K8W8YUYEC9SN52KJ7OO88.pcm
SwiftExplicitDependencyGeneratePcm arm64_32 /Users/admin/builder/spi-builder-workspace/.derivedData/SDKExplicitPrecompiledModules/_Builtin_stddef-H44EFHQX6XSS5MZ7QP6YJZ76.pcm
SwiftExplicitDependencyGeneratePcm arm64_32 /Users/admin/builder/spi-builder-workspace/.derivedData/SDKExplicitPrecompiledModules/_SwiftConcurrencyShims-6RTBPQ03V7BM9SPRK8SUE055H.pcm
SwiftExplicitDependencyGeneratePcm arm64_32 /Users/admin/builder/spi-builder-workspace/.derivedData/SDKExplicitPrecompiledModules/SwiftShims-9CQQGWTSNTN9EB5NSHDWUJICH.pcm
SwiftExplicitDependencyGeneratePcm arm64_32 /Users/admin/builder/spi-builder-workspace/.derivedData/SDKExplicitPrecompiledModules/_AvailabilityInternal-244WAN3Z1QBT7PIA64EZEFY1R.pcm
SwiftExplicitDependencyGeneratePcm arm64_32 /Users/admin/builder/spi-builder-workspace/.derivedData/SDKExplicitPrecompiledModules/_Builtin_stdarg-D305JG44A2WPI6CJY37X3QJE8.pcm
SwiftExplicitDependencyGeneratePcm arm64 /Users/admin/builder/spi-builder-workspace/.derivedData/SDKExplicitPrecompiledModules/_DarwinFoundation1-7SPX3MD0HMP55E4OLNCPNDQ53.pcm
SwiftExplicitDependencyGeneratePcm arm64_32 /Users/admin/builder/spi-builder-workspace/.derivedData/SDKExplicitPrecompiledModules/ptrauth-BFXF358ME5AK535N5A9Z766WU.pcm
SwiftExplicitDependencyGeneratePcm arm64_32 /Users/admin/builder/spi-builder-workspace/.derivedData/SDKExplicitPrecompiledModules/_DarwinFoundation1-2GWF9RFMPLQW4PDHS3NARVI3G.pcm
SwiftExplicitDependencyGeneratePcm arm64 /Users/admin/builder/spi-builder-workspace/.derivedData/SDKExplicitPrecompiledModules/_DarwinFoundation2-D0XAPJU49S5E9XMKYOFGSTB1Q.pcm
SwiftExplicitDependencyGeneratePcm arm64 /Users/admin/builder/spi-builder-workspace/.derivedData/SDKExplicitPrecompiledModules/_Builtin_limits-9GWPA2B0H20DYUNYHYCWKABJG.pcm
SwiftExplicitDependencyGeneratePcm arm64_32 /Users/admin/builder/spi-builder-workspace/.derivedData/SDKExplicitPrecompiledModules/_Builtin_limits-3VKBU2AFTD65PAJZ5CJ3LHFM2.pcm
SwiftExplicitDependencyGeneratePcm arm64_32 /Users/admin/builder/spi-builder-workspace/.derivedData/SDKExplicitPrecompiledModules/_DarwinFoundation2-9MY8GOSYRO0M9MKNXF6D3MBNK.pcm
SwiftExplicitDependencyGeneratePcm arm64 /Users/admin/builder/spi-builder-workspace/.derivedData/SDKExplicitPrecompiledModules/_Builtin_stdint-8XMILLJZEGRN2XG7XZUXZ5RLX.pcm
SwiftExplicitDependencyGeneratePcm arm64 /Users/admin/builder/spi-builder-workspace/.derivedData/SDKExplicitPrecompiledModules/_Builtin_tgmath-8NQ96OZ0YHXEC24JI95P01UF8.pcm
SwiftExplicitDependencyGeneratePcm arm64 /Users/admin/builder/spi-builder-workspace/.derivedData/SDKExplicitPrecompiledModules/sys_types-2KXQLI78OUCDP779AE68GZJ2.pcm
SwiftExplicitDependencyGeneratePcm arm64 /Users/admin/builder/spi-builder-workspace/.derivedData/SDKExplicitPrecompiledModules/string_h-E6PRXK75PHIPCZFWOFCQ3QBMK.pcm
SwiftExplicitDependencyGeneratePcm arm64 /Users/admin/builder/spi-builder-workspace/.derivedData/SDKExplicitPrecompiledModules/_Builtin_intrinsics-75960HIPCIYA06IUW8FIIPQT.pcm
SwiftExplicitDependencyGeneratePcm arm64 /Users/admin/builder/spi-builder-workspace/.derivedData/SDKExplicitPrecompiledModules/_DarwinFoundation3-B97LRG0E9GON2NUE65TVG81HU.pcm
SwiftExplicitDependencyGeneratePcm arm64 /Users/admin/builder/spi-builder-workspace/.derivedData/SDKExplicitPrecompiledModules/_Builtin_stdatomic-7JEFA3KBJJJN6TKJWY3OG1VG5.pcm
SwiftExplicitDependencyGeneratePcm arm64_32 /Users/admin/builder/spi-builder-workspace/.derivedData/SDKExplicitPrecompiledModules/_Builtin_stdint-1HMXWI3V0V4TXHRWZOMZGZ80Y.pcm
SwiftExplicitDependencyGeneratePcm arm64_32 /Users/admin/builder/spi-builder-workspace/.derivedData/SDKExplicitPrecompiledModules/_Builtin_tgmath-23PGCKURCQILXMK0MYZRYDCOU.pcm
SwiftExplicitDependencyGeneratePcm arm64_32 /Users/admin/builder/spi-builder-workspace/.derivedData/SDKExplicitPrecompiledModules/string_h-BFVLUQUSBZWYMLCU9QI7VZALW.pcm
SwiftExplicitDependencyGeneratePcm arm64_32 /Users/admin/builder/spi-builder-workspace/.derivedData/SDKExplicitPrecompiledModules/sys_types-8TLLMW08ZJWDGIIPKOYFGHHZW.pcm
SwiftExplicitDependencyGeneratePcm arm64_32 /Users/admin/builder/spi-builder-workspace/.derivedData/SDKExplicitPrecompiledModules/_Builtin_stdatomic-1TY035TURL76BF2U98PZPPZRX.pcm
SwiftExplicitDependencyGeneratePcm arm64_32 /Users/admin/builder/spi-builder-workspace/.derivedData/SDKExplicitPrecompiledModules/_DarwinFoundation3-3DUTYQDQSD9HUAAVY947NMWOI.pcm
SwiftExplicitDependencyGeneratePcm arm64_32 /Users/admin/builder/spi-builder-workspace/.derivedData/SDKExplicitPrecompiledModules/_Builtin_intrinsics-196IIAKDQVU42DLOZP9OQCV76.pcm
SwiftExplicitDependencyGeneratePcm arm64 /Users/admin/builder/spi-builder-workspace/.derivedData/SDKExplicitPrecompiledModules/_Builtin_inttypes-3UQSCM7WNM9EK4HZML8TY5J3D.pcm
SwiftExplicitDependencyGeneratePcm arm64_32 /Users/admin/builder/spi-builder-workspace/.derivedData/SDKExplicitPrecompiledModules/_Builtin_inttypes-D2KPCR4PEX9AQA33NGLUT5SBR.pcm
SwiftExplicitDependencyGeneratePcm arm64 /Users/admin/builder/spi-builder-workspace/.derivedData/SDKExplicitPrecompiledModules/Darwin-3984OXKFNSPE77NT743WK8SEX.pcm
SwiftExplicitDependencyGeneratePcm arm64_32 /Users/admin/builder/spi-builder-workspace/.derivedData/SDKExplicitPrecompiledModules/Darwin-3FVT1SKLN2ZQ5RVOABMTQBB34.pcm
SwiftExplicitDependencyGeneratePcm arm64 /Users/admin/builder/spi-builder-workspace/.derivedData/SDKExplicitPrecompiledModules/simd-EH08NODU6574T74ZKU61VP9BW.pcm
SwiftExplicitDependencyGeneratePcm arm64_32 /Users/admin/builder/spi-builder-workspace/.derivedData/SDKExplicitPrecompiledModules/simd-21UNWYOBUZI1LVSQ99S1XBLMO.pcm
SwiftExplicitDependencyGeneratePcm arm64 /Users/admin/builder/spi-builder-workspace/.derivedData/SDKExplicitPrecompiledModules/ObjectiveC-72IVD3VS2RS8Q28D9PIMY0KQP.pcm
SwiftExplicitDependencyGeneratePcm arm64 /Users/admin/builder/spi-builder-workspace/.derivedData/SDKExplicitPrecompiledModules/MachO-2U90NNSAQILBNBPS1SA4F8TYP.pcm
SwiftExplicitDependencyGeneratePcm arm64_32 /Users/admin/builder/spi-builder-workspace/.derivedData/SDKExplicitPrecompiledModules/MachO-56838ZJ0NC1EBAJ0O6O8QMPDX.pcm
SwiftExplicitDependencyGeneratePcm arm64_32 /Users/admin/builder/spi-builder-workspace/.derivedData/SDKExplicitPrecompiledModules/ObjectiveC-6IJNELR2E80E7LUKESVCP2KET.pcm
SwiftExplicitDependencyGeneratePcm arm64 /Users/admin/builder/spi-builder-workspace/.derivedData/SDKExplicitPrecompiledModules/os_object-3SDKD7F87FTZ26OON37DRYT6O.pcm
SwiftExplicitDependencyGeneratePcm arm64_32 /Users/admin/builder/spi-builder-workspace/.derivedData/SDKExplicitPrecompiledModules/os_object-5YWTC6L4756IWSTPGXS5NM0D0.pcm
SwiftExplicitDependencyGeneratePcm arm64 /Users/admin/builder/spi-builder-workspace/.derivedData/SDKExplicitPrecompiledModules/os_workgroup-89GG5G7YC2D0ZTK6AZXXQ20DH.pcm
SwiftExplicitDependencyGeneratePcm arm64_32 /Users/admin/builder/spi-builder-workspace/.derivedData/SDKExplicitPrecompiledModules/os_workgroup-5JHTPDMNBUNHLJI8LPHKQK1JK.pcm
SwiftExplicitDependencyGeneratePcm arm64 /Users/admin/builder/spi-builder-workspace/.derivedData/SDKExplicitPrecompiledModules/Spatial-44FJGYXFAT2AQAW9Z6T7YS02U.pcm
SwiftExplicitDependencyGeneratePcm arm64 /Users/admin/builder/spi-builder-workspace/.derivedData/SDKExplicitPrecompiledModules/Dispatch-1NLJOVAK60XP0DUB05XA59EIM.pcm
SwiftExplicitDependencyGeneratePcm arm64_32 /Users/admin/builder/spi-builder-workspace/.derivedData/SDKExplicitPrecompiledModules/Spatial-CWVWNML3T0NXVHZDKVLD3X1YZ.pcm
SwiftExplicitDependencyGeneratePcm arm64_32 /Users/admin/builder/spi-builder-workspace/.derivedData/SDKExplicitPrecompiledModules/Dispatch-2P62F1T4XV63S4P99TUDTOK2Q.pcm
SwiftExplicitDependencyGeneratePcm arm64 /Users/admin/builder/spi-builder-workspace/.derivedData/SDKExplicitPrecompiledModules/CoreFoundation-8T2L24YC5NU7WO6WQJWRY7W08.pcm
SwiftExplicitDependencyGeneratePcm arm64 /Users/admin/builder/spi-builder-workspace/.derivedData/SDKExplicitPrecompiledModules/XPC-40DR0X1DHKGCV4J1IOLFS8MOU.pcm
SwiftExplicitDependencyGeneratePcm arm64_32 /Users/admin/builder/spi-builder-workspace/.derivedData/SDKExplicitPrecompiledModules/XPC-81Y45QFY96XYYFCW2GT6FY8S4.pcm
SwiftExplicitDependencyGeneratePcm arm64_32 /Users/admin/builder/spi-builder-workspace/.derivedData/SDKExplicitPrecompiledModules/CoreFoundation-8E6Y4BA3EXYKUGJ24GT9LGV3N.pcm
SwiftExplicitDependencyGeneratePcm arm64 /Users/admin/builder/spi-builder-workspace/.derivedData/SDKExplicitPrecompiledModules/os-5DIL6Z9LFIGLMZAHM7X2T5435.pcm
SwiftExplicitDependencyGeneratePcm arm64 /Users/admin/builder/spi-builder-workspace/.derivedData/SDKExplicitPrecompiledModules/Security-6RZ6YBRU8WCUHRFFRVUK5WKMM.pcm
SwiftExplicitDependencyGeneratePcm arm64 /Users/admin/builder/spi-builder-workspace/.derivedData/SDKExplicitPrecompiledModules/CoreGraphics-DWNZ73GEH98SBJXZ7DEXB420K.pcm
SwiftExplicitDependencyGeneratePcm arm64_32 /Users/admin/builder/spi-builder-workspace/.derivedData/SDKExplicitPrecompiledModules/os-E5IGB442IA6SBB25TTCOLK2OC.pcm
SwiftExplicitDependencyGeneratePcm arm64_32 /Users/admin/builder/spi-builder-workspace/.derivedData/SDKExplicitPrecompiledModules/Security-D7TOWF88VWF67TB9HAFP5UWB1.pcm
SwiftExplicitDependencyGeneratePcm arm64_32 /Users/admin/builder/spi-builder-workspace/.derivedData/SDKExplicitPrecompiledModules/CoreGraphics-9FDXYX6BKBUT6TJ2VF819E7T5.pcm
SwiftExplicitDependencyGeneratePcm arm64 /Users/admin/builder/spi-builder-workspace/.derivedData/SDKExplicitPrecompiledModules/Foundation-DLBKUSGXN8QHAT8W0OARR9S8A.pcm
SwiftExplicitDependencyGeneratePcm arm64 /Users/admin/builder/spi-builder-workspace/.derivedData/SDKExplicitPrecompiledModules/CoreVideo-8MRR5MNWUOAW2DBPGUQ8FKK4.pcm
SwiftExplicitDependencyGeneratePcm arm64 /Users/admin/builder/spi-builder-workspace/.derivedData/SDKExplicitPrecompiledModules/CoreText-970YJN6NIYGK1316L35Z0O8QT.pcm
SwiftExplicitDependencyGeneratePcm arm64_32 /Users/admin/builder/spi-builder-workspace/.derivedData/SDKExplicitPrecompiledModules/Foundation-BJ2VQGI3OGR34500MEQ1VKHPH.pcm
SwiftExplicitDependencyGeneratePcm arm64_32 /Users/admin/builder/spi-builder-workspace/.derivedData/SDKExplicitPrecompiledModules/CoreText-C9X2REPZN2V5BSU4G80FCETDR.pcm
SwiftExplicitDependencyGeneratePcm arm64_32 /Users/admin/builder/spi-builder-workspace/.derivedData/SDKExplicitPrecompiledModules/CoreVideo-2P8HI0403J99LBDPKNFJ5D4DL.pcm
SwiftExplicitDependencyGeneratePcm arm64 /Users/admin/builder/spi-builder-workspace/.derivedData/SDKExplicitPrecompiledModules/UIUtilities-IR7RNW23VAUKYI9MLCS9NL9A.pcm
SwiftExplicitDependencyGeneratePcm arm64 /Users/admin/builder/spi-builder-workspace/.derivedData/SDKExplicitPrecompiledModules/OSLog-B7VGO357Y3GJG35TST7DKDSI3.pcm
SwiftExplicitDependencyGeneratePcm arm64 /Users/admin/builder/spi-builder-workspace/.derivedData/SDKExplicitPrecompiledModules/UserNotifications-ARAH8MEQ0C2L0FBO39HITJMAO.pcm
SwiftExplicitDependencyGeneratePcm arm64 /Users/admin/builder/spi-builder-workspace/.derivedData/SDKExplicitPrecompiledModules/UniformTypeIdentifiers-8L08Q8DQJV8C4AW84YVGFGTRN.pcm
SwiftExplicitDependencyGeneratePcm arm64 /Users/admin/builder/spi-builder-workspace/.derivedData/SDKExplicitPrecompiledModules/Accessibility-27QMG6ZQ1NKYTNBYFPM1XKNFC.pcm
SwiftExplicitDependencyGeneratePcm arm64 /Users/admin/builder/spi-builder-workspace/.derivedData/SDKExplicitPrecompiledModules/Symbols-3EFABTJ9L5PQDJ7RQCYQWEJMM.pcm
SwiftExplicitDependencyGeneratePcm arm64 /Users/admin/builder/spi-builder-workspace/.derivedData/SDKExplicitPrecompiledModules/_LocationEssentials-5ZZDGDXB6HLQUC72SJW7YJ7MK.pcm
SwiftExplicitDependencyGeneratePcm arm64 /Users/admin/builder/spi-builder-workspace/.derivedData/SDKExplicitPrecompiledModules/CoreTransferable-9PPG3SLJ55T4LITIFYX2M0NOZ.pcm
SwiftExplicitDependencyGeneratePcm arm64 /Users/admin/builder/spi-builder-workspace/.derivedData/SDKExplicitPrecompiledModules/QuartzCore-94KFMWNOU7ZLUZNB4T5DLZC9D.pcm
SwiftExplicitDependencyGeneratePcm arm64 /Users/admin/builder/spi-builder-workspace/.derivedData/SDKExplicitPrecompiledModules/DataDetection-7BNVI1SZW5ISQL5SX4WL2X7I5.pcm
SwiftExplicitDependencyGeneratePcm arm64_32 /Users/admin/builder/spi-builder-workspace/.derivedData/SDKExplicitPrecompiledModules/UniformTypeIdentifiers-CJZ3NTHPSBH4XWX5EVOG56UZS.pcm
SwiftExplicitDependencyGeneratePcm arm64_32 /Users/admin/builder/spi-builder-workspace/.derivedData/SDKExplicitPrecompiledModules/DataDetection-U9BF7WHFVA6BZGFXXXP272PS.pcm
SwiftExplicitDependencyGeneratePcm arm64_32 /Users/admin/builder/spi-builder-workspace/.derivedData/SDKExplicitPrecompiledModules/QuartzCore-6375NPYACK5NYVHPMC1QQ8MC2.pcm
SwiftExplicitDependencyGeneratePcm arm64_32 /Users/admin/builder/spi-builder-workspace/.derivedData/SDKExplicitPrecompiledModules/_LocationEssentials-AQ1OL9QKC3LQLY5CNSRM1HB53.pcm
SwiftExplicitDependencyGeneratePcm arm64_32 /Users/admin/builder/spi-builder-workspace/.derivedData/SDKExplicitPrecompiledModules/Accessibility-F385OMZ5GYBUY5O4QAJB4NRII.pcm
SwiftExplicitDependencyGeneratePcm arm64 /Users/admin/builder/spi-builder-workspace/.derivedData/SDKExplicitPrecompiledModules/CoreLocation-ACKJ9K7ABI14F97Y46Y6SRR17.pcm
SwiftExplicitDependencyGeneratePcm arm64_32 /Users/admin/builder/spi-builder-workspace/.derivedData/SDKExplicitPrecompiledModules/CoreTransferable-5D4IR6X37682FPHJ5CBPTKQV6.pcm
SwiftExplicitDependencyGeneratePcm arm64_32 /Users/admin/builder/spi-builder-workspace/.derivedData/SDKExplicitPrecompiledModules/UserNotifications-6TBN8TEAKO014N1T2QD926XED.pcm
SwiftExplicitDependencyGeneratePcm arm64_32 /Users/admin/builder/spi-builder-workspace/.derivedData/SDKExplicitPrecompiledModules/OSLog-D9AVFY0KWO7RVBIQ73CBIJVCN.pcm
SwiftExplicitDependencyGeneratePcm arm64_32 /Users/admin/builder/spi-builder-workspace/.derivedData/SDKExplicitPrecompiledModules/Symbols-1H97WMG76HU94F5VGJR19PXFY.pcm
SwiftExplicitDependencyGeneratePcm arm64 /Users/admin/builder/spi-builder-workspace/.derivedData/SDKExplicitPrecompiledModules/SwiftUICore-C1DST1IX2Z0PTH5SJJZ1IULRB.pcm
SwiftExplicitDependencyGeneratePcm arm64_32 /Users/admin/builder/spi-builder-workspace/.derivedData/SDKExplicitPrecompiledModules/CoreLocation-8XU5YMYM4P11RQMYCQAG65ITK.pcm
SwiftExplicitDependencyGeneratePcm arm64_32 /Users/admin/builder/spi-builder-workspace/.derivedData/SDKExplicitPrecompiledModules/UIUtilities-9YFVNIMRC5HRVOIARNWHP1E3H.pcm
SwiftExplicitDependencyGeneratePcm arm64 /Users/admin/builder/spi-builder-workspace/.derivedData/SDKExplicitPrecompiledModules/CoreMotion-6RD5K48QT1F4L9CATNFD2O7YB.pcm
SwiftExplicitDependencyGeneratePcm arm64_32 /Users/admin/builder/spi-builder-workspace/.derivedData/SDKExplicitPrecompiledModules/SwiftUICore-3Q7WLRD8MR9R3NGIPUBQCP6F6.pcm
SwiftExplicitDependencyGeneratePcm arm64_32 /Users/admin/builder/spi-builder-workspace/.derivedData/SDKExplicitPrecompiledModules/CoreMotion-1XGTVTE5PP32UHME8AC63TL6.pcm
SwiftExplicitDependencyGeneratePcm arm64 /Users/admin/builder/spi-builder-workspace/.derivedData/SDKExplicitPrecompiledModules/UIKit-27R3P1YMV4C6JLDT661G3MRIA.pcm
SwiftExplicitDependencyGeneratePcm arm64_32 /Users/admin/builder/spi-builder-workspace/.derivedData/SDKExplicitPrecompiledModules/UIKit-6PPV7YPZ89CZPHYAP072QH8B6.pcm
SwiftEmitModule normal arm64 Emitting\ module\ for\ HelperKit (in target 'HelperKit' from project 'HelperKit')
/Users/admin/builder/spi-builder-workspace/Sources/HelperKit/Extensions/UIButton.swift:14:66: error: 'UIControl' is unavailable in watchOS
12 |     ///     - color: The background color to use for the specified state.
13 |     ///     - state: The state that uses the specified image. The values are described in `UIControl.State`.
14 |     public func setBackgroundColor(_ color: UIColor?, for state: UIControl.State) {
   |                                                                  `- error: 'UIControl' is unavailable in watchOS
15 |         let image = color.map { color in UIImage.from(color: color) }
16 |         setBackgroundImage(image, for: state)
/Applications/Xcode-27.0.0-Release.Candidate.app/Contents/Developer/Platforms/WatchOS.platform/Developer/SDKs/WatchOS27.0.sdk/System/Library/Frameworks/UIKit.framework/Headers/UIControl.h:76:12: note: 'UIControl' has been explicitly marked unavailable here
 74 |
 75 | UIKIT_EXTERN API_AVAILABLE(ios(2.0)) API_UNAVAILABLE(watchos) NS_SWIFT_UI_ACTOR
 76 | @interface UIControl : UIView
    |            `- note: 'UIControl' has been explicitly marked unavailable here
 77 |
 78 | - (instancetype)initWithFrame:(CGRect)frame NS_DESIGNATED_INITIALIZER;
/Users/admin/builder/spi-builder-workspace/Sources/HelperKit/Extensions/UIButton.swift:4:11: error: 'UIButton' is unavailable in watchOS
 2 | import UIKit
 3 |
 4 | extension UIButton {
   |           `- error: 'UIButton' is unavailable in watchOS
 5 |     /// Sets the background color to use for the specified button state.
 6 |     ///
/Applications/Xcode-27.0.0-Release.Candidate.app/Contents/Developer/Platforms/WatchOS.platform/Developer/SDKs/WatchOS27.0.sdk/System/Library/Frameworks/UIKit.framework/Headers/UIButton.h:49:12: note: 'UIButton' has been explicitly marked unavailable here
 47 |
 48 | UIKIT_EXTERN API_AVAILABLE(ios(2.0)) API_UNAVAILABLE(watchos) NS_SWIFT_UI_ACTOR
 49 | @interface UIButton : UIControl <NSCoding>
    |            `- note: 'UIButton' has been explicitly marked unavailable here
 50 |
 51 | - (instancetype)initWithFrame:(CGRect)frame NS_DESIGNATED_INITIALIZER;
/Users/admin/builder/spi-builder-workspace/Sources/HelperKit/Extensions/UIStackView.swift:14:46: error: 'UIView' is unavailable in watchOS
12 |     /// - Parameter views: The views to add as arranged subviews.
13 |     @discardableResult
14 |     public func addArrangedSubviews(_ views: UIView...) -> Self {
   |                                              `- error: 'UIView' is unavailable in watchOS
15 |         for view in views {
16 |             addArrangedSubview(view)
/Applications/Xcode-27.0.0-Release.Candidate.app/Contents/Developer/Platforms/WatchOS.platform/Developer/SDKs/WatchOS27.0.sdk/System/Library/Frameworks/UIKit.framework/Headers/UIView.h:152:12: note: 'UIView' has been explicitly marked unavailable here
150 |
151 | UIKIT_EXTERN API_AVAILABLE(ios(2.0)) API_UNAVAILABLE(watchos) NS_SWIFT_UI_ACTOR
152 | @interface UIView : UIResponder <NSCoding, UIAppearance, UIAppearanceContainer, UIDynamicItem, UITraitEnvironment, UICoordinateSpace, UIFocusItem, UIFocusItemContainer, CALayerDelegate>
    |            `- note: 'UIView' has been explicitly marked unavailable here
153 |
154 | @property(class, nonatomic, readonly) Class layerClass;                        // default is [CALayer class]. Used when creating the underlying layer for the view.
/Users/admin/builder/spi-builder-workspace/Sources/HelperKit/Extensions/UIStackView.swift:4:11: error: 'UIStackView' is unavailable in watchOS
 2 | import UIKit
 3 |
 4 | extension UIStackView {
   |           `- error: 'UIStackView' is unavailable in watchOS
 5 |     /// Adds multiple arranged subviews to the current stack.
 6 |     ///
/Applications/Xcode-27.0.0-Release.Candidate.app/Contents/Developer/Platforms/WatchOS.platform/Developer/SDKs/WatchOS27.0.sdk/System/Library/Frameworks/UIKit.framework/Headers/UIStackView.h:124:12: note: 'UIStackView' has been explicitly marked unavailable here
122 | NS_HEADER_AUDIT_BEGIN(nullability, sendability)
123 | UIKIT_EXTERN API_AVAILABLE(ios(9.0)) API_UNAVAILABLE(watchos) NS_SWIFT_UI_ACTOR
124 | @interface UIStackView : UIView
    |            `- note: 'UIStackView' has been explicitly marked unavailable here
125 |
126 | - (instancetype)initWithFrame:(CGRect)frame NS_DESIGNATED_INITIALIZER;
/Users/admin/builder/spi-builder-workspace/Sources/HelperKit/Extensions/UIView.swift:25:38: error: 'UIView' is unavailable in watchOS
23 |     /// - Parameter views: The views to add as subviews.
24 |     @discardableResult
25 |     public func addSubviews(_ views: UIView...) -> Self {
   |                                      `- error: 'UIView' is unavailable in watchOS
26 |         for view in views {
27 |             addSubview(view)
/Applications/Xcode-27.0.0-Release.Candidate.app/Contents/Developer/Platforms/WatchOS.platform/Developer/SDKs/WatchOS27.0.sdk/System/Library/Frameworks/UIKit.framework/Headers/UIView.h:152:12: note: 'UIView' has been explicitly marked unavailable here
150 |
151 | UIKIT_EXTERN API_AVAILABLE(ios(2.0)) API_UNAVAILABLE(watchos) NS_SWIFT_UI_ACTOR
152 | @interface UIView : UIResponder <NSCoding, UIAppearance, UIAppearanceContainer, UIDynamicItem, UITraitEnvironment, UICoordinateSpace, UIFocusItem, UIFocusItemContainer, CALayerDelegate>
    |            `- note: 'UIView' has been explicitly marked unavailable here
153 |
154 | @property(class, nonatomic, readonly) Class layerClass;                        // default is [CALayer class]. Used when creating the underlying layer for the view.
/Users/admin/builder/spi-builder-workspace/Sources/HelperKit/Extensions/UIView.swift:4:11: error: 'UIView' is unavailable in watchOS
 2 | import UIKit
 3 |
 4 | extension UIView {
   |           `- error: 'UIView' is unavailable in watchOS
 5 |     /// Adds multiple subviews to the current view. The amount can be variable.
 6 |     ///
/Applications/Xcode-27.0.0-Release.Candidate.app/Contents/Developer/Platforms/WatchOS.platform/Developer/SDKs/WatchOS27.0.sdk/System/Library/Frameworks/UIKit.framework/Headers/UIView.h:152:12: note: 'UIView' has been explicitly marked unavailable here
150 |
151 | UIKIT_EXTERN API_AVAILABLE(ios(2.0)) API_UNAVAILABLE(watchos) NS_SWIFT_UI_ACTOR
152 | @interface UIView : UIResponder <NSCoding, UIAppearance, UIAppearanceContainer, UIDynamicItem, UITraitEnvironment, UICoordinateSpace, UIFocusItem, UIFocusItemContainer, CALayerDelegate>
    |            `- note: 'UIView' has been explicitly marked unavailable here
153 |
154 | @property(class, nonatomic, readonly) Class layerClass;                        // default is [CALayer class]. Used when creating the underlying layer for the view.
/Users/admin/builder/spi-builder-workspace/Sources/HelperKit/Extensions/UIViewController.swift:8:26: error: 'UILayoutGuide' is unavailable in watchOS
 6 |     /// The portion of the view that is unobscured by bars and other content.
 7 |     @available(iOS 11.0, *)
 8 |     public var safeArea: UILayoutGuide {
   |                          `- error: 'UILayoutGuide' is unavailable in watchOS
 9 |         view.safeAreaLayoutGuide
10 |     }
/Applications/Xcode-27.0.0-Release.Candidate.app/Contents/Developer/Platforms/WatchOS.platform/Developer/SDKs/WatchOS27.0.sdk/System/Library/Frameworks/UIKit.framework/Headers/UILayoutGuide.h:24:12: note: 'UILayoutGuide' has been explicitly marked unavailable here
22 |  */
23 | UIKIT_EXTERN API_AVAILABLE(ios(9.0)) API_UNAVAILABLE(watchos) NS_SWIFT_UI_ACTOR
24 | @interface UILayoutGuide : NSObject <NSCoding>
   |            `- note: 'UILayoutGuide' has been explicitly marked unavailable here
25 |
26 | /* The frame of the UILayoutGuide in its owningView's coordinate system.
/Users/admin/builder/spi-builder-workspace/Sources/HelperKit/Extensions/UIViewController.swift:14:30: error: 'UILayoutGuide' is unavailable in watchOS
12 |     /// Shorthand for the view controller's view readable content layout guide.
13 |     /// An area with a readable width within the view.
14 |     public var readableArea: UILayoutGuide {
   |                              `- error: 'UILayoutGuide' is unavailable in watchOS
15 |         view.readableContentGuide
16 |     }
/Applications/Xcode-27.0.0-Release.Candidate.app/Contents/Developer/Platforms/WatchOS.platform/Developer/SDKs/WatchOS27.0.sdk/System/Library/Frameworks/UIKit.framework/Headers/UILayoutGuide.h:24:12: note: 'UILayoutGuide' has been explicitly marked unavailable here
22 |  */
23 | UIKIT_EXTERN API_AVAILABLE(ios(9.0)) API_UNAVAILABLE(watchos) NS_SWIFT_UI_ACTOR
24 | @interface UILayoutGuide : NSObject <NSCoding>
   |            `- note: 'UILayoutGuide' has been explicitly marked unavailable here
25 |
26 | /* The frame of the UILayoutGuide in its owningView's coordinate system.
/Users/admin/builder/spi-builder-workspace/Sources/HelperKit/Extensions/UIViewController.swift:4:11: error: 'UIViewController' is unavailable in watchOS
 2 | import UIKit
 3 |
 4 | extension UIViewController {
   |           `- error: 'UIViewController' is unavailable in watchOS
 5 |     /// Shorthand for the view controller's view safe area layout guide.
 6 |     /// The portion of the view that is unobscured by bars and other content.
/Applications/Xcode-27.0.0-Release.Candidate.app/Contents/Developer/Platforms/WatchOS.platform/Developer/SDKs/WatchOS27.0.sdk/System/Library/Frameworks/UIKit.framework/Headers/UIViewController.h:104:12: note: 'UIViewController' has been explicitly marked unavailable here
102 |
103 | UIKIT_EXTERN API_AVAILABLE(ios(2.0)) API_UNAVAILABLE(watchos) NS_SWIFT_UI_ACTOR
104 | @interface UIViewController : UIResponder <NSCoding, UIAppearanceContainer, UITraitEnvironment, UIContentContainer, UIFocusEnvironment>
    |            `- note: 'UIViewController' has been explicitly marked unavailable here
105 |
106 | /*
Failed frontend command:
SwiftCompile normal arm64 (in target 'HelperKit' from project 'HelperKit')
    cd /Users/admin/builder/spi-builder-workspace/.swiftpm/xcode

/Applications/Xcode-27.0.0-Release.Candidate.app/Contents/Developer/Toolchains/XcodeDefault.xctoolchain/usr/bin/swift-frontend -frontend -emit-module -experimental-skip-non-inlinable-function-bodies-without-types /Users/admin/builder/spi-builder-workspace/Sources/HelperKit/Extensions/Array.swift /Users/admin/builder/spi-builder-workspace/Sources/HelperKit/Extensions/BinaryFloatingPoint+CGFloat.swift /Users/admin/builder/spi-builder-workspace/Sources/HelperKit/Extensions/BinaryInteger+CGFloat.swift /Users/admin/builder/spi-builder-workspace/Sources/HelperKit/Extensions/Bundle.swift /Users/admin/builder/spi-builder-workspace/Sources/HelperKit/Extensions/CGSize.swift /Users/admin/builder/spi-builder-workspace/Sources/HelperKit/Extensions/Comparable.swift /Users/admin/builder/spi-builder-workspace/Sources/HelperKit/Extensions/Dictionary.swift /Users/admin/builder/spi-builder-workspace/Sources/HelperKit/Extensions/Numeric.swift /Users/admin/builder/spi-builder-workspace/Sources/HelperKit/Extensions/Optional.swift /Users/admin/builder/spi-builder-workspace/Sources/HelperKit/Extensions/Sequence+Optional.swift /Users/admin/builder/spi-builder-workspace/Sources/HelperKit/Extensions/String.swift /Users/admin/builder/spi-builder-workspace/Sources/HelperKit/Extensions/UIButton.swift /Users/admin/builder/spi-builder-workspace/Sources/HelperKit/Extensions/UIEdgeInsets.swift /Users/admin/builder/spi-builder-workspace/Sources/HelperKit/Extensions/UIImage.swift /Users/admin/builder/spi-builder-workspace/Sources/HelperKit/Extensions/UIStackView.swift /Users/admin/builder/spi-builder-workspace/Sources/HelperKit/Extensions/UIView.swift /Users/admin/builder/spi-builder-workspace/Sources/HelperKit/Extensions/UIViewController.swift /Users/admin/builder/spi-builder-workspace/Sources/HelperKit/Extensions/URL.swift /Users/admin/builder/spi-builder-workspace/Sources/HelperKit/Models/Identifier.swift /Users/admin/builder/spi-builder-workspace/Sources/HelperKit/Protocols/Apply.swift -target arm64-apple-watchos9.0 -module-can-import-version CoreGraphics 2049 2049.0.0 -module-can-import-version UIKit 9127.0.84.1 9127.0.84 -disable-cross-import-overlay-search -load-resolved-plugin /Applications/Xcode-27.0.0-Release.Candidate.app/Contents/Developer/Platforms/WatchOS.platform/Developer/usr/lib/swift/host/plugins/libFoundationMacros.dylib\#/Applications/Xcode-27.0.0-Release.Candidate.app/Contents/Developer/Platforms/WatchOS.platform/Developer/usr/bin/swift-plugin-server\#FoundationMacros -load-resolved-plugin /Applications/Xcode-27.0.0-Release.Candidate.app/Contents/Developer/Platforms/WatchOS.platform/Developer/usr/lib/swift/host/plugins/libObservationMacros.dylib\#/Applications/Xcode-27.0.0-Release.Candidate.app/Contents/Developer/Platforms/WatchOS.platform/Developer/usr/bin/swift-plugin-server\#ObservationMacros -load-resolved-plugin /Applications/Xcode-27.0.0-Release.Candidate.app/Contents/Developer/Platforms/WatchOS.platform/Developer/usr/lib/swift/host/plugins/libSwiftMacros.dylib\#/Applications/Xcode-27.0.0-Release.Candidate.app/Contents/Developer/Platforms/WatchOS.platform/Developer/usr/bin/swift-plugin-server\#SwiftMacros -load-resolved-plugin /Applications/Xcode-27.0.0-Release.Candidate.app/Contents/Developer/Platforms/WatchOS.platform/Developer/usr/lib/swift/host/plugins/libSwiftUIMacros.dylib\#/Applications/Xcode-27.0.0-Release.Candidate.app/Contents/Developer/Platforms/WatchOS.platform/Developer/usr/bin/swift-plugin-server\#SwiftUIMacros -disable-implicit-swift-modules -Xcc -fno-implicit-modules -Xcc -fno-implicit-module-maps -explicit-swift-module-map-file /Users/admin/builder/spi-builder-workspace/.derivedData/Build/Intermediates.noindex/HelperKit.build/Debug-watchos/HelperKit-t.build/Objects-normal/arm64/HelperKit-dependencies-1.json -Xllvm -aarch64-use-tbi -enable-objc-interop -stack-check -sdk /Applications/Xcode-27.0.0-Release.Candidate.app/Contents/Developer/Platforms/WatchOS.platform/Developer/SDKs/WatchOS27.0.sdk -I /Users/admin/builder/spi-builder-workspace/.derivedData/Build/Products/Debug-watchos -Isystem /Applications/Xcode-27.0.0-Release.Candidate.app/Contents/Developer/Platforms/WatchOS.platform/Developer/usr/lib -F /Users/admin/builder/spi-builder-workspace/.derivedData/Build/Products/Debug-watchos -F /Applications/Xcode-27.0.0-Release.Candidate.app/Contents/Developer/Platforms/WatchOS.platform/Developer/Library/Frameworks -F /Applications/Xcode-27.0.0-Release.Candidate.app/Contents/Developer/Platforms/WatchOS.platform/Developer/SDKs/WatchOS27.0.sdk/Developer/Library/Frameworks -module-cache-path /Users/admin/builder/spi-builder-workspace/.derivedData/Build/Intermediates.noindex/SwiftExplicitPrecompiledModules -no-color-diagnostics -Xcc -fno-color-diagnostics -enable-testing -g -debug-info-format\=dwarf -dwarf-version\=4 -swift-version 5 -Onone -D SWIFT_PACKAGE -D DEBUG -D SWIFT_MODULE_RESOURCE_BUNDLE_UNAVAILABLE -D Xcode -serialize-debugging-options -enable-experimental-feature DebugDescriptionMacro -empty-abi-descriptor -validate-clang-modules-once -clang-build-session-file /Users/admin/builder/spi-builder-workspace/.derivedData/ModuleCache.noindex/Session.modulevalidation -Xcc -working-directory -Xcc /Users/admin/builder/spi-builder-workspace/.swiftpm/xcode -enable-anonymous-context-mangled-names -file-compilation-dir /Users/admin/builder/spi-builder-workspace/.swiftpm/xcode -Xcc -D_LIBCPP_HARDENING_MODE\=_LIBCPP_HARDENING_MODE_DEBUG -Xcc -ivfsstatcache -Xcc /Users/admin/builder/spi-builder-workspace/.derivedData/SDKStatCaches.noindex/watchos27.0-24R360-e829b21a6f8c9b70876ba0858053c04477534ef55a1706bf4c1112bbb242f0a2.sdkstatcache -Xcc -fmodules-prune-interval\=86400 -Xcc -fmodules-prune-after\=345600 -Xcc -I/Users/admin/builder/spi-builder-workspace/.derivedData/Build/Products/Debug-watchos/include -Xcc -I/Users/admin/builder/spi-builder-workspace/.derivedData/Build/Intermediates.noindex/HelperKit.build/Debug-watchos/HelperKit-t.build/DerivedSources-normal/arm64 -Xcc -I/Users/admin/builder/spi-builder-workspace/.derivedData/Build/Intermediates.noindex/HelperKit.build/Debug-watchos/HelperKit-t.build/DerivedSources/arm64 -Xcc -I/Users/admin/builder/spi-builder-workspace/.derivedData/Build/Intermediates.noindex/HelperKit.build/Debug-watchos/HelperKit-t.build/DerivedSources -Xcc -DSWIFT_PACKAGE -Xcc -DDEBUG\=1 -no-auto-bridging-header-chaining -module-name HelperKit -const-gather-protocols-file /Users/admin/builder/spi-builder-workspace/.derivedData/Build/Intermediates.noindex/HelperKit.build/Debug-watchos/HelperKit-t.build/Objects-normal/arm64/HelperKit_const_extract_protocols.json -disable-clang-spi -clang-target arm64-apple-watchos27.0 -target-sdk-version 27.0 -target-sdk-name watchos27.0 -in-process-plugin-server-path /Applications/Xcode-27.0.0-Release.Candidate.app/Contents/Developer/Toolchains/XcodeDefault.xctoolchain/usr/lib/swift/host/libSwiftInProcPluginServer.dylib -emit-module-doc-path /Users/admin/builder/spi-builder-workspace/.derivedData/Build/Intermediates.noindex/HelperKit.build/Debug-watchos/HelperKit-t.build/Objects-normal/arm64/HelperKit.swiftdoc -emit-module-source-info-path /Users/admin/builder/spi-builder-workspace/.derivedData/Build/Intermediates.noindex/HelperKit.build/Debug-watchos/HelperKit-t.build/Objects-normal/arm64/HelperKit.swiftsourceinfo -emit-objc-header-path /Users/admin/builder/spi-builder-workspace/.derivedData/Build/Intermediates.noindex/HelperKit.build/Debug-watchos/HelperKit-t.build/Objects-normal/arm64/HelperKit-Swift.h -serialize-diagnostics-path /Users/admin/builder/spi-builder-workspace/.derivedData/Build/Intermediates.noindex/HelperKit.build/Debug-watchos/HelperKit-t.build/Objects-normal/arm64/HelperKit-primary-emit-module.dia -emit-dependencies-path /Users/admin/builder/spi-builder-workspace/.derivedData/Build/Intermediates.noindex/HelperKit.build/Debug-watchos/HelperKit-t.build/Objects-normal/arm64/HelperKit-primary-emit-module.d -parse-as-library -o /Users/admin/builder/spi-builder-workspace/.derivedData/Build/Intermediates.noindex/HelperKit.build/Debug-watchos/HelperKit-t.build/Objects-normal/arm64/HelperKit.swiftmodule -emit-abi-descriptor-path /Users/admin/builder/spi-builder-workspace/.derivedData/Build/Intermediates.noindex/HelperKit.build/Debug-watchos/HelperKit-t.build/Objects-normal/arm64/HelperKit.abi.json
SwiftCompile normal arm64 Compiling\ Identifier.swift,\ Apply.swift /Users/admin/builder/spi-builder-workspace/Sources/HelperKit/Models/Identifier.swift /Users/admin/builder/spi-builder-workspace/Sources/HelperKit/Protocols/Apply.swift (in target 'HelperKit' from project 'HelperKit')
SwiftCompile normal arm64 /Users/admin/builder/spi-builder-workspace/Sources/HelperKit/Models/Identifier.swift (in target 'HelperKit' from project 'HelperKit')
    cd /Users/admin/builder/spi-builder-workspace/.swiftpm/xcode
    builtin-SwiftPerFileCompile Identifier.swift
SwiftCompile normal arm64 /Users/admin/builder/spi-builder-workspace/Sources/HelperKit/Protocols/Apply.swift (in target 'HelperKit' from project 'HelperKit')
    cd /Users/admin/builder/spi-builder-workspace/.swiftpm/xcode
    builtin-SwiftPerFileCompile Apply.swift
SwiftCompile normal arm64 Compiling\ UIEdgeInsets.swift,\ UIImage.swift /Users/admin/builder/spi-builder-workspace/Sources/HelperKit/Extensions/UIEdgeInsets.swift /Users/admin/builder/spi-builder-workspace/Sources/HelperKit/Extensions/UIImage.swift (in target 'HelperKit' from project 'HelperKit')
SwiftCompile normal arm64 /Users/admin/builder/spi-builder-workspace/Sources/HelperKit/Extensions/UIEdgeInsets.swift (in target 'HelperKit' from project 'HelperKit')
    cd /Users/admin/builder/spi-builder-workspace/.swiftpm/xcode
    builtin-SwiftPerFileCompile UIEdgeInsets.swift
SwiftCompile normal arm64 /Users/admin/builder/spi-builder-workspace/Sources/HelperKit/Extensions/UIImage.swift (in target 'HelperKit' from project 'HelperKit')
    cd /Users/admin/builder/spi-builder-workspace/.swiftpm/xcode
    builtin-SwiftPerFileCompile UIImage.swift
SwiftCompile normal arm64 Compiling\ UIStackView.swift,\ UIView.swift /Users/admin/builder/spi-builder-workspace/Sources/HelperKit/Extensions/UIStackView.swift /Users/admin/builder/spi-builder-workspace/Sources/HelperKit/Extensions/UIView.swift (in target 'HelperKit' from project 'HelperKit')
/Users/admin/builder/spi-builder-workspace/Sources/HelperKit/Extensions/UIStackView.swift:14:46: error: 'UIView' is unavailable in watchOS
12 |     /// - Parameter views: The views to add as arranged subviews.
13 |     @discardableResult
14 |     public func addArrangedSubviews(_ views: UIView...) -> Self {
   |                                              `- error: 'UIView' is unavailable in watchOS
15 |         for view in views {
16 |             addArrangedSubview(view)
/Applications/Xcode-27.0.0-Release.Candidate.app/Contents/Developer/Platforms/WatchOS.platform/Developer/SDKs/WatchOS27.0.sdk/System/Library/Frameworks/UIKit.framework/Headers/UIView.h:152:12: note: 'UIView' has been explicitly marked unavailable here
150 |
151 | UIKIT_EXTERN API_AVAILABLE(ios(2.0)) API_UNAVAILABLE(watchos) NS_SWIFT_UI_ACTOR
152 | @interface UIView : UIResponder <NSCoding, UIAppearance, UIAppearanceContainer, UIDynamicItem, UITraitEnvironment, UICoordinateSpace, UIFocusItem, UIFocusItemContainer, CALayerDelegate>
    |            `- note: 'UIView' has been explicitly marked unavailable here
153 |
154 | @property(class, nonatomic, readonly) Class layerClass;                        // default is [CALayer class]. Used when creating the underlying layer for the view.
/Users/admin/builder/spi-builder-workspace/Sources/HelperKit/Extensions/UIStackView.swift:4:11: error: 'UIStackView' is unavailable in watchOS
 2 | import UIKit
 3 |
 4 | extension UIStackView {
   |           `- error: 'UIStackView' is unavailable in watchOS
 5 |     /// Adds multiple arranged subviews to the current stack.
 6 |     ///
/Applications/Xcode-27.0.0-Release.Candidate.app/Contents/Developer/Platforms/WatchOS.platform/Developer/SDKs/WatchOS27.0.sdk/System/Library/Frameworks/UIKit.framework/Headers/UIStackView.h:124:12: note: 'UIStackView' has been explicitly marked unavailable here
122 | NS_HEADER_AUDIT_BEGIN(nullability, sendability)
123 | UIKIT_EXTERN API_AVAILABLE(ios(9.0)) API_UNAVAILABLE(watchos) NS_SWIFT_UI_ACTOR
124 | @interface UIStackView : UIView
    |            `- note: 'UIStackView' has been explicitly marked unavailable here
125 |
126 | - (instancetype)initWithFrame:(CGRect)frame NS_DESIGNATED_INITIALIZER;
/Users/admin/builder/spi-builder-workspace/Sources/HelperKit/Extensions/UIView.swift:25:38: error: 'UIView' is unavailable in watchOS
23 |     /// - Parameter views: The views to add as subviews.
24 |     @discardableResult
25 |     public func addSubviews(_ views: UIView...) -> Self {
   |                                      `- error: 'UIView' is unavailable in watchOS
26 |         for view in views {
27 |             addSubview(view)
/Applications/Xcode-27.0.0-Release.Candidate.app/Contents/Developer/Platforms/WatchOS.platform/Developer/SDKs/WatchOS27.0.sdk/System/Library/Frameworks/UIKit.framework/Headers/UIView.h:152:12: note: 'UIView' has been explicitly marked unavailable here
150 |
151 | UIKIT_EXTERN API_AVAILABLE(ios(2.0)) API_UNAVAILABLE(watchos) NS_SWIFT_UI_ACTOR
152 | @interface UIView : UIResponder <NSCoding, UIAppearance, UIAppearanceContainer, UIDynamicItem, UITraitEnvironment, UICoordinateSpace, UIFocusItem, UIFocusItemContainer, CALayerDelegate>
    |            `- note: 'UIView' has been explicitly marked unavailable here
153 |
154 | @property(class, nonatomic, readonly) Class layerClass;                        // default is [CALayer class]. Used when creating the underlying layer for the view.
SwiftCompile normal arm64 /Users/admin/builder/spi-builder-workspace/Sources/HelperKit/Extensions/UIStackView.swift (in target 'HelperKit' from project 'HelperKit')
    cd /Users/admin/builder/spi-builder-workspace/.swiftpm/xcode
    builtin-SwiftPerFileCompile UIStackView.swift
SwiftCompile normal arm64 /Users/admin/builder/spi-builder-workspace/Sources/HelperKit/Extensions/UIView.swift (in target 'HelperKit' from project 'HelperKit')
    cd /Users/admin/builder/spi-builder-workspace/.swiftpm/xcode
    builtin-SwiftPerFileCompile UIView.swift
SwiftCompile normal arm64 Compiling\ UIViewController.swift,\ URL.swift /Users/admin/builder/spi-builder-workspace/Sources/HelperKit/Extensions/UIViewController.swift /Users/admin/builder/spi-builder-workspace/Sources/HelperKit/Extensions/URL.swift (in target 'HelperKit' from project 'HelperKit')
/Users/admin/builder/spi-builder-workspace/Sources/HelperKit/Extensions/UIViewController.swift:8:26: error: 'UILayoutGuide' is unavailable in watchOS
 6 |     /// The portion of the view that is unobscured by bars and other content.
 7 |     @available(iOS 11.0, *)
 8 |     public var safeArea: UILayoutGuide {
   |                          `- error: 'UILayoutGuide' is unavailable in watchOS
 9 |         view.safeAreaLayoutGuide
10 |     }
/Applications/Xcode-27.0.0-Release.Candidate.app/Contents/Developer/Platforms/WatchOS.platform/Developer/SDKs/WatchOS27.0.sdk/System/Library/Frameworks/UIKit.framework/Headers/UILayoutGuide.h:24:12: note: 'UILayoutGuide' has been explicitly marked unavailable here
22 |  */
23 | UIKIT_EXTERN API_AVAILABLE(ios(9.0)) API_UNAVAILABLE(watchos) NS_SWIFT_UI_ACTOR
24 | @interface UILayoutGuide : NSObject <NSCoding>
   |            `- note: 'UILayoutGuide' has been explicitly marked unavailable here
25 |
26 | /* The frame of the UILayoutGuide in its owningView's coordinate system.
/Users/admin/builder/spi-builder-workspace/Sources/HelperKit/Extensions/UIViewController.swift:14:30: error: 'UILayoutGuide' is unavailable in watchOS
12 |     /// Shorthand for the view controller's view readable content layout guide.
13 |     /// An area with a readable width within the view.
14 |     public var readableArea: UILayoutGuide {
   |                              `- error: 'UILayoutGuide' is unavailable in watchOS
15 |         view.readableContentGuide
16 |     }
/Applications/Xcode-27.0.0-Release.Candidate.app/Contents/Developer/Platforms/WatchOS.platform/Developer/SDKs/WatchOS27.0.sdk/System/Library/Frameworks/UIKit.framework/Headers/UILayoutGuide.h:24:12: note: 'UILayoutGuide' has been explicitly marked unavailable here
22 |  */
23 | UIKIT_EXTERN API_AVAILABLE(ios(9.0)) API_UNAVAILABLE(watchos) NS_SWIFT_UI_ACTOR
24 | @interface UILayoutGuide : NSObject <NSCoding>
   |            `- note: 'UILayoutGuide' has been explicitly marked unavailable here
25 |
26 | /* The frame of the UILayoutGuide in its owningView's coordinate system.
/Users/admin/builder/spi-builder-workspace/Sources/HelperKit/Extensions/UIViewController.swift:4:11: error: 'UIViewController' is unavailable in watchOS
 2 | import UIKit
 3 |
 4 | extension UIViewController {
   |           `- error: 'UIViewController' is unavailable in watchOS
 5 |     /// Shorthand for the view controller's view safe area layout guide.
 6 |     /// The portion of the view that is unobscured by bars and other content.
/Applications/Xcode-27.0.0-Release.Candidate.app/Contents/Developer/Platforms/WatchOS.platform/Developer/SDKs/WatchOS27.0.sdk/System/Library/Frameworks/UIKit.framework/Headers/UIViewController.h:104:12: note: 'UIViewController' has been explicitly marked unavailable here
102 |
103 | UIKIT_EXTERN API_AVAILABLE(ios(2.0)) API_UNAVAILABLE(watchos) NS_SWIFT_UI_ACTOR
104 | @interface UIViewController : UIResponder <NSCoding, UIAppearanceContainer, UITraitEnvironment, UIContentContainer, UIFocusEnvironment>
    |            `- note: 'UIViewController' has been explicitly marked unavailable here
105 |
106 | /*
SwiftCompile normal arm64 /Users/admin/builder/spi-builder-workspace/Sources/HelperKit/Extensions/UIViewController.swift (in target 'HelperKit' from project 'HelperKit')
    cd /Users/admin/builder/spi-builder-workspace/.swiftpm/xcode
    builtin-SwiftPerFileCompile UIViewController.swift
SwiftCompile normal arm64 /Users/admin/builder/spi-builder-workspace/Sources/HelperKit/Extensions/URL.swift (in target 'HelperKit' from project 'HelperKit')
    cd /Users/admin/builder/spi-builder-workspace/.swiftpm/xcode
    builtin-SwiftPerFileCompile URL.swift
SwiftCompile normal arm64 Compiling\ String.swift,\ UIButton.swift /Users/admin/builder/spi-builder-workspace/Sources/HelperKit/Extensions/String.swift /Users/admin/builder/spi-builder-workspace/Sources/HelperKit/Extensions/UIButton.swift (in target 'HelperKit' from project 'HelperKit')
/Users/admin/builder/spi-builder-workspace/Sources/HelperKit/Extensions/UIButton.swift:14:66: error: 'UIControl' is unavailable in watchOS
12 |     ///     - color: The background color to use for the specified state.
13 |     ///     - state: The state that uses the specified image. The values are described in `UIControl.State`.
14 |     public func setBackgroundColor(_ color: UIColor?, for state: UIControl.State) {
   |                                                                  `- error: 'UIControl' is unavailable in watchOS
15 |         let image = color.map { color in UIImage.from(color: color) }
16 |         setBackgroundImage(image, for: state)
/Applications/Xcode-27.0.0-Release.Candidate.app/Contents/Developer/Platforms/WatchOS.platform/Developer/SDKs/WatchOS27.0.sdk/System/Library/Frameworks/UIKit.framework/Headers/UIControl.h:76:12: note: 'UIControl' has been explicitly marked unavailable here
 74 |
 75 | UIKIT_EXTERN API_AVAILABLE(ios(2.0)) API_UNAVAILABLE(watchos) NS_SWIFT_UI_ACTOR
 76 | @interface UIControl : UIView
    |            `- note: 'UIControl' has been explicitly marked unavailable here
 77 |
 78 | - (instancetype)initWithFrame:(CGRect)frame NS_DESIGNATED_INITIALIZER;
SwiftCompile normal arm64 /Users/admin/builder/spi-builder-workspace/Sources/HelperKit/Extensions/String.swift (in target 'HelperKit' from project 'HelperKit')
    cd /Users/admin/builder/spi-builder-workspace/.swiftpm/xcode
    builtin-SwiftPerFileCompile String.swift
SwiftCompile normal arm64 /Users/admin/builder/spi-builder-workspace/Sources/HelperKit/Extensions/UIButton.swift (in target 'HelperKit' from project 'HelperKit')
    cd /Users/admin/builder/spi-builder-workspace/.swiftpm/xcode
    builtin-SwiftPerFileCompile UIButton.swift
SwiftCompile normal arm64 Compiling\ Optional.swift,\ Sequence+Optional.swift /Users/admin/builder/spi-builder-workspace/Sources/HelperKit/Extensions/Optional.swift /Users/admin/builder/spi-builder-workspace/Sources/HelperKit/Extensions/Sequence+Optional.swift (in target 'HelperKit' from project 'HelperKit')
SwiftCompile normal arm64 /Users/admin/builder/spi-builder-workspace/Sources/HelperKit/Extensions/Optional.swift (in target 'HelperKit' from project 'HelperKit')
    cd /Users/admin/builder/spi-builder-workspace/.swiftpm/xcode
    builtin-SwiftPerFileCompile Optional.swift
SwiftCompile normal arm64 /Users/admin/builder/spi-builder-workspace/Sources/HelperKit/Extensions/Sequence+Optional.swift (in target 'HelperKit' from project 'HelperKit')
    cd /Users/admin/builder/spi-builder-workspace/.swiftpm/xcode
    builtin-SwiftPerFileCompile Sequence+Optional.swift
SwiftCompile normal arm64 Compiling\ CGSize.swift,\ Comparable.swift /Users/admin/builder/spi-builder-workspace/Sources/HelperKit/Extensions/CGSize.swift /Users/admin/builder/spi-builder-workspace/Sources/HelperKit/Extensions/Comparable.swift (in target 'HelperKit' from project 'HelperKit')
SwiftCompile normal arm64 /Users/admin/builder/spi-builder-workspace/Sources/HelperKit/Extensions/CGSize.swift (in target 'HelperKit' from project 'HelperKit')
    cd /Users/admin/builder/spi-builder-workspace/.swiftpm/xcode
    builtin-SwiftPerFileCompile CGSize.swift
SwiftCompile normal arm64 /Users/admin/builder/spi-builder-workspace/Sources/HelperKit/Extensions/Comparable.swift (in target 'HelperKit' from project 'HelperKit')
    cd /Users/admin/builder/spi-builder-workspace/.swiftpm/xcode
    builtin-SwiftPerFileCompile Comparable.swift
SwiftCompile normal arm64 Compiling\ BinaryInteger+CGFloat.swift,\ Bundle.swift /Users/admin/builder/spi-builder-workspace/Sources/HelperKit/Extensions/BinaryInteger+CGFloat.swift /Users/admin/builder/spi-builder-workspace/Sources/HelperKit/Extensions/Bundle.swift (in target 'HelperKit' from project 'HelperKit')
SwiftCompile normal arm64 /Users/admin/builder/spi-builder-workspace/Sources/HelperKit/Extensions/BinaryInteger+CGFloat.swift (in target 'HelperKit' from project 'HelperKit')
    cd /Users/admin/builder/spi-builder-workspace/.swiftpm/xcode
    builtin-SwiftPerFileCompile BinaryInteger+CGFloat.swift
SwiftCompile normal arm64 /Users/admin/builder/spi-builder-workspace/Sources/HelperKit/Extensions/Bundle.swift (in target 'HelperKit' from project 'HelperKit')
    cd /Users/admin/builder/spi-builder-workspace/.swiftpm/xcode
    builtin-SwiftPerFileCompile Bundle.swift
SwiftCompile normal arm64 Compiling\ Array.swift,\ BinaryFloatingPoint+CGFloat.swift /Users/admin/builder/spi-builder-workspace/Sources/HelperKit/Extensions/Array.swift /Users/admin/builder/spi-builder-workspace/Sources/HelperKit/Extensions/BinaryFloatingPoint+CGFloat.swift (in target 'HelperKit' from project 'HelperKit')
SwiftCompile normal arm64 /Users/admin/builder/spi-builder-workspace/Sources/HelperKit/Extensions/Array.swift (in target 'HelperKit' from project 'HelperKit')
    cd /Users/admin/builder/spi-builder-workspace/.swiftpm/xcode
    builtin-SwiftPerFileCompile Array.swift
SwiftCompile normal arm64 /Users/admin/builder/spi-builder-workspace/Sources/HelperKit/Extensions/BinaryFloatingPoint+CGFloat.swift (in target 'HelperKit' from project 'HelperKit')
    cd /Users/admin/builder/spi-builder-workspace/.swiftpm/xcode
    builtin-SwiftPerFileCompile BinaryFloatingPoint+CGFloat.swift
SwiftEmitModule normal arm64_32 Emitting\ module\ for\ HelperKit (in target 'HelperKit' from project 'HelperKit')
SwiftCompile normal arm64_32 (in target 'HelperKit' from project 'HelperKit')
    cd /Users/admin/builder/spi-builder-workspace/.swiftpm/xcode

PruneExplicitPrecompiledModules /Users/admin/builder/spi-builder-workspace/.derivedData/Build/Intermediates.noindex/ExplicitPrecompiledModules
PruneExplicitPrecompiledModules /Users/admin/builder/spi-builder-workspace/.derivedData/SDKExplicitPrecompiledModules
PruneExplicitPrecompiledModules /Users/admin/builder/spi-builder-workspace/.derivedData/Build/Intermediates.noindex/SwiftExplicitPrecompiledModules
2026-09-19 18:17:52.721 xcodebuild[625:3965] [MT] IDERunDestination: Supported platforms for the buildables in the current scheme is empty.
** BUILD FAILED **
The following build commands failed:
	SwiftCompile normal arm64 (in target 'HelperKit' from project 'HelperKit')
	SwiftEmitModule normal arm64 Emitting\ module\ for\ HelperKit (in target 'HelperKit' from project 'HelperKit')
	Building workspace HelperKit with scheme HelperKit
(3 failures)
Command line invocation:
    /Applications/Xcode-27.0.0-Release.Candidate.app/Contents/Developer/usr/bin/xcodebuild -IDEClonedSourcePackagesDirPathOverride=/Users/admin/builder/spi-builder-workspace/.dependencies -resolvePackageDependencies
Resolve Package Graph
Resolved source packages:
  HelperKit: /Users/admin/builder/spi-builder-workspace
resolved source packages: HelperKit
2026-09-19 18:17:58.658 xcodebuild[772:4606] [MT] IDERunDestination: Supported platforms for the buildables in the current scheme is empty.
{
  "dependencies" : [
  ],
  "manifest_display_name" : "HelperKit",
  "name" : "HelperKit",
  "path" : "/Users/admin/builder/spi-builder-workspace",
  "platforms" : [
    {
      "name" : "ios",
      "version" : "10.0"
    }
  ],
  "products" : [
    {
      "name" : "HelperKit",
      "targets" : [
        "HelperKit"
      ],
      "type" : {
        "library" : [
          "automatic"
        ]
      }
    }
  ],
  "targets" : [
    {
      "c99name" : "HelperKit",
      "module_type" : "SwiftTarget",
      "name" : "HelperKit",
      "path" : "Sources/HelperKit",
      "product_memberships" : [
        "HelperKit"
      ],
      "sources" : [
        "Extensions/Array.swift",
        "Extensions/BinaryFloatingPoint+CGFloat.swift",
        "Extensions/BinaryInteger+CGFloat.swift",
        "Extensions/Bundle.swift",
        "Extensions/CGSize.swift",
        "Extensions/Comparable.swift",
        "Extensions/Dictionary.swift",
        "Extensions/Numeric.swift",
        "Extensions/Optional.swift",
        "Extensions/Sequence+Optional.swift",
        "Extensions/String.swift",
        "Extensions/UIButton.swift",
        "Extensions/UIEdgeInsets.swift",
        "Extensions/UIImage.swift",
        "Extensions/UIStackView.swift",
        "Extensions/UIView.swift",
        "Extensions/UIViewController.swift",
        "Extensions/URL.swift",
        "Models/Identifier.swift",
        "Protocols/Apply.swift"
      ],
      "type" : "library"
    }
  ],
  "tools_version" : "5.2"
}
{
  "workspace" : {
    "name" : "HelperKit",
    "schemes" : [
      "HelperKit"
    ]
  }
}
2026-09-19 18:17:59.887 xcodebuild[780:4672] [MT] IDERunDestination: Supported platforms for the buildables in the current scheme is empty.
Running build ...
env DEVELOPER_DIR=/Applications/Xcode-27.0.0-Release.Candidate.app xcrun xcodebuild -IDEClonedSourcePackagesDirPathOverride=$PWD/.dependencies -skipMacroValidation -skipPackagePluginValidation -derivedDataPath $PWD/.derivedData build -scheme HelperKit -destination generic/platform=watchOS
Command line invocation:
    /Applications/Xcode-27.0.0-Release.Candidate.app/Contents/Developer/usr/bin/xcodebuild -IDEClonedSourcePackagesDirPathOverride=/Users/admin/builder/spi-builder-workspace/.dependencies -skipMacroValidation -skipPackagePluginValidation -derivedDataPath /Users/admin/builder/spi-builder-workspace/.derivedData build -scheme HelperKit -destination generic/platform=watchOS
Resolve Package Graph
Resolved source packages:
  HelperKit: /Users/admin/builder/spi-builder-workspace
ComputePackagePrebuildTargetDependencyGraph
Prepare packages
CreateBuildRequest
SendProjectDescription
CreateBuildOperation
ComputeTargetDependencyGraph
note: Building targets in dependency order
note: Target dependency graph (2 targets)
    Target 'HelperKit-product' in project 'HelperKit'
        ➜ Explicit dependency on target 'HelperKit' in project 'HelperKit'
    Target 'HelperKit' in project 'HelperKit' (no dependencies)
GatherProvisioningInputs
CreateBuildDescription
ClangStatCache /Applications/Xcode-27.0.0-Release.Candidate.app/Contents/Developer/Toolchains/XcodeDefault.xctoolchain/usr/bin/clang-stat-cache /Applications/Xcode-27.0.0-Release.Candidate.app/Contents/Developer/Platforms/WatchOS.platform/Developer/SDKs/WatchOS27.0.sdk /Users/admin/builder/spi-builder-workspace/.derivedData/SDKStatCaches.noindex/watchos27.0-24R360-e829b21a6f8c9b70876ba0858053c04477534ef55a1706bf4c1112bbb242f0a2.sdkstatcache
    cd /Users/admin/builder/spi-builder-workspace/.swiftpm/xcode
    /Applications/Xcode-27.0.0-Release.Candidate.app/Contents/Developer/Toolchains/XcodeDefault.xctoolchain/usr/bin/clang-stat-cache /Applications/Xcode-27.0.0-Release.Candidate.app/Contents/Developer/Platforms/WatchOS.platform/Developer/SDKs/WatchOS27.0.sdk -o /Users/admin/builder/spi-builder-workspace/.derivedData/SDKStatCaches.noindex/watchos27.0-24R360-e829b21a6f8c9b70876ba0858053c04477534ef55a1706bf4c1112bbb242f0a2.sdkstatcache
SwiftDriver HelperKit normal arm64_32 com.apple.xcode.tools.swift.compiler (in target 'HelperKit' from project 'HelperKit')
    cd /Users/admin/builder/spi-builder-workspace/.swiftpm/xcode
    builtin-SwiftDriver -- /Applications/Xcode-27.0.0-Release.Candidate.app/Contents/Developer/Toolchains/XcodeDefault.xctoolchain/usr/bin/swiftc -parse-as-library -module-name HelperKit -Onone @/Users/admin/builder/spi-builder-workspace/.derivedData/Build/Intermediates.noindex/HelperKit.build/Debug-watchos/HelperKit-t.build/Objects-normal/arm64_32/HelperKit.SwiftFileList -DSWIFT_PACKAGE -DDEBUG -DSWIFT_MODULE_RESOURCE_BUNDLE_UNAVAILABLE -DXcode -plugin-path /Applications/Xcode-27.0.0-Release.Candidate.app/Contents/Developer/Toolchains/XcodeDefault.xctoolchain/usr/lib/swift/host/plugins/testing -enable-experimental-feature DebugDescriptionMacro -sdk /Applications/Xcode-27.0.0-Release.Candidate.app/Contents/Developer/Platforms/WatchOS.platform/Developer/SDKs/WatchOS27.0.sdk -target arm64_32-apple-watchos9.0 -g -module-cache-path /Users/admin/builder/spi-builder-workspace/.derivedData/ModuleCache.noindex -Xfrontend -serialize-debugging-options -enable-testing -index-store-path /Users/admin/builder/spi-builder-workspace/.derivedData/Index.noindex/DataStore -Xcc -D_LIBCPP_HARDENING_MODE\=_LIBCPP_HARDENING_MODE_DEBUG -swift-version 5 -I /Users/admin/builder/spi-builder-workspace/.derivedData/Build/Products/Debug-watchos -Isystem /Applications/Xcode-27.0.0-Release.Candidate.app/Contents/Developer/Platforms/WatchOS.platform/Developer/usr/lib -F /Users/admin/builder/spi-builder-workspace/.derivedData/Build/Products/Debug-watchos -F /Applications/Xcode-27.0.0-Release.Candidate.app/Contents/Developer/Platforms/WatchOS.platform/Developer/Library/Frameworks -F /Applications/Xcode-27.0.0-Release.Candidate.app/Contents/Developer/Platforms/WatchOS.platform/Developer/SDKs/WatchOS27.0.sdk/Developer/Library/Frameworks -c -j10 -enable-batch-mode -incremental -Xcc -ivfsstatcache -Xcc /Users/admin/builder/spi-builder-workspace/.derivedData/SDKStatCaches.noindex/watchos27.0-24R360-e829b21a6f8c9b70876ba0858053c04477534ef55a1706bf4c1112bbb242f0a2.sdkstatcache -output-file-map /Users/admin/builder/spi-builder-workspace/.derivedData/Build/Intermediates.noindex/HelperKit.build/Debug-watchos/HelperKit-t.build/Objects-normal/arm64_32/HelperKit-OutputFileMap.json -save-temps -no-color-diagnostics -explicit-module-build -module-cache-path /Users/admin/builder/spi-builder-workspace/.derivedData/Build/Intermediates.noindex/SwiftExplicitPrecompiledModules -clang-scanner-module-cache-path /Users/admin/builder/spi-builder-workspace/.derivedData/ModuleCache.noindex -sdk-module-cache-path /Users/admin/builder/spi-builder-workspace/.derivedData/SDKExplicitPrecompiledModules -emit-dependencies -emit-module -emit-module-path /Users/admin/builder/spi-builder-workspace/.derivedData/Build/Intermediates.noindex/HelperKit.build/Debug-watchos/HelperKit-t.build/Objects-normal/arm64_32/HelperKit.swiftmodule -serialize-diagnostics -dependency-scan-serialize-diagnostics-path /Users/admin/builder/spi-builder-workspace/.derivedData/Build/Intermediates.noindex/HelperKit.build/Debug-watchos/HelperKit-t.build/Objects-normal/arm64_32/HelperKit-dependency-scan.dia -validate-clang-modules-once -clang-build-session-file /Users/admin/builder/spi-builder-workspace/.derivedData/ModuleCache.noindex/Session.modulevalidation -Xcc -fmodules-prune-interval\=86400 -Xcc -fmodules-prune-after\=345600 -emit-const-values -const-gather-protocols-list /Users/admin/builder/spi-builder-workspace/.derivedData/Build/Intermediates.noindex/HelperKit.build/Debug-watchos/HelperKit-t.build/Objects-normal/arm64_32/HelperKit_const_extract_protocols.json -Xcc -I/Users/admin/builder/spi-builder-workspace/.derivedData/Build/Products/Debug-watchos/include -Xcc -I/Users/admin/builder/spi-builder-workspace/.derivedData/Build/Intermediates.noindex/HelperKit.build/Debug-watchos/HelperKit-t.build/DerivedSources-normal/arm64_32 -Xcc -I/Users/admin/builder/spi-builder-workspace/.derivedData/Build/Intermediates.noindex/HelperKit.build/Debug-watchos/HelperKit-t.build/DerivedSources/arm64_32 -Xcc -I/Users/admin/builder/spi-builder-workspace/.derivedData/Build/Intermediates.noindex/HelperKit.build/Debug-watchos/HelperKit-t.build/DerivedSources -Xcc -DSWIFT_PACKAGE -Xcc -DDEBUG\=1 -emit-objc-header -emit-objc-header-path /Users/admin/builder/spi-builder-workspace/.derivedData/Build/Intermediates.noindex/HelperKit.build/Debug-watchos/HelperKit-t.build/Objects-normal/arm64_32/HelperKit-Swift.h -working-directory /Users/admin/builder/spi-builder-workspace/.swiftpm/xcode -experimental-emit-module-separately -disable-cmo
SwiftDriver HelperKit normal arm64 com.apple.xcode.tools.swift.compiler (in target 'HelperKit' from project 'HelperKit')
    cd /Users/admin/builder/spi-builder-workspace/.swiftpm/xcode
    builtin-SwiftDriver -- /Applications/Xcode-27.0.0-Release.Candidate.app/Contents/Developer/Toolchains/XcodeDefault.xctoolchain/usr/bin/swiftc -parse-as-library -module-name HelperKit -Onone @/Users/admin/builder/spi-builder-workspace/.derivedData/Build/Intermediates.noindex/HelperKit.build/Debug-watchos/HelperKit-t.build/Objects-normal/arm64/HelperKit.SwiftFileList -DSWIFT_PACKAGE -DDEBUG -DSWIFT_MODULE_RESOURCE_BUNDLE_UNAVAILABLE -DXcode -plugin-path /Applications/Xcode-27.0.0-Release.Candidate.app/Contents/Developer/Toolchains/XcodeDefault.xctoolchain/usr/lib/swift/host/plugins/testing -enable-experimental-feature DebugDescriptionMacro -sdk /Applications/Xcode-27.0.0-Release.Candidate.app/Contents/Developer/Platforms/WatchOS.platform/Developer/SDKs/WatchOS27.0.sdk -target arm64-apple-watchos9.0 -g -module-cache-path /Users/admin/builder/spi-builder-workspace/.derivedData/ModuleCache.noindex -Xfrontend -serialize-debugging-options -enable-testing -index-store-path /Users/admin/builder/spi-builder-workspace/.derivedData/Index.noindex/DataStore -Xcc -D_LIBCPP_HARDENING_MODE\=_LIBCPP_HARDENING_MODE_DEBUG -swift-version 5 -I /Users/admin/builder/spi-builder-workspace/.derivedData/Build/Products/Debug-watchos -Isystem /Applications/Xcode-27.0.0-Release.Candidate.app/Contents/Developer/Platforms/WatchOS.platform/Developer/usr/lib -F /Users/admin/builder/spi-builder-workspace/.derivedData/Build/Products/Debug-watchos -F /Applications/Xcode-27.0.0-Release.Candidate.app/Contents/Developer/Platforms/WatchOS.platform/Developer/Library/Frameworks -F /Applications/Xcode-27.0.0-Release.Candidate.app/Contents/Developer/Platforms/WatchOS.platform/Developer/SDKs/WatchOS27.0.sdk/Developer/Library/Frameworks -c -j10 -enable-batch-mode -incremental -Xcc -ivfsstatcache -Xcc /Users/admin/builder/spi-builder-workspace/.derivedData/SDKStatCaches.noindex/watchos27.0-24R360-e829b21a6f8c9b70876ba0858053c04477534ef55a1706bf4c1112bbb242f0a2.sdkstatcache -output-file-map /Users/admin/builder/spi-builder-workspace/.derivedData/Build/Intermediates.noindex/HelperKit.build/Debug-watchos/HelperKit-t.build/Objects-normal/arm64/HelperKit-OutputFileMap.json -save-temps -no-color-diagnostics -explicit-module-build -module-cache-path /Users/admin/builder/spi-builder-workspace/.derivedData/Build/Intermediates.noindex/SwiftExplicitPrecompiledModules -clang-scanner-module-cache-path /Users/admin/builder/spi-builder-workspace/.derivedData/ModuleCache.noindex -sdk-module-cache-path /Users/admin/builder/spi-builder-workspace/.derivedData/SDKExplicitPrecompiledModules -emit-dependencies -emit-module -emit-module-path /Users/admin/builder/spi-builder-workspace/.derivedData/Build/Intermediates.noindex/HelperKit.build/Debug-watchos/HelperKit-t.build/Objects-normal/arm64/HelperKit.swiftmodule -serialize-diagnostics -dependency-scan-serialize-diagnostics-path /Users/admin/builder/spi-builder-workspace/.derivedData/Build/Intermediates.noindex/HelperKit.build/Debug-watchos/HelperKit-t.build/Objects-normal/arm64/HelperKit-dependency-scan.dia -validate-clang-modules-once -clang-build-session-file /Users/admin/builder/spi-builder-workspace/.derivedData/ModuleCache.noindex/Session.modulevalidation -Xcc -fmodules-prune-interval\=86400 -Xcc -fmodules-prune-after\=345600 -emit-const-values -const-gather-protocols-list /Users/admin/builder/spi-builder-workspace/.derivedData/Build/Intermediates.noindex/HelperKit.build/Debug-watchos/HelperKit-t.build/Objects-normal/arm64/HelperKit_const_extract_protocols.json -Xcc -I/Users/admin/builder/spi-builder-workspace/.derivedData/Build/Products/Debug-watchos/include -Xcc -I/Users/admin/builder/spi-builder-workspace/.derivedData/Build/Intermediates.noindex/HelperKit.build/Debug-watchos/HelperKit-t.build/DerivedSources-normal/arm64 -Xcc -I/Users/admin/builder/spi-builder-workspace/.derivedData/Build/Intermediates.noindex/HelperKit.build/Debug-watchos/HelperKit-t.build/DerivedSources/arm64 -Xcc -I/Users/admin/builder/spi-builder-workspace/.derivedData/Build/Intermediates.noindex/HelperKit.build/Debug-watchos/HelperKit-t.build/DerivedSources -Xcc -DSWIFT_PACKAGE -Xcc -DDEBUG\=1 -emit-objc-header -emit-objc-header-path /Users/admin/builder/spi-builder-workspace/.derivedData/Build/Intermediates.noindex/HelperKit.build/Debug-watchos/HelperKit-t.build/Objects-normal/arm64/HelperKit-Swift.h -working-directory /Users/admin/builder/spi-builder-workspace/.swiftpm/xcode -experimental-emit-module-separately -disable-cmo
SwiftCompile normal arm64 Compiling\ UIStackView.swift,\ UIView.swift /Users/admin/builder/spi-builder-workspace/Sources/HelperKit/Extensions/UIStackView.swift /Users/admin/builder/spi-builder-workspace/Sources/HelperKit/Extensions/UIView.swift (in target 'HelperKit' from project 'HelperKit')
SwiftCompile normal arm64 /Users/admin/builder/spi-builder-workspace/Sources/HelperKit/Extensions/UIStackView.swift (in target 'HelperKit' from project 'HelperKit')
    cd /Users/admin/builder/spi-builder-workspace/.swiftpm/xcode
    builtin-SwiftPerFileCompile UIStackView.swift
SwiftCompile normal arm64 /Users/admin/builder/spi-builder-workspace/Sources/HelperKit/Extensions/UIView.swift (in target 'HelperKit' from project 'HelperKit')
    cd /Users/admin/builder/spi-builder-workspace/.swiftpm/xcode
    builtin-SwiftPerFileCompile UIView.swift
/Users/admin/builder/spi-builder-workspace/Sources/HelperKit/Extensions/UIStackView.swift:14:46: error: 'UIView' is unavailable in watchOS
12 |     /// - Parameter views: The views to add as arranged subviews.
13 |     @discardableResult
14 |     public func addArrangedSubviews(_ views: UIView...) -> Self {
   |                                              `- error: 'UIView' is unavailable in watchOS
15 |         for view in views {
16 |             addArrangedSubview(view)
/Applications/Xcode-27.0.0-Release.Candidate.app/Contents/Developer/Platforms/WatchOS.platform/Developer/SDKs/WatchOS27.0.sdk/System/Library/Frameworks/UIKit.framework/Headers/UIView.h:152:12: note: 'UIView' has been explicitly marked unavailable here
150 |
151 | UIKIT_EXTERN API_AVAILABLE(ios(2.0)) API_UNAVAILABLE(watchos) NS_SWIFT_UI_ACTOR
152 | @interface UIView : UIResponder <NSCoding, UIAppearance, UIAppearanceContainer, UIDynamicItem, UITraitEnvironment, UICoordinateSpace, UIFocusItem, UIFocusItemContainer, CALayerDelegate>
    |            `- note: 'UIView' has been explicitly marked unavailable here
153 |
154 | @property(class, nonatomic, readonly) Class layerClass;                        // default is [CALayer class]. Used when creating the underlying layer for the view.
/Users/admin/builder/spi-builder-workspace/Sources/HelperKit/Extensions/UIStackView.swift:4:11: error: 'UIStackView' is unavailable in watchOS
 2 | import UIKit
 3 |
 4 | extension UIStackView {
   |           `- error: 'UIStackView' is unavailable in watchOS
 5 |     /// Adds multiple arranged subviews to the current stack.
 6 |     ///
/Applications/Xcode-27.0.0-Release.Candidate.app/Contents/Developer/Platforms/WatchOS.platform/Developer/SDKs/WatchOS27.0.sdk/System/Library/Frameworks/UIKit.framework/Headers/UIStackView.h:124:12: note: 'UIStackView' has been explicitly marked unavailable here
122 | NS_HEADER_AUDIT_BEGIN(nullability, sendability)
123 | UIKIT_EXTERN API_AVAILABLE(ios(9.0)) API_UNAVAILABLE(watchos) NS_SWIFT_UI_ACTOR
124 | @interface UIStackView : UIView
    |            `- note: 'UIStackView' has been explicitly marked unavailable here
125 |
126 | - (instancetype)initWithFrame:(CGRect)frame NS_DESIGNATED_INITIALIZER;
/Users/admin/builder/spi-builder-workspace/Sources/HelperKit/Extensions/UIView.swift:25:38: error: 'UIView' is unavailable in watchOS
23 |     /// - Parameter views: The views to add as subviews.
24 |     @discardableResult
25 |     public func addSubviews(_ views: UIView...) -> Self {
   |                                      `- error: 'UIView' is unavailable in watchOS
26 |         for view in views {
27 |             addSubview(view)
/Applications/Xcode-27.0.0-Release.Candidate.app/Contents/Developer/Platforms/WatchOS.platform/Developer/SDKs/WatchOS27.0.sdk/System/Library/Frameworks/UIKit.framework/Headers/UIView.h:152:12: note: 'UIView' has been explicitly marked unavailable here
150 |
151 | UIKIT_EXTERN API_AVAILABLE(ios(2.0)) API_UNAVAILABLE(watchos) NS_SWIFT_UI_ACTOR
152 | @interface UIView : UIResponder <NSCoding, UIAppearance, UIAppearanceContainer, UIDynamicItem, UITraitEnvironment, UICoordinateSpace, UIFocusItem, UIFocusItemContainer, CALayerDelegate>
    |            `- note: 'UIView' has been explicitly marked unavailable here
153 |
154 | @property(class, nonatomic, readonly) Class layerClass;                        // default is [CALayer class]. Used when creating the underlying layer for the view.
SwiftCompile normal arm64 Compiling\ Dictionary.swift,\ Numeric.swift /Users/admin/builder/spi-builder-workspace/Sources/HelperKit/Extensions/Dictionary.swift /Users/admin/builder/spi-builder-workspace/Sources/HelperKit/Extensions/Numeric.swift (in target 'HelperKit' from project 'HelperKit')
SwiftCompile normal arm64 /Users/admin/builder/spi-builder-workspace/Sources/HelperKit/Extensions/Dictionary.swift (in target 'HelperKit' from project 'HelperKit')
    cd /Users/admin/builder/spi-builder-workspace/.swiftpm/xcode
    builtin-SwiftPerFileCompile Dictionary.swift
SwiftCompile normal arm64 /Users/admin/builder/spi-builder-workspace/Sources/HelperKit/Extensions/Numeric.swift (in target 'HelperKit' from project 'HelperKit')
    cd /Users/admin/builder/spi-builder-workspace/.swiftpm/xcode
    builtin-SwiftPerFileCompile Numeric.swift
SwiftCompile normal arm64 Compiling\ CGSize.swift,\ Comparable.swift /Users/admin/builder/spi-builder-workspace/Sources/HelperKit/Extensions/CGSize.swift /Users/admin/builder/spi-builder-workspace/Sources/HelperKit/Extensions/Comparable.swift (in target 'HelperKit' from project 'HelperKit')
SwiftCompile normal arm64 /Users/admin/builder/spi-builder-workspace/Sources/HelperKit/Extensions/CGSize.swift (in target 'HelperKit' from project 'HelperKit')
    cd /Users/admin/builder/spi-builder-workspace/.swiftpm/xcode
    builtin-SwiftPerFileCompile CGSize.swift
SwiftCompile normal arm64 /Users/admin/builder/spi-builder-workspace/Sources/HelperKit/Extensions/Comparable.swift (in target 'HelperKit' from project 'HelperKit')
    cd /Users/admin/builder/spi-builder-workspace/.swiftpm/xcode
    builtin-SwiftPerFileCompile Comparable.swift
SwiftCompile normal arm64 Compiling\ Optional.swift,\ Sequence+Optional.swift /Users/admin/builder/spi-builder-workspace/Sources/HelperKit/Extensions/Optional.swift /Users/admin/builder/spi-builder-workspace/Sources/HelperKit/Extensions/Sequence+Optional.swift (in target 'HelperKit' from project 'HelperKit')
SwiftCompile normal arm64 /Users/admin/builder/spi-builder-workspace/Sources/HelperKit/Extensions/Optional.swift (in target 'HelperKit' from project 'HelperKit')
    cd /Users/admin/builder/spi-builder-workspace/.swiftpm/xcode
    builtin-SwiftPerFileCompile Optional.swift
SwiftCompile normal arm64 /Users/admin/builder/spi-builder-workspace/Sources/HelperKit/Extensions/Sequence+Optional.swift (in target 'HelperKit' from project 'HelperKit')
    cd /Users/admin/builder/spi-builder-workspace/.swiftpm/xcode
    builtin-SwiftPerFileCompile Sequence+Optional.swift
SwiftCompile normal arm64 Compiling\ BinaryInteger+CGFloat.swift,\ Bundle.swift /Users/admin/builder/spi-builder-workspace/Sources/HelperKit/Extensions/BinaryInteger+CGFloat.swift /Users/admin/builder/spi-builder-workspace/Sources/HelperKit/Extensions/Bundle.swift (in target 'HelperKit' from project 'HelperKit')
SwiftCompile normal arm64 /Users/admin/builder/spi-builder-workspace/Sources/HelperKit/Extensions/BinaryInteger+CGFloat.swift (in target 'HelperKit' from project 'HelperKit')
    cd /Users/admin/builder/spi-builder-workspace/.swiftpm/xcode
    builtin-SwiftPerFileCompile BinaryInteger+CGFloat.swift
SwiftCompile normal arm64 /Users/admin/builder/spi-builder-workspace/Sources/HelperKit/Extensions/Bundle.swift (in target 'HelperKit' from project 'HelperKit')
    cd /Users/admin/builder/spi-builder-workspace/.swiftpm/xcode
    builtin-SwiftPerFileCompile Bundle.swift
SwiftCompile normal arm64 Compiling\ String.swift,\ UIButton.swift /Users/admin/builder/spi-builder-workspace/Sources/HelperKit/Extensions/String.swift /Users/admin/builder/spi-builder-workspace/Sources/HelperKit/Extensions/UIButton.swift (in target 'HelperKit' from project 'HelperKit')
/Users/admin/builder/spi-builder-workspace/Sources/HelperKit/Extensions/UIButton.swift:14:66: error: 'UIControl' is unavailable in watchOS
12 |     ///     - color: The background color to use for the specified state.
13 |     ///     - state: The state that uses the specified image. The values are described in `UIControl.State`.
14 |     public func setBackgroundColor(_ color: UIColor?, for state: UIControl.State) {
   |                                                                  `- error: 'UIControl' is unavailable in watchOS
15 |         let image = color.map { color in UIImage.from(color: color) }
16 |         setBackgroundImage(image, for: state)
/Applications/Xcode-27.0.0-Release.Candidate.app/Contents/Developer/Platforms/WatchOS.platform/Developer/SDKs/WatchOS27.0.sdk/System/Library/Frameworks/UIKit.framework/Headers/UIControl.h:76:12: note: 'UIControl' has been explicitly marked unavailable here
 74 |
 75 | UIKIT_EXTERN API_AVAILABLE(ios(2.0)) API_UNAVAILABLE(watchos) NS_SWIFT_UI_ACTOR
 76 | @interface UIControl : UIView
    |            `- note: 'UIControl' has been explicitly marked unavailable here
 77 |
 78 | - (instancetype)initWithFrame:(CGRect)frame NS_DESIGNATED_INITIALIZER;
SwiftCompile normal arm64 /Users/admin/builder/spi-builder-workspace/Sources/HelperKit/Extensions/String.swift (in target 'HelperKit' from project 'HelperKit')
    cd /Users/admin/builder/spi-builder-workspace/.swiftpm/xcode
    builtin-SwiftPerFileCompile String.swift
SwiftCompile normal arm64 /Users/admin/builder/spi-builder-workspace/Sources/HelperKit/Extensions/UIButton.swift (in target 'HelperKit' from project 'HelperKit')
    cd /Users/admin/builder/spi-builder-workspace/.swiftpm/xcode
    builtin-SwiftPerFileCompile UIButton.swift
SwiftCompile normal arm64 Compiling\ UIEdgeInsets.swift,\ UIImage.swift /Users/admin/builder/spi-builder-workspace/Sources/HelperKit/Extensions/UIEdgeInsets.swift /Users/admin/builder/spi-builder-workspace/Sources/HelperKit/Extensions/UIImage.swift (in target 'HelperKit' from project 'HelperKit')
SwiftCompile normal arm64 /Users/admin/builder/spi-builder-workspace/Sources/HelperKit/Extensions/UIEdgeInsets.swift (in target 'HelperKit' from project 'HelperKit')
    cd /Users/admin/builder/spi-builder-workspace/.swiftpm/xcode
    builtin-SwiftPerFileCompile UIEdgeInsets.swift
SwiftCompile normal arm64 /Users/admin/builder/spi-builder-workspace/Sources/HelperKit/Extensions/UIImage.swift (in target 'HelperKit' from project 'HelperKit')
    cd /Users/admin/builder/spi-builder-workspace/.swiftpm/xcode
    builtin-SwiftPerFileCompile UIImage.swift
SwiftCompile normal arm64 Compiling\ UIViewController.swift,\ URL.swift /Users/admin/builder/spi-builder-workspace/Sources/HelperKit/Extensions/UIViewController.swift /Users/admin/builder/spi-builder-workspace/Sources/HelperKit/Extensions/URL.swift (in target 'HelperKit' from project 'HelperKit')
/Users/admin/builder/spi-builder-workspace/Sources/HelperKit/Extensions/UIViewController.swift:8:26: error: 'UILayoutGuide' is unavailable in watchOS
 6 |     /// The portion of the view that is unobscured by bars and other content.
 7 |     @available(iOS 11.0, *)
 8 |     public var safeArea: UILayoutGuide {
   |                          `- error: 'UILayoutGuide' is unavailable in watchOS
 9 |         view.safeAreaLayoutGuide
10 |     }
/Applications/Xcode-27.0.0-Release.Candidate.app/Contents/Developer/Platforms/WatchOS.platform/Developer/SDKs/WatchOS27.0.sdk/System/Library/Frameworks/UIKit.framework/Headers/UILayoutGuide.h:24:12: note: 'UILayoutGuide' has been explicitly marked unavailable here
22 |  */
23 | UIKIT_EXTERN API_AVAILABLE(ios(9.0)) API_UNAVAILABLE(watchos) NS_SWIFT_UI_ACTOR
24 | @interface UILayoutGuide : NSObject <NSCoding>
   |            `- note: 'UILayoutGuide' has been explicitly marked unavailable here
25 |
26 | /* The frame of the UILayoutGuide in its owningView's coordinate system.
/Users/admin/builder/spi-builder-workspace/Sources/HelperKit/Extensions/UIViewController.swift:14:30: error: 'UILayoutGuide' is unavailable in watchOS
12 |     /// Shorthand for the view controller's view readable content layout guide.
13 |     /// An area with a readable width within the view.
14 |     public var readableArea: UILayoutGuide {
   |                              `- error: 'UILayoutGuide' is unavailable in watchOS
15 |         view.readableContentGuide
16 |     }
/Applications/Xcode-27.0.0-Release.Candidate.app/Contents/Developer/Platforms/WatchOS.platform/Developer/SDKs/WatchOS27.0.sdk/System/Library/Frameworks/UIKit.framework/Headers/UILayoutGuide.h:24:12: note: 'UILayoutGuide' has been explicitly marked unavailable here
22 |  */
23 | UIKIT_EXTERN API_AVAILABLE(ios(9.0)) API_UNAVAILABLE(watchos) NS_SWIFT_UI_ACTOR
24 | @interface UILayoutGuide : NSObject <NSCoding>
   |            `- note: 'UILayoutGuide' has been explicitly marked unavailable here
25 |
26 | /* The frame of the UILayoutGuide in its owningView's coordinate system.
/Users/admin/builder/spi-builder-workspace/Sources/HelperKit/Extensions/UIViewController.swift:4:11: error: 'UIViewController' is unavailable in watchOS
 2 | import UIKit
 3 |
 4 | extension UIViewController {
   |           `- error: 'UIViewController' is unavailable in watchOS
 5 |     /// Shorthand for the view controller's view safe area layout guide.
 6 |     /// The portion of the view that is unobscured by bars and other content.
/Applications/Xcode-27.0.0-Release.Candidate.app/Contents/Developer/Platforms/WatchOS.platform/Developer/SDKs/WatchOS27.0.sdk/System/Library/Frameworks/UIKit.framework/Headers/UIViewController.h:104:12: note: 'UIViewController' has been explicitly marked unavailable here
102 |
103 | UIKIT_EXTERN API_AVAILABLE(ios(2.0)) API_UNAVAILABLE(watchos) NS_SWIFT_UI_ACTOR
104 | @interface UIViewController : UIResponder <NSCoding, UIAppearanceContainer, UITraitEnvironment, UIContentContainer, UIFocusEnvironment>
    |            `- note: 'UIViewController' has been explicitly marked unavailable here
105 |
106 | /*
SwiftCompile normal arm64 /Users/admin/builder/spi-builder-workspace/Sources/HelperKit/Extensions/UIViewController.swift (in target 'HelperKit' from project 'HelperKit')
    cd /Users/admin/builder/spi-builder-workspace/.swiftpm/xcode
    builtin-SwiftPerFileCompile UIViewController.swift
SwiftCompile normal arm64 /Users/admin/builder/spi-builder-workspace/Sources/HelperKit/Extensions/URL.swift (in target 'HelperKit' from project 'HelperKit')
    cd /Users/admin/builder/spi-builder-workspace/.swiftpm/xcode
    builtin-SwiftPerFileCompile URL.swift
SwiftCompile normal arm64 Compiling\ Array.swift,\ BinaryFloatingPoint+CGFloat.swift /Users/admin/builder/spi-builder-workspace/Sources/HelperKit/Extensions/Array.swift /Users/admin/builder/spi-builder-workspace/Sources/HelperKit/Extensions/BinaryFloatingPoint+CGFloat.swift (in target 'HelperKit' from project 'HelperKit')
SwiftCompile normal arm64 /Users/admin/builder/spi-builder-workspace/Sources/HelperKit/Extensions/Array.swift (in target 'HelperKit' from project 'HelperKit')
    cd /Users/admin/builder/spi-builder-workspace/.swiftpm/xcode
    builtin-SwiftPerFileCompile Array.swift
SwiftCompile normal arm64 /Users/admin/builder/spi-builder-workspace/Sources/HelperKit/Extensions/BinaryFloatingPoint+CGFloat.swift (in target 'HelperKit' from project 'HelperKit')
    cd /Users/admin/builder/spi-builder-workspace/.swiftpm/xcode
    builtin-SwiftPerFileCompile BinaryFloatingPoint+CGFloat.swift
SwiftEmitModule normal arm64 Emitting\ module\ for\ HelperKit (in target 'HelperKit' from project 'HelperKit')
/Users/admin/builder/spi-builder-workspace/Sources/HelperKit/Extensions/UIButton.swift:14:66: error: 'UIControl' is unavailable in watchOS
12 |     ///     - color: The background color to use for the specified state.
13 |     ///     - state: The state that uses the specified image. The values are described in `UIControl.State`.
14 |     public func setBackgroundColor(_ color: UIColor?, for state: UIControl.State) {
   |                                                                  `- error: 'UIControl' is unavailable in watchOS
15 |         let image = color.map { color in UIImage.from(color: color) }
16 |         setBackgroundImage(image, for: state)
/Applications/Xcode-27.0.0-Release.Candidate.app/Contents/Developer/Platforms/WatchOS.platform/Developer/SDKs/WatchOS27.0.sdk/System/Library/Frameworks/UIKit.framework/Headers/UIControl.h:76:12: note: 'UIControl' has been explicitly marked unavailable here
 74 |
 75 | UIKIT_EXTERN API_AVAILABLE(ios(2.0)) API_UNAVAILABLE(watchos) NS_SWIFT_UI_ACTOR
 76 | @interface UIControl : UIView
    |            `- note: 'UIControl' has been explicitly marked unavailable here
 77 |
 78 | - (instancetype)initWithFrame:(CGRect)frame NS_DESIGNATED_INITIALIZER;
/Users/admin/builder/spi-builder-workspace/Sources/HelperKit/Extensions/UIButton.swift:4:11: error: 'UIButton' is unavailable in watchOS
 2 | import UIKit
 3 |
 4 | extension UIButton {
   |           `- error: 'UIButton' is unavailable in watchOS
 5 |     /// Sets the background color to use for the specified button state.
 6 |     ///
/Applications/Xcode-27.0.0-Release.Candidate.app/Contents/Developer/Platforms/WatchOS.platform/Developer/SDKs/WatchOS27.0.sdk/System/Library/Frameworks/UIKit.framework/Headers/UIButton.h:49:12: note: 'UIButton' has been explicitly marked unavailable here
 47 |
 48 | UIKIT_EXTERN API_AVAILABLE(ios(2.0)) API_UNAVAILABLE(watchos) NS_SWIFT_UI_ACTOR
 49 | @interface UIButton : UIControl <NSCoding>
    |            `- note: 'UIButton' has been explicitly marked unavailable here
 50 |
 51 | - (instancetype)initWithFrame:(CGRect)frame NS_DESIGNATED_INITIALIZER;
/Users/admin/builder/spi-builder-workspace/Sources/HelperKit/Extensions/UIStackView.swift:14:46: error: 'UIView' is unavailable in watchOS
12 |     /// - Parameter views: The views to add as arranged subviews.
13 |     @discardableResult
14 |     public func addArrangedSubviews(_ views: UIView...) -> Self {
   |                                              `- error: 'UIView' is unavailable in watchOS
15 |         for view in views {
16 |             addArrangedSubview(view)
/Applications/Xcode-27.0.0-Release.Candidate.app/Contents/Developer/Platforms/WatchOS.platform/Developer/SDKs/WatchOS27.0.sdk/System/Library/Frameworks/UIKit.framework/Headers/UIView.h:152:12: note: 'UIView' has been explicitly marked unavailable here
150 |
151 | UIKIT_EXTERN API_AVAILABLE(ios(2.0)) API_UNAVAILABLE(watchos) NS_SWIFT_UI_ACTOR
152 | @interface UIView : UIResponder <NSCoding, UIAppearance, UIAppearanceContainer, UIDynamicItem, UITraitEnvironment, UICoordinateSpace, UIFocusItem, UIFocusItemContainer, CALayerDelegate>
    |            `- note: 'UIView' has been explicitly marked unavailable here
153 |
154 | @property(class, nonatomic, readonly) Class layerClass;                        // default is [CALayer class]. Used when creating the underlying layer for the view.
/Users/admin/builder/spi-builder-workspace/Sources/HelperKit/Extensions/UIStackView.swift:4:11: error: 'UIStackView' is unavailable in watchOS
 2 | import UIKit
 3 |
 4 | extension UIStackView {
   |           `- error: 'UIStackView' is unavailable in watchOS
 5 |     /// Adds multiple arranged subviews to the current stack.
 6 |     ///
/Applications/Xcode-27.0.0-Release.Candidate.app/Contents/Developer/Platforms/WatchOS.platform/Developer/SDKs/WatchOS27.0.sdk/System/Library/Frameworks/UIKit.framework/Headers/UIStackView.h:124:12: note: 'UIStackView' has been explicitly marked unavailable here
122 | NS_HEADER_AUDIT_BEGIN(nullability, sendability)
123 | UIKIT_EXTERN API_AVAILABLE(ios(9.0)) API_UNAVAILABLE(watchos) NS_SWIFT_UI_ACTOR
124 | @interface UIStackView : UIView
    |            `- note: 'UIStackView' has been explicitly marked unavailable here
125 |
126 | - (instancetype)initWithFrame:(CGRect)frame NS_DESIGNATED_INITIALIZER;
/Users/admin/builder/spi-builder-workspace/Sources/HelperKit/Extensions/UIView.swift:25:38: error: 'UIView' is unavailable in watchOS
23 |     /// - Parameter views: The views to add as subviews.
24 |     @discardableResult
25 |     public func addSubviews(_ views: UIView...) -> Self {
   |                                      `- error: 'UIView' is unavailable in watchOS
26 |         for view in views {
27 |             addSubview(view)
/Applications/Xcode-27.0.0-Release.Candidate.app/Contents/Developer/Platforms/WatchOS.platform/Developer/SDKs/WatchOS27.0.sdk/System/Library/Frameworks/UIKit.framework/Headers/UIView.h:152:12: note: 'UIView' has been explicitly marked unavailable here
150 |
151 | UIKIT_EXTERN API_AVAILABLE(ios(2.0)) API_UNAVAILABLE(watchos) NS_SWIFT_UI_ACTOR
152 | @interface UIView : UIResponder <NSCoding, UIAppearance, UIAppearanceContainer, UIDynamicItem, UITraitEnvironment, UICoordinateSpace, UIFocusItem, UIFocusItemContainer, CALayerDelegate>
    |            `- note: 'UIView' has been explicitly marked unavailable here
153 |
154 | @property(class, nonatomic, readonly) Class layerClass;                        // default is [CALayer class]. Used when creating the underlying layer for the view.
/Users/admin/builder/spi-builder-workspace/Sources/HelperKit/Extensions/UIView.swift:4:11: error: 'UIView' is unavailable in watchOS
 2 | import UIKit
 3 |
 4 | extension UIView {
   |           `- error: 'UIView' is unavailable in watchOS
 5 |     /// Adds multiple subviews to the current view. The amount can be variable.
 6 |     ///
/Applications/Xcode-27.0.0-Release.Candidate.app/Contents/Developer/Platforms/WatchOS.platform/Developer/SDKs/WatchOS27.0.sdk/System/Library/Frameworks/UIKit.framework/Headers/UIView.h:152:12: note: 'UIView' has been explicitly marked unavailable here
150 |
151 | UIKIT_EXTERN API_AVAILABLE(ios(2.0)) API_UNAVAILABLE(watchos) NS_SWIFT_UI_ACTOR
152 | @interface UIView : UIResponder <NSCoding, UIAppearance, UIAppearanceContainer, UIDynamicItem, UITraitEnvironment, UICoordinateSpace, UIFocusItem, UIFocusItemContainer, CALayerDelegate>
    |            `- note: 'UIView' has been explicitly marked unavailable here
153 |
154 | @property(class, nonatomic, readonly) Class layerClass;                        // default is [CALayer class]. Used when creating the underlying layer for the view.
/Users/admin/builder/spi-builder-workspace/Sources/HelperKit/Extensions/UIViewController.swift:8:26: error: 'UILayoutGuide' is unavailable in watchOS
 6 |     /// The portion of the view that is unobscured by bars and other content.
 7 |     @available(iOS 11.0, *)
 8 |     public var safeArea: UILayoutGuide {
   |                          `- error: 'UILayoutGuide' is unavailable in watchOS
 9 |         view.safeAreaLayoutGuide
10 |     }
/Applications/Xcode-27.0.0-Release.Candidate.app/Contents/Developer/Platforms/WatchOS.platform/Developer/SDKs/WatchOS27.0.sdk/System/Library/Frameworks/UIKit.framework/Headers/UILayoutGuide.h:24:12: note: 'UILayoutGuide' has been explicitly marked unavailable here
22 |  */
23 | UIKIT_EXTERN API_AVAILABLE(ios(9.0)) API_UNAVAILABLE(watchos) NS_SWIFT_UI_ACTOR
24 | @interface UILayoutGuide : NSObject <NSCoding>
   |            `- note: 'UILayoutGuide' has been explicitly marked unavailable here
25 |
26 | /* The frame of the UILayoutGuide in its owningView's coordinate system.
/Users/admin/builder/spi-builder-workspace/Sources/HelperKit/Extensions/UIViewController.swift:14:30: error: 'UILayoutGuide' is unavailable in watchOS
12 |     /// Shorthand for the view controller's view readable content layout guide.
13 |     /// An area with a readable width within the view.
14 |     public var readableArea: UILayoutGuide {
   |                              `- error: 'UILayoutGuide' is unavailable in watchOS
15 |         view.readableContentGuide
16 |     }
/Applications/Xcode-27.0.0-Release.Candidate.app/Contents/Developer/Platforms/WatchOS.platform/Developer/SDKs/WatchOS27.0.sdk/System/Library/Frameworks/UIKit.framework/Headers/UILayoutGuide.h:24:12: note: 'UILayoutGuide' has been explicitly marked unavailable here
22 |  */
23 | UIKIT_EXTERN API_AVAILABLE(ios(9.0)) API_UNAVAILABLE(watchos) NS_SWIFT_UI_ACTOR
24 | @interface UILayoutGuide : NSObject <NSCoding>
   |            `- note: 'UILayoutGuide' has been explicitly marked unavailable here
25 |
26 | /* The frame of the UILayoutGuide in its owningView's coordinate system.
/Users/admin/builder/spi-builder-workspace/Sources/HelperKit/Extensions/UIViewController.swift:4:11: error: 'UIViewController' is unavailable in watchOS
 2 | import UIKit
 3 |
 4 | extension UIViewController {
   |           `- error: 'UIViewController' is unavailable in watchOS
 5 |     /// Shorthand for the view controller's view safe area layout guide.
 6 |     /// The portion of the view that is unobscured by bars and other content.
/Applications/Xcode-27.0.0-Release.Candidate.app/Contents/Developer/Platforms/WatchOS.platform/Developer/SDKs/WatchOS27.0.sdk/System/Library/Frameworks/UIKit.framework/Headers/UIViewController.h:104:12: note: 'UIViewController' has been explicitly marked unavailable here
102 |
103 | UIKIT_EXTERN API_AVAILABLE(ios(2.0)) API_UNAVAILABLE(watchos) NS_SWIFT_UI_ACTOR
104 | @interface UIViewController : UIResponder <NSCoding, UIAppearanceContainer, UITraitEnvironment, UIContentContainer, UIFocusEnvironment>
    |            `- note: 'UIViewController' has been explicitly marked unavailable here
105 |
106 | /*
Failed frontend command:
/Applications/Xcode-27.0.0-Release.Candidate.app/Contents/Developer/Toolchains/XcodeDefault.xctoolchain/usr/bin/swift-frontend -frontend -emit-module -experimental-skip-non-inlinable-function-bodies-without-types /Users/admin/builder/spi-builder-workspace/Sources/HelperKit/Extensions/Array.swift /Users/admin/builder/spi-builder-workspace/Sources/HelperKit/Extensions/BinaryFloatingPoint+CGFloat.swift /Users/admin/builder/spi-builder-workspace/Sources/HelperKit/Extensions/BinaryInteger+CGFloat.swift /Users/admin/builder/spi-builder-workspace/Sources/HelperKit/Extensions/Bundle.swift /Users/admin/builder/spi-builder-workspace/Sources/HelperKit/Extensions/CGSize.swift /Users/admin/builder/spi-builder-workspace/Sources/HelperKit/Extensions/Comparable.swift /Users/admin/builder/spi-builder-workspace/Sources/HelperKit/Extensions/Dictionary.swift /Users/admin/builder/spi-builder-workspace/Sources/HelperKit/Extensions/Numeric.swift /Users/admin/builder/spi-builder-workspace/Sources/HelperKit/Extensions/Optional.swift /Users/admin/builder/spi-builder-workspace/Sources/HelperKit/Extensions/Sequence+Optional.swift /Users/admin/builder/spi-builder-workspace/Sources/HelperKit/Extensions/String.swift /Users/admin/builder/spi-builder-workspace/Sources/HelperKit/Extensions/UIButton.swift /Users/admin/builder/spi-builder-workspace/Sources/HelperKit/Extensions/UIEdgeInsets.swift /Users/admin/builder/spi-builder-workspace/Sources/HelperKit/Extensions/UIImage.swift /Users/admin/builder/spi-builder-workspace/Sources/HelperKit/Extensions/UIStackView.swift /Users/admin/builder/spi-builder-workspace/Sources/HelperKit/Extensions/UIView.swift /Users/admin/builder/spi-builder-workspace/Sources/HelperKit/Extensions/UIViewController.swift /Users/admin/builder/spi-builder-workspace/Sources/HelperKit/Extensions/URL.swift /Users/admin/builder/spi-builder-workspace/Sources/HelperKit/Models/Identifier.swift /Users/admin/builder/spi-builder-workspace/Sources/HelperKit/Protocols/Apply.swift -target arm64-apple-watchos9.0 -module-can-import-version CoreGraphics 2049 2049.0.0 -module-can-import-version UIKit 9127.0.84.1 9127.0.84 -disable-cross-import-overlay-search -load-resolved-plugin /Applications/Xcode-27.0.0-Release.Candidate.app/Contents/Developer/Platforms/WatchOS.platform/Developer/usr/lib/swift/host/plugins/libFoundationMacros.dylib\#/Applications/Xcode-27.0.0-Release.Candidate.app/Contents/Developer/Platforms/WatchOS.platform/Developer/usr/bin/swift-plugin-server\#FoundationMacros -load-resolved-plugin /Applications/Xcode-27.0.0-Release.Candidate.app/Contents/Developer/Platforms/WatchOS.platform/Developer/usr/lib/swift/host/plugins/libObservationMacros.dylib\#/Applications/Xcode-27.0.0-Release.Candidate.app/Contents/Developer/Platforms/WatchOS.platform/Developer/usr/bin/swift-plugin-server\#ObservationMacros -load-resolved-plugin /Applications/Xcode-27.0.0-Release.Candidate.app/Contents/Developer/Platforms/WatchOS.platform/Developer/usr/lib/swift/host/plugins/libSwiftMacros.dylib\#/Applications/Xcode-27.0.0-Release.Candidate.app/Contents/Developer/Platforms/WatchOS.platform/Developer/usr/bin/swift-plugin-server\#SwiftMacros -load-resolved-plugin /Applications/Xcode-27.0.0-Release.Candidate.app/Contents/Developer/Platforms/WatchOS.platform/Developer/usr/lib/swift/host/plugins/libSwiftUIMacros.dylib\#/Applications/Xcode-27.0.0-Release.Candidate.app/Contents/Developer/Platforms/WatchOS.platform/Developer/usr/bin/swift-plugin-server\#SwiftUIMacros -disable-implicit-swift-modules -Xcc -fno-implicit-modules -Xcc -fno-implicit-module-maps -explicit-swift-module-map-file /Users/admin/builder/spi-builder-workspace/.derivedData/Build/Intermediates.noindex/HelperKit.build/Debug-watchos/HelperKit-t.build/Objects-normal/arm64/HelperKit-dependencies-1.json -Xllvm -aarch64-use-tbi -enable-objc-interop -stack-check -sdk /Applications/Xcode-27.0.0-Release.Candidate.app/Contents/Developer/Platforms/WatchOS.platform/Developer/SDKs/WatchOS27.0.sdk -I /Users/admin/builder/spi-builder-workspace/.derivedData/Build/Products/Debug-watchos -Isystem /Applications/Xcode-27.0.0-Release.Candidate.app/Contents/Developer/Platforms/WatchOS.platform/Developer/usr/lib -F /Users/admin/builder/spi-builder-workspace/.derivedData/Build/Products/Debug-watchos -F /Applications/Xcode-27.0.0-Release.Candidate.app/Contents/Developer/Platforms/WatchOS.platform/Developer/Library/Frameworks -F /Applications/Xcode-27.0.0-Release.Candidate.app/Contents/Developer/Platforms/WatchOS.platform/Developer/SDKs/WatchOS27.0.sdk/Developer/Library/Frameworks -module-cache-path /Users/admin/builder/spi-builder-workspace/.derivedData/Build/Intermediates.noindex/SwiftExplicitPrecompiledModules -no-color-diagnostics -Xcc -fno-color-diagnostics -enable-testing -g -debug-info-format\=dwarf -dwarf-version\=4 -swift-version 5 -Onone -D SWIFT_PACKAGE -D DEBUG -D SWIFT_MODULE_RESOURCE_BUNDLE_UNAVAILABLE -D Xcode -serialize-debugging-options -enable-experimental-feature DebugDescriptionMacro -empty-abi-descriptor -validate-clang-modules-once -clang-build-session-file /Users/admin/builder/spi-builder-workspace/.derivedData/ModuleCache.noindex/Session.modulevalidation -Xcc -working-directory -Xcc /Users/admin/builder/spi-builder-workspace/.swiftpm/xcode -enable-anonymous-context-mangled-names -file-compilation-dir /Users/admin/builder/spi-builder-workspace/.swiftpm/xcode -Xcc -D_LIBCPP_HARDENING_MODE\=_LIBCPP_HARDENING_MODE_DEBUG -Xcc -ivfsstatcache -Xcc /Users/admin/builder/spi-builder-workspace/.derivedData/SDKStatCaches.noindex/watchos27.0-24R360-e829b21a6f8c9b70876ba0858053c04477534ef55a1706bf4c1112bbb242f0a2.sdkstatcache -Xcc -fmodules-prune-interval\=86400 -Xcc -fmodules-prune-after\=345600 -Xcc -I/Users/admin/builder/spi-builder-workspace/.derivedData/Build/Products/Debug-watchos/include -Xcc -I/Users/admin/builder/spi-builder-workspace/.derivedData/Build/Intermediates.noindex/HelperKit.build/Debug-watchos/HelperKit-t.build/DerivedSources-normal/arm64 -Xcc -I/Users/admin/builder/spi-builder-workspace/.derivedData/Build/Intermediates.noindex/HelperKit.build/Debug-watchos/HelperKit-t.build/DerivedSources/arm64 -Xcc -I/Users/admin/builder/spi-builder-workspace/.derivedData/Build/Intermediates.noindex/HelperKit.build/Debug-watchos/HelperKit-t.build/DerivedSources -Xcc -DSWIFT_PACKAGE -Xcc -DDEBUG\=1 -no-auto-bridging-header-chaining -module-name HelperKit -const-gather-protocols-file /Users/admin/builder/spi-builder-workspace/.derivedData/Build/Intermediates.noindex/HelperKit.build/Debug-watchos/HelperKit-t.build/Objects-normal/arm64/HelperKit_const_extract_protocols.json -disable-clang-spi -clang-target arm64-apple-watchos27.0 -target-sdk-version 27.0 -target-sdk-name watchos27.0 -in-process-plugin-server-path /Applications/Xcode-27.0.0-Release.Candidate.app/Contents/Developer/Toolchains/XcodeDefault.xctoolchain/usr/lib/swift/host/libSwiftInProcPluginServer.dylib -emit-module-doc-path /Users/admin/builder/spi-builder-workspace/.derivedData/Build/Intermediates.noindex/HelperKit.build/Debug-watchos/HelperKit-t.build/Objects-normal/arm64/HelperKit.swiftdoc -emit-module-source-info-path /Users/admin/builder/spi-builder-workspace/.derivedData/Build/Intermediates.noindex/HelperKit.build/Debug-watchos/HelperKit-t.build/Objects-normal/arm64/HelperKit.swiftsourceinfo -emit-objc-header-path /Users/admin/builder/spi-builder-workspace/.derivedData/Build/Intermediates.noindex/HelperKit.build/Debug-watchos/HelperKit-t.build/Objects-normal/arm64/HelperKit-Swift.h -serialize-diagnostics-path /Users/admin/builder/spi-builder-workspace/.derivedData/Build/Intermediates.noindex/HelperKit.build/Debug-watchos/HelperKit-t.build/Objects-normal/arm64/HelperKit-primary-emit-module.dia -emit-dependencies-path /Users/admin/builder/spi-builder-workspace/.derivedData/Build/Intermediates.noindex/HelperKit.build/Debug-watchos/HelperKit-t.build/Objects-normal/arm64/HelperKit-primary-emit-module.d -parse-as-library -o /Users/admin/builder/spi-builder-workspace/.derivedData/Build/Intermediates.noindex/HelperKit.build/Debug-watchos/HelperKit-t.build/Objects-normal/arm64/HelperKit.swiftmodule -emit-abi-descriptor-path /Users/admin/builder/spi-builder-workspace/.derivedData/Build/Intermediates.noindex/HelperKit.build/Debug-watchos/HelperKit-t.build/Objects-normal/arm64/HelperKit.abi.json
SwiftCompile normal arm64 (in target 'HelperKit' from project 'HelperKit')
    cd /Users/admin/builder/spi-builder-workspace/.swiftpm/xcode

SwiftEmitModule normal arm64_32 Emitting\ module\ for\ HelperKit (in target 'HelperKit' from project 'HelperKit')
SwiftCompile normal arm64_32 (in target 'HelperKit' from project 'HelperKit')
    cd /Users/admin/builder/spi-builder-workspace/.swiftpm/xcode

PruneExplicitPrecompiledModules /Users/admin/builder/spi-builder-workspace/.derivedData/Build/Intermediates.noindex/SwiftExplicitPrecompiledModules
PruneExplicitPrecompiledModules /Users/admin/builder/spi-builder-workspace/.derivedData/SDKExplicitPrecompiledModules
PruneExplicitPrecompiledModules /Users/admin/builder/spi-builder-workspace/.derivedData/Build/Intermediates.noindex/ExplicitPrecompiledModules
2026-09-19 18:18:00.914 xcodebuild[781:4700] [MT] IDERunDestination: Supported platforms for the buildables in the current scheme is empty.
** BUILD FAILED **
The following build commands failed:
	SwiftEmitModule normal arm64 Emitting\ module\ for\ HelperKit (in target 'HelperKit' from project 'HelperKit')
	SwiftCompile normal arm64 (in target 'HelperKit' from project 'HelperKit')
	Building workspace HelperKit with scheme HelperKit
(3 failures)
BUILD FAILURE 6.4 watchOS