The Swift Package Index logo.Swift Package Index

Build Information

Failed to build SwiftSafeUI, reference main (0c854e), with Swift 6.4 for watchOS using Xcode 27.0 on 22 Sep 2026 16:51:14 UTC.

Build Command

env DEVELOPER_DIR=/Applications/Xcode-27.0.0-Release.Candidate.app xcrun xcodebuild -IDEClonedSourcePackagesDirPathOverride=$PWD/.dependencies -skipMacroValidation -skipPackagePluginValidation -derivedDataPath $PWD/.derivedData build -scheme SwiftSafeUI -destination generic/platform=watchOS

Build Log

========================================
RunAll
========================================
Builder version: 5.1.0
Interrupt handler set up.
========================================
Checkout
========================================
Clone URL: https://github.com/BaherTamer/SwiftSafeUI.git
Reference: main
Initialized empty Git repository in /Users/admin/builder/spi-builder-workspace/.git/
From https://github.com/BaherTamer/SwiftSafeUI
 * branch            main       -> FETCH_HEAD
 * [new branch]      main       -> origin/main
HEAD is now at 0c854e5 doc: add swift package index badges
Cloned https://github.com/BaherTamer/SwiftSafeUI.git
Revision (git rev-parse @):
0c854e58bd095cac642c71f9382c03b5545c6848
SUCCESS checkout https://github.com/BaherTamer/SwiftSafeUI.git at main
========================================
Build
========================================
Selected platform:         watchOS
Swift version:             6.4
Building package at path:  $PWD
https://github.com/BaherTamer/SwiftSafeUI.git
Command line invocation:
    /Applications/Xcode-27.0.0-Release.Candidate.app/Contents/Developer/usr/bin/xcodebuild -IDEClonedSourcePackagesDirPathOverride=/Users/admin/builder/spi-builder-workspace/.dependencies -resolvePackageDependencies
Resolve Package Graph
Resolve Package Graph
Resolved source packages:
  SwiftSafeUI: /Users/admin/builder/spi-builder-workspace
resolved source packages: SwiftSafeUI
2026-09-22 12:50:30.048 xcodebuild[529:3028] [MT] IDERunDestination: Supported platforms for the buildables in the current scheme is empty.
{
  "dependencies" : [
  ],
  "manifest_display_name" : "SwiftSafeUI",
  "name" : "SwiftSafeUI",
  "path" : "/Users/admin/builder/spi-builder-workspace",
  "platforms" : [
    {
      "name" : "ios",
      "version" : "13.0"
    },
    {
      "name" : "macos",
      "version" : "10.15"
    }
  ],
  "products" : [
    {
      "name" : "SwiftSafeUI",
      "targets" : [
        "SwiftSafeUI"
      ],
      "type" : {
        "library" : [
          "automatic"
        ]
      }
    }
  ],
  "targets" : [
    {
      "c99name" : "SwiftSafeUI",
      "module_type" : "SwiftTarget",
      "name" : "SwiftSafeUI",
      "path" : "Sources/SwiftSafeUI",
      "product_memberships" : [
        "SwiftSafeUI"
      ],
      "sources" : [
        "Deprecation Handlers/Environment Values /SafeDismiss.swift",
        "Deprecation Handlers/Environment Values /SafeIsPresented.swift",
        "Deprecation Handlers/Modifiers/Accessibility/SafeAccessibilityActivationPoint.swift",
        "Deprecation Handlers/Modifiers/Accessibility/SafeAccessibilityAddTraits.swift",
        "Deprecation Handlers/Modifiers/Accessibility/SafeAccessibilityHidden.swift",
        "Deprecation Handlers/Modifiers/Accessibility/SafeAccessibilityHint.swift",
        "Deprecation Handlers/Modifiers/Accessibility/SafeAccessibilityIdentifier.swift",
        "Deprecation Handlers/Modifiers/Accessibility/SafeAccessibilityInputLabels.swift",
        "Deprecation Handlers/Modifiers/Accessibility/SafeAccessibilityLabel.swift",
        "Deprecation Handlers/Modifiers/Accessibility/SafeAccessibilityRemoveTraits.swift",
        "Deprecation Handlers/Modifiers/Accessibility/SafeAccessibilitySortPriority.swift",
        "Deprecation Handlers/Modifiers/Accessibility/SafeAccessibilityValue.swift",
        "Deprecation Handlers/Modifiers/Appearance/SafeBackground.swift",
        "Deprecation Handlers/Modifiers/Appearance/SafeForegroundColor.swift",
        "Deprecation Handlers/Modifiers/Appearance/SafeOverlay.swift",
        "Deprecation Handlers/Modifiers/Appearance/SafeTintColor.swift",
        "Deprecation Handlers/Modifiers/Auxiliary View/SafeNavigationBarHidden.swift",
        "Deprecation Handlers/Modifiers/Auxiliary View/SafeNavigationBarItems.swift",
        "Deprecation Handlers/Modifiers/Auxiliary View/SafeNavigationBarLeadingItem.swift",
        "Deprecation Handlers/Modifiers/Auxiliary View/SafeNavigationBarTitle.swift",
        "Deprecation Handlers/Modifiers/Auxiliary View/SafeNavigationBarTrailingItem.swift",
        "Deprecation Handlers/Modifiers/Drawing & Graphics/SafeMask.swift",
        "Deprecation Handlers/Modifiers/Input & Event/SafeFocusable.swift",
        "Deprecation Handlers/Modifiers/Input & Event/SafeOnChange.swift",
        "Deprecation Handlers/Modifiers/Layout/SafeIgnoreSafeArea.swift",
        "Deprecation Handlers/Modifiers/Presentation/SafePresentationBackground.swift",
        "Deprecation Handlers/Modifiers/Search/SafeSearchable.swift",
        "Deprecation Handlers/Modifiers/Text & Symbol/SafeAutocapitalization.swift",
        "Deprecation Handlers/Views/SafeNavigationView.swift",
        "Deprecation Handlers/Views/SafeScrollView.swift"
      ],
      "type" : "library"
    }
  ],
  "tools_version" : "5.9"
}
{
  "workspace" : {
    "name" : "SwiftSafeUI",
    "schemes" : [
      "SwiftSafeUI"
    ]
  }
}
2026-09-22 12:51:01.934 xcodebuild[626:3837] [MT] IDERunDestination: Supported platforms for the buildables in the current scheme is empty.
Running build ...
env DEVELOPER_DIR=/Applications/Xcode-27.0.0-Release.Candidate.app xcrun xcodebuild -IDEClonedSourcePackagesDirPathOverride=$PWD/.dependencies -skipMacroValidation -skipPackagePluginValidation -derivedDataPath $PWD/.derivedData build -scheme SwiftSafeUI -destination generic/platform=watchOS
Command line invocation:
    /Applications/Xcode-27.0.0-Release.Candidate.app/Contents/Developer/usr/bin/xcodebuild -IDEClonedSourcePackagesDirPathOverride=/Users/admin/builder/spi-builder-workspace/.dependencies -skipMacroValidation -skipPackagePluginValidation -derivedDataPath /Users/admin/builder/spi-builder-workspace/.derivedData build -scheme SwiftSafeUI -destination generic/platform=watchOS
Resolve Package Graph
Resolved source packages:
  SwiftSafeUI: /Users/admin/builder/spi-builder-workspace
ComputePackagePrebuildTargetDependencyGraph
Prepare packages
CreateBuildRequest
SendProjectDescription
CreateBuildOperation
ComputeTargetDependencyGraph
note: Building targets in dependency order
note: Target dependency graph (2 targets)
    Target 'SwiftSafeUI-product' in project 'SwiftSafeUI'
        ➜ Explicit dependency on target 'SwiftSafeUI' in project 'SwiftSafeUI'
    Target 'SwiftSafeUI' in project 'SwiftSafeUI' (no dependencies)
GatherProvisioningInputs
CreateBuildDescription
ExecuteExternalTool /Applications/Xcode-27.0.0-Release.Candidate.app/Contents/Developer/Toolchains/XcodeDefault.xctoolchain/usr/bin/clang -v -E -dM -isysroot /Applications/Xcode-27.0.0-Release.Candidate.app/Contents/Developer/Platforms/WatchOS.platform/Developer/SDKs/WatchOS27.0.sdk -x c -c /dev/null
ExecuteExternalTool /Applications/Xcode-27.0.0-Release.Candidate.app/Contents/Developer/Toolchains/XcodeDefault.xctoolchain/usr/bin/swiftc --version
ExecuteExternalTool /Applications/Xcode-27.0.0-Release.Candidate.app/Contents/Developer/Toolchains/XcodeDefault.xctoolchain/usr/bin/ld -version_details
ReadFileContents /Applications/Xcode-27.0.0-Release.Candidate.app/Contents/Developer/Toolchains/XcodeDefault.xctoolchain/usr/share/docc/features.json
Build description signature: 7184b372ea276ec3e0f00fc85c174a99
Build description path: /Users/admin/builder/spi-builder-workspace/.derivedData/Build/Intermediates.noindex/XCBuildData/7184b372ea276ec3e0f00fc85c174a99.xcbuilddata
CreateBuildDirectory /Users/admin/builder/spi-builder-workspace/.derivedData/SDKExplicitPrecompiledModules
    cd /Users/admin/builder/spi-builder-workspace/.swiftpm/xcode
    builtin-create-build-directory /Users/admin/builder/spi-builder-workspace/.derivedData/SDKExplicitPrecompiledModules
CreateBuildDirectory /Users/admin/builder/spi-builder-workspace/.derivedData/ModuleCache.noindex
    cd /Users/admin/builder/spi-builder-workspace/.swiftpm/xcode
    builtin-create-build-directory /Users/admin/builder/spi-builder-workspace/.derivedData/ModuleCache.noindex
CreateBuildDirectory /Users/admin/builder/spi-builder-workspace/.derivedData/CompilationCache.noindex
    cd /Users/admin/builder/spi-builder-workspace/.swiftpm/xcode
    builtin-create-build-directory /Users/admin/builder/spi-builder-workspace/.derivedData/CompilationCache.noindex
ClangStatCache /Applications/Xcode-27.0.0-Release.Candidate.app/Contents/Developer/Toolchains/XcodeDefault.xctoolchain/usr/bin/clang-stat-cache /Applications/Xcode-27.0.0-Release.Candidate.app/Contents/Developer/Platforms/WatchOS.platform/Developer/SDKs/WatchOS27.0.sdk /Users/admin/builder/spi-builder-workspace/.derivedData/SDKStatCaches.noindex/watchos27.0-24R360-e829b21a6f8c9b70876ba0858053c04477534ef55a1706bf4c1112bbb242f0a2.sdkstatcache
    cd /Users/admin/builder/spi-builder-workspace/.swiftpm/xcode
    /Applications/Xcode-27.0.0-Release.Candidate.app/Contents/Developer/Toolchains/XcodeDefault.xctoolchain/usr/bin/clang-stat-cache /Applications/Xcode-27.0.0-Release.Candidate.app/Contents/Developer/Platforms/WatchOS.platform/Developer/SDKs/WatchOS27.0.sdk -o /Users/admin/builder/spi-builder-workspace/.derivedData/SDKStatCaches.noindex/watchos27.0-24R360-e829b21a6f8c9b70876ba0858053c04477534ef55a1706bf4c1112bbb242f0a2.sdkstatcache
CreateBuildDirectory /Users/admin/builder/spi-builder-workspace/.derivedData/Build/Intermediates.noindex
    cd /Users/admin/builder/spi-builder-workspace/.swiftpm/xcode
    builtin-create-build-directory /Users/admin/builder/spi-builder-workspace/.derivedData/Build/Intermediates.noindex
CreateBuildDirectory /Users/admin/builder/spi-builder-workspace/.derivedData/Build/Products
    cd /Users/admin/builder/spi-builder-workspace/.swiftpm/xcode
    builtin-create-build-directory /Users/admin/builder/spi-builder-workspace/.derivedData/Build/Products
CreateBuildDirectory /Users/admin/builder/spi-builder-workspace/.derivedData/Build/Intermediates.noindex/SwiftExplicitPrecompiledModules
    cd /Users/admin/builder/spi-builder-workspace/.swiftpm/xcode
    builtin-create-build-directory /Users/admin/builder/spi-builder-workspace/.derivedData/Build/Intermediates.noindex/SwiftExplicitPrecompiledModules
CreateBuildDirectory /Users/admin/builder/spi-builder-workspace/.derivedData/Build/Intermediates.noindex/PrecompiledHeaders
    cd /Users/admin/builder/spi-builder-workspace/.swiftpm/xcode
    builtin-create-build-directory /Users/admin/builder/spi-builder-workspace/.derivedData/Build/Intermediates.noindex/PrecompiledHeaders
CreateBuildDirectory /Users/admin/builder/spi-builder-workspace/.derivedData/Build/Intermediates.noindex/ExplicitPrecompiledModules
    cd /Users/admin/builder/spi-builder-workspace/.swiftpm/xcode
    builtin-create-build-directory /Users/admin/builder/spi-builder-workspace/.derivedData/Build/Intermediates.noindex/ExplicitPrecompiledModules
CreateBuildDirectory /Users/admin/builder/spi-builder-workspace/.derivedData/Build/Products/Debug-watchos
    cd /Users/admin/builder/spi-builder-workspace/.swiftpm/xcode
    builtin-create-build-directory /Users/admin/builder/spi-builder-workspace/.derivedData/Build/Products/Debug-watchos
CreateBuildDirectory /Users/admin/builder/spi-builder-workspace/.derivedData/Build/Intermediates.noindex/EagerLinkingTBDs/Debug-watchos
    cd /Users/admin/builder/spi-builder-workspace/.swiftpm/xcode
    builtin-create-build-directory /Users/admin/builder/spi-builder-workspace/.derivedData/Build/Intermediates.noindex/EagerLinkingTBDs/Debug-watchos
CreateBuildDirectory /Users/admin/builder/spi-builder-workspace/.derivedData/Build/Products/Debug-watchos/PackageFrameworks
    cd /Users/admin/builder/spi-builder-workspace/.swiftpm/xcode
    builtin-create-build-directory /Users/admin/builder/spi-builder-workspace/.derivedData/Build/Products/Debug-watchos/PackageFrameworks
WriteAuxiliaryFile /Users/admin/builder/spi-builder-workspace/.derivedData/Build/Intermediates.noindex/SwiftSafeUI.build/Debug-watchos/SwiftSafeUI-t.build/SwiftSafeUI.modulemap (in target 'SwiftSafeUI' from project 'SwiftSafeUI')
    cd /Users/admin/builder/spi-builder-workspace
    write-file /Users/admin/builder/spi-builder-workspace/.derivedData/Build/Intermediates.noindex/SwiftSafeUI.build/Debug-watchos/SwiftSafeUI-t.build/SwiftSafeUI.modulemap
WriteAuxiliaryFile /Users/admin/builder/spi-builder-workspace/.derivedData/Build/Intermediates.noindex/SwiftSafeUI.build/Debug-watchos/SwiftSafeUI-t.build/SwiftSafeUI.DependencyStaticMetadataFileList (in target 'SwiftSafeUI' from project 'SwiftSafeUI')
    cd /Users/admin/builder/spi-builder-workspace
    write-file /Users/admin/builder/spi-builder-workspace/.derivedData/Build/Intermediates.noindex/SwiftSafeUI.build/Debug-watchos/SwiftSafeUI-t.build/SwiftSafeUI.DependencyStaticMetadataFileList
WriteAuxiliaryFile /Users/admin/builder/spi-builder-workspace/.derivedData/Build/Intermediates.noindex/SwiftSafeUI.build/Debug-watchos/SwiftSafeUI-t.build/Objects-normal/arm64/SwiftSafeUI-OutputFileMap.json (in target 'SwiftSafeUI' from project 'SwiftSafeUI')
    cd /Users/admin/builder/spi-builder-workspace
    write-file /Users/admin/builder/spi-builder-workspace/.derivedData/Build/Intermediates.noindex/SwiftSafeUI.build/Debug-watchos/SwiftSafeUI-t.build/Objects-normal/arm64/SwiftSafeUI-OutputFileMap.json
WriteAuxiliaryFile /Users/admin/builder/spi-builder-workspace/.derivedData/Build/Intermediates.noindex/SwiftSafeUI.build/Debug-watchos/SwiftSafeUI-t.build/Objects-normal/arm64_32/SwiftSafeUI.LinkFileList (in target 'SwiftSafeUI' from project 'SwiftSafeUI')
    cd /Users/admin/builder/spi-builder-workspace
    write-file /Users/admin/builder/spi-builder-workspace/.derivedData/Build/Intermediates.noindex/SwiftSafeUI.build/Debug-watchos/SwiftSafeUI-t.build/Objects-normal/arm64_32/SwiftSafeUI.LinkFileList
WriteAuxiliaryFile /Users/admin/builder/spi-builder-workspace/.derivedData/Build/Intermediates.noindex/SwiftSafeUI.build/Debug-watchos/SwiftSafeUI-t.build/Objects-normal/arm64_32/SwiftSafeUI.SwiftConstValuesFileList (in target 'SwiftSafeUI' from project 'SwiftSafeUI')
    cd /Users/admin/builder/spi-builder-workspace
    write-file /Users/admin/builder/spi-builder-workspace/.derivedData/Build/Intermediates.noindex/SwiftSafeUI.build/Debug-watchos/SwiftSafeUI-t.build/Objects-normal/arm64_32/SwiftSafeUI.SwiftConstValuesFileList
WriteAuxiliaryFile /Users/admin/builder/spi-builder-workspace/.derivedData/Build/Intermediates.noindex/SwiftSafeUI.build/Debug-watchos/SwiftSafeUI-t.build/Objects-normal/arm64_32/SwiftSafeUI-OutputFileMap.json (in target 'SwiftSafeUI' from project 'SwiftSafeUI')
    cd /Users/admin/builder/spi-builder-workspace
    write-file /Users/admin/builder/spi-builder-workspace/.derivedData/Build/Intermediates.noindex/SwiftSafeUI.build/Debug-watchos/SwiftSafeUI-t.build/Objects-normal/arm64_32/SwiftSafeUI-OutputFileMap.json
WriteAuxiliaryFile /Users/admin/builder/spi-builder-workspace/.derivedData/Build/Intermediates.noindex/SwiftSafeUI.build/Debug-watchos/SwiftSafeUI-t.build/Objects-normal/arm64_32/SwiftSafeUI_const_extract_protocols.json (in target 'SwiftSafeUI' from project 'SwiftSafeUI')
    cd /Users/admin/builder/spi-builder-workspace
    write-file /Users/admin/builder/spi-builder-workspace/.derivedData/Build/Intermediates.noindex/SwiftSafeUI.build/Debug-watchos/SwiftSafeUI-t.build/Objects-normal/arm64_32/SwiftSafeUI_const_extract_protocols.json
WriteAuxiliaryFile /Users/admin/builder/spi-builder-workspace/.derivedData/Build/Intermediates.noindex/SwiftSafeUI.build/Debug-watchos/SwiftSafeUI-t.build/Objects-normal/arm64/SwiftSafeUI_const_extract_protocols.json (in target 'SwiftSafeUI' from project 'SwiftSafeUI')
    cd /Users/admin/builder/spi-builder-workspace
    write-file /Users/admin/builder/spi-builder-workspace/.derivedData/Build/Intermediates.noindex/SwiftSafeUI.build/Debug-watchos/SwiftSafeUI-t.build/Objects-normal/arm64/SwiftSafeUI_const_extract_protocols.json
WriteAuxiliaryFile /Users/admin/builder/spi-builder-workspace/.derivedData/Build/Intermediates.noindex/SwiftSafeUI.build/Debug-watchos/SwiftSafeUI-t.build/SwiftSafeUI.DependencyMetadataFileList (in target 'SwiftSafeUI' from project 'SwiftSafeUI')
    cd /Users/admin/builder/spi-builder-workspace
    write-file /Users/admin/builder/spi-builder-workspace/.derivedData/Build/Intermediates.noindex/SwiftSafeUI.build/Debug-watchos/SwiftSafeUI-t.build/SwiftSafeUI.DependencyMetadataFileList
WriteAuxiliaryFile /Users/admin/builder/spi-builder-workspace/.derivedData/Build/Intermediates.noindex/SwiftSafeUI.build/Debug-watchos/SwiftSafeUI-t.build/Objects-normal/arm64/SwiftSafeUI.SwiftFileList (in target 'SwiftSafeUI' from project 'SwiftSafeUI')
    cd /Users/admin/builder/spi-builder-workspace
    write-file /Users/admin/builder/spi-builder-workspace/.derivedData/Build/Intermediates.noindex/SwiftSafeUI.build/Debug-watchos/SwiftSafeUI-t.build/Objects-normal/arm64/SwiftSafeUI.SwiftFileList
WriteAuxiliaryFile /Users/admin/builder/spi-builder-workspace/.derivedData/Build/Intermediates.noindex/SwiftSafeUI.build/Debug-watchos/SwiftSafeUI-t.build/Objects-normal/arm64/SwiftSafeUI.SwiftConstValuesFileList (in target 'SwiftSafeUI' from project 'SwiftSafeUI')
    cd /Users/admin/builder/spi-builder-workspace
    write-file /Users/admin/builder/spi-builder-workspace/.derivedData/Build/Intermediates.noindex/SwiftSafeUI.build/Debug-watchos/SwiftSafeUI-t.build/Objects-normal/arm64/SwiftSafeUI.SwiftConstValuesFileList
WriteAuxiliaryFile /Users/admin/builder/spi-builder-workspace/.derivedData/Build/Intermediates.noindex/SwiftSafeUI.build/Debug-watchos/SwiftSafeUI-t.build/Objects-normal/arm64_32/SwiftSafeUI.SwiftFileList (in target 'SwiftSafeUI' from project 'SwiftSafeUI')
    cd /Users/admin/builder/spi-builder-workspace
    write-file /Users/admin/builder/spi-builder-workspace/.derivedData/Build/Intermediates.noindex/SwiftSafeUI.build/Debug-watchos/SwiftSafeUI-t.build/Objects-normal/arm64_32/SwiftSafeUI.SwiftFileList
WriteAuxiliaryFile /Users/admin/builder/spi-builder-workspace/.derivedData/Build/Intermediates.noindex/SwiftSafeUI.build/Debug-watchos/SwiftSafeUI-t.build/Objects-normal/arm64/SwiftSafeUI.LinkFileList (in target 'SwiftSafeUI' from project 'SwiftSafeUI')
    cd /Users/admin/builder/spi-builder-workspace
    write-file /Users/admin/builder/spi-builder-workspace/.derivedData/Build/Intermediates.noindex/SwiftSafeUI.build/Debug-watchos/SwiftSafeUI-t.build/Objects-normal/arm64/SwiftSafeUI.LinkFileList
Copy /Users/admin/builder/spi-builder-workspace/.derivedData/Build/Intermediates.noindex/GeneratedModuleMaps-watchos/SwiftSafeUI.modulemap /Users/admin/builder/spi-builder-workspace/.derivedData/Build/Intermediates.noindex/SwiftSafeUI.build/Debug-watchos/SwiftSafeUI-t.build/SwiftSafeUI.modulemap (in target 'SwiftSafeUI' from project 'SwiftSafeUI')
    cd /Users/admin/builder/spi-builder-workspace
    builtin-copy -exclude .DS_Store -exclude CVS -exclude .svn -exclude .git -exclude .hg -resolve-src-symlinks /Users/admin/builder/spi-builder-workspace/.derivedData/Build/Intermediates.noindex/SwiftSafeUI.build/Debug-watchos/SwiftSafeUI-t.build/SwiftSafeUI.modulemap /Users/admin/builder/spi-builder-workspace/.derivedData/Build/Intermediates.noindex/GeneratedModuleMaps-watchos
SwiftDriver SwiftSafeUI normal arm64_32 com.apple.xcode.tools.swift.compiler (in target 'SwiftSafeUI' from project 'SwiftSafeUI')
    cd /Users/admin/builder/spi-builder-workspace/.swiftpm/xcode
    builtin-SwiftDriver -- /Applications/Xcode-27.0.0-Release.Candidate.app/Contents/Developer/Toolchains/XcodeDefault.xctoolchain/usr/bin/swiftc -parse-as-library -module-name SwiftSafeUI -Onone @/Users/admin/builder/spi-builder-workspace/.derivedData/Build/Intermediates.noindex/SwiftSafeUI.build/Debug-watchos/SwiftSafeUI-t.build/Objects-normal/arm64_32/SwiftSafeUI.SwiftFileList -DSWIFT_PACKAGE -DDEBUG -DSWIFT_MODULE_RESOURCE_BUNDLE_UNAVAILABLE -DXcode -enable-experimental-feature StrictConcurrency\=complete -plugin-path /Applications/Xcode-27.0.0-Release.Candidate.app/Contents/Developer/Toolchains/XcodeDefault.xctoolchain/usr/lib/swift/host/plugins/testing -enable-experimental-feature DebugDescriptionMacro -sdk /Applications/Xcode-27.0.0-Release.Candidate.app/Contents/Developer/Platforms/WatchOS.platform/Developer/SDKs/WatchOS27.0.sdk -target arm64_32-apple-watchos9.0 -g -module-cache-path /Users/admin/builder/spi-builder-workspace/.derivedData/ModuleCache.noindex -Xfrontend -serialize-debugging-options -enable-testing -index-store-path /Users/admin/builder/spi-builder-workspace/.derivedData/Index.noindex/DataStore -Xcc -D_LIBCPP_HARDENING_MODE\=_LIBCPP_HARDENING_MODE_DEBUG -swift-version 5 -I /Users/admin/builder/spi-builder-workspace/.derivedData/Build/Products/Debug-watchos -Isystem /Applications/Xcode-27.0.0-Release.Candidate.app/Contents/Developer/Platforms/WatchOS.platform/Developer/usr/lib -F /Users/admin/builder/spi-builder-workspace/.derivedData/Build/Products/Debug-watchos -F /Applications/Xcode-27.0.0-Release.Candidate.app/Contents/Developer/Platforms/WatchOS.platform/Developer/Library/Frameworks -F /Applications/Xcode-27.0.0-Release.Candidate.app/Contents/Developer/Platforms/WatchOS.platform/Developer/SDKs/WatchOS27.0.sdk/Developer/Library/Frameworks -c -j10 -enable-batch-mode -incremental -Xcc -ivfsstatcache -Xcc /Users/admin/builder/spi-builder-workspace/.derivedData/SDKStatCaches.noindex/watchos27.0-24R360-e829b21a6f8c9b70876ba0858053c04477534ef55a1706bf4c1112bbb242f0a2.sdkstatcache -output-file-map /Users/admin/builder/spi-builder-workspace/.derivedData/Build/Intermediates.noindex/SwiftSafeUI.build/Debug-watchos/SwiftSafeUI-t.build/Objects-normal/arm64_32/SwiftSafeUI-OutputFileMap.json -save-temps -no-color-diagnostics -explicit-module-build -module-cache-path /Users/admin/builder/spi-builder-workspace/.derivedData/Build/Intermediates.noindex/SwiftExplicitPrecompiledModules -clang-scanner-module-cache-path /Users/admin/builder/spi-builder-workspace/.derivedData/ModuleCache.noindex -sdk-module-cache-path /Users/admin/builder/spi-builder-workspace/.derivedData/SDKExplicitPrecompiledModules -emit-dependencies -emit-module -emit-module-path /Users/admin/builder/spi-builder-workspace/.derivedData/Build/Intermediates.noindex/SwiftSafeUI.build/Debug-watchos/SwiftSafeUI-t.build/Objects-normal/arm64_32/SwiftSafeUI.swiftmodule -serialize-diagnostics -dependency-scan-serialize-diagnostics-path /Users/admin/builder/spi-builder-workspace/.derivedData/Build/Intermediates.noindex/SwiftSafeUI.build/Debug-watchos/SwiftSafeUI-t.build/Objects-normal/arm64_32/SwiftSafeUI-dependency-scan.dia -validate-clang-modules-once -clang-build-session-file /Users/admin/builder/spi-builder-workspace/.derivedData/ModuleCache.noindex/Session.modulevalidation -Xcc -fmodules-prune-interval\=86400 -Xcc -fmodules-prune-after\=345600 -package-name spi_builder_workspace -emit-const-values -const-gather-protocols-list /Users/admin/builder/spi-builder-workspace/.derivedData/Build/Intermediates.noindex/SwiftSafeUI.build/Debug-watchos/SwiftSafeUI-t.build/Objects-normal/arm64_32/SwiftSafeUI_const_extract_protocols.json -Xcc -I/Users/admin/builder/spi-builder-workspace/.derivedData/Build/Products/Debug-watchos/include -Xcc -I/Users/admin/builder/spi-builder-workspace/.derivedData/Build/Intermediates.noindex/SwiftSafeUI.build/Debug-watchos/SwiftSafeUI-t.build/DerivedSources-normal/arm64_32 -Xcc -I/Users/admin/builder/spi-builder-workspace/.derivedData/Build/Intermediates.noindex/SwiftSafeUI.build/Debug-watchos/SwiftSafeUI-t.build/DerivedSources/arm64_32 -Xcc -I/Users/admin/builder/spi-builder-workspace/.derivedData/Build/Intermediates.noindex/SwiftSafeUI.build/Debug-watchos/SwiftSafeUI-t.build/DerivedSources -Xcc -DSWIFT_PACKAGE -Xcc -DDEBUG\=1 -emit-objc-header -emit-objc-header-path /Users/admin/builder/spi-builder-workspace/.derivedData/Build/Intermediates.noindex/SwiftSafeUI.build/Debug-watchos/SwiftSafeUI-t.build/Objects-normal/arm64_32/SwiftSafeUI-Swift.h -working-directory /Users/admin/builder/spi-builder-workspace/.swiftpm/xcode -experimental-emit-module-separately -disable-cmo
SwiftDriver SwiftSafeUI normal arm64 com.apple.xcode.tools.swift.compiler (in target 'SwiftSafeUI' from project 'SwiftSafeUI')
    cd /Users/admin/builder/spi-builder-workspace/.swiftpm/xcode
    builtin-SwiftDriver -- /Applications/Xcode-27.0.0-Release.Candidate.app/Contents/Developer/Toolchains/XcodeDefault.xctoolchain/usr/bin/swiftc -parse-as-library -module-name SwiftSafeUI -Onone @/Users/admin/builder/spi-builder-workspace/.derivedData/Build/Intermediates.noindex/SwiftSafeUI.build/Debug-watchos/SwiftSafeUI-t.build/Objects-normal/arm64/SwiftSafeUI.SwiftFileList -DSWIFT_PACKAGE -DDEBUG -DSWIFT_MODULE_RESOURCE_BUNDLE_UNAVAILABLE -DXcode -enable-experimental-feature StrictConcurrency\=complete -plugin-path /Applications/Xcode-27.0.0-Release.Candidate.app/Contents/Developer/Toolchains/XcodeDefault.xctoolchain/usr/lib/swift/host/plugins/testing -enable-experimental-feature DebugDescriptionMacro -sdk /Applications/Xcode-27.0.0-Release.Candidate.app/Contents/Developer/Platforms/WatchOS.platform/Developer/SDKs/WatchOS27.0.sdk -target arm64-apple-watchos9.0 -g -module-cache-path /Users/admin/builder/spi-builder-workspace/.derivedData/ModuleCache.noindex -Xfrontend -serialize-debugging-options -enable-testing -index-store-path /Users/admin/builder/spi-builder-workspace/.derivedData/Index.noindex/DataStore -Xcc -D_LIBCPP_HARDENING_MODE\=_LIBCPP_HARDENING_MODE_DEBUG -swift-version 5 -I /Users/admin/builder/spi-builder-workspace/.derivedData/Build/Products/Debug-watchos -Isystem /Applications/Xcode-27.0.0-Release.Candidate.app/Contents/Developer/Platforms/WatchOS.platform/Developer/usr/lib -F /Users/admin/builder/spi-builder-workspace/.derivedData/Build/Products/Debug-watchos -F /Applications/Xcode-27.0.0-Release.Candidate.app/Contents/Developer/Platforms/WatchOS.platform/Developer/Library/Frameworks -F /Applications/Xcode-27.0.0-Release.Candidate.app/Contents/Developer/Platforms/WatchOS.platform/Developer/SDKs/WatchOS27.0.sdk/Developer/Library/Frameworks -c -j10 -enable-batch-mode -incremental -Xcc -ivfsstatcache -Xcc /Users/admin/builder/spi-builder-workspace/.derivedData/SDKStatCaches.noindex/watchos27.0-24R360-e829b21a6f8c9b70876ba0858053c04477534ef55a1706bf4c1112bbb242f0a2.sdkstatcache -output-file-map /Users/admin/builder/spi-builder-workspace/.derivedData/Build/Intermediates.noindex/SwiftSafeUI.build/Debug-watchos/SwiftSafeUI-t.build/Objects-normal/arm64/SwiftSafeUI-OutputFileMap.json -save-temps -no-color-diagnostics -explicit-module-build -module-cache-path /Users/admin/builder/spi-builder-workspace/.derivedData/Build/Intermediates.noindex/SwiftExplicitPrecompiledModules -clang-scanner-module-cache-path /Users/admin/builder/spi-builder-workspace/.derivedData/ModuleCache.noindex -sdk-module-cache-path /Users/admin/builder/spi-builder-workspace/.derivedData/SDKExplicitPrecompiledModules -emit-dependencies -emit-module -emit-module-path /Users/admin/builder/spi-builder-workspace/.derivedData/Build/Intermediates.noindex/SwiftSafeUI.build/Debug-watchos/SwiftSafeUI-t.build/Objects-normal/arm64/SwiftSafeUI.swiftmodule -serialize-diagnostics -dependency-scan-serialize-diagnostics-path /Users/admin/builder/spi-builder-workspace/.derivedData/Build/Intermediates.noindex/SwiftSafeUI.build/Debug-watchos/SwiftSafeUI-t.build/Objects-normal/arm64/SwiftSafeUI-dependency-scan.dia -validate-clang-modules-once -clang-build-session-file /Users/admin/builder/spi-builder-workspace/.derivedData/ModuleCache.noindex/Session.modulevalidation -Xcc -fmodules-prune-interval\=86400 -Xcc -fmodules-prune-after\=345600 -package-name spi_builder_workspace -emit-const-values -const-gather-protocols-list /Users/admin/builder/spi-builder-workspace/.derivedData/Build/Intermediates.noindex/SwiftSafeUI.build/Debug-watchos/SwiftSafeUI-t.build/Objects-normal/arm64/SwiftSafeUI_const_extract_protocols.json -Xcc -I/Users/admin/builder/spi-builder-workspace/.derivedData/Build/Products/Debug-watchos/include -Xcc -I/Users/admin/builder/spi-builder-workspace/.derivedData/Build/Intermediates.noindex/SwiftSafeUI.build/Debug-watchos/SwiftSafeUI-t.build/DerivedSources-normal/arm64 -Xcc -I/Users/admin/builder/spi-builder-workspace/.derivedData/Build/Intermediates.noindex/SwiftSafeUI.build/Debug-watchos/SwiftSafeUI-t.build/DerivedSources/arm64 -Xcc -I/Users/admin/builder/spi-builder-workspace/.derivedData/Build/Intermediates.noindex/SwiftSafeUI.build/Debug-watchos/SwiftSafeUI-t.build/DerivedSources -Xcc -DSWIFT_PACKAGE -Xcc -DDEBUG\=1 -emit-objc-header -emit-objc-header-path /Users/admin/builder/spi-builder-workspace/.derivedData/Build/Intermediates.noindex/SwiftSafeUI.build/Debug-watchos/SwiftSafeUI-t.build/Objects-normal/arm64/SwiftSafeUI-Swift.h -working-directory /Users/admin/builder/spi-builder-workspace/.swiftpm/xcode -experimental-emit-module-separately -disable-cmo
SwiftExplicitDependencyGeneratePcm arm64 /Users/admin/builder/spi-builder-workspace/.derivedData/SDKExplicitPrecompiledModules/_Builtin_float-C0CW5Q4HGBQYKE77TC42IAFB5.pcm
SwiftExplicitDependencyGeneratePcm arm64_32 /Users/admin/builder/spi-builder-workspace/.derivedData/SDKExplicitPrecompiledModules/_Builtin_stddef-H44EFHQX6XSS5MZ7QP6YJZ76.pcm
SwiftExplicitDependencyGeneratePcm arm64_32 /Users/admin/builder/spi-builder-workspace/.derivedData/SDKExplicitPrecompiledModules/_Builtin_stdarg-D305JG44A2WPI6CJY37X3QJE8.pcm
SwiftExplicitDependencyGeneratePcm arm64 /Users/admin/builder/spi-builder-workspace/.derivedData/SDKExplicitPrecompiledModules/_Builtin_stdbool-83J96QSOFE9VX04AAS6310UAE.pcm
SwiftExplicitDependencyGeneratePcm arm64 /Users/admin/builder/spi-builder-workspace/.derivedData/SDKExplicitPrecompiledModules/DeveloperToolsSupport-E7CNISCB36UE8XQ9IOHK9XDX1.pcm
SwiftExplicitDependencyGeneratePcm arm64 /Users/admin/builder/spi-builder-workspace/.derivedData/SDKExplicitPrecompiledModules/_Builtin_stdarg-A7UU8LE6MP85SM26YO7PBZNUQ.pcm
SwiftExplicitDependencyGeneratePcm arm64_32 /Users/admin/builder/spi-builder-workspace/.derivedData/SDKExplicitPrecompiledModules/SwiftShims-9CQQGWTSNTN9EB5NSHDWUJICH.pcm
SwiftExplicitDependencyGeneratePcm arm64 /Users/admin/builder/spi-builder-workspace/.derivedData/SDKExplicitPrecompiledModules/SwiftShims-4MXFZPV6FEB0XBYXCGPWAMQGL.pcm
SwiftExplicitDependencyGeneratePcm arm64_32 /Users/admin/builder/spi-builder-workspace/.derivedData/SDKExplicitPrecompiledModules/_Builtin_stdbool-A967K8W8YUYEC9SN52KJ7OO88.pcm
SwiftExplicitDependencyGeneratePcm arm64_32 /Users/admin/builder/spi-builder-workspace/.derivedData/SDKExplicitPrecompiledModules/_Builtin_float-6KO8O3PEWRCA4WC6PPLOYO6WJ.pcm
SwiftExplicitDependencyGeneratePcm arm64 /Users/admin/builder/spi-builder-workspace/.derivedData/SDKExplicitPrecompiledModules/ptrcheck-AIF0NDOYZ8ORBNHQAQR5NNB8M.pcm
SwiftExplicitDependencyGeneratePcm arm64 /Users/admin/builder/spi-builder-workspace/.derivedData/SDKExplicitPrecompiledModules/_SwiftConcurrencyShims-659N52XSKR5F0QSB880BH2FJR.pcm
SwiftExplicitDependencyGeneratePcm arm64 /Users/admin/builder/spi-builder-workspace/.derivedData/SDKExplicitPrecompiledModules/ptrauth-3TZ9WJCGLYD25HQPWH4968ONX.pcm
SwiftExplicitDependencyGeneratePcm arm64_32 /Users/admin/builder/spi-builder-workspace/.derivedData/SDKExplicitPrecompiledModules/_AvailabilityInternal-244WAN3Z1QBT7PIA64EZEFY1R.pcm
SwiftExplicitDependencyGeneratePcm arm64_32 /Users/admin/builder/spi-builder-workspace/.derivedData/SDKExplicitPrecompiledModules/ptrcheck-7ELIH9BTIGVKX3UBITM9N72WD.pcm
SwiftExplicitDependencyGeneratePcm arm64 /Users/admin/builder/spi-builder-workspace/.derivedData/SDKExplicitPrecompiledModules/_AvailabilityInternal-BUNV3UXM65NT37THI4W1AM0SF.pcm
SwiftExplicitDependencyGeneratePcm arm64 /Users/admin/builder/spi-builder-workspace/.derivedData/SDKExplicitPrecompiledModules/_Builtin_stddef-1FU30Y8SWFB7OUUHMJQH5J6FM.pcm
SwiftExplicitDependencyGeneratePcm arm64_32 /Users/admin/builder/spi-builder-workspace/.derivedData/SDKExplicitPrecompiledModules/ptrauth-BFXF358ME5AK535N5A9Z766WU.pcm
SwiftExplicitDependencyGeneratePcm arm64_32 /Users/admin/builder/spi-builder-workspace/.derivedData/SDKExplicitPrecompiledModules/DeveloperToolsSupport-DZU5G1OCMNWU0AQRULIFHUJ1Z.pcm
SwiftExplicitDependencyGeneratePcm arm64_32 /Users/admin/builder/spi-builder-workspace/.derivedData/SDKExplicitPrecompiledModules/_SwiftConcurrencyShims-6RTBPQ03V7BM9SPRK8SUE055H.pcm
SwiftExplicitDependencyGeneratePcm arm64 /Users/admin/builder/spi-builder-workspace/.derivedData/SDKExplicitPrecompiledModules/_DarwinFoundation1-7SPX3MD0HMP55E4OLNCPNDQ53.pcm
SwiftExplicitDependencyGeneratePcm arm64_32 /Users/admin/builder/spi-builder-workspace/.derivedData/SDKExplicitPrecompiledModules/_DarwinFoundation1-2GWF9RFMPLQW4PDHS3NARVI3G.pcm
SwiftExplicitDependencyGeneratePcm arm64 /Users/admin/builder/spi-builder-workspace/.derivedData/SDKExplicitPrecompiledModules/_DarwinFoundation2-D0XAPJU49S5E9XMKYOFGSTB1Q.pcm
SwiftExplicitDependencyGeneratePcm arm64 /Users/admin/builder/spi-builder-workspace/.derivedData/SDKExplicitPrecompiledModules/_Builtin_limits-9GWPA2B0H20DYUNYHYCWKABJG.pcm
SwiftExplicitDependencyGeneratePcm arm64_32 /Users/admin/builder/spi-builder-workspace/.derivedData/SDKExplicitPrecompiledModules/_DarwinFoundation2-9MY8GOSYRO0M9MKNXF6D3MBNK.pcm
SwiftExplicitDependencyGeneratePcm arm64_32 /Users/admin/builder/spi-builder-workspace/.derivedData/SDKExplicitPrecompiledModules/_Builtin_limits-3VKBU2AFTD65PAJZ5CJ3LHFM2.pcm
SwiftExplicitDependencyGeneratePcm arm64 /Users/admin/builder/spi-builder-workspace/.derivedData/SDKExplicitPrecompiledModules/sys_types-2KXQLI78OUCDP779AE68GZJ2.pcm
SwiftExplicitDependencyGeneratePcm arm64 /Users/admin/builder/spi-builder-workspace/.derivedData/SDKExplicitPrecompiledModules/_Builtin_tgmath-8NQ96OZ0YHXEC24JI95P01UF8.pcm
SwiftExplicitDependencyGeneratePcm arm64 /Users/admin/builder/spi-builder-workspace/.derivedData/SDKExplicitPrecompiledModules/string_h-E6PRXK75PHIPCZFWOFCQ3QBMK.pcm
SwiftExplicitDependencyGeneratePcm arm64 /Users/admin/builder/spi-builder-workspace/.derivedData/SDKExplicitPrecompiledModules/_Builtin_stdint-8XMILLJZEGRN2XG7XZUXZ5RLX.pcm
SwiftExplicitDependencyGeneratePcm arm64_32 /Users/admin/builder/spi-builder-workspace/.derivedData/SDKExplicitPrecompiledModules/sys_types-8TLLMW08ZJWDGIIPKOYFGHHZW.pcm
SwiftExplicitDependencyGeneratePcm arm64_32 /Users/admin/builder/spi-builder-workspace/.derivedData/SDKExplicitPrecompiledModules/_Builtin_stdint-1HMXWI3V0V4TXHRWZOMZGZ80Y.pcm
SwiftExplicitDependencyGeneratePcm arm64_32 /Users/admin/builder/spi-builder-workspace/.derivedData/SDKExplicitPrecompiledModules/string_h-BFVLUQUSBZWYMLCU9QI7VZALW.pcm
SwiftExplicitDependencyGeneratePcm arm64_32 /Users/admin/builder/spi-builder-workspace/.derivedData/SDKExplicitPrecompiledModules/_Builtin_tgmath-23PGCKURCQILXMK0MYZRYDCOU.pcm
SwiftExplicitDependencyGeneratePcm arm64 /Users/admin/builder/spi-builder-workspace/.derivedData/SDKExplicitPrecompiledModules/_DarwinFoundation3-B97LRG0E9GON2NUE65TVG81HU.pcm
SwiftExplicitDependencyGeneratePcm arm64 /Users/admin/builder/spi-builder-workspace/.derivedData/SDKExplicitPrecompiledModules/_Builtin_intrinsics-75960HIPCIYA06IUW8FIIPQT.pcm
SwiftExplicitDependencyGeneratePcm arm64 /Users/admin/builder/spi-builder-workspace/.derivedData/SDKExplicitPrecompiledModules/_Builtin_stdatomic-7JEFA3KBJJJN6TKJWY3OG1VG5.pcm
SwiftExplicitDependencyGeneratePcm arm64_32 /Users/admin/builder/spi-builder-workspace/.derivedData/SDKExplicitPrecompiledModules/_DarwinFoundation3-3DUTYQDQSD9HUAAVY947NMWOI.pcm
SwiftExplicitDependencyGeneratePcm arm64_32 /Users/admin/builder/spi-builder-workspace/.derivedData/SDKExplicitPrecompiledModules/_Builtin_intrinsics-196IIAKDQVU42DLOZP9OQCV76.pcm
SwiftExplicitDependencyGeneratePcm arm64_32 /Users/admin/builder/spi-builder-workspace/.derivedData/SDKExplicitPrecompiledModules/_Builtin_stdatomic-1TY035TURL76BF2U98PZPPZRX.pcm
SwiftExplicitDependencyGeneratePcm arm64_32 /Users/admin/builder/spi-builder-workspace/.derivedData/SDKExplicitPrecompiledModules/_Builtin_inttypes-D2KPCR4PEX9AQA33NGLUT5SBR.pcm
SwiftExplicitDependencyGeneratePcm arm64 /Users/admin/builder/spi-builder-workspace/.derivedData/SDKExplicitPrecompiledModules/_Builtin_inttypes-3UQSCM7WNM9EK4HZML8TY5J3D.pcm
SwiftExplicitDependencyGeneratePcm arm64 /Users/admin/builder/spi-builder-workspace/.derivedData/SDKExplicitPrecompiledModules/Darwin-3984OXKFNSPE77NT743WK8SEX.pcm
SwiftExplicitDependencyGeneratePcm arm64_32 /Users/admin/builder/spi-builder-workspace/.derivedData/SDKExplicitPrecompiledModules/Darwin-3FVT1SKLN2ZQ5RVOABMTQBB34.pcm
SwiftExplicitDependencyGeneratePcm arm64 /Users/admin/builder/spi-builder-workspace/.derivedData/SDKExplicitPrecompiledModules/simd-EH08NODU6574T74ZKU61VP9BW.pcm
SwiftExplicitDependencyGeneratePcm arm64_32 /Users/admin/builder/spi-builder-workspace/.derivedData/SDKExplicitPrecompiledModules/simd-21UNWYOBUZI1LVSQ99S1XBLMO.pcm
SwiftExplicitDependencyGeneratePcm arm64 /Users/admin/builder/spi-builder-workspace/.derivedData/SDKExplicitPrecompiledModules/ObjectiveC-72IVD3VS2RS8Q28D9PIMY0KQP.pcm
SwiftExplicitDependencyGeneratePcm arm64 /Users/admin/builder/spi-builder-workspace/.derivedData/SDKExplicitPrecompiledModules/MachO-2U90NNSAQILBNBPS1SA4F8TYP.pcm
SwiftExplicitDependencyGeneratePcm arm64_32 /Users/admin/builder/spi-builder-workspace/.derivedData/SDKExplicitPrecompiledModules/MachO-56838ZJ0NC1EBAJ0O6O8QMPDX.pcm
SwiftExplicitDependencyGeneratePcm arm64_32 /Users/admin/builder/spi-builder-workspace/.derivedData/SDKExplicitPrecompiledModules/ObjectiveC-6IJNELR2E80E7LUKESVCP2KET.pcm
SwiftExplicitDependencyGeneratePcm arm64 /Users/admin/builder/spi-builder-workspace/.derivedData/SDKExplicitPrecompiledModules/os_object-3SDKD7F87FTZ26OON37DRYT6O.pcm
SwiftExplicitDependencyGeneratePcm arm64_32 /Users/admin/builder/spi-builder-workspace/.derivedData/SDKExplicitPrecompiledModules/os_object-5YWTC6L4756IWSTPGXS5NM0D0.pcm
SwiftExplicitDependencyGeneratePcm arm64 /Users/admin/builder/spi-builder-workspace/.derivedData/SDKExplicitPrecompiledModules/os_workgroup-89GG5G7YC2D0ZTK6AZXXQ20DH.pcm
SwiftExplicitDependencyGeneratePcm arm64_32 /Users/admin/builder/spi-builder-workspace/.derivedData/SDKExplicitPrecompiledModules/os_workgroup-5JHTPDMNBUNHLJI8LPHKQK1JK.pcm
SwiftExplicitDependencyGeneratePcm arm64_32 /Users/admin/builder/spi-builder-workspace/.derivedData/SDKExplicitPrecompiledModules/Spatial-CWVWNML3T0NXVHZDKVLD3X1YZ.pcm
SwiftExplicitDependencyGeneratePcm arm64 /Users/admin/builder/spi-builder-workspace/.derivedData/SDKExplicitPrecompiledModules/Spatial-44FJGYXFAT2AQAW9Z6T7YS02U.pcm
SwiftExplicitDependencyGeneratePcm arm64_32 /Users/admin/builder/spi-builder-workspace/.derivedData/SDKExplicitPrecompiledModules/Dispatch-2P62F1T4XV63S4P99TUDTOK2Q.pcm
SwiftExplicitDependencyGeneratePcm arm64 /Users/admin/builder/spi-builder-workspace/.derivedData/SDKExplicitPrecompiledModules/Dispatch-1NLJOVAK60XP0DUB05XA59EIM.pcm
SwiftExplicitDependencyGeneratePcm arm64 /Users/admin/builder/spi-builder-workspace/.derivedData/SDKExplicitPrecompiledModules/CoreFoundation-8T2L24YC5NU7WO6WQJWRY7W08.pcm
SwiftExplicitDependencyGeneratePcm arm64_32 /Users/admin/builder/spi-builder-workspace/.derivedData/SDKExplicitPrecompiledModules/CoreFoundation-8E6Y4BA3EXYKUGJ24GT9LGV3N.pcm
SwiftExplicitDependencyGeneratePcm arm64 /Users/admin/builder/spi-builder-workspace/.derivedData/SDKExplicitPrecompiledModules/XPC-40DR0X1DHKGCV4J1IOLFS8MOU.pcm
SwiftExplicitDependencyGeneratePcm arm64_32 /Users/admin/builder/spi-builder-workspace/.derivedData/SDKExplicitPrecompiledModules/XPC-81Y45QFY96XYYFCW2GT6FY8S4.pcm
SwiftExplicitDependencyGeneratePcm arm64 /Users/admin/builder/spi-builder-workspace/.derivedData/SDKExplicitPrecompiledModules/os-5DIL6Z9LFIGLMZAHM7X2T5435.pcm
SwiftExplicitDependencyGeneratePcm arm64_32 /Users/admin/builder/spi-builder-workspace/.derivedData/SDKExplicitPrecompiledModules/os-E5IGB442IA6SBB25TTCOLK2OC.pcm
SwiftExplicitDependencyGeneratePcm arm64_32 /Users/admin/builder/spi-builder-workspace/.derivedData/SDKExplicitPrecompiledModules/CoreAudioTypes-9GVB1DHA32M46R4A9NWSI3I2K.pcm
SwiftExplicitDependencyGeneratePcm arm64_32 /Users/admin/builder/spi-builder-workspace/.derivedData/SDKExplicitPrecompiledModules/Security-D7TOWF88VWF67TB9HAFP5UWB1.pcm
SwiftExplicitDependencyGeneratePcm arm64_32 /Users/admin/builder/spi-builder-workspace/.derivedData/SDKExplicitPrecompiledModules/CoreGraphics-9FDXYX6BKBUT6TJ2VF819E7T5.pcm
SwiftExplicitDependencyGeneratePcm arm64 /Users/admin/builder/spi-builder-workspace/.derivedData/SDKExplicitPrecompiledModules/Security-6RZ6YBRU8WCUHRFFRVUK5WKMM.pcm
SwiftExplicitDependencyGeneratePcm arm64 /Users/admin/builder/spi-builder-workspace/.derivedData/SDKExplicitPrecompiledModules/CoreAudioTypes-A9MF7N5LT63G21HNFVM6BT14B.pcm
SwiftExplicitDependencyGeneratePcm arm64 /Users/admin/builder/spi-builder-workspace/.derivedData/SDKExplicitPrecompiledModules/CoreGraphics-DWNZ73GEH98SBJXZ7DEXB420K.pcm
SwiftExplicitDependencyGeneratePcm arm64_32 /Users/admin/builder/spi-builder-workspace/.derivedData/SDKExplicitPrecompiledModules/CoreAudio-5W6MX6OUPWBMUR8VD5LHT1PZF.pcm
SwiftExplicitDependencyGeneratePcm arm64 /Users/admin/builder/spi-builder-workspace/.derivedData/SDKExplicitPrecompiledModules/CoreAudio-1B79RJJTP71GE6UY9WLESAN3C.pcm
SwiftExplicitDependencyGeneratePcm arm64 /Users/admin/builder/spi-builder-workspace/.derivedData/SDKExplicitPrecompiledModules/Foundation-DLBKUSGXN8QHAT8W0OARR9S8A.pcm
SwiftExplicitDependencyGeneratePcm arm64_32 /Users/admin/builder/spi-builder-workspace/.derivedData/SDKExplicitPrecompiledModules/Foundation-BJ2VQGI3OGR34500MEQ1VKHPH.pcm
SwiftExplicitDependencyGeneratePcm arm64_32 /Users/admin/builder/spi-builder-workspace/.derivedData/SDKExplicitPrecompiledModules/CoreText-C9X2REPZN2V5BSU4G80FCETDR.pcm
SwiftExplicitDependencyGeneratePcm arm64_32 /Users/admin/builder/spi-builder-workspace/.derivedData/SDKExplicitPrecompiledModules/CoreVideo-2P8HI0403J99LBDPKNFJ5D4DL.pcm
SwiftExplicitDependencyGeneratePcm arm64 /Users/admin/builder/spi-builder-workspace/.derivedData/SDKExplicitPrecompiledModules/CoreText-970YJN6NIYGK1316L35Z0O8QT.pcm
SwiftExplicitDependencyGeneratePcm arm64 /Users/admin/builder/spi-builder-workspace/.derivedData/SDKExplicitPrecompiledModules/CoreVideo-8MRR5MNWUOAW2DBPGUQ8FKK4.pcm
SwiftExplicitDependencyGeneratePcm arm64 /Users/admin/builder/spi-builder-workspace/.derivedData/SDKExplicitPrecompiledModules/CoreMedia-1AJVCUZNAO74KIKMFVFUUHWDI.pcm
SwiftExplicitDependencyGeneratePcm arm64_32 /Users/admin/builder/spi-builder-workspace/.derivedData/SDKExplicitPrecompiledModules/CoreMedia-AO387T8CHWTTZODD1DGT0UAFA.pcm
SwiftExplicitDependencyGeneratePcm arm64_32 /Users/admin/builder/spi-builder-workspace/.derivedData/SDKExplicitPrecompiledModules/UniformTypeIdentifiers-CJZ3NTHPSBH4XWX5EVOG56UZS.pcm
SwiftExplicitDependencyGeneratePcm arm64_32 /Users/admin/builder/spi-builder-workspace/.derivedData/SDKExplicitPrecompiledModules/CoreTransferable-5D4IR6X37682FPHJ5CBPTKQV6.pcm
SwiftExplicitDependencyGeneratePcm arm64_32 /Users/admin/builder/spi-builder-workspace/.derivedData/SDKExplicitPrecompiledModules/CoreData-7AU1AFQWUH88EAPDKVMLJPKVD.pcm
SwiftExplicitDependencyGeneratePcm arm64_32 /Users/admin/builder/spi-builder-workspace/.derivedData/SDKExplicitPrecompiledModules/UIUtilities-9YFVNIMRC5HRVOIARNWHP1E3H.pcm
SwiftExplicitDependencyGeneratePcm arm64_32 /Users/admin/builder/spi-builder-workspace/.derivedData/SDKExplicitPrecompiledModules/QuartzCore-6375NPYACK5NYVHPMC1QQ8MC2.pcm
SwiftExplicitDependencyGeneratePcm arm64_32 /Users/admin/builder/spi-builder-workspace/.derivedData/SDKExplicitPrecompiledModules/_LocationEssentials-AQ1OL9QKC3LQLY5CNSRM1HB53.pcm
SwiftExplicitDependencyGeneratePcm arm64_32 /Users/admin/builder/spi-builder-workspace/.derivedData/SDKExplicitPrecompiledModules/UserNotifications-6TBN8TEAKO014N1T2QD926XED.pcm
SwiftExplicitDependencyGeneratePcm arm64_32 /Users/admin/builder/spi-builder-workspace/.derivedData/SDKExplicitPrecompiledModules/DataDetection-U9BF7WHFVA6BZGFXXXP272PS.pcm
SwiftExplicitDependencyGeneratePcm arm64_32 /Users/admin/builder/spi-builder-workspace/.derivedData/SDKExplicitPrecompiledModules/SceneKit-DKNLHKM5FJBQ79LSNMSSMBUBR.pcm
SwiftExplicitDependencyGeneratePcm arm64_32 /Users/admin/builder/spi-builder-workspace/.derivedData/SDKExplicitPrecompiledModules/OSLog-D9AVFY0KWO7RVBIQ73CBIJVCN.pcm
SwiftExplicitDependencyGeneratePcm arm64 /Users/admin/builder/spi-builder-workspace/.derivedData/SDKExplicitPrecompiledModules/UniformTypeIdentifiers-8L08Q8DQJV8C4AW84YVGFGTRN.pcm
SwiftExplicitDependencyGeneratePcm arm64 /Users/admin/builder/spi-builder-workspace/.derivedData/SDKExplicitPrecompiledModules/UserNotifications-ARAH8MEQ0C2L0FBO39HITJMAO.pcm
SwiftExplicitDependencyGeneratePcm arm64 /Users/admin/builder/spi-builder-workspace/.derivedData/SDKExplicitPrecompiledModules/DataDetection-7BNVI1SZW5ISQL5SX4WL2X7I5.pcm
SwiftExplicitDependencyGeneratePcm arm64 /Users/admin/builder/spi-builder-workspace/.derivedData/SDKExplicitPrecompiledModules/CoreTransferable-9PPG3SLJ55T4LITIFYX2M0NOZ.pcm
SwiftExplicitDependencyGeneratePcm arm64 /Users/admin/builder/spi-builder-workspace/.derivedData/SDKExplicitPrecompiledModules/UIUtilities-IR7RNW23VAUKYI9MLCS9NL9A.pcm
SwiftExplicitDependencyGeneratePcm arm64_32 /Users/admin/builder/spi-builder-workspace/.derivedData/SDKExplicitPrecompiledModules/CoreLocation-8XU5YMYM4P11RQMYCQAG65ITK.pcm
SwiftExplicitDependencyGeneratePcm arm64 /Users/admin/builder/spi-builder-workspace/.derivedData/SDKExplicitPrecompiledModules/SceneKit-5HZKIL7XETTTD8TOHYPN8JKRJ.pcm
SwiftExplicitDependencyGeneratePcm arm64 /Users/admin/builder/spi-builder-workspace/.derivedData/SDKExplicitPrecompiledModules/CoreData-9JFJC4UET8BAO5IPV2JU6W9V8.pcm
SwiftExplicitDependencyGeneratePcm arm64_32 /Users/admin/builder/spi-builder-workspace/.derivedData/SDKExplicitPrecompiledModules/SwiftUICore-3Q7WLRD8MR9R3NGIPUBQCP6F6.pcm
SwiftExplicitDependencyGeneratePcm arm64_32 /Users/admin/builder/spi-builder-workspace/.derivedData/SDKExplicitPrecompiledModules/Accessibility-F385OMZ5GYBUY5O4QAJB4NRII.pcm
SwiftExplicitDependencyGeneratePcm arm64 /Users/admin/builder/spi-builder-workspace/.derivedData/SDKExplicitPrecompiledModules/Accessibility-27QMG6ZQ1NKYTNBYFPM1XKNFC.pcm
SwiftExplicitDependencyGeneratePcm arm64_32 /Users/admin/builder/spi-builder-workspace/.derivedData/SDKExplicitPrecompiledModules/Symbols-1H97WMG76HU94F5VGJR19PXFY.pcm
SwiftExplicitDependencyGeneratePcm arm64 /Users/admin/builder/spi-builder-workspace/.derivedData/SDKExplicitPrecompiledModules/QuartzCore-94KFMWNOU7ZLUZNB4T5DLZC9D.pcm
SwiftExplicitDependencyGeneratePcm arm64 /Users/admin/builder/spi-builder-workspace/.derivedData/SDKExplicitPrecompiledModules/_LocationEssentials-5ZZDGDXB6HLQUC72SJW7YJ7MK.pcm
SwiftExplicitDependencyGeneratePcm arm64 /Users/admin/builder/spi-builder-workspace/.derivedData/SDKExplicitPrecompiledModules/Symbols-3EFABTJ9L5PQDJ7RQCYQWEJMM.pcm
SwiftExplicitDependencyGeneratePcm arm64 /Users/admin/builder/spi-builder-workspace/.derivedData/SDKExplicitPrecompiledModules/OSLog-B7VGO357Y3GJG35TST7DKDSI3.pcm
SwiftExplicitDependencyGeneratePcm arm64_32 /Users/admin/builder/spi-builder-workspace/.derivedData/SDKExplicitPrecompiledModules/CoreMotion-1XGTVTE5PP32UHME8AC63TL6.pcm
SwiftExplicitDependencyGeneratePcm arm64 /Users/admin/builder/spi-builder-workspace/.derivedData/SDKExplicitPrecompiledModules/CoreLocation-ACKJ9K7ABI14F97Y46Y6SRR17.pcm
SwiftExplicitDependencyGeneratePcm arm64 /Users/admin/builder/spi-builder-workspace/.derivedData/SDKExplicitPrecompiledModules/SwiftUICore-C1DST1IX2Z0PTH5SJJZ1IULRB.pcm
SwiftExplicitDependencyGeneratePcm arm64_32 /Users/admin/builder/spi-builder-workspace/.derivedData/SDKExplicitPrecompiledModules/UIKit-6PPV7YPZ89CZPHYAP072QH8B6.pcm
SwiftExplicitDependencyGeneratePcm arm64 /Users/admin/builder/spi-builder-workspace/.derivedData/SDKExplicitPrecompiledModules/CoreMotion-6RD5K48QT1F4L9CATNFD2O7YB.pcm
SwiftExplicitDependencyGeneratePcm arm64 /Users/admin/builder/spi-builder-workspace/.derivedData/SDKExplicitPrecompiledModules/UIKit-27R3P1YMV4C6JLDT661G3MRIA.pcm
SwiftExplicitDependencyGeneratePcm arm64_32 /Users/admin/builder/spi-builder-workspace/.derivedData/SDKExplicitPrecompiledModules/HomeKit-DUDZOMSN3UK8GNTNBNMPIWJRN.pcm
SwiftExplicitDependencyGeneratePcm arm64_32 /Users/admin/builder/spi-builder-workspace/.derivedData/SDKExplicitPrecompiledModules/MapKit-CWGB4YMP1VX1NYQN5FULFD5DR.pcm
SwiftExplicitDependencyGeneratePcm arm64 /Users/admin/builder/spi-builder-workspace/.derivedData/SDKExplicitPrecompiledModules/HomeKit-DTS1N4AWILAL1URZ5IOXV5221.pcm
SwiftExplicitDependencyGeneratePcm arm64 /Users/admin/builder/spi-builder-workspace/.derivedData/SDKExplicitPrecompiledModules/MapKit-EJJWC7IL56MPLQMI93GJRE5OG.pcm
SwiftExplicitDependencyGeneratePcm arm64_32 /Users/admin/builder/spi-builder-workspace/.derivedData/SDKExplicitPrecompiledModules/WatchKit-FHF6WTKLC2APGK3LA2XJ6516.pcm
SwiftExplicitDependencyGeneratePcm arm64 /Users/admin/builder/spi-builder-workspace/.derivedData/SDKExplicitPrecompiledModules/WatchKit-3VT3K8YON6FJ6OWSUFJMFMP8J.pcm
SwiftExplicitDependencyGeneratePcm arm64_32 /Users/admin/builder/spi-builder-workspace/.derivedData/SDKExplicitPrecompiledModules/SwiftUI-9AYG9OCT5VOJK7V4MX1WYR86T.pcm
SwiftCompile normal arm64_32 Compiling\ SafeNavigationBarLeadingItem.swift,\ SafeNavigationBarTitle.swift,\ SafeNavigationBarTrailingItem.swift /Users/admin/builder/spi-builder-workspace/Sources/SwiftSafeUI/Deprecation\ Handlers/Modifiers/Auxiliary\ View/SafeNavigationBarLeadingItem.swift /Users/admin/builder/spi-builder-workspace/Sources/SwiftSafeUI/Deprecation\ Handlers/Modifiers/Auxiliary\ View/SafeNavigationBarTitle.swift /Users/admin/builder/spi-builder-workspace/Sources/SwiftSafeUI/Deprecation\ Handlers/Modifiers/Auxiliary\ View/SafeNavigationBarTrailingItem.swift (in target 'SwiftSafeUI' from project 'SwiftSafeUI')
SwiftCompile normal arm64_32 /Users/admin/builder/spi-builder-workspace/Sources/SwiftSafeUI/Deprecation\ Handlers/Modifiers/Auxiliary\ View/SafeNavigationBarLeadingItem.swift (in target 'SwiftSafeUI' from project 'SwiftSafeUI')
    cd /Users/admin/builder/spi-builder-workspace/.swiftpm/xcode
    builtin-SwiftPerFileCompile SafeNavigationBarLeadingItem.swift
SwiftCompile normal arm64_32 /Users/admin/builder/spi-builder-workspace/Sources/SwiftSafeUI/Deprecation\ Handlers/Modifiers/Auxiliary\ View/SafeNavigationBarTitle.swift (in target 'SwiftSafeUI' from project 'SwiftSafeUI')
    cd /Users/admin/builder/spi-builder-workspace/.swiftpm/xcode
    builtin-SwiftPerFileCompile SafeNavigationBarTitle.swift
SwiftCompile normal arm64_32 /Users/admin/builder/spi-builder-workspace/Sources/SwiftSafeUI/Deprecation\ Handlers/Modifiers/Auxiliary\ View/SafeNavigationBarTrailingItem.swift (in target 'SwiftSafeUI' from project 'SwiftSafeUI')
    cd /Users/admin/builder/spi-builder-workspace/.swiftpm/xcode
    builtin-SwiftPerFileCompile SafeNavigationBarTrailingItem.swift
SwiftCompile normal arm64_32 Compiling\ SafeIgnoreSafeArea.swift,\ SafePresentationBackground.swift,\ SafeSearchable.swift /Users/admin/builder/spi-builder-workspace/Sources/SwiftSafeUI/Deprecation\ Handlers/Modifiers/Layout/SafeIgnoreSafeArea.swift /Users/admin/builder/spi-builder-workspace/Sources/SwiftSafeUI/Deprecation\ Handlers/Modifiers/Presentation/SafePresentationBackground.swift /Users/admin/builder/spi-builder-workspace/Sources/SwiftSafeUI/Deprecation\ Handlers/Modifiers/Search/SafeSearchable.swift (in target 'SwiftSafeUI' from project 'SwiftSafeUI')
/Users/admin/builder/spi-builder-workspace/Sources/SwiftSafeUI/Deprecation Handlers/Modifiers/Presentation/SafePresentationBackground.swift:103:42: error: 'UIView' is unavailable in watchOS
101 | /// A `UIView` that clears the background color of its superview’s superview to prevent default modal backgrounds.
102 | private struct ClearModalBackgroundView: UIViewRepresentable {
103 |     private class BackgroundRemovalView: UIView {
    |                                          `- error: 'UIView' is unavailable in watchOS
104 |         override func didMoveToWindow() {
105 |             super.didMoveToWindow()
/Applications/Xcode-27.0.0-Release.Candidate.app/Contents/Developer/Platforms/WatchOS.platform/Developer/SDKs/WatchOS27.0.sdk/System/Library/Frameworks/UIKit.framework/Headers/UIView.h:152:12: note: 'UIView' has been explicitly marked unavailable here
150 |
151 | UIKIT_EXTERN API_AVAILABLE(ios(2.0)) API_UNAVAILABLE(watchos) NS_SWIFT_UI_ACTOR
152 | @interface UIView : UIResponder <NSCoding, UIAppearance, UIAppearanceContainer, UIDynamicItem, UITraitEnvironment, UICoordinateSpace, UIFocusItem, UIFocusItemContainer, CALayerDelegate>
    |            `- note: 'UIView' has been explicitly marked unavailable here
153 |
154 | @property(class, nonatomic, readonly) Class layerClass;                        // default is [CALayer class]. Used when creating the underlying layer for the view.
/Users/admin/builder/spi-builder-workspace/Sources/SwiftSafeUI/Deprecation Handlers/Modifiers/Presentation/SafePresentationBackground.swift:110:30: error: cannot find type 'Context' in scope
108 |     }
109 |
110 |     func makeUIView(context: Context) -> UIView {
    |                              `- error: cannot find type 'Context' in scope
111 |         BackgroundRemovalView()
112 |     }
/Users/admin/builder/spi-builder-workspace/Sources/SwiftSafeUI/Deprecation Handlers/Modifiers/Presentation/SafePresentationBackground.swift:110:42: error: 'UIView' is unavailable in watchOS
108 |     }
109 |
110 |     func makeUIView(context: Context) -> UIView {
    |                                          `- error: 'UIView' is unavailable in watchOS
111 |         BackgroundRemovalView()
112 |     }
/Applications/Xcode-27.0.0-Release.Candidate.app/Contents/Developer/Platforms/WatchOS.platform/Developer/SDKs/WatchOS27.0.sdk/System/Library/Frameworks/UIKit.framework/Headers/UIView.h:152:12: note: 'UIView' has been explicitly marked unavailable here
150 |
151 | UIKIT_EXTERN API_AVAILABLE(ios(2.0)) API_UNAVAILABLE(watchos) NS_SWIFT_UI_ACTOR
152 | @interface UIView : UIResponder <NSCoding, UIAppearance, UIAppearanceContainer, UIDynamicItem, UITraitEnvironment, UICoordinateSpace, UIFocusItem, UIFocusItemContainer, CALayerDelegate>
    |            `- note: 'UIView' has been explicitly marked unavailable here
153 |
154 | @property(class, nonatomic, readonly) Class layerClass;                        // default is [CALayer class]. Used when creating the underlying layer for the view.
/Users/admin/builder/spi-builder-workspace/Sources/SwiftSafeUI/Deprecation Handlers/Modifiers/Presentation/SafePresentationBackground.swift:114:50: error: cannot find type 'Context' in scope
112 |     }
113 |
114 |     func updateUIView(_ uiView: UIView, context: Context) {}
    |                                                  `- error: cannot find type 'Context' in scope
115 | }
116 |
/Users/admin/builder/spi-builder-workspace/Sources/SwiftSafeUI/Deprecation Handlers/Modifiers/Presentation/SafePresentationBackground.swift:114:33: error: 'UIView' is unavailable in watchOS
112 |     }
113 |
114 |     func updateUIView(_ uiView: UIView, context: Context) {}
    |                                 `- error: 'UIView' is unavailable in watchOS
115 | }
116 |
/Applications/Xcode-27.0.0-Release.Candidate.app/Contents/Developer/Platforms/WatchOS.platform/Developer/SDKs/WatchOS27.0.sdk/System/Library/Frameworks/UIKit.framework/Headers/UIView.h:152:12: note: 'UIView' has been explicitly marked unavailable here
150 |
151 | UIKIT_EXTERN API_AVAILABLE(ios(2.0)) API_UNAVAILABLE(watchos) NS_SWIFT_UI_ACTOR
152 | @interface UIView : UIResponder <NSCoding, UIAppearance, UIAppearanceContainer, UIDynamicItem, UITraitEnvironment, UICoordinateSpace, UIFocusItem, UIFocusItemContainer, CALayerDelegate>
    |            `- note: 'UIView' has been explicitly marked unavailable here
153 |
154 | @property(class, nonatomic, readonly) Class layerClass;                        // default is [CALayer class]. Used when creating the underlying layer for the view.
/Users/admin/builder/spi-builder-workspace/Sources/SwiftSafeUI/Deprecation Handlers/Modifiers/Presentation/SafePresentationBackground.swift:102:42: error: cannot find type 'UIViewRepresentable' in scope
100 |
101 | /// A `UIView` that clears the background color of its superview’s superview to prevent default modal backgrounds.
102 | private struct ClearModalBackgroundView: UIViewRepresentable {
    |                                          `- error: cannot find type 'UIViewRepresentable' in scope
103 |     private class BackgroundRemovalView: UIView {
104 |         override func didMoveToWindow() {
/Users/admin/builder/spi-builder-workspace/Sources/SwiftSafeUI/Deprecation Handlers/Modifiers/Presentation/SafePresentationBackground.swift:63:14: error: instance method 'safeBackground(alignment:content:)' requires that 'ClearModalBackgroundView' conform to 'View'
 61 |                 self
 62 |             }
 63 |             .safeBackground(
    |              `- error: instance method 'safeBackground(alignment:content:)' requires that 'ClearModalBackgroundView' conform to 'View'
 64 |                 content: ClearModalBackgroundView.init
 65 |             )
/Users/admin/builder/spi-builder-workspace/Sources/SwiftSafeUI/Deprecation Handlers/Modifiers/Appearance/SafeBackground.swift:45:29: note: where 'Content' = 'ClearModalBackgroundView'
43 |     /// - Returns: A view that uses the specified content as a background.
44 |     @ViewBuilder
45 |     nonisolated public func safeBackground<Content: View>(
   |                             `- note: where 'Content' = 'ClearModalBackgroundView'
46 |         alignment: Alignment = .center,
47 |         @ViewBuilder content: () -> Content
/Users/admin/builder/spi-builder-workspace/Sources/SwiftSafeUI/Deprecation Handlers/Modifiers/Presentation/SafePresentationBackground.swift:111:9: error: 'init()' is unavailable in watchOS
109 |
110 |     func makeUIView(context: Context) -> UIView {
111 |         BackgroundRemovalView()
    |         `- error: 'init()' is unavailable in watchOS
112 |     }
113 |
/Applications/Xcode-27.0.0-Release.Candidate.app/Contents/Developer/Platforms/WatchOS.platform/Developer/SDKs/WatchOS27.0.sdk/System/Library/Frameworks/UIKit.framework/Headers/UIView.h:158:1: note: 'init()' has been explicitly marked unavailable here
156 | - (instancetype)initWithFrame:(CGRect)frame NS_DESIGNATED_INITIALIZER;
157 | - (nullable instancetype)initWithCoder:(NSCoder *)coder NS_DESIGNATED_INITIALIZER;
158 | - (instancetype)init API_AVAILABLE(ios(2.0), tvos(9.0), visionos(1.0)) API_UNAVAILABLE(watchos);
    | `- note: 'init()' has been explicitly marked unavailable here
159 |
160 | @property(nonatomic,getter=isUserInteractionEnabled) BOOL userInteractionEnabled;  // default is YES. if set to NO, user events (touch, keys) are ignored and removed from the event queue.
SwiftCompile normal arm64_32 /Users/admin/builder/spi-builder-workspace/Sources/SwiftSafeUI/Deprecation\ Handlers/Modifiers/Layout/SafeIgnoreSafeArea.swift (in target 'SwiftSafeUI' from project 'SwiftSafeUI')
    cd /Users/admin/builder/spi-builder-workspace/.swiftpm/xcode
    builtin-SwiftPerFileCompile SafeIgnoreSafeArea.swift
SwiftCompile normal arm64_32 /Users/admin/builder/spi-builder-workspace/Sources/SwiftSafeUI/Deprecation\ Handlers/Modifiers/Presentation/SafePresentationBackground.swift (in target 'SwiftSafeUI' from project 'SwiftSafeUI')
    cd /Users/admin/builder/spi-builder-workspace/.swiftpm/xcode
    builtin-SwiftPerFileCompile SafePresentationBackground.swift
SwiftCompile normal arm64_32 /Users/admin/builder/spi-builder-workspace/Sources/SwiftSafeUI/Deprecation\ Handlers/Modifiers/Search/SafeSearchable.swift (in target 'SwiftSafeUI' from project 'SwiftSafeUI')
    cd /Users/admin/builder/spi-builder-workspace/.swiftpm/xcode
    builtin-SwiftPerFileCompile SafeSearchable.swift
SwiftCompile normal arm64_32 Compiling\ SafeMask.swift,\ SafeFocusable.swift,\ SafeOnChange.swift /Users/admin/builder/spi-builder-workspace/Sources/SwiftSafeUI/Deprecation\ Handlers/Modifiers/Drawing\ &\ Graphics/SafeMask.swift /Users/admin/builder/spi-builder-workspace/Sources/SwiftSafeUI/Deprecation\ Handlers/Modifiers/Input\ &\ Event/SafeFocusable.swift /Users/admin/builder/spi-builder-workspace/Sources/SwiftSafeUI/Deprecation\ Handlers/Modifiers/Input\ &\ Event/SafeOnChange.swift (in target 'SwiftSafeUI' from project 'SwiftSafeUI')
/Users/admin/builder/spi-builder-workspace/Sources/SwiftSafeUI/Deprecation Handlers/Modifiers/Input & Event/SafeOnChange.swift:64:13: error: 'onChange(of:initial:_:)' is only available in watchOS 10.0 or newer
 11 |
 12 | @available(iOS 14.0, macOS 11.0, *)
 13 | extension View {
    | `- note: add '@available' attribute to enclosing extension
 14 |
 15 |     /// Adds a modifier for this view that fires an action when a specific value changes.
    :
 56 |     /// - Returns: A view that fires an action when the specified value changes.
 57 |     @ViewBuilder
 58 |     nonisolated public func safeOnChange<Value: Equatable>(
    |                             `- note: add '@available' attribute to enclosing instance method
 59 |         of value: Value,
 60 |         initial: Bool = false,
    :
 62 |     ) -> some View {
 63 |         if #available(iOS 17.0, macOS 14.0, *) {
 64 |             onChange(
    |             |- error: 'onChange(of:initial:_:)' is only available in watchOS 10.0 or newer
    |             `- note: add 'if #available' version check
 65 |                 of: value,
 66 |                 initial: initial,
SwiftCompile normal arm64_32 /Users/admin/builder/spi-builder-workspace/Sources/SwiftSafeUI/Deprecation\ Handlers/Modifiers/Drawing\ &\ Graphics/SafeMask.swift (in target 'SwiftSafeUI' from project 'SwiftSafeUI')
    cd /Users/admin/builder/spi-builder-workspace/.swiftpm/xcode
    builtin-SwiftPerFileCompile SafeMask.swift
SwiftCompile normal arm64_32 /Users/admin/builder/spi-builder-workspace/Sources/SwiftSafeUI/Deprecation\ Handlers/Modifiers/Input\ &\ Event/SafeFocusable.swift (in target 'SwiftSafeUI' from project 'SwiftSafeUI')
    cd /Users/admin/builder/spi-builder-workspace/.swiftpm/xcode
    builtin-SwiftPerFileCompile SafeFocusable.swift
SwiftCompile normal arm64_32 /Users/admin/builder/spi-builder-workspace/Sources/SwiftSafeUI/Deprecation\ Handlers/Modifiers/Input\ &\ Event/SafeOnChange.swift (in target 'SwiftSafeUI' from project 'SwiftSafeUI')
    cd /Users/admin/builder/spi-builder-workspace/.swiftpm/xcode
    builtin-SwiftPerFileCompile SafeOnChange.swift
SwiftCompile normal arm64_32 Compiling\ SafeAutocapitalization.swift,\ SafeNavigationView.swift,\ SafeScrollView.swift /Users/admin/builder/spi-builder-workspace/Sources/SwiftSafeUI/Deprecation\ Handlers/Modifiers/Text\ &\ Symbol/SafeAutocapitalization.swift /Users/admin/builder/spi-builder-workspace/Sources/SwiftSafeUI/Deprecation\ Handlers/Views/SafeNavigationView.swift /Users/admin/builder/spi-builder-workspace/Sources/SwiftSafeUI/Deprecation\ Handlers/Views/SafeScrollView.swift (in target 'SwiftSafeUI' from project 'SwiftSafeUI')
SwiftCompile normal arm64_32 /Users/admin/builder/spi-builder-workspace/Sources/SwiftSafeUI/Deprecation\ Handlers/Modifiers/Text\ &\ Symbol/SafeAutocapitalization.swift (in target 'SwiftSafeUI' from project 'SwiftSafeUI')
    cd /Users/admin/builder/spi-builder-workspace/.swiftpm/xcode
    builtin-SwiftPerFileCompile SafeAutocapitalization.swift
SwiftCompile normal arm64_32 /Users/admin/builder/spi-builder-workspace/Sources/SwiftSafeUI/Deprecation\ Handlers/Views/SafeNavigationView.swift (in target 'SwiftSafeUI' from project 'SwiftSafeUI')
    cd /Users/admin/builder/spi-builder-workspace/.swiftpm/xcode
    builtin-SwiftPerFileCompile SafeNavigationView.swift
SwiftCompile normal arm64_32 /Users/admin/builder/spi-builder-workspace/Sources/SwiftSafeUI/Deprecation\ Handlers/Views/SafeScrollView.swift (in target 'SwiftSafeUI' from project 'SwiftSafeUI')
    cd /Users/admin/builder/spi-builder-workspace/.swiftpm/xcode
    builtin-SwiftPerFileCompile SafeScrollView.swift
SwiftEmitModule normal arm64_32 Emitting\ module\ for\ SwiftSafeUI (in target 'SwiftSafeUI' from project 'SwiftSafeUI')
/Users/admin/builder/spi-builder-workspace/Sources/SwiftSafeUI/Deprecation Handlers/Modifiers/Presentation/SafePresentationBackground.swift:103:42: error: 'UIView' is unavailable in watchOS
101 | /// A `UIView` that clears the background color of its superview’s superview to prevent default modal backgrounds.
102 | private struct ClearModalBackgroundView: UIViewRepresentable {
103 |     private class BackgroundRemovalView: UIView {
    |                                          `- error: 'UIView' is unavailable in watchOS
104 |         override func didMoveToWindow() {
105 |             super.didMoveToWindow()
/Applications/Xcode-27.0.0-Release.Candidate.app/Contents/Developer/Platforms/WatchOS.platform/Developer/SDKs/WatchOS27.0.sdk/System/Library/Frameworks/UIKit.framework/Headers/UIView.h:152:12: note: 'UIView' has been explicitly marked unavailable here
150 |
151 | UIKIT_EXTERN API_AVAILABLE(ios(2.0)) API_UNAVAILABLE(watchos) NS_SWIFT_UI_ACTOR
152 | @interface UIView : UIResponder <NSCoding, UIAppearance, UIAppearanceContainer, UIDynamicItem, UITraitEnvironment, UICoordinateSpace, UIFocusItem, UIFocusItemContainer, CALayerDelegate>
    |            `- note: 'UIView' has been explicitly marked unavailable here
153 |
154 | @property(class, nonatomic, readonly) Class layerClass;                        // default is [CALayer class]. Used when creating the underlying layer for the view.
/Users/admin/builder/spi-builder-workspace/Sources/SwiftSafeUI/Deprecation Handlers/Modifiers/Presentation/SafePresentationBackground.swift:110:30: error: cannot find type 'Context' in scope
108 |     }
109 |
110 |     func makeUIView(context: Context) -> UIView {
    |                              `- error: cannot find type 'Context' in scope
111 |         BackgroundRemovalView()
112 |     }
/Users/admin/builder/spi-builder-workspace/Sources/SwiftSafeUI/Deprecation Handlers/Modifiers/Presentation/SafePresentationBackground.swift:110:42: error: 'UIView' is unavailable in watchOS
108 |     }
109 |
110 |     func makeUIView(context: Context) -> UIView {
    |                                          `- error: 'UIView' is unavailable in watchOS
111 |         BackgroundRemovalView()
112 |     }
/Applications/Xcode-27.0.0-Release.Candidate.app/Contents/Developer/Platforms/WatchOS.platform/Developer/SDKs/WatchOS27.0.sdk/System/Library/Frameworks/UIKit.framework/Headers/UIView.h:152:12: note: 'UIView' has been explicitly marked unavailable here
150 |
151 | UIKIT_EXTERN API_AVAILABLE(ios(2.0)) API_UNAVAILABLE(watchos) NS_SWIFT_UI_ACTOR
152 | @interface UIView : UIResponder <NSCoding, UIAppearance, UIAppearanceContainer, UIDynamicItem, UITraitEnvironment, UICoordinateSpace, UIFocusItem, UIFocusItemContainer, CALayerDelegate>
    |            `- note: 'UIView' has been explicitly marked unavailable here
153 |
154 | @property(class, nonatomic, readonly) Class layerClass;                        // default is [CALayer class]. Used when creating the underlying layer for the view.
/Users/admin/builder/spi-builder-workspace/Sources/SwiftSafeUI/Deprecation Handlers/Modifiers/Presentation/SafePresentationBackground.swift:114:50: error: cannot find type 'Context' in scope
112 |     }
113 |
114 |     func updateUIView(_ uiView: UIView, context: Context) {}
    |                                                  `- error: cannot find type 'Context' in scope
115 | }
116 |
/Users/admin/builder/spi-builder-workspace/Sources/SwiftSafeUI/Deprecation Handlers/Modifiers/Presentation/SafePresentationBackground.swift:114:33: error: 'UIView' is unavailable in watchOS
112 |     }
113 |
114 |     func updateUIView(_ uiView: UIView, context: Context) {}
    |                                 `- error: 'UIView' is unavailable in watchOS
115 | }
116 |
/Applications/Xcode-27.0.0-Release.Candidate.app/Contents/Developer/Platforms/WatchOS.platform/Developer/SDKs/WatchOS27.0.sdk/System/Library/Frameworks/UIKit.framework/Headers/UIView.h:152:12: note: 'UIView' has been explicitly marked unavailable here
150 |
151 | UIKIT_EXTERN API_AVAILABLE(ios(2.0)) API_UNAVAILABLE(watchos) NS_SWIFT_UI_ACTOR
152 | @interface UIView : UIResponder <NSCoding, UIAppearance, UIAppearanceContainer, UIDynamicItem, UITraitEnvironment, UICoordinateSpace, UIFocusItem, UIFocusItemContainer, CALayerDelegate>
    |            `- note: 'UIView' has been explicitly marked unavailable here
153 |
154 | @property(class, nonatomic, readonly) Class layerClass;                        // default is [CALayer class]. Used when creating the underlying layer for the view.
/Users/admin/builder/spi-builder-workspace/Sources/SwiftSafeUI/Deprecation Handlers/Modifiers/Presentation/SafePresentationBackground.swift:102:42: error: cannot find type 'UIViewRepresentable' in scope
100 |
101 | /// A `UIView` that clears the background color of its superview’s superview to prevent default modal backgrounds.
102 | private struct ClearModalBackgroundView: UIViewRepresentable {
    |                                          `- error: cannot find type 'UIViewRepresentable' in scope
103 |     private class BackgroundRemovalView: UIView {
104 |         override func didMoveToWindow() {
Failed frontend command:
/Applications/Xcode-27.0.0-Release.Candidate.app/Contents/Developer/Toolchains/XcodeDefault.xctoolchain/usr/bin/swift-frontend -frontend -emit-module -experimental-skip-non-inlinable-function-bodies-without-types /Users/admin/builder/spi-builder-workspace/Sources/SwiftSafeUI/Deprecation\ Handlers/Environment\ Values\ /SafeDismiss.swift /Users/admin/builder/spi-builder-workspace/Sources/SwiftSafeUI/Deprecation\ Handlers/Environment\ Values\ /SafeIsPresented.swift /Users/admin/builder/spi-builder-workspace/Sources/SwiftSafeUI/Deprecation\ Handlers/Modifiers/Accessibility/SafeAccessibilityActivationPoint.swift /Users/admin/builder/spi-builder-workspace/Sources/SwiftSafeUI/Deprecation\ Handlers/Modifiers/Accessibility/SafeAccessibilityAddTraits.swift /Users/admin/builder/spi-builder-workspace/Sources/SwiftSafeUI/Deprecation\ Handlers/Modifiers/Accessibility/SafeAccessibilityHidden.swift /Users/admin/builder/spi-builder-workspace/Sources/SwiftSafeUI/Deprecation\ Handlers/Modifiers/Accessibility/SafeAccessibilityHint.swift /Users/admin/builder/spi-builder-workspace/Sources/SwiftSafeUI/Deprecation\ Handlers/Modifiers/Accessibility/SafeAccessibilityIdentifier.swift /Users/admin/builder/spi-builder-workspace/Sources/SwiftSafeUI/Deprecation\ Handlers/Modifiers/Accessibility/SafeAccessibilityInputLabels.swift /Users/admin/builder/spi-builder-workspace/Sources/SwiftSafeUI/Deprecation\ Handlers/Modifiers/Accessibility/SafeAccessibilityLabel.swift /Users/admin/builder/spi-builder-workspace/Sources/SwiftSafeUI/Deprecation\ Handlers/Modifiers/Accessibility/SafeAccessibilityRemoveTraits.swift /Users/admin/builder/spi-builder-workspace/Sources/SwiftSafeUI/Deprecation\ Handlers/Modifiers/Accessibility/SafeAccessibilitySortPriority.swift /Users/admin/builder/spi-builder-workspace/Sources/SwiftSafeUI/Deprecation\ Handlers/Modifiers/Accessibility/SafeAccessibilityValue.swift /Users/admin/builder/spi-builder-workspace/Sources/SwiftSafeUI/Deprecation\ Handlers/Modifiers/Appearance/SafeBackground.swift /Users/admin/builder/spi-builder-workspace/Sources/SwiftSafeUI/Deprecation\ Handlers/Modifiers/Appearance/SafeForegroundColor.swift /Users/admin/builder/spi-builder-workspace/Sources/SwiftSafeUI/Deprecation\ Handlers/Modifiers/Appearance/SafeOverlay.swift /Users/admin/builder/spi-builder-workspace/Sources/SwiftSafeUI/Deprecation\ Handlers/Modifiers/Appearance/SafeTintColor.swift /Users/admin/builder/spi-builder-workspace/Sources/SwiftSafeUI/Deprecation\ Handlers/Modifiers/Auxiliary\ View/SafeNavigationBarHidden.swift /Users/admin/builder/spi-builder-workspace/Sources/SwiftSafeUI/Deprecation\ Handlers/Modifiers/Auxiliary\ View/SafeNavigationBarItems.swift /Users/admin/builder/spi-builder-workspace/Sources/SwiftSafeUI/Deprecation\ Handlers/Modifiers/Auxiliary\ View/SafeNavigationBarLeadingItem.swift /Users/admin/builder/spi-builder-workspace/Sources/SwiftSafeUI/Deprecation\ Handlers/Modifiers/Auxiliary\ View/SafeNavigationBarTitle.swift /Users/admin/builder/spi-builder-workspace/Sources/SwiftSafeUI/Deprecation\ Handlers/Modifiers/Auxiliary\ View/SafeNavigationBarTrailingItem.swift /Users/admin/builder/spi-builder-workspace/Sources/SwiftSafeUI/Deprecation\ Handlers/Modifiers/Drawing\ \&\ Graphics/SafeMask.swift /Users/admin/builder/spi-builder-workspace/Sources/SwiftSafeUI/Deprecation\ Handlers/Modifiers/Input\ \&\ Event/SafeFocusable.swift /Users/admin/builder/spi-builder-workspace/Sources/SwiftSafeUI/Deprecation\ Handlers/Modifiers/Input\ \&\ Event/SafeOnChange.swift /Users/admin/builder/spi-builder-workspace/Sources/SwiftSafeUI/Deprecation\ Handlers/Modifiers/Layout/SafeIgnoreSafeArea.swift /Users/admin/builder/spi-builder-workspace/Sources/SwiftSafeUI/Deprecation\ Handlers/Modifiers/Presentation/SafePresentationBackground.swift /Users/admin/builder/spi-builder-workspace/Sources/SwiftSafeUI/Deprecation\ Handlers/Modifiers/Search/SafeSearchable.swift /Users/admin/builder/spi-builder-workspace/Sources/SwiftSafeUI/Deprecation\ Handlers/Modifiers/Text\ \&\ Symbol/SafeAutocapitalization.swift /Users/admin/builder/spi-builder-workspace/Sources/SwiftSafeUI/Deprecation\ Handlers/Views/SafeNavigationView.swift /Users/admin/builder/spi-builder-workspace/Sources/SwiftSafeUI/Deprecation\ Handlers/Views/SafeScrollView.swift -target arm64_32-apple-watchos9.0 -disable-cross-import-overlay-search -load-resolved-plugin /Applications/Xcode-27.0.0-Release.Candidate.app/Contents/Developer/Platforms/WatchOS.platform/Developer/usr/lib/swift/host/plugins/libFoundationMacros.dylib\#/Applications/Xcode-27.0.0-Release.Candidate.app/Contents/Developer/Platforms/WatchOS.platform/Developer/usr/bin/swift-plugin-server\#FoundationMacros -load-resolved-plugin /Applications/Xcode-27.0.0-Release.Candidate.app/Contents/Developer/Platforms/WatchOS.platform/Developer/usr/lib/swift/host/plugins/libObservationMacros.dylib\#/Applications/Xcode-27.0.0-Release.Candidate.app/Contents/Developer/Platforms/WatchOS.platform/Developer/usr/bin/swift-plugin-server\#ObservationMacros -load-resolved-plugin /Applications/Xcode-27.0.0-Release.Candidate.app/Contents/Developer/Platforms/WatchOS.platform/Developer/usr/lib/swift/host/plugins/libPreviewsMacros.dylib\#/Applications/Xcode-27.0.0-Release.Candidate.app/Contents/Developer/Platforms/WatchOS.platform/Developer/usr/bin/swift-plugin-server\#PreviewsMacros -load-resolved-plugin /Applications/Xcode-27.0.0-Release.Candidate.app/Contents/Developer/Platforms/WatchOS.platform/Developer/usr/lib/swift/host/plugins/libSwiftMacros.dylib\#/Applications/Xcode-27.0.0-Release.Candidate.app/Contents/Developer/Platforms/WatchOS.platform/Developer/usr/bin/swift-plugin-server\#SwiftMacros -load-resolved-plugin /Applications/Xcode-27.0.0-Release.Candidate.app/Contents/Developer/Platforms/WatchOS.platform/Developer/usr/lib/swift/host/plugins/libSwiftUIMacros.dylib\#/Applications/Xcode-27.0.0-Release.Candidate.app/Contents/Developer/Platforms/WatchOS.platform/Developer/usr/bin/swift-plugin-server\#SwiftUIMacros -disable-implicit-swift-modules -Xcc -fno-implicit-modules -Xcc -fno-implicit-module-maps -explicit-swift-module-map-file /Users/admin/builder/spi-builder-workspace/.derivedData/Build/Intermediates.noindex/SwiftSafeUI.build/Debug-watchos/SwiftSafeUI-t.build/Objects-normal/arm64_32/SwiftSafeUI-dependencies-1.json -enable-objc-interop -sdk /Applications/Xcode-27.0.0-Release.Candidate.app/Contents/Developer/Platforms/WatchOS.platform/Developer/SDKs/WatchOS27.0.sdk -I /Users/admin/builder/spi-builder-workspace/.derivedData/Build/Products/Debug-watchos -Isystem /Applications/Xcode-27.0.0-Release.Candidate.app/Contents/Developer/Platforms/WatchOS.platform/Developer/usr/lib -F /Users/admin/builder/spi-builder-workspace/.derivedData/Build/Products/Debug-watchos -F /Applications/Xcode-27.0.0-Release.Candidate.app/Contents/Developer/Platforms/WatchOS.platform/Developer/Library/Frameworks -F /Applications/Xcode-27.0.0-Release.Candidate.app/Contents/Developer/Platforms/WatchOS.platform/Developer/SDKs/WatchOS27.0.sdk/Developer/Library/Frameworks -module-cache-path /Users/admin/builder/spi-builder-workspace/.derivedData/Build/Intermediates.noindex/SwiftExplicitPrecompiledModules -no-color-diagnostics -Xcc -fno-color-diagnostics -enable-testing -g -debug-info-format\=dwarf -dwarf-version\=4 -swift-version 5 -Onone -D SWIFT_PACKAGE -D DEBUG -D SWIFT_MODULE_RESOURCE_BUNDLE_UNAVAILABLE -D Xcode -serialize-debugging-options -enable-experimental-feature StrictConcurrency\=complete -enable-experimental-feature DebugDescriptionMacro -empty-abi-descriptor -validate-clang-modules-once -clang-build-session-file /Users/admin/builder/spi-builder-workspace/.derivedData/ModuleCache.noindex/Session.modulevalidation -Xcc -working-directory -Xcc /Users/admin/builder/spi-builder-workspace/.swiftpm/xcode -enable-anonymous-context-mangled-names -file-compilation-dir /Users/admin/builder/spi-builder-workspace/.swiftpm/xcode -Xcc -D_LIBCPP_HARDENING_MODE\=_LIBCPP_HARDENING_MODE_DEBUG -Xcc -ivfsstatcache -Xcc /Users/admin/builder/spi-builder-workspace/.derivedData/SDKStatCaches.noindex/watchos27.0-24R360-e829b21a6f8c9b70876ba0858053c04477534ef55a1706bf4c1112bbb242f0a2.sdkstatcache -Xcc -fmodules-prune-interval\=86400 -Xcc -fmodules-prune-after\=345600 -Xcc -I/Users/admin/builder/spi-builder-workspace/.derivedData/Build/Products/Debug-watchos/include -Xcc -I/Users/admin/builder/spi-builder-workspace/.derivedData/Build/Intermediates.noindex/SwiftSafeUI.build/Debug-watchos/SwiftSafeUI-t.build/DerivedSources-normal/arm64_32 -Xcc -I/Users/admin/builder/spi-builder-workspace/.derivedData/Build/Intermediates.noindex/SwiftSafeUI.build/Debug-watchos/SwiftSafeUI-t.build/DerivedSources/arm64_32 -Xcc -I/Users/admin/builder/spi-builder-workspace/.derivedData/Build/Intermediates.noindex/SwiftSafeUI.build/Debug-watchos/SwiftSafeUI-t.build/DerivedSources -Xcc -DSWIFT_PACKAGE -Xcc -DDEBUG\=1 -no-auto-bridging-header-chaining -module-name SwiftSafeUI -package-name spi_builder_workspace -const-gather-protocols-file /Users/admin/builder/spi-builder-workspace/.derivedData/Build/Intermediates.noindex/SwiftSafeUI.build/Debug-watchos/SwiftSafeUI-t.build/Objects-normal/arm64_32/SwiftSafeUI_const_extract_protocols.json -disable-clang-spi -clang-target arm64_32-apple-watchos27.0 -target-sdk-version 27.0 -target-sdk-name watchos27.0 -in-process-plugin-server-path /Applications/Xcode-27.0.0-Release.Candidate.app/Contents/Developer/Toolchains/XcodeDefault.xctoolchain/usr/lib/swift/host/libSwiftInProcPluginServer.dylib -emit-module-doc-path /Users/admin/builder/spi-builder-workspace/.derivedData/Build/Intermediates.noindex/SwiftSafeUI.build/Debug-watchos/SwiftSafeUI-t.build/Objects-normal/arm64_32/SwiftSafeUI.swiftdoc -emit-module-source-info-path /Users/admin/builder/spi-builder-workspace/.derivedData/Build/Intermediates.noindex/SwiftSafeUI.build/Debug-watchos/SwiftSafeUI-t.build/Objects-normal/arm64_32/SwiftSafeUI.swiftsourceinfo -emit-objc-header-path /Users/admin/builder/spi-builder-workspace/.derivedData/Build/Intermediates.noindex/SwiftSafeUI.build/Debug-watchos/SwiftSafeUI-t.build/Objects-normal/arm64_32/SwiftSafeUI-Swift.h -serialize-diagnostics-path /Users/admin/builder/spi-builder-workspace/.derivedData/Build/Intermediates.noindex/SwiftSafeUI.build/Debug-watchos/SwiftSafeUI-t.build/Objects-normal/arm64_32/SwiftSafeUI-primary-emit-module.dia -emit-dependencies-path /Users/admin/builder/spi-builder-workspace/.derivedData/Build/Intermediates.noindex/SwiftSafeUI.build/Debug-watchos/SwiftSafeUI-t.build/Objects-normal/arm64_32/SwiftSafeUI-primary-emit-module.d -parse-as-library -o /Users/admin/builder/spi-builder-workspace/.derivedData/Build/Intermediates.noindex/SwiftSafeUI.build/Debug-watchos/SwiftSafeUI-t.build/Objects-normal/arm64_32/SwiftSafeUI.swiftmodule -emit-abi-descriptor-path /Users/admin/builder/spi-builder-workspace/.derivedData/Build/Intermediates.noindex/SwiftSafeUI.build/Debug-watchos/SwiftSafeUI-t.build/Objects-normal/arm64_32/SwiftSafeUI.abi.json
SwiftCompile normal arm64_32 (in target 'SwiftSafeUI' from project 'SwiftSafeUI')
    cd /Users/admin/builder/spi-builder-workspace/.swiftpm/xcode

SwiftCompile normal arm64_32 Compiling\ SafeDismiss.swift,\ SafeIsPresented.swift,\ SafeAccessibilityActivationPoint.swift /Users/admin/builder/spi-builder-workspace/Sources/SwiftSafeUI/Deprecation\ Handlers/Environment\ Values\ /SafeDismiss.swift /Users/admin/builder/spi-builder-workspace/Sources/SwiftSafeUI/Deprecation\ Handlers/Environment\ Values\ /SafeIsPresented.swift /Users/admin/builder/spi-builder-workspace/Sources/SwiftSafeUI/Deprecation\ Handlers/Modifiers/Accessibility/SafeAccessibilityActivationPoint.swift (in target 'SwiftSafeUI' from project 'SwiftSafeUI')
SwiftCompile normal arm64_32 /Users/admin/builder/spi-builder-workspace/Sources/SwiftSafeUI/Deprecation\ Handlers/Environment\ Values\ /SafeDismiss.swift (in target 'SwiftSafeUI' from project 'SwiftSafeUI')
    cd /Users/admin/builder/spi-builder-workspace/.swiftpm/xcode
    builtin-SwiftPerFileCompile SafeDismiss.swift
SwiftCompile normal arm64_32 /Users/admin/builder/spi-builder-workspace/Sources/SwiftSafeUI/Deprecation\ Handlers/Environment\ Values\ /SafeIsPresented.swift (in target 'SwiftSafeUI' from project 'SwiftSafeUI')
    cd /Users/admin/builder/spi-builder-workspace/.swiftpm/xcode
    builtin-SwiftPerFileCompile SafeIsPresented.swift
SwiftCompile normal arm64_32 /Users/admin/builder/spi-builder-workspace/Sources/SwiftSafeUI/Deprecation\ Handlers/Modifiers/Accessibility/SafeAccessibilityActivationPoint.swift (in target 'SwiftSafeUI' from project 'SwiftSafeUI')
    cd /Users/admin/builder/spi-builder-workspace/.swiftpm/xcode
    builtin-SwiftPerFileCompile SafeAccessibilityActivationPoint.swift
SwiftCompile normal arm64_32 Compiling\ SafeTintColor.swift,\ SafeNavigationBarHidden.swift,\ SafeNavigationBarItems.swift /Users/admin/builder/spi-builder-workspace/Sources/SwiftSafeUI/Deprecation\ Handlers/Modifiers/Appearance/SafeTintColor.swift /Users/admin/builder/spi-builder-workspace/Sources/SwiftSafeUI/Deprecation\ Handlers/Modifiers/Auxiliary\ View/SafeNavigationBarHidden.swift /Users/admin/builder/spi-builder-workspace/Sources/SwiftSafeUI/Deprecation\ Handlers/Modifiers/Auxiliary\ View/SafeNavigationBarItems.swift (in target 'SwiftSafeUI' from project 'SwiftSafeUI')
SwiftCompile normal arm64_32 /Users/admin/builder/spi-builder-workspace/Sources/SwiftSafeUI/Deprecation\ Handlers/Modifiers/Appearance/SafeTintColor.swift (in target 'SwiftSafeUI' from project 'SwiftSafeUI')
    cd /Users/admin/builder/spi-builder-workspace/.swiftpm/xcode
    builtin-SwiftPerFileCompile SafeTintColor.swift
SwiftCompile normal arm64_32 /Users/admin/builder/spi-builder-workspace/Sources/SwiftSafeUI/Deprecation\ Handlers/Modifiers/Auxiliary\ View/SafeNavigationBarHidden.swift (in target 'SwiftSafeUI' from project 'SwiftSafeUI')
    cd /Users/admin/builder/spi-builder-workspace/.swiftpm/xcode
    builtin-SwiftPerFileCompile SafeNavigationBarHidden.swift
SwiftCompile normal arm64_32 /Users/admin/builder/spi-builder-workspace/Sources/SwiftSafeUI/Deprecation\ Handlers/Modifiers/Auxiliary\ View/SafeNavigationBarItems.swift (in target 'SwiftSafeUI' from project 'SwiftSafeUI')
    cd /Users/admin/builder/spi-builder-workspace/.swiftpm/xcode
    builtin-SwiftPerFileCompile SafeNavigationBarItems.swift
SwiftCompile normal arm64_32 Compiling\ SafeAccessibilityRemoveTraits.swift,\ SafeAccessibilitySortPriority.swift,\ SafeAccessibilityValue.swift /Users/admin/builder/spi-builder-workspace/Sources/SwiftSafeUI/Deprecation\ Handlers/Modifiers/Accessibility/SafeAccessibilityRemoveTraits.swift /Users/admin/builder/spi-builder-workspace/Sources/SwiftSafeUI/Deprecation\ Handlers/Modifiers/Accessibility/SafeAccessibilitySortPriority.swift /Users/admin/builder/spi-builder-workspace/Sources/SwiftSafeUI/Deprecation\ Handlers/Modifiers/Accessibility/SafeAccessibilityValue.swift (in target 'SwiftSafeUI' from project 'SwiftSafeUI')
SwiftCompile normal arm64_32 /Users/admin/builder/spi-builder-workspace/Sources/SwiftSafeUI/Deprecation\ Handlers/Modifiers/Accessibility/SafeAccessibilityRemoveTraits.swift (in target 'SwiftSafeUI' from project 'SwiftSafeUI')
    cd /Users/admin/builder/spi-builder-workspace/.swiftpm/xcode
    builtin-SwiftPerFileCompile SafeAccessibilityRemoveTraits.swift
SwiftCompile normal arm64_32 /Users/admin/builder/spi-builder-workspace/Sources/SwiftSafeUI/Deprecation\ Handlers/Modifiers/Accessibility/SafeAccessibilitySortPriority.swift (in target 'SwiftSafeUI' from project 'SwiftSafeUI')
    cd /Users/admin/builder/spi-builder-workspace/.swiftpm/xcode
    builtin-SwiftPerFileCompile SafeAccessibilitySortPriority.swift
SwiftCompile normal arm64_32 /Users/admin/builder/spi-builder-workspace/Sources/SwiftSafeUI/Deprecation\ Handlers/Modifiers/Accessibility/SafeAccessibilityValue.swift (in target 'SwiftSafeUI' from project 'SwiftSafeUI')
    cd /Users/admin/builder/spi-builder-workspace/.swiftpm/xcode
    builtin-SwiftPerFileCompile SafeAccessibilityValue.swift
SwiftCompile normal arm64_32 Compiling\ SafeAccessibilityAddTraits.swift,\ SafeAccessibilityHidden.swift,\ SafeAccessibilityHint.swift /Users/admin/builder/spi-builder-workspace/Sources/SwiftSafeUI/Deprecation\ Handlers/Modifiers/Accessibility/SafeAccessibilityAddTraits.swift /Users/admin/builder/spi-builder-workspace/Sources/SwiftSafeUI/Deprecation\ Handlers/Modifiers/Accessibility/SafeAccessibilityHidden.swift /Users/admin/builder/spi-builder-workspace/Sources/SwiftSafeUI/Deprecation\ Handlers/Modifiers/Accessibility/SafeAccessibilityHint.swift (in target 'SwiftSafeUI' from project 'SwiftSafeUI')
SwiftCompile normal arm64_32 /Users/admin/builder/spi-builder-workspace/Sources/SwiftSafeUI/Deprecation\ Handlers/Modifiers/Accessibility/SafeAccessibilityAddTraits.swift (in target 'SwiftSafeUI' from project 'SwiftSafeUI')
    cd /Users/admin/builder/spi-builder-workspace/.swiftpm/xcode
    builtin-SwiftPerFileCompile SafeAccessibilityAddTraits.swift
SwiftCompile normal arm64_32 /Users/admin/builder/spi-builder-workspace/Sources/SwiftSafeUI/Deprecation\ Handlers/Modifiers/Accessibility/SafeAccessibilityHidden.swift (in target 'SwiftSafeUI' from project 'SwiftSafeUI')
    cd /Users/admin/builder/spi-builder-workspace/.swiftpm/xcode
    builtin-SwiftPerFileCompile SafeAccessibilityHidden.swift
SwiftCompile normal arm64_32 /Users/admin/builder/spi-builder-workspace/Sources/SwiftSafeUI/Deprecation\ Handlers/Modifiers/Accessibility/SafeAccessibilityHint.swift (in target 'SwiftSafeUI' from project 'SwiftSafeUI')
    cd /Users/admin/builder/spi-builder-workspace/.swiftpm/xcode
    builtin-SwiftPerFileCompile SafeAccessibilityHint.swift
SwiftCompile normal arm64_32 Compiling\ SafeBackground.swift,\ SafeForegroundColor.swift,\ SafeOverlay.swift /Users/admin/builder/spi-builder-workspace/Sources/SwiftSafeUI/Deprecation\ Handlers/Modifiers/Appearance/SafeBackground.swift /Users/admin/builder/spi-builder-workspace/Sources/SwiftSafeUI/Deprecation\ Handlers/Modifiers/Appearance/SafeForegroundColor.swift /Users/admin/builder/spi-builder-workspace/Sources/SwiftSafeUI/Deprecation\ Handlers/Modifiers/Appearance/SafeOverlay.swift (in target 'SwiftSafeUI' from project 'SwiftSafeUI')
SwiftCompile normal arm64_32 /Users/admin/builder/spi-builder-workspace/Sources/SwiftSafeUI/Deprecation\ Handlers/Modifiers/Appearance/SafeBackground.swift (in target 'SwiftSafeUI' from project 'SwiftSafeUI')
    cd /Users/admin/builder/spi-builder-workspace/.swiftpm/xcode
    builtin-SwiftPerFileCompile SafeBackground.swift
SwiftCompile normal arm64_32 /Users/admin/builder/spi-builder-workspace/Sources/SwiftSafeUI/Deprecation\ Handlers/Modifiers/Appearance/SafeForegroundColor.swift (in target 'SwiftSafeUI' from project 'SwiftSafeUI')
    cd /Users/admin/builder/spi-builder-workspace/.swiftpm/xcode
    builtin-SwiftPerFileCompile SafeForegroundColor.swift
SwiftCompile normal arm64_32 /Users/admin/builder/spi-builder-workspace/Sources/SwiftSafeUI/Deprecation\ Handlers/Modifiers/Appearance/SafeOverlay.swift (in target 'SwiftSafeUI' from project 'SwiftSafeUI')
    cd /Users/admin/builder/spi-builder-workspace/.swiftpm/xcode
    builtin-SwiftPerFileCompile SafeOverlay.swift
SwiftExplicitDependencyGeneratePcm arm64 /Users/admin/builder/spi-builder-workspace/.derivedData/SDKExplicitPrecompiledModules/SwiftUI-APXDH8ULYLM6FD17YRA73TULO.pcm
PruneExplicitPrecompiledModules /Users/admin/builder/spi-builder-workspace/.derivedData/Build/Intermediates.noindex/ExplicitPrecompiledModules
PruneExplicitPrecompiledModules /Users/admin/builder/spi-builder-workspace/.derivedData/Build/Intermediates.noindex/SwiftExplicitPrecompiledModules
PruneExplicitPrecompiledModules /Users/admin/builder/spi-builder-workspace/.derivedData/SDKExplicitPrecompiledModules
2026-09-22 12:51:03.659 xcodebuild[628:3905] [MT] IDERunDestination: Supported platforms for the buildables in the current scheme is empty.
** BUILD FAILED **
The following build commands failed:
	SwiftEmitModule normal arm64_32 Emitting\ module\ for\ SwiftSafeUI (in target 'SwiftSafeUI' from project 'SwiftSafeUI')
	SwiftCompile normal arm64_32 (in target 'SwiftSafeUI' from project 'SwiftSafeUI')
	Building workspace SwiftSafeUI with scheme SwiftSafeUI
(3 failures)
Command line invocation:
    /Applications/Xcode-27.0.0-Release.Candidate.app/Contents/Developer/usr/bin/xcodebuild -IDEClonedSourcePackagesDirPathOverride=/Users/admin/builder/spi-builder-workspace/.dependencies -resolvePackageDependencies
Resolve Package Graph
Resolved source packages:
  SwiftSafeUI: /Users/admin/builder/spi-builder-workspace
resolved source packages: SwiftSafeUI
2026-09-22 12:51:10.390 xcodebuild[793:4633] [MT] IDERunDestination: Supported platforms for the buildables in the current scheme is empty.
{
  "dependencies" : [
  ],
  "manifest_display_name" : "SwiftSafeUI",
  "name" : "SwiftSafeUI",
  "path" : "/Users/admin/builder/spi-builder-workspace",
  "platforms" : [
    {
      "name" : "ios",
      "version" : "13.0"
    },
    {
      "name" : "macos",
      "version" : "10.15"
    }
  ],
  "products" : [
    {
      "name" : "SwiftSafeUI",
      "targets" : [
        "SwiftSafeUI"
      ],
      "type" : {
        "library" : [
          "automatic"
        ]
      }
    }
  ],
  "targets" : [
    {
      "c99name" : "SwiftSafeUI",
      "module_type" : "SwiftTarget",
      "name" : "SwiftSafeUI",
      "path" : "Sources/SwiftSafeUI",
      "product_memberships" : [
        "SwiftSafeUI"
      ],
      "sources" : [
        "Deprecation Handlers/Environment Values /SafeDismiss.swift",
        "Deprecation Handlers/Environment Values /SafeIsPresented.swift",
        "Deprecation Handlers/Modifiers/Accessibility/SafeAccessibilityActivationPoint.swift",
        "Deprecation Handlers/Modifiers/Accessibility/SafeAccessibilityAddTraits.swift",
        "Deprecation Handlers/Modifiers/Accessibility/SafeAccessibilityHidden.swift",
        "Deprecation Handlers/Modifiers/Accessibility/SafeAccessibilityHint.swift",
        "Deprecation Handlers/Modifiers/Accessibility/SafeAccessibilityIdentifier.swift",
        "Deprecation Handlers/Modifiers/Accessibility/SafeAccessibilityInputLabels.swift",
        "Deprecation Handlers/Modifiers/Accessibility/SafeAccessibilityLabel.swift",
        "Deprecation Handlers/Modifiers/Accessibility/SafeAccessibilityRemoveTraits.swift",
        "Deprecation Handlers/Modifiers/Accessibility/SafeAccessibilitySortPriority.swift",
        "Deprecation Handlers/Modifiers/Accessibility/SafeAccessibilityValue.swift",
        "Deprecation Handlers/Modifiers/Appearance/SafeBackground.swift",
        "Deprecation Handlers/Modifiers/Appearance/SafeForegroundColor.swift",
        "Deprecation Handlers/Modifiers/Appearance/SafeOverlay.swift",
        "Deprecation Handlers/Modifiers/Appearance/SafeTintColor.swift",
        "Deprecation Handlers/Modifiers/Auxiliary View/SafeNavigationBarHidden.swift",
        "Deprecation Handlers/Modifiers/Auxiliary View/SafeNavigationBarItems.swift",
        "Deprecation Handlers/Modifiers/Auxiliary View/SafeNavigationBarLeadingItem.swift",
        "Deprecation Handlers/Modifiers/Auxiliary View/SafeNavigationBarTitle.swift",
        "Deprecation Handlers/Modifiers/Auxiliary View/SafeNavigationBarTrailingItem.swift",
        "Deprecation Handlers/Modifiers/Drawing & Graphics/SafeMask.swift",
        "Deprecation Handlers/Modifiers/Input & Event/SafeFocusable.swift",
        "Deprecation Handlers/Modifiers/Input & Event/SafeOnChange.swift",
        "Deprecation Handlers/Modifiers/Layout/SafeIgnoreSafeArea.swift",
        "Deprecation Handlers/Modifiers/Presentation/SafePresentationBackground.swift",
        "Deprecation Handlers/Modifiers/Search/SafeSearchable.swift",
        "Deprecation Handlers/Modifiers/Text & Symbol/SafeAutocapitalization.swift",
        "Deprecation Handlers/Views/SafeNavigationView.swift",
        "Deprecation Handlers/Views/SafeScrollView.swift"
      ],
      "type" : "library"
    }
  ],
  "tools_version" : "5.9"
}
{
  "workspace" : {
    "name" : "SwiftSafeUI",
    "schemes" : [
      "SwiftSafeUI"
    ]
  }
}
2026-09-22 12:51:11.683 xcodebuild[801:4707] [MT] IDERunDestination: Supported platforms for the buildables in the current scheme is empty.
Running build ...
env DEVELOPER_DIR=/Applications/Xcode-27.0.0-Release.Candidate.app xcrun xcodebuild -IDEClonedSourcePackagesDirPathOverride=$PWD/.dependencies -skipMacroValidation -skipPackagePluginValidation -derivedDataPath $PWD/.derivedData build -scheme SwiftSafeUI -destination generic/platform=watchOS
Command line invocation:
    /Applications/Xcode-27.0.0-Release.Candidate.app/Contents/Developer/usr/bin/xcodebuild -IDEClonedSourcePackagesDirPathOverride=/Users/admin/builder/spi-builder-workspace/.dependencies -skipMacroValidation -skipPackagePluginValidation -derivedDataPath /Users/admin/builder/spi-builder-workspace/.derivedData build -scheme SwiftSafeUI -destination generic/platform=watchOS
Resolve Package Graph
Resolved source packages:
  SwiftSafeUI: /Users/admin/builder/spi-builder-workspace
ComputePackagePrebuildTargetDependencyGraph
Prepare packages
CreateBuildRequest
SendProjectDescription
CreateBuildOperation
ComputeTargetDependencyGraph
note: Building targets in dependency order
note: Target dependency graph (2 targets)
    Target 'SwiftSafeUI-product' in project 'SwiftSafeUI'
        ➜ Explicit dependency on target 'SwiftSafeUI' in project 'SwiftSafeUI'
    Target 'SwiftSafeUI' in project 'SwiftSafeUI' (no dependencies)
GatherProvisioningInputs
CreateBuildDescription
ClangStatCache /Applications/Xcode-27.0.0-Release.Candidate.app/Contents/Developer/Toolchains/XcodeDefault.xctoolchain/usr/bin/clang-stat-cache /Applications/Xcode-27.0.0-Release.Candidate.app/Contents/Developer/Platforms/WatchOS.platform/Developer/SDKs/WatchOS27.0.sdk /Users/admin/builder/spi-builder-workspace/.derivedData/SDKStatCaches.noindex/watchos27.0-24R360-e829b21a6f8c9b70876ba0858053c04477534ef55a1706bf4c1112bbb242f0a2.sdkstatcache
    cd /Users/admin/builder/spi-builder-workspace/.swiftpm/xcode
    /Applications/Xcode-27.0.0-Release.Candidate.app/Contents/Developer/Toolchains/XcodeDefault.xctoolchain/usr/bin/clang-stat-cache /Applications/Xcode-27.0.0-Release.Candidate.app/Contents/Developer/Platforms/WatchOS.platform/Developer/SDKs/WatchOS27.0.sdk -o /Users/admin/builder/spi-builder-workspace/.derivedData/SDKStatCaches.noindex/watchos27.0-24R360-e829b21a6f8c9b70876ba0858053c04477534ef55a1706bf4c1112bbb242f0a2.sdkstatcache
SwiftDriver SwiftSafeUI normal arm64 com.apple.xcode.tools.swift.compiler (in target 'SwiftSafeUI' from project 'SwiftSafeUI')
    cd /Users/admin/builder/spi-builder-workspace/.swiftpm/xcode
    builtin-SwiftDriver -- /Applications/Xcode-27.0.0-Release.Candidate.app/Contents/Developer/Toolchains/XcodeDefault.xctoolchain/usr/bin/swiftc -parse-as-library -module-name SwiftSafeUI -Onone @/Users/admin/builder/spi-builder-workspace/.derivedData/Build/Intermediates.noindex/SwiftSafeUI.build/Debug-watchos/SwiftSafeUI-t.build/Objects-normal/arm64/SwiftSafeUI.SwiftFileList -DSWIFT_PACKAGE -DDEBUG -DSWIFT_MODULE_RESOURCE_BUNDLE_UNAVAILABLE -DXcode -enable-experimental-feature StrictConcurrency\=complete -plugin-path /Applications/Xcode-27.0.0-Release.Candidate.app/Contents/Developer/Toolchains/XcodeDefault.xctoolchain/usr/lib/swift/host/plugins/testing -enable-experimental-feature DebugDescriptionMacro -sdk /Applications/Xcode-27.0.0-Release.Candidate.app/Contents/Developer/Platforms/WatchOS.platform/Developer/SDKs/WatchOS27.0.sdk -target arm64-apple-watchos9.0 -g -module-cache-path /Users/admin/builder/spi-builder-workspace/.derivedData/ModuleCache.noindex -Xfrontend -serialize-debugging-options -enable-testing -index-store-path /Users/admin/builder/spi-builder-workspace/.derivedData/Index.noindex/DataStore -Xcc -D_LIBCPP_HARDENING_MODE\=_LIBCPP_HARDENING_MODE_DEBUG -swift-version 5 -I /Users/admin/builder/spi-builder-workspace/.derivedData/Build/Products/Debug-watchos -Isystem /Applications/Xcode-27.0.0-Release.Candidate.app/Contents/Developer/Platforms/WatchOS.platform/Developer/usr/lib -F /Users/admin/builder/spi-builder-workspace/.derivedData/Build/Products/Debug-watchos -F /Applications/Xcode-27.0.0-Release.Candidate.app/Contents/Developer/Platforms/WatchOS.platform/Developer/Library/Frameworks -F /Applications/Xcode-27.0.0-Release.Candidate.app/Contents/Developer/Platforms/WatchOS.platform/Developer/SDKs/WatchOS27.0.sdk/Developer/Library/Frameworks -c -j10 -enable-batch-mode -incremental -Xcc -ivfsstatcache -Xcc /Users/admin/builder/spi-builder-workspace/.derivedData/SDKStatCaches.noindex/watchos27.0-24R360-e829b21a6f8c9b70876ba0858053c04477534ef55a1706bf4c1112bbb242f0a2.sdkstatcache -output-file-map /Users/admin/builder/spi-builder-workspace/.derivedData/Build/Intermediates.noindex/SwiftSafeUI.build/Debug-watchos/SwiftSafeUI-t.build/Objects-normal/arm64/SwiftSafeUI-OutputFileMap.json -save-temps -no-color-diagnostics -explicit-module-build -module-cache-path /Users/admin/builder/spi-builder-workspace/.derivedData/Build/Intermediates.noindex/SwiftExplicitPrecompiledModules -clang-scanner-module-cache-path /Users/admin/builder/spi-builder-workspace/.derivedData/ModuleCache.noindex -sdk-module-cache-path /Users/admin/builder/spi-builder-workspace/.derivedData/SDKExplicitPrecompiledModules -emit-dependencies -emit-module -emit-module-path /Users/admin/builder/spi-builder-workspace/.derivedData/Build/Intermediates.noindex/SwiftSafeUI.build/Debug-watchos/SwiftSafeUI-t.build/Objects-normal/arm64/SwiftSafeUI.swiftmodule -serialize-diagnostics -dependency-scan-serialize-diagnostics-path /Users/admin/builder/spi-builder-workspace/.derivedData/Build/Intermediates.noindex/SwiftSafeUI.build/Debug-watchos/SwiftSafeUI-t.build/Objects-normal/arm64/SwiftSafeUI-dependency-scan.dia -validate-clang-modules-once -clang-build-session-file /Users/admin/builder/spi-builder-workspace/.derivedData/ModuleCache.noindex/Session.modulevalidation -Xcc -fmodules-prune-interval\=86400 -Xcc -fmodules-prune-after\=345600 -package-name spi_builder_workspace -emit-const-values -const-gather-protocols-list /Users/admin/builder/spi-builder-workspace/.derivedData/Build/Intermediates.noindex/SwiftSafeUI.build/Debug-watchos/SwiftSafeUI-t.build/Objects-normal/arm64/SwiftSafeUI_const_extract_protocols.json -Xcc -I/Users/admin/builder/spi-builder-workspace/.derivedData/Build/Products/Debug-watchos/include -Xcc -I/Users/admin/builder/spi-builder-workspace/.derivedData/Build/Intermediates.noindex/SwiftSafeUI.build/Debug-watchos/SwiftSafeUI-t.build/DerivedSources-normal/arm64 -Xcc -I/Users/admin/builder/spi-builder-workspace/.derivedData/Build/Intermediates.noindex/SwiftSafeUI.build/Debug-watchos/SwiftSafeUI-t.build/DerivedSources/arm64 -Xcc -I/Users/admin/builder/spi-builder-workspace/.derivedData/Build/Intermediates.noindex/SwiftSafeUI.build/Debug-watchos/SwiftSafeUI-t.build/DerivedSources -Xcc -DSWIFT_PACKAGE -Xcc -DDEBUG\=1 -emit-objc-header -emit-objc-header-path /Users/admin/builder/spi-builder-workspace/.derivedData/Build/Intermediates.noindex/SwiftSafeUI.build/Debug-watchos/SwiftSafeUI-t.build/Objects-normal/arm64/SwiftSafeUI-Swift.h -working-directory /Users/admin/builder/spi-builder-workspace/.swiftpm/xcode -experimental-emit-module-separately -disable-cmo
SwiftDriver SwiftSafeUI normal arm64_32 com.apple.xcode.tools.swift.compiler (in target 'SwiftSafeUI' from project 'SwiftSafeUI')
    cd /Users/admin/builder/spi-builder-workspace/.swiftpm/xcode
    builtin-SwiftDriver -- /Applications/Xcode-27.0.0-Release.Candidate.app/Contents/Developer/Toolchains/XcodeDefault.xctoolchain/usr/bin/swiftc -parse-as-library -module-name SwiftSafeUI -Onone @/Users/admin/builder/spi-builder-workspace/.derivedData/Build/Intermediates.noindex/SwiftSafeUI.build/Debug-watchos/SwiftSafeUI-t.build/Objects-normal/arm64_32/SwiftSafeUI.SwiftFileList -DSWIFT_PACKAGE -DDEBUG -DSWIFT_MODULE_RESOURCE_BUNDLE_UNAVAILABLE -DXcode -enable-experimental-feature StrictConcurrency\=complete -plugin-path /Applications/Xcode-27.0.0-Release.Candidate.app/Contents/Developer/Toolchains/XcodeDefault.xctoolchain/usr/lib/swift/host/plugins/testing -enable-experimental-feature DebugDescriptionMacro -sdk /Applications/Xcode-27.0.0-Release.Candidate.app/Contents/Developer/Platforms/WatchOS.platform/Developer/SDKs/WatchOS27.0.sdk -target arm64_32-apple-watchos9.0 -g -module-cache-path /Users/admin/builder/spi-builder-workspace/.derivedData/ModuleCache.noindex -Xfrontend -serialize-debugging-options -enable-testing -index-store-path /Users/admin/builder/spi-builder-workspace/.derivedData/Index.noindex/DataStore -Xcc -D_LIBCPP_HARDENING_MODE\=_LIBCPP_HARDENING_MODE_DEBUG -swift-version 5 -I /Users/admin/builder/spi-builder-workspace/.derivedData/Build/Products/Debug-watchos -Isystem /Applications/Xcode-27.0.0-Release.Candidate.app/Contents/Developer/Platforms/WatchOS.platform/Developer/usr/lib -F /Users/admin/builder/spi-builder-workspace/.derivedData/Build/Products/Debug-watchos -F /Applications/Xcode-27.0.0-Release.Candidate.app/Contents/Developer/Platforms/WatchOS.platform/Developer/Library/Frameworks -F /Applications/Xcode-27.0.0-Release.Candidate.app/Contents/Developer/Platforms/WatchOS.platform/Developer/SDKs/WatchOS27.0.sdk/Developer/Library/Frameworks -c -j10 -enable-batch-mode -incremental -Xcc -ivfsstatcache -Xcc /Users/admin/builder/spi-builder-workspace/.derivedData/SDKStatCaches.noindex/watchos27.0-24R360-e829b21a6f8c9b70876ba0858053c04477534ef55a1706bf4c1112bbb242f0a2.sdkstatcache -output-file-map /Users/admin/builder/spi-builder-workspace/.derivedData/Build/Intermediates.noindex/SwiftSafeUI.build/Debug-watchos/SwiftSafeUI-t.build/Objects-normal/arm64_32/SwiftSafeUI-OutputFileMap.json -save-temps -no-color-diagnostics -explicit-module-build -module-cache-path /Users/admin/builder/spi-builder-workspace/.derivedData/Build/Intermediates.noindex/SwiftExplicitPrecompiledModules -clang-scanner-module-cache-path /Users/admin/builder/spi-builder-workspace/.derivedData/ModuleCache.noindex -sdk-module-cache-path /Users/admin/builder/spi-builder-workspace/.derivedData/SDKExplicitPrecompiledModules -emit-dependencies -emit-module -emit-module-path /Users/admin/builder/spi-builder-workspace/.derivedData/Build/Intermediates.noindex/SwiftSafeUI.build/Debug-watchos/SwiftSafeUI-t.build/Objects-normal/arm64_32/SwiftSafeUI.swiftmodule -serialize-diagnostics -dependency-scan-serialize-diagnostics-path /Users/admin/builder/spi-builder-workspace/.derivedData/Build/Intermediates.noindex/SwiftSafeUI.build/Debug-watchos/SwiftSafeUI-t.build/Objects-normal/arm64_32/SwiftSafeUI-dependency-scan.dia -validate-clang-modules-once -clang-build-session-file /Users/admin/builder/spi-builder-workspace/.derivedData/ModuleCache.noindex/Session.modulevalidation -Xcc -fmodules-prune-interval\=86400 -Xcc -fmodules-prune-after\=345600 -package-name spi_builder_workspace -emit-const-values -const-gather-protocols-list /Users/admin/builder/spi-builder-workspace/.derivedData/Build/Intermediates.noindex/SwiftSafeUI.build/Debug-watchos/SwiftSafeUI-t.build/Objects-normal/arm64_32/SwiftSafeUI_const_extract_protocols.json -Xcc -I/Users/admin/builder/spi-builder-workspace/.derivedData/Build/Products/Debug-watchos/include -Xcc -I/Users/admin/builder/spi-builder-workspace/.derivedData/Build/Intermediates.noindex/SwiftSafeUI.build/Debug-watchos/SwiftSafeUI-t.build/DerivedSources-normal/arm64_32 -Xcc -I/Users/admin/builder/spi-builder-workspace/.derivedData/Build/Intermediates.noindex/SwiftSafeUI.build/Debug-watchos/SwiftSafeUI-t.build/DerivedSources/arm64_32 -Xcc -I/Users/admin/builder/spi-builder-workspace/.derivedData/Build/Intermediates.noindex/SwiftSafeUI.build/Debug-watchos/SwiftSafeUI-t.build/DerivedSources -Xcc -DSWIFT_PACKAGE -Xcc -DDEBUG\=1 -emit-objc-header -emit-objc-header-path /Users/admin/builder/spi-builder-workspace/.derivedData/Build/Intermediates.noindex/SwiftSafeUI.build/Debug-watchos/SwiftSafeUI-t.build/Objects-normal/arm64_32/SwiftSafeUI-Swift.h -working-directory /Users/admin/builder/spi-builder-workspace/.swiftpm/xcode -experimental-emit-module-separately -disable-cmo
SwiftEmitModule normal arm64_32 Emitting\ module\ for\ SwiftSafeUI (in target 'SwiftSafeUI' from project 'SwiftSafeUI')
/Users/admin/builder/spi-builder-workspace/Sources/SwiftSafeUI/Deprecation Handlers/Modifiers/Presentation/SafePresentationBackground.swift:103:42: error: 'UIView' is unavailable in watchOS
101 | /// A `UIView` that clears the background color of its superview’s superview to prevent default modal backgrounds.
102 | private struct ClearModalBackgroundView: UIViewRepresentable {
103 |     private class BackgroundRemovalView: UIView {
    |                                          `- error: 'UIView' is unavailable in watchOS
104 |         override func didMoveToWindow() {
105 |             super.didMoveToWindow()
/Applications/Xcode-27.0.0-Release.Candidate.app/Contents/Developer/Platforms/WatchOS.platform/Developer/SDKs/WatchOS27.0.sdk/System/Library/Frameworks/UIKit.framework/Headers/UIView.h:152:12: note: 'UIView' has been explicitly marked unavailable here
150 |
151 | UIKIT_EXTERN API_AVAILABLE(ios(2.0)) API_UNAVAILABLE(watchos) NS_SWIFT_UI_ACTOR
152 | @interface UIView : UIResponder <NSCoding, UIAppearance, UIAppearanceContainer, UIDynamicItem, UITraitEnvironment, UICoordinateSpace, UIFocusItem, UIFocusItemContainer, CALayerDelegate>
    |            `- note: 'UIView' has been explicitly marked unavailable here
153 |
154 | @property(class, nonatomic, readonly) Class layerClass;                        // default is [CALayer class]. Used when creating the underlying layer for the view.
/Users/admin/builder/spi-builder-workspace/Sources/SwiftSafeUI/Deprecation Handlers/Modifiers/Presentation/SafePresentationBackground.swift:110:30: error: cannot find type 'Context' in scope
108 |     }
109 |
110 |     func makeUIView(context: Context) -> UIView {
    |                              `- error: cannot find type 'Context' in scope
111 |         BackgroundRemovalView()
112 |     }
/Users/admin/builder/spi-builder-workspace/Sources/SwiftSafeUI/Deprecation Handlers/Modifiers/Presentation/SafePresentationBackground.swift:110:42: error: 'UIView' is unavailable in watchOS
108 |     }
109 |
110 |     func makeUIView(context: Context) -> UIView {
    |                                          `- error: 'UIView' is unavailable in watchOS
111 |         BackgroundRemovalView()
112 |     }
/Applications/Xcode-27.0.0-Release.Candidate.app/Contents/Developer/Platforms/WatchOS.platform/Developer/SDKs/WatchOS27.0.sdk/System/Library/Frameworks/UIKit.framework/Headers/UIView.h:152:12: note: 'UIView' has been explicitly marked unavailable here
150 |
151 | UIKIT_EXTERN API_AVAILABLE(ios(2.0)) API_UNAVAILABLE(watchos) NS_SWIFT_UI_ACTOR
152 | @interface UIView : UIResponder <NSCoding, UIAppearance, UIAppearanceContainer, UIDynamicItem, UITraitEnvironment, UICoordinateSpace, UIFocusItem, UIFocusItemContainer, CALayerDelegate>
    |            `- note: 'UIView' has been explicitly marked unavailable here
153 |
154 | @property(class, nonatomic, readonly) Class layerClass;                        // default is [CALayer class]. Used when creating the underlying layer for the view.
/Users/admin/builder/spi-builder-workspace/Sources/SwiftSafeUI/Deprecation Handlers/Modifiers/Presentation/SafePresentationBackground.swift:114:50: error: cannot find type 'Context' in scope
112 |     }
113 |
114 |     func updateUIView(_ uiView: UIView, context: Context) {}
    |                                                  `- error: cannot find type 'Context' in scope
115 | }
116 |
/Users/admin/builder/spi-builder-workspace/Sources/SwiftSafeUI/Deprecation Handlers/Modifiers/Presentation/SafePresentationBackground.swift:114:33: error: 'UIView' is unavailable in watchOS
112 |     }
113 |
114 |     func updateUIView(_ uiView: UIView, context: Context) {}
    |                                 `- error: 'UIView' is unavailable in watchOS
115 | }
116 |
/Applications/Xcode-27.0.0-Release.Candidate.app/Contents/Developer/Platforms/WatchOS.platform/Developer/SDKs/WatchOS27.0.sdk/System/Library/Frameworks/UIKit.framework/Headers/UIView.h:152:12: note: 'UIView' has been explicitly marked unavailable here
150 |
151 | UIKIT_EXTERN API_AVAILABLE(ios(2.0)) API_UNAVAILABLE(watchos) NS_SWIFT_UI_ACTOR
152 | @interface UIView : UIResponder <NSCoding, UIAppearance, UIAppearanceContainer, UIDynamicItem, UITraitEnvironment, UICoordinateSpace, UIFocusItem, UIFocusItemContainer, CALayerDelegate>
    |            `- note: 'UIView' has been explicitly marked unavailable here
153 |
154 | @property(class, nonatomic, readonly) Class layerClass;                        // default is [CALayer class]. Used when creating the underlying layer for the view.
/Users/admin/builder/spi-builder-workspace/Sources/SwiftSafeUI/Deprecation Handlers/Modifiers/Presentation/SafePresentationBackground.swift:102:42: error: cannot find type 'UIViewRepresentable' in scope
100 |
101 | /// A `UIView` that clears the background color of its superview’s superview to prevent default modal backgrounds.
102 | private struct ClearModalBackgroundView: UIViewRepresentable {
    |                                          `- error: cannot find type 'UIViewRepresentable' in scope
103 |     private class BackgroundRemovalView: UIView {
104 |         override func didMoveToWindow() {
Failed frontend command:
SwiftCompile normal arm64_32 (in target 'SwiftSafeUI' from project 'SwiftSafeUI')
    cd /Users/admin/builder/spi-builder-workspace/.swiftpm/xcode

/Applications/Xcode-27.0.0-Release.Candidate.app/Contents/Developer/Toolchains/XcodeDefault.xctoolchain/usr/bin/swift-frontend -frontend -emit-module -experimental-skip-non-inlinable-function-bodies-without-types /Users/admin/builder/spi-builder-workspace/Sources/SwiftSafeUI/Deprecation\ Handlers/Environment\ Values\ /SafeDismiss.swift /Users/admin/builder/spi-builder-workspace/Sources/SwiftSafeUI/Deprecation\ Handlers/Environment\ Values\ /SafeIsPresented.swift /Users/admin/builder/spi-builder-workspace/Sources/SwiftSafeUI/Deprecation\ Handlers/Modifiers/Accessibility/SafeAccessibilityActivationPoint.swift /Users/admin/builder/spi-builder-workspace/Sources/SwiftSafeUI/Deprecation\ Handlers/Modifiers/Accessibility/SafeAccessibilityAddTraits.swift /Users/admin/builder/spi-builder-workspace/Sources/SwiftSafeUI/Deprecation\ Handlers/Modifiers/Accessibility/SafeAccessibilityHidden.swift /Users/admin/builder/spi-builder-workspace/Sources/SwiftSafeUI/Deprecation\ Handlers/Modifiers/Accessibility/SafeAccessibilityHint.swift /Users/admin/builder/spi-builder-workspace/Sources/SwiftSafeUI/Deprecation\ Handlers/Modifiers/Accessibility/SafeAccessibilityIdentifier.swift /Users/admin/builder/spi-builder-workspace/Sources/SwiftSafeUI/Deprecation\ Handlers/Modifiers/Accessibility/SafeAccessibilityInputLabels.swift /Users/admin/builder/spi-builder-workspace/Sources/SwiftSafeUI/Deprecation\ Handlers/Modifiers/Accessibility/SafeAccessibilityLabel.swift /Users/admin/builder/spi-builder-workspace/Sources/SwiftSafeUI/Deprecation\ Handlers/Modifiers/Accessibility/SafeAccessibilityRemoveTraits.swift /Users/admin/builder/spi-builder-workspace/Sources/SwiftSafeUI/Deprecation\ Handlers/Modifiers/Accessibility/SafeAccessibilitySortPriority.swift /Users/admin/builder/spi-builder-workspace/Sources/SwiftSafeUI/Deprecation\ Handlers/Modifiers/Accessibility/SafeAccessibilityValue.swift /Users/admin/builder/spi-builder-workspace/Sources/SwiftSafeUI/Deprecation\ Handlers/Modifiers/Appearance/SafeBackground.swift /Users/admin/builder/spi-builder-workspace/Sources/SwiftSafeUI/Deprecation\ Handlers/Modifiers/Appearance/SafeForegroundColor.swift /Users/admin/builder/spi-builder-workspace/Sources/SwiftSafeUI/Deprecation\ Handlers/Modifiers/Appearance/SafeOverlay.swift /Users/admin/builder/spi-builder-workspace/Sources/SwiftSafeUI/Deprecation\ Handlers/Modifiers/Appearance/SafeTintColor.swift /Users/admin/builder/spi-builder-workspace/Sources/SwiftSafeUI/Deprecation\ Handlers/Modifiers/Auxiliary\ View/SafeNavigationBarHidden.swift /Users/admin/builder/spi-builder-workspace/Sources/SwiftSafeUI/Deprecation\ Handlers/Modifiers/Auxiliary\ View/SafeNavigationBarItems.swift /Users/admin/builder/spi-builder-workspace/Sources/SwiftSafeUI/Deprecation\ Handlers/Modifiers/Auxiliary\ View/SafeNavigationBarLeadingItem.swift /Users/admin/builder/spi-builder-workspace/Sources/SwiftSafeUI/Deprecation\ Handlers/Modifiers/Auxiliary\ View/SafeNavigationBarTitle.swift /Users/admin/builder/spi-builder-workspace/Sources/SwiftSafeUI/Deprecation\ Handlers/Modifiers/Auxiliary\ View/SafeNavigationBarTrailingItem.swift /Users/admin/builder/spi-builder-workspace/Sources/SwiftSafeUI/Deprecation\ Handlers/Modifiers/Drawing\ \&\ Graphics/SafeMask.swift /Users/admin/builder/spi-builder-workspace/Sources/SwiftSafeUI/Deprecation\ Handlers/Modifiers/Input\ \&\ Event/SafeFocusable.swift /Users/admin/builder/spi-builder-workspace/Sources/SwiftSafeUI/Deprecation\ Handlers/Modifiers/Input\ \&\ Event/SafeOnChange.swift /Users/admin/builder/spi-builder-workspace/Sources/SwiftSafeUI/Deprecation\ Handlers/Modifiers/Layout/SafeIgnoreSafeArea.swift /Users/admin/builder/spi-builder-workspace/Sources/SwiftSafeUI/Deprecation\ Handlers/Modifiers/Presentation/SafePresentationBackground.swift /Users/admin/builder/spi-builder-workspace/Sources/SwiftSafeUI/Deprecation\ Handlers/Modifiers/Search/SafeSearchable.swift /Users/admin/builder/spi-builder-workspace/Sources/SwiftSafeUI/Deprecation\ Handlers/Modifiers/Text\ \&\ Symbol/SafeAutocapitalization.swift /Users/admin/builder/spi-builder-workspace/Sources/SwiftSafeUI/Deprecation\ Handlers/Views/SafeNavigationView.swift /Users/admin/builder/spi-builder-workspace/Sources/SwiftSafeUI/Deprecation\ Handlers/Views/SafeScrollView.swift -target arm64_32-apple-watchos9.0 -disable-cross-import-overlay-search -load-resolved-plugin /Applications/Xcode-27.0.0-Release.Candidate.app/Contents/Developer/Platforms/WatchOS.platform/Developer/usr/lib/swift/host/plugins/libFoundationMacros.dylib\#/Applications/Xcode-27.0.0-Release.Candidate.app/Contents/Developer/Platforms/WatchOS.platform/Developer/usr/bin/swift-plugin-server\#FoundationMacros -load-resolved-plugin /Applications/Xcode-27.0.0-Release.Candidate.app/Contents/Developer/Platforms/WatchOS.platform/Developer/usr/lib/swift/host/plugins/libObservationMacros.dylib\#/Applications/Xcode-27.0.0-Release.Candidate.app/Contents/Developer/Platforms/WatchOS.platform/Developer/usr/bin/swift-plugin-server\#ObservationMacros -load-resolved-plugin /Applications/Xcode-27.0.0-Release.Candidate.app/Contents/Developer/Platforms/WatchOS.platform/Developer/usr/lib/swift/host/plugins/libPreviewsMacros.dylib\#/Applications/Xcode-27.0.0-Release.Candidate.app/Contents/Developer/Platforms/WatchOS.platform/Developer/usr/bin/swift-plugin-server\#PreviewsMacros -load-resolved-plugin /Applications/Xcode-27.0.0-Release.Candidate.app/Contents/Developer/Platforms/WatchOS.platform/Developer/usr/lib/swift/host/plugins/libSwiftMacros.dylib\#/Applications/Xcode-27.0.0-Release.Candidate.app/Contents/Developer/Platforms/WatchOS.platform/Developer/usr/bin/swift-plugin-server\#SwiftMacros -load-resolved-plugin /Applications/Xcode-27.0.0-Release.Candidate.app/Contents/Developer/Platforms/WatchOS.platform/Developer/usr/lib/swift/host/plugins/libSwiftUIMacros.dylib\#/Applications/Xcode-27.0.0-Release.Candidate.app/Contents/Developer/Platforms/WatchOS.platform/Developer/usr/bin/swift-plugin-server\#SwiftUIMacros -disable-implicit-swift-modules -Xcc -fno-implicit-modules -Xcc -fno-implicit-module-maps -explicit-swift-module-map-file /Users/admin/builder/spi-builder-workspace/.derivedData/Build/Intermediates.noindex/SwiftSafeUI.build/Debug-watchos/SwiftSafeUI-t.build/Objects-normal/arm64_32/SwiftSafeUI-dependencies-1.json -enable-objc-interop -sdk /Applications/Xcode-27.0.0-Release.Candidate.app/Contents/Developer/Platforms/WatchOS.platform/Developer/SDKs/WatchOS27.0.sdk -I /Users/admin/builder/spi-builder-workspace/.derivedData/Build/Products/Debug-watchos -Isystem /Applications/Xcode-27.0.0-Release.Candidate.app/Contents/Developer/Platforms/WatchOS.platform/Developer/usr/lib -F /Users/admin/builder/spi-builder-workspace/.derivedData/Build/Products/Debug-watchos -F /Applications/Xcode-27.0.0-Release.Candidate.app/Contents/Developer/Platforms/WatchOS.platform/Developer/Library/Frameworks -F /Applications/Xcode-27.0.0-Release.Candidate.app/Contents/Developer/Platforms/WatchOS.platform/Developer/SDKs/WatchOS27.0.sdk/Developer/Library/Frameworks -module-cache-path /Users/admin/builder/spi-builder-workspace/.derivedData/Build/Intermediates.noindex/SwiftExplicitPrecompiledModules -no-color-diagnostics -Xcc -fno-color-diagnostics -enable-testing -g -debug-info-format\=dwarf -dwarf-version\=4 -swift-version 5 -Onone -D SWIFT_PACKAGE -D DEBUG -D SWIFT_MODULE_RESOURCE_BUNDLE_UNAVAILABLE -D Xcode -serialize-debugging-options -enable-experimental-feature StrictConcurrency\=complete -enable-experimental-feature DebugDescriptionMacro -empty-abi-descriptor -validate-clang-modules-once -clang-build-session-file /Users/admin/builder/spi-builder-workspace/.derivedData/ModuleCache.noindex/Session.modulevalidation -Xcc -working-directory -Xcc /Users/admin/builder/spi-builder-workspace/.swiftpm/xcode -enable-anonymous-context-mangled-names -file-compilation-dir /Users/admin/builder/spi-builder-workspace/.swiftpm/xcode -Xcc -D_LIBCPP_HARDENING_MODE\=_LIBCPP_HARDENING_MODE_DEBUG -Xcc -ivfsstatcache -Xcc /Users/admin/builder/spi-builder-workspace/.derivedData/SDKStatCaches.noindex/watchos27.0-24R360-e829b21a6f8c9b70876ba0858053c04477534ef55a1706bf4c1112bbb242f0a2.sdkstatcache -Xcc -fmodules-prune-interval\=86400 -Xcc -fmodules-prune-after\=345600 -Xcc -I/Users/admin/builder/spi-builder-workspace/.derivedData/Build/Products/Debug-watchos/include -Xcc -I/Users/admin/builder/spi-builder-workspace/.derivedData/Build/Intermediates.noindex/SwiftSafeUI.build/Debug-watchos/SwiftSafeUI-t.build/DerivedSources-normal/arm64_32 -Xcc -I/Users/admin/builder/spi-builder-workspace/.derivedData/Build/Intermediates.noindex/SwiftSafeUI.build/Debug-watchos/SwiftSafeUI-t.build/DerivedSources/arm64_32 -Xcc -I/Users/admin/builder/spi-builder-workspace/.derivedData/Build/Intermediates.noindex/SwiftSafeUI.build/Debug-watchos/SwiftSafeUI-t.build/DerivedSources -Xcc -DSWIFT_PACKAGE -Xcc -DDEBUG\=1 -no-auto-bridging-header-chaining -module-name SwiftSafeUI -package-name spi_builder_workspace -const-gather-protocols-file /Users/admin/builder/spi-builder-workspace/.derivedData/Build/Intermediates.noindex/SwiftSafeUI.build/Debug-watchos/SwiftSafeUI-t.build/Objects-normal/arm64_32/SwiftSafeUI_const_extract_protocols.json -disable-clang-spi -clang-target arm64_32-apple-watchos27.0 -target-sdk-version 27.0 -target-sdk-name watchos27.0 -in-process-plugin-server-path /Applications/Xcode-27.0.0-Release.Candidate.app/Contents/Developer/Toolchains/XcodeDefault.xctoolchain/usr/lib/swift/host/libSwiftInProcPluginServer.dylib -emit-module-doc-path /Users/admin/builder/spi-builder-workspace/.derivedData/Build/Intermediates.noindex/SwiftSafeUI.build/Debug-watchos/SwiftSafeUI-t.build/Objects-normal/arm64_32/SwiftSafeUI.swiftdoc -emit-module-source-info-path /Users/admin/builder/spi-builder-workspace/.derivedData/Build/Intermediates.noindex/SwiftSafeUI.build/Debug-watchos/SwiftSafeUI-t.build/Objects-normal/arm64_32/SwiftSafeUI.swiftsourceinfo -emit-objc-header-path /Users/admin/builder/spi-builder-workspace/.derivedData/Build/Intermediates.noindex/SwiftSafeUI.build/Debug-watchos/SwiftSafeUI-t.build/Objects-normal/arm64_32/SwiftSafeUI-Swift.h -serialize-diagnostics-path /Users/admin/builder/spi-builder-workspace/.derivedData/Build/Intermediates.noindex/SwiftSafeUI.build/Debug-watchos/SwiftSafeUI-t.build/Objects-normal/arm64_32/SwiftSafeUI-primary-emit-module.dia -emit-dependencies-path /Users/admin/builder/spi-builder-workspace/.derivedData/Build/Intermediates.noindex/SwiftSafeUI.build/Debug-watchos/SwiftSafeUI-t.build/Objects-normal/arm64_32/SwiftSafeUI-primary-emit-module.d -parse-as-library -o /Users/admin/builder/spi-builder-workspace/.derivedData/Build/Intermediates.noindex/SwiftSafeUI.build/Debug-watchos/SwiftSafeUI-t.build/Objects-normal/arm64_32/SwiftSafeUI.swiftmodule -emit-abi-descriptor-path /Users/admin/builder/spi-builder-workspace/.derivedData/Build/Intermediates.noindex/SwiftSafeUI.build/Debug-watchos/SwiftSafeUI-t.build/Objects-normal/arm64_32/SwiftSafeUI.abi.json
SwiftCompile normal arm64_32 Compiling\ SafeAccessibilityAddTraits.swift,\ SafeAccessibilityHidden.swift,\ SafeAccessibilityHint.swift /Users/admin/builder/spi-builder-workspace/Sources/SwiftSafeUI/Deprecation\ Handlers/Modifiers/Accessibility/SafeAccessibilityAddTraits.swift /Users/admin/builder/spi-builder-workspace/Sources/SwiftSafeUI/Deprecation\ Handlers/Modifiers/Accessibility/SafeAccessibilityHidden.swift /Users/admin/builder/spi-builder-workspace/Sources/SwiftSafeUI/Deprecation\ Handlers/Modifiers/Accessibility/SafeAccessibilityHint.swift (in target 'SwiftSafeUI' from project 'SwiftSafeUI')
SwiftCompile normal arm64_32 /Users/admin/builder/spi-builder-workspace/Sources/SwiftSafeUI/Deprecation\ Handlers/Modifiers/Accessibility/SafeAccessibilityAddTraits.swift (in target 'SwiftSafeUI' from project 'SwiftSafeUI')
    cd /Users/admin/builder/spi-builder-workspace/.swiftpm/xcode
    builtin-SwiftPerFileCompile SafeAccessibilityAddTraits.swift
SwiftCompile normal arm64_32 /Users/admin/builder/spi-builder-workspace/Sources/SwiftSafeUI/Deprecation\ Handlers/Modifiers/Accessibility/SafeAccessibilityHidden.swift (in target 'SwiftSafeUI' from project 'SwiftSafeUI')
    cd /Users/admin/builder/spi-builder-workspace/.swiftpm/xcode
    builtin-SwiftPerFileCompile SafeAccessibilityHidden.swift
SwiftCompile normal arm64_32 /Users/admin/builder/spi-builder-workspace/Sources/SwiftSafeUI/Deprecation\ Handlers/Modifiers/Accessibility/SafeAccessibilityHint.swift (in target 'SwiftSafeUI' from project 'SwiftSafeUI')
    cd /Users/admin/builder/spi-builder-workspace/.swiftpm/xcode
    builtin-SwiftPerFileCompile SafeAccessibilityHint.swift
SwiftCompile normal arm64_32 Compiling\ SafeAccessibilityRemoveTraits.swift,\ SafeAccessibilitySortPriority.swift,\ SafeAccessibilityValue.swift /Users/admin/builder/spi-builder-workspace/Sources/SwiftSafeUI/Deprecation\ Handlers/Modifiers/Accessibility/SafeAccessibilityRemoveTraits.swift /Users/admin/builder/spi-builder-workspace/Sources/SwiftSafeUI/Deprecation\ Handlers/Modifiers/Accessibility/SafeAccessibilitySortPriority.swift /Users/admin/builder/spi-builder-workspace/Sources/SwiftSafeUI/Deprecation\ Handlers/Modifiers/Accessibility/SafeAccessibilityValue.swift (in target 'SwiftSafeUI' from project 'SwiftSafeUI')
SwiftCompile normal arm64_32 /Users/admin/builder/spi-builder-workspace/Sources/SwiftSafeUI/Deprecation\ Handlers/Modifiers/Accessibility/SafeAccessibilityRemoveTraits.swift (in target 'SwiftSafeUI' from project 'SwiftSafeUI')
    cd /Users/admin/builder/spi-builder-workspace/.swiftpm/xcode
    builtin-SwiftPerFileCompile SafeAccessibilityRemoveTraits.swift
SwiftCompile normal arm64_32 /Users/admin/builder/spi-builder-workspace/Sources/SwiftSafeUI/Deprecation\ Handlers/Modifiers/Accessibility/SafeAccessibilitySortPriority.swift (in target 'SwiftSafeUI' from project 'SwiftSafeUI')
    cd /Users/admin/builder/spi-builder-workspace/.swiftpm/xcode
    builtin-SwiftPerFileCompile SafeAccessibilitySortPriority.swift
SwiftCompile normal arm64_32 /Users/admin/builder/spi-builder-workspace/Sources/SwiftSafeUI/Deprecation\ Handlers/Modifiers/Accessibility/SafeAccessibilityValue.swift (in target 'SwiftSafeUI' from project 'SwiftSafeUI')
    cd /Users/admin/builder/spi-builder-workspace/.swiftpm/xcode
    builtin-SwiftPerFileCompile SafeAccessibilityValue.swift
SwiftCompile normal arm64_32 Compiling\ SafeMask.swift,\ SafeFocusable.swift,\ SafeOnChange.swift /Users/admin/builder/spi-builder-workspace/Sources/SwiftSafeUI/Deprecation\ Handlers/Modifiers/Drawing\ &\ Graphics/SafeMask.swift /Users/admin/builder/spi-builder-workspace/Sources/SwiftSafeUI/Deprecation\ Handlers/Modifiers/Input\ &\ Event/SafeFocusable.swift /Users/admin/builder/spi-builder-workspace/Sources/SwiftSafeUI/Deprecation\ Handlers/Modifiers/Input\ &\ Event/SafeOnChange.swift (in target 'SwiftSafeUI' from project 'SwiftSafeUI')
SwiftCompile normal arm64_32 /Users/admin/builder/spi-builder-workspace/Sources/SwiftSafeUI/Deprecation\ Handlers/Modifiers/Drawing\ &\ Graphics/SafeMask.swift (in target 'SwiftSafeUI' from project 'SwiftSafeUI')
    cd /Users/admin/builder/spi-builder-workspace/.swiftpm/xcode
    builtin-SwiftPerFileCompile SafeMask.swift
SwiftCompile normal arm64_32 /Users/admin/builder/spi-builder-workspace/Sources/SwiftSafeUI/Deprecation\ Handlers/Modifiers/Input\ &\ Event/SafeFocusable.swift (in target 'SwiftSafeUI' from project 'SwiftSafeUI')
    cd /Users/admin/builder/spi-builder-workspace/.swiftpm/xcode
    builtin-SwiftPerFileCompile SafeFocusable.swift
SwiftCompile normal arm64_32 /Users/admin/builder/spi-builder-workspace/Sources/SwiftSafeUI/Deprecation\ Handlers/Modifiers/Input\ &\ Event/SafeOnChange.swift (in target 'SwiftSafeUI' from project 'SwiftSafeUI')
    cd /Users/admin/builder/spi-builder-workspace/.swiftpm/xcode
    builtin-SwiftPerFileCompile SafeOnChange.swift
/Users/admin/builder/spi-builder-workspace/Sources/SwiftSafeUI/Deprecation Handlers/Modifiers/Input & Event/SafeOnChange.swift:64:13: error: 'onChange(of:initial:_:)' is only available in watchOS 10.0 or newer
 11 |
 12 | @available(iOS 14.0, macOS 11.0, *)
 13 | extension View {
    | `- note: add '@available' attribute to enclosing extension
 14 |
 15 |     /// Adds a modifier for this view that fires an action when a specific value changes.
    :
 56 |     /// - Returns: A view that fires an action when the specified value changes.
 57 |     @ViewBuilder
 58 |     nonisolated public func safeOnChange<Value: Equatable>(
    |                             `- note: add '@available' attribute to enclosing instance method
 59 |         of value: Value,
 60 |         initial: Bool = false,
    :
 62 |     ) -> some View {
 63 |         if #available(iOS 17.0, macOS 14.0, *) {
 64 |             onChange(
    |             |- error: 'onChange(of:initial:_:)' is only available in watchOS 10.0 or newer
    |             `- note: add 'if #available' version check
 65 |                 of: value,
 66 |                 initial: initial,
SwiftCompile normal arm64_32 Compiling\ SafeTintColor.swift,\ SafeNavigationBarHidden.swift,\ SafeNavigationBarItems.swift /Users/admin/builder/spi-builder-workspace/Sources/SwiftSafeUI/Deprecation\ Handlers/Modifiers/Appearance/SafeTintColor.swift /Users/admin/builder/spi-builder-workspace/Sources/SwiftSafeUI/Deprecation\ Handlers/Modifiers/Auxiliary\ View/SafeNavigationBarHidden.swift /Users/admin/builder/spi-builder-workspace/Sources/SwiftSafeUI/Deprecation\ Handlers/Modifiers/Auxiliary\ View/SafeNavigationBarItems.swift (in target 'SwiftSafeUI' from project 'SwiftSafeUI')
SwiftCompile normal arm64_32 /Users/admin/builder/spi-builder-workspace/Sources/SwiftSafeUI/Deprecation\ Handlers/Modifiers/Appearance/SafeTintColor.swift (in target 'SwiftSafeUI' from project 'SwiftSafeUI')
    cd /Users/admin/builder/spi-builder-workspace/.swiftpm/xcode
    builtin-SwiftPerFileCompile SafeTintColor.swift
SwiftCompile normal arm64_32 /Users/admin/builder/spi-builder-workspace/Sources/SwiftSafeUI/Deprecation\ Handlers/Modifiers/Auxiliary\ View/SafeNavigationBarHidden.swift (in target 'SwiftSafeUI' from project 'SwiftSafeUI')
    cd /Users/admin/builder/spi-builder-workspace/.swiftpm/xcode
    builtin-SwiftPerFileCompile SafeNavigationBarHidden.swift
SwiftCompile normal arm64_32 /Users/admin/builder/spi-builder-workspace/Sources/SwiftSafeUI/Deprecation\ Handlers/Modifiers/Auxiliary\ View/SafeNavigationBarItems.swift (in target 'SwiftSafeUI' from project 'SwiftSafeUI')
    cd /Users/admin/builder/spi-builder-workspace/.swiftpm/xcode
    builtin-SwiftPerFileCompile SafeNavigationBarItems.swift
SwiftCompile normal arm64_32 Compiling\ SafeDismiss.swift,\ SafeIsPresented.swift,\ SafeAccessibilityActivationPoint.swift /Users/admin/builder/spi-builder-workspace/Sources/SwiftSafeUI/Deprecation\ Handlers/Environment\ Values\ /SafeDismiss.swift /Users/admin/builder/spi-builder-workspace/Sources/SwiftSafeUI/Deprecation\ Handlers/Environment\ Values\ /SafeIsPresented.swift /Users/admin/builder/spi-builder-workspace/Sources/SwiftSafeUI/Deprecation\ Handlers/Modifiers/Accessibility/SafeAccessibilityActivationPoint.swift (in target 'SwiftSafeUI' from project 'SwiftSafeUI')
SwiftCompile normal arm64_32 /Users/admin/builder/spi-builder-workspace/Sources/SwiftSafeUI/Deprecation\ Handlers/Environment\ Values\ /SafeDismiss.swift (in target 'SwiftSafeUI' from project 'SwiftSafeUI')
    cd /Users/admin/builder/spi-builder-workspace/.swiftpm/xcode
    builtin-SwiftPerFileCompile SafeDismiss.swift
SwiftCompile normal arm64_32 /Users/admin/builder/spi-builder-workspace/Sources/SwiftSafeUI/Deprecation\ Handlers/Environment\ Values\ /SafeIsPresented.swift (in target 'SwiftSafeUI' from project 'SwiftSafeUI')
    cd /Users/admin/builder/spi-builder-workspace/.swiftpm/xcode
    builtin-SwiftPerFileCompile SafeIsPresented.swift
SwiftCompile normal arm64_32 /Users/admin/builder/spi-builder-workspace/Sources/SwiftSafeUI/Deprecation\ Handlers/Modifiers/Accessibility/SafeAccessibilityActivationPoint.swift (in target 'SwiftSafeUI' from project 'SwiftSafeUI')
    cd /Users/admin/builder/spi-builder-workspace/.swiftpm/xcode
    builtin-SwiftPerFileCompile SafeAccessibilityActivationPoint.swift
SwiftCompile normal arm64_32 Compiling\ SafeNavigationBarLeadingItem.swift,\ SafeNavigationBarTitle.swift,\ SafeNavigationBarTrailingItem.swift /Users/admin/builder/spi-builder-workspace/Sources/SwiftSafeUI/Deprecation\ Handlers/Modifiers/Auxiliary\ View/SafeNavigationBarLeadingItem.swift /Users/admin/builder/spi-builder-workspace/Sources/SwiftSafeUI/Deprecation\ Handlers/Modifiers/Auxiliary\ View/SafeNavigationBarTitle.swift /Users/admin/builder/spi-builder-workspace/Sources/SwiftSafeUI/Deprecation\ Handlers/Modifiers/Auxiliary\ View/SafeNavigationBarTrailingItem.swift (in target 'SwiftSafeUI' from project 'SwiftSafeUI')
SwiftCompile normal arm64_32 /Users/admin/builder/spi-builder-workspace/Sources/SwiftSafeUI/Deprecation\ Handlers/Modifiers/Auxiliary\ View/SafeNavigationBarLeadingItem.swift (in target 'SwiftSafeUI' from project 'SwiftSafeUI')
    cd /Users/admin/builder/spi-builder-workspace/.swiftpm/xcode
    builtin-SwiftPerFileCompile SafeNavigationBarLeadingItem.swift
SwiftCompile normal arm64_32 /Users/admin/builder/spi-builder-workspace/Sources/SwiftSafeUI/Deprecation\ Handlers/Modifiers/Auxiliary\ View/SafeNavigationBarTitle.swift (in target 'SwiftSafeUI' from project 'SwiftSafeUI')
    cd /Users/admin/builder/spi-builder-workspace/.swiftpm/xcode
    builtin-SwiftPerFileCompile SafeNavigationBarTitle.swift
SwiftCompile normal arm64_32 /Users/admin/builder/spi-builder-workspace/Sources/SwiftSafeUI/Deprecation\ Handlers/Modifiers/Auxiliary\ View/SafeNavigationBarTrailingItem.swift (in target 'SwiftSafeUI' from project 'SwiftSafeUI')
    cd /Users/admin/builder/spi-builder-workspace/.swiftpm/xcode
    builtin-SwiftPerFileCompile SafeNavigationBarTrailingItem.swift
SwiftCompile normal arm64_32 Compiling\ SafeBackground.swift,\ SafeForegroundColor.swift,\ SafeOverlay.swift /Users/admin/builder/spi-builder-workspace/Sources/SwiftSafeUI/Deprecation\ Handlers/Modifiers/Appearance/SafeBackground.swift /Users/admin/builder/spi-builder-workspace/Sources/SwiftSafeUI/Deprecation\ Handlers/Modifiers/Appearance/SafeForegroundColor.swift /Users/admin/builder/spi-builder-workspace/Sources/SwiftSafeUI/Deprecation\ Handlers/Modifiers/Appearance/SafeOverlay.swift (in target 'SwiftSafeUI' from project 'SwiftSafeUI')
SwiftCompile normal arm64_32 /Users/admin/builder/spi-builder-workspace/Sources/SwiftSafeUI/Deprecation\ Handlers/Modifiers/Appearance/SafeBackground.swift (in target 'SwiftSafeUI' from project 'SwiftSafeUI')
    cd /Users/admin/builder/spi-builder-workspace/.swiftpm/xcode
    builtin-SwiftPerFileCompile SafeBackground.swift
SwiftCompile normal arm64_32 /Users/admin/builder/spi-builder-workspace/Sources/SwiftSafeUI/Deprecation\ Handlers/Modifiers/Appearance/SafeForegroundColor.swift (in target 'SwiftSafeUI' from project 'SwiftSafeUI')
    cd /Users/admin/builder/spi-builder-workspace/.swiftpm/xcode
    builtin-SwiftPerFileCompile SafeForegroundColor.swift
SwiftCompile normal arm64_32 /Users/admin/builder/spi-builder-workspace/Sources/SwiftSafeUI/Deprecation\ Handlers/Modifiers/Appearance/SafeOverlay.swift (in target 'SwiftSafeUI' from project 'SwiftSafeUI')
    cd /Users/admin/builder/spi-builder-workspace/.swiftpm/xcode
    builtin-SwiftPerFileCompile SafeOverlay.swift
SwiftCompile normal arm64_32 Compiling\ SafeAccessibilityIdentifier.swift,\ SafeAccessibilityInputLabels.swift,\ SafeAccessibilityLabel.swift /Users/admin/builder/spi-builder-workspace/Sources/SwiftSafeUI/Deprecation\ Handlers/Modifiers/Accessibility/SafeAccessibilityIdentifier.swift /Users/admin/builder/spi-builder-workspace/Sources/SwiftSafeUI/Deprecation\ Handlers/Modifiers/Accessibility/SafeAccessibilityInputLabels.swift /Users/admin/builder/spi-builder-workspace/Sources/SwiftSafeUI/Deprecation\ Handlers/Modifiers/Accessibility/SafeAccessibilityLabel.swift (in target 'SwiftSafeUI' from project 'SwiftSafeUI')
SwiftCompile normal arm64_32 /Users/admin/builder/spi-builder-workspace/Sources/SwiftSafeUI/Deprecation\ Handlers/Modifiers/Accessibility/SafeAccessibilityIdentifier.swift (in target 'SwiftSafeUI' from project 'SwiftSafeUI')
    cd /Users/admin/builder/spi-builder-workspace/.swiftpm/xcode
    builtin-SwiftPerFileCompile SafeAccessibilityIdentifier.swift
SwiftCompile normal arm64_32 /Users/admin/builder/spi-builder-workspace/Sources/SwiftSafeUI/Deprecation\ Handlers/Modifiers/Accessibility/SafeAccessibilityInputLabels.swift (in target 'SwiftSafeUI' from project 'SwiftSafeUI')
    cd /Users/admin/builder/spi-builder-workspace/.swiftpm/xcode
    builtin-SwiftPerFileCompile SafeAccessibilityInputLabels.swift
SwiftCompile normal arm64_32 /Users/admin/builder/spi-builder-workspace/Sources/SwiftSafeUI/Deprecation\ Handlers/Modifiers/Accessibility/SafeAccessibilityLabel.swift (in target 'SwiftSafeUI' from project 'SwiftSafeUI')
    cd /Users/admin/builder/spi-builder-workspace/.swiftpm/xcode
    builtin-SwiftPerFileCompile SafeAccessibilityLabel.swift
SwiftCompile normal arm64_32 Compiling\ SafeAutocapitalization.swift,\ SafeNavigationView.swift,\ SafeScrollView.swift /Users/admin/builder/spi-builder-workspace/Sources/SwiftSafeUI/Deprecation\ Handlers/Modifiers/Text\ &\ Symbol/SafeAutocapitalization.swift /Users/admin/builder/spi-builder-workspace/Sources/SwiftSafeUI/Deprecation\ Handlers/Views/SafeNavigationView.swift /Users/admin/builder/spi-builder-workspace/Sources/SwiftSafeUI/Deprecation\ Handlers/Views/SafeScrollView.swift (in target 'SwiftSafeUI' from project 'SwiftSafeUI')
SwiftCompile normal arm64_32 /Users/admin/builder/spi-builder-workspace/Sources/SwiftSafeUI/Deprecation\ Handlers/Modifiers/Text\ &\ Symbol/SafeAutocapitalization.swift (in target 'SwiftSafeUI' from project 'SwiftSafeUI')
    cd /Users/admin/builder/spi-builder-workspace/.swiftpm/xcode
    builtin-SwiftPerFileCompile SafeAutocapitalization.swift
SwiftCompile normal arm64_32 /Users/admin/builder/spi-builder-workspace/Sources/SwiftSafeUI/Deprecation\ Handlers/Views/SafeNavigationView.swift (in target 'SwiftSafeUI' from project 'SwiftSafeUI')
    cd /Users/admin/builder/spi-builder-workspace/.swiftpm/xcode
    builtin-SwiftPerFileCompile SafeNavigationView.swift
SwiftCompile normal arm64_32 /Users/admin/builder/spi-builder-workspace/Sources/SwiftSafeUI/Deprecation\ Handlers/Views/SafeScrollView.swift (in target 'SwiftSafeUI' from project 'SwiftSafeUI')
    cd /Users/admin/builder/spi-builder-workspace/.swiftpm/xcode
    builtin-SwiftPerFileCompile SafeScrollView.swift
SwiftExplicitDependencyGeneratePcm arm64 /Users/admin/builder/spi-builder-workspace/.derivedData/SDKExplicitPrecompiledModules/SwiftUI-APXDH8ULYLM6FD17YRA73TULO.pcm
PruneExplicitPrecompiledModules /Users/admin/builder/spi-builder-workspace/.derivedData/SDKExplicitPrecompiledModules
PruneExplicitPrecompiledModules /Users/admin/builder/spi-builder-workspace/.derivedData/Build/Intermediates.noindex/SwiftExplicitPrecompiledModules
PruneExplicitPrecompiledModules /Users/admin/builder/spi-builder-workspace/.derivedData/Build/Intermediates.noindex/ExplicitPrecompiledModules
2026-09-22 12:51:12.733 xcodebuild[802:4738] [MT] IDERunDestination: Supported platforms for the buildables in the current scheme is empty.
** BUILD FAILED **
The following build commands failed:
	SwiftCompile normal arm64_32 (in target 'SwiftSafeUI' from project 'SwiftSafeUI')
	SwiftEmitModule normal arm64_32 Emitting\ module\ for\ SwiftSafeUI (in target 'SwiftSafeUI' from project 'SwiftSafeUI')
	Building workspace SwiftSafeUI with scheme SwiftSafeUI
(3 failures)
BUILD FAILURE 6.4 watchOS