Build Information
Failed to build CustomRepeatDate, reference main (1235b9), with Swift 6.3 for watchOS using Xcode 26.4 on 8 Oct 2026 20:57:10 UTC.
Build Command
No build command. This typically means the build failed at an early stage where we determine the build command.Build Log
========================================
RunAll
========================================
Builder version: 5.1.1
Interrupt handler set up.
========================================
Checkout
========================================
Clone URL: https://github.com/pixyzehn/custom-repeat-date.git
Reference: main
Initialized empty Git repository in /Users/admin/builder/spi-builder-workspace/.git/
From https://github.com/pixyzehn/custom-repeat-date
* branch main -> FETCH_HEAD
* [new branch] main -> origin/main
HEAD is now at 1235b99 Merge branch 'main' of ssh://github.com/pixyzehn/custom-repeat-date
Cloned https://github.com/pixyzehn/custom-repeat-date.git
Revision (git rev-parse @):
1235b99939c2dac6272933151c564d4eeb21b17c
SPI manifest file found: $PWD/.spi.yml
SUCCESS checkout https://github.com/pixyzehn/custom-repeat-date.git at main
========================================
Build
========================================
Selected platform: watchOS
Swift version: 6.3
Building package at path: $PWD
https://github.com/pixyzehn/custom-repeat-date.git
Command line invocation:
/Applications/Xcode-26.5.0.app/Contents/Developer/usr/bin/xcodebuild -IDEClonedSourcePackagesDirPathOverride=/Users/admin/builder/spi-builder-workspace/.dependencies -resolvePackageDependencies
Resolve Package Graph
package 'spi-builder-workspace' is using Swift tools version 6.4.0 but the installed version is 6.3.2
Resolved source packages:
spi-builder-workspace: (null)
2026-10-08 16:57:07.815 xcodebuild[541:3123] [MT] IDERunDestination: Supported platforms for the buildables in the current scheme is empty.
2026-10-08 16:57:07.919 xcodebuild[541:3123] [MT] IDERunDestination: Supported platforms for the buildables in the current scheme is empty.
2026-10-08 16:57:08.709 xcodebuild[541:3123] Writing error result bundle to /var/folders/xq/y_g06wb113726d38xsyx71_h0000gn/T/ResultBundle_2026-08-10_16-57-0008.xcresult
xcodebuild: error: Could not resolve package dependencies:
package 'spi-builder-workspace' is using Swift tools version 6.4.0 but the installed version is 6.3.2
Command line invocation:
/Applications/Xcode-26.5.0.app/Contents/Developer/usr/bin/xcodebuild -IDEClonedSourcePackagesDirPathOverride=/Users/admin/builder/spi-builder-workspace/.dependencies -resolvePackageDependencies
Resolve Package Graph
package 'spi-builder-workspace' is using Swift tools version 6.4.0 but the installed version is 6.3.2
Resolved source packages:
spi-builder-workspace: (null)
2026-10-08 16:57:09.467 xcodebuild[606:3612] [MT] IDERunDestination: Supported platforms for the buildables in the current scheme is empty.
2026-10-08 16:57:09.570 xcodebuild[606:3612] [MT] IDERunDestination: Supported platforms for the buildables in the current scheme is empty.
2026-10-08 16:57:10.114 xcodebuild[606:3612] Writing error result bundle to /var/folders/xq/y_g06wb113726d38xsyx71_h0000gn/T/ResultBundle_2026-08-10_16-57-0010.xcresult
xcodebuild: error: Could not resolve package dependencies:
package 'spi-builder-workspace' is using Swift tools version 6.4.0 but the installed version is 6.3.2
BUILD FAILURE 6.3 watchOS