Build Information
Failed to build async-kit, reference main (6a08ea), with Swift 6.2 for Wasm on 20 Jul 2026 07:58:57 UTC.
Build Command
bash -c docker run --pull=always --rm -v "checkouts-54344849-0":/host -w "$PWD" -e JAVA_HOME="/root/.sdkman/candidates/java/current" -e SPI_BUILD="1" -e SPI_PROCESSING="1" registry.gitlab.com/saguaro1/spi-images:wasm-6.2-latest swift build --swift-sdk swift-6.2-RELEASE_wasm 2>&1Build Log
========================================
RunAll
========================================
Builder version: 333316120c8b89ed7d21f1b34865290794301d91
Interrupt handler set up.
========================================
Checkout
========================================
Clone URL: https://github.com/vapor/async-kit.git
Reference: main
Initialized empty Git repository in /host/spi-builder-workspace/.git/
hint: Using 'master' as the name for the initial branch. This default branch name
hint: is subject to change. To configure the initial branch name to use in all
hint: of your new repositories, which will suppress this warning, call:
hint:
hint: git config --global init.defaultBranch <name>
hint:
hint: Names commonly chosen instead of 'master' are 'main', 'trunk' and
hint: 'development'. The just-created branch can be renamed via this command:
hint:
hint: git branch -m <name>
From https://github.com/vapor/async-kit
* branch main -> FETCH_HEAD
* [new branch] main -> origin/main
HEAD is now at 6a08ea4 Update SPI
Cloned https://github.com/vapor/async-kit.git
Revision (git rev-parse @):
6a08ea48a5cfdc06f966a051ebf681ddefade5d8
SPI manifest file found: $PWD/.spi.yml
SUCCESS checkout https://github.com/vapor/async-kit.git at main
========================================
Build
========================================
Selected platform: wasm
Swift version: 6.2
Building package at path: $PWD
https://github.com/vapor/async-kit.git
Running build ...
bash -c docker run --pull=always --rm -v "checkouts-54344849-0":/host -w "$PWD" -e JAVA_HOME="/root/.sdkman/candidates/java/current" -e SPI_BUILD="1" -e SPI_PROCESSING="1" registry.gitlab.com/saguaro1/spi-images:wasm-6.2-latest swift build --swift-sdk swift-6.2-RELEASE_wasm 2>&1
wasm-6.2-latest: Pulling from saguaro1/spi-images
Digest: sha256:dc8dffc38f1d92eca7ee5312617822470123661393ed20672e77964f9dcaaffb
Status: Image is up to date for registry.gitlab.com/saguaro1/spi-images:wasm-6.2-latest
Fetching https://github.com/apple/swift-nio.git
Fetching https://github.com/apple/swift-log.git
Fetching https://github.com/apple/swift-algorithms.git
Fetching https://github.com/apple/swift-collections.git
[1/7788] Fetching swift-log
[2/13864] Fetching swift-log, swift-algorithms
Fetched https://github.com/apple/swift-algorithms.git from cache (0.50s)
[1/26125] Fetching swift-collections
[2353/110724] Fetching swift-collections, swift-nio
Fetched https://github.com/apple/swift-collections.git from cache (1.07s)
[40608/84599] Fetching swift-nio
Fetched https://github.com/apple/swift-log.git from cache (2.82s)
Fetched https://github.com/apple/swift-nio.git from cache (2.85s)
Computing version for https://github.com/apple/swift-algorithms.git
Computed https://github.com/apple/swift-algorithms.git at 1.2.1 (3.71s)
Fetching https://github.com/apple/swift-numerics.git
[1/6441] Fetching swift-numerics
Fetched https://github.com/apple/swift-numerics.git from cache (0.48s)
Computing version for https://github.com/apple/swift-collections.git
Computed https://github.com/apple/swift-collections.git at 1.6.0 (0.71s)
Computing version for https://github.com/apple/swift-numerics.git
Computed https://github.com/apple/swift-numerics.git at 1.1.1 (0.13s)
Computing version for https://github.com/apple/swift-log.git
Computed https://github.com/apple/swift-log.git at 1.14.0 (0.14s)
Computing version for https://github.com/apple/swift-nio.git
Computed https://github.com/apple/swift-nio.git at 2.101.3 (0.33s)
Fetching https://github.com/apple/swift-atomics.git
Fetching https://github.com/apple/swift-system.git
[1/1868] Fetching swift-atomics
[1869/8104] Fetching swift-atomics, swift-system
Fetched https://github.com/apple/swift-atomics.git from cache (0.50s)
Fetched https://github.com/apple/swift-system.git from cache (0.50s)
Computing version for https://github.com/apple/swift-atomics.git
Computed https://github.com/apple/swift-atomics.git at 1.3.1 (0.64s)
Computing version for https://github.com/apple/swift-system.git
Computed https://github.com/apple/swift-system.git at 1.7.4 (0.17s)
Creating working copy for https://github.com/apple/swift-collections.git
Working copy of https://github.com/apple/swift-collections.git resolved at 1.6.0
Creating working copy for https://github.com/apple/swift-nio.git
Working copy of https://github.com/apple/swift-nio.git resolved at 2.101.3
Creating working copy for https://github.com/apple/swift-log.git
Working copy of https://github.com/apple/swift-log.git resolved at 1.14.0
Creating working copy for https://github.com/apple/swift-numerics.git
Working copy of https://github.com/apple/swift-numerics.git resolved at 1.1.1
Creating working copy for https://github.com/apple/swift-algorithms.git
Working copy of https://github.com/apple/swift-algorithms.git resolved at 1.2.1
Creating working copy for https://github.com/apple/swift-atomics.git
Working copy of https://github.com/apple/swift-atomics.git resolved at 1.3.1
Creating working copy for https://github.com/apple/swift-system.git
Working copy of https://github.com/apple/swift-system.git resolved at 1.7.4
Building for debugging...
[0/34] Write sources
[16/34] Compiling CNIOWindows shim.c
[17/34] Compiling CNIOOpenBSD shim.c
[18/34] Compiling CNIOWASI CNIOWASI.c
[19/34] Compiling _NumericsShims _NumericsShims.c
[20/34] Compiling CNIOWindows WSAStartup.c
[20/34] Compiling CNIOPosix event_loop_id.c
[20/34] Compiling _AtomicsShims.c
[20/34] Write sources
[27/34] Compiling CNIOLinux shim.c
[28/34] Compiling CNIOFreeBSD shim.c
[28/34] Compiling CNIOLinux liburing_shims.c
[30/34] Compiling CNIODarwin shim.c
[31/34] Write swift-version-24593BA9C3E375BF.txt
[33/98] Emitting module RealModule
[34/99] Emitting module _NIODataStructures
[34/99] Compiling c-nioatomics.c
[35/99] Compiling c-atomics.c
[37/106] Compiling Atomics UnsafeAtomic.swift
[38/106] Compiling Atomics UnsafeAtomicLazyReference.swift
[39/108] Compiling _NIODataStructures _TinyArray.swift
[40/108] Compiling RealModule Float80+Real.swift
[41/108] Compiling InternalCollectionsUtilities _SortedCollection.swift
[42/108] Compiling InternalCollectionsUtilities _UniqueCollection.swift
[43/108] Compiling Atomics IntegerConformances.swift
[44/108] Compiling Atomics PointerConformances.swift
[45/108] Compiling Atomics AtomicStorage.swift
[46/108] Compiling Atomics AtomicValue.swift
[47/108] Compiling Atomics AtomicInteger.swift
[48/108] Compiling Atomics AtomicOptionalWrappable.swift
[49/108] Compiling Atomics AtomicReference.swift
[50/108] Compiling Atomics OptionalRawRepresentable.swift
[51/108] Compiling Atomics RawRepresentable.swift
[52/108] Compiling Atomics AtomicBool.swift
[53/110] Compiling Atomics ManagedAtomic.swift
[54/110] Compiling Atomics ManagedAtomicLazyReference.swift
[57/110] Compiling Atomics AtomicMemoryOrderings.swift
[58/110] Compiling Atomics DoubleWord.swift
[59/110] Compiling Logging LoggingSystem.swift
[60/111] Compiling _NIOBase64 Base64.swift
[61/111] Emitting module _NIOBase64
[62/111] Compiling _NIODataStructures PriorityQueue.swift
[64/112] Compiling RealModule RelaxedArithmetic.swift
[67/112] Emitting module Atomics
[70/112] Compiling RealModule Real.swift
[71/112] Compiling RealModule RealFunctions.swift
[74/112] Compiling Logging Logger+Attributes.swift
[76/112] Compiling Atomics Primitives.native.swift
[80/112] Emitting module InternalCollectionsUtilities
[86/112] Compiling RealModule Float16+Real.swift
[97/114] Compiling Logging MetadataProvider.swift
[98/114] Compiling NIOConcurrencyHelpers NIOThreadPoolWorkAvailable.swift
[101/114] Compiling Atomics IntegerOperations.swift
[102/114] Compiling Atomics Unmanaged extensions.swift
[103/123] Compiling Logging Logger+With.swift
[104/123] Compiling Logging Logger.swift
[105/133] Compiling _NIODataStructures Heap.swift
[107/204] Compiling NIOConcurrencyHelpers lock.swift
[109/292] Compiling HashTreeCollections _HashNode+Storage.swift
[110/293] Compiling HashTreeCollections _HashNode+Structural compactMapValues.swift
[111/293] Emitting module Logging
[112/327] Emitting module NIOConcurrencyHelpers
[113/327] Compiling NIOConcurrencyHelpers NIOLockedValueBox.swift
[114/327] Compiling NIOConcurrencyHelpers NIOAtomic.swift
[115/327] Compiling NIOConcurrencyHelpers NIOLock.swift
[117/327] Compiling HeapModule Heap+Descriptions.swift
[118/338] Compiling NIOConcurrencyHelpers atomics.swift
[120/443] Compiling Algorithms Cycle.swift
[121/443] Compiling Algorithms EitherSequence.swift
[122/443] Compiling Algorithms FirstNonNil.swift
[123/443] Compiling Algorithms FlattenCollection.swift
[124/443] Compiling Algorithms Grouped.swift
[125/447] Compiling Algorithms Indexed.swift
[126/447] Compiling Algorithms Intersperse.swift
[127/447] Compiling Algorithms Joined.swift
[128/447] Compiling Algorithms Keyed.swift
[129/447] Compiling Algorithms MinMax.swift
[130/447] Compiling BitCollections BitSet+CustomDebugStringConvertible.swift
[131/447] Compiling BitCollections BitSet+CustomReflectable.swift
[132/447] Compiling BitCollections BitSet+CustomStringConvertible.swift
[133/447] Compiling BitCollections BitSet+Equatable.swift
[134/447] Compiling ContainersPreview Producer+Filter.swift
[135/447] Compiling ContainersPreview Producer+Map.swift
[136/447] Compiling ContainersPreview Producer+Reduce.swift
[137/447] Compiling BitCollections BitSet+Initializers.swift
[138/447] Compiling BitCollections BitSet+Invariants.swift
[139/447] Compiling BitCollections BitSet+Random.swift
[140/447] Compiling HeapModule Heap.swift
[141/447] Compiling HeapModule _HeapNode.swift
[142/447] Compiling Algorithms Partition.swift
[143/447] Compiling Algorithms Permutations.swift
[144/447] Compiling Algorithms Product.swift
[145/447] Compiling Algorithms RandomSample.swift
[146/447] Compiling Algorithms Reductions.swift
[147/447] Compiling Algorithms Rotate.swift
[148/447] Compiling Algorithms Split.swift
[149/447] Compiling Algorithms Stride.swift
[150/447] Compiling Algorithms Suffix.swift
[151/447] Compiling BitCollections BitSet+Codable.swift
[152/447] Emitting module HeapModule
[153/447] Compiling ContainersPreview Ref.swift
[154/447] Compiling ContainersPreview Shared.swift
[155/447] Compiling ContainersPreview SpanIterator.swift
[156/447] Compiling ContainersPreview UniqueBox.swift
[157/447] Compiling HeapModule Heap+UnsafeHandle.swift
[158/447] Compiling HeapModule Heap+Invariants.swift
[159/447] Compiling HeapModule Heap+ExpressibleByArrayLiteral.swift
[160/448] Emitting module ContainersPreview
[161/448] Compiling Algorithms AdjacentPairs.swift
[162/448] Compiling Algorithms Chain.swift
[163/448] Compiling Algorithms Chunked.swift
[164/448] Compiling Algorithms Combinations.swift
[165/448] Compiling Algorithms Compacted.swift
[167/449] Compiling BitCollections BitSet+SetAlgebra subtracting.swift
[168/449] Compiling BitCollections BitSet+SetAlgebra symmetricDifference.swift
[169/449] Compiling BitCollections BitSet+SetAlgebra union.swift
[170/449] Compiling BitCollections BitSet+Sorted Collection APIs.swift
[171/449] Compiling BitCollections BitSet.Counted.swift
[172/449] Compiling HashTreeCollections TreeDictionary+Sequence.swift
[173/449] Compiling HashTreeCollections TreeDictionary+Values.swift
[174/449] Compiling HashTreeCollections TreeDictionary.swift
[176/456] Compiling HashTreeCollections TreeSet+Hashable.swift
[177/456] Compiling HashTreeCollections TreeSet+Sendable.swift
[178/456] Compiling HashTreeCollections TreeSet+Sequence.swift
[179/456] Compiling HashTreeCollections TreeSet+SetAlgebra Initializers.swift
[180/456] Compiling HashTreeCollections TreeSet+SetAlgebra basics.swift
[181/456] Compiling HashTreeCollections TreeSet+SetAlgebra formIntersection.swift
[182/456] Compiling HashTreeCollections TreeSet+SetAlgebra formSymmetricDifference.swift
[183/456] Compiling HashTreeCollections TreeSet+SetAlgebra formUnion.swift
[184/456] Compiling HashTreeCollections TreeSet+SetAlgebra intersection.swift
[185/456] Compiling HashTreeCollections TreeSet+SetAlgebra isDisjoint.swift
[186/507] Compiling BitCollections BitSet+SetAlgebra isStrictSuperset.swift
[187/507] Compiling BitCollections BitSet+SetAlgebra isSubset.swift
[188/507] Compiling BitCollections BitSet+SetAlgebra isSuperset.swift
[189/507] Compiling BitCollections BitSet+SetAlgebra subtract.swift
[197/507] Compiling DequeModule RigidDeque+Removals.swift
[198/507] Compiling DequeModule RigidDeque+Replacements.swift
[199/507] Compiling DequeModule RigidDeque+Testing.swift
[200/507] Compiling DequeModule RigidDeque.swift
[201/507] Compiling DequeModule UniqueDeque+Append.swift
[202/507] Compiling DequeModule UniqueDeque+Consumption.swift
[203/507] Compiling DequeModule UniqueDeque+Hashable.swift
[204/507] Compiling DequeModule UniqueDeque+Initializers.swift
[205/514] Compiling BitCollections BitSet.swift
[206/514] Compiling BitCollections Range+Utilities.swift
[207/514] Compiling BitCollections Slice+Utilities.swift
[208/514] Compiling BitCollections UInt+Tricks.swift
[209/514] Compiling BitCollections _Word.swift
[210/514] Compiling OrderedCollections OrderedSet+UnstableInternals.swift
[211/514] Compiling OrderedCollections OrderedSet.swift
[212/514] Compiling OrderedCollections _UnsafeBitset.swift
[213/514] Compiling HashTreeCollections TreeSet+Extras.swift
[214/514] Compiling HashTreeCollections TreeSet+Filter.swift
[215/514] Compiling DequeModule UniqueDeque+Insertions.swift
[216/514] Compiling DequeModule UniqueDeque+Prepend.swift
[217/514] Compiling DequeModule UniqueDeque+Removals.swift
[218/514] Compiling DequeModule UniqueDeque+Container.swift
[219/514] Compiling DequeModule UniqueDeque+Deprecated.swift
[220/514] Compiling DequeModule UniqueDeque+Descriptions.swift
[221/514] Compiling DequeModule UniqueDeque+Equatable.swift
[222/514] Compiling DequeModule Deque+Testing.swift
[223/514] Compiling DequeModule Deque._Storage.swift
[224/514] Compiling DequeModule Deque._UnsafeHandle.swift
[225/514] Compiling DequeModule Deque.swift
[226/514] Compiling DequeModule _DequeBuffer.swift
[227/514] Compiling DequeModule _DequeBufferHeader.swift
[228/514] Compiling DequeModule RigidDeque+Append.swift
[229/514] Compiling DequeModule RigidDeque+Consumption.swift
[239/514] Compiling DequeModule UniqueDeque+Experimental.swift
[241/519] Compiling DequeModule UniqueDeque+Replacements.swift
[242/519] Compiling DequeModule UniqueDeque.swift
[243/519] Compiling DequeModule _DequeSlot.swift
[244/519] Compiling DequeModule _UnsafeDequeHandle.swift
[245/519] Compiling DequeModule _UnsafeDequeSegments.swift
[258/519] Compiling DequeModule RigidDeque+Container.swift
[259/519] Compiling DequeModule RigidDeque+Descriptions.swift
[260/519] Compiling DequeModule RigidDeque+Equatable.swift
[261/519] Compiling DequeModule RigidDeque+Experimental.swift
[262/519] Compiling DequeModule RigidDeque+Hashable.swift
[263/519] Compiling DequeModule RigidDeque+Initializers.swift
[264/519] Compiling DequeModule RigidDeque+Insertions.swift
[265/519] Compiling DequeModule RigidDeque+Prepend.swift
[272/519] Compiling HashTreeCollections TreeSet+SetAlgebra isEqualSet.swift
[273/519] Compiling HashTreeCollections TreeSet+SetAlgebra isStrictSubset.swift
[274/519] Compiling HashTreeCollections TreeSet+SetAlgebra isStrictSuperset.swift
[275/519] Compiling HashTreeCollections TreeSet+SetAlgebra isSubset.swift
[276/519] Compiling HashTreeCollections TreeSet+SetAlgebra isSuperset.swift
[277/519] Compiling HashTreeCollections TreeSet+SetAlgebra subtract.swift
[278/519] Compiling HashTreeCollections TreeSet+SetAlgebra subtracting.swift
[279/519] Compiling HashTreeCollections TreeSet+SetAlgebra symmetricDifference.swift
[280/519] Compiling HashTreeCollections TreeSet+SetAlgebra union.swift
[281/519] Compiling HashTreeCollections TreeSet.swift
[288/522] Emitting module BitCollections
[289/522] Compiling Algorithms Trim.swift
[290/522] Compiling Algorithms Unique.swift
[291/522] Compiling Algorithms Windows.swift
[343/522] Compiling DequeModule Deque+Codable.swift
[344/522] Compiling DequeModule Deque+Collection.swift
[345/522] Compiling DequeModule Deque+CustomReflectable.swift
[346/522] Compiling DequeModule Deque+Descriptions.swift
[347/522] Compiling DequeModule Deque+Equatable.swift
[348/522] Compiling DequeModule Deque+ExpressibleByArrayLiteral.swift
[349/522] Compiling DequeModule Deque+Extras.swift
[350/522] Compiling DequeModule Deque+Hashable.swift
[387/530] Compiling BitCollections BitSet.Index.swift
[388/530] Compiling BitCollections BitSet._UnsafeHandle.swift
[451/532] Emitting module OrderedCollections
[486/533] Emitting module Algorithms
[488/534] Emitting module HashTreeCollections
[490/535] Compiling _RopeModule Rope+Join.swift
[491/535] Compiling _RopeModule Rope+MutatingForEach.swift
[492/535] Compiling _RopeModule Rope+Remove.swift
[493/535] Compiling _RopeModule Rope+RemoveSubrange.swift
[494/535] Compiling _RopeModule Rope+Split.swift
[495/535] Compiling _RopeModule Optional Utilities.swift
[496/535] Compiling _RopeModule String Utilities.swift
[497/535] Compiling _RopeModule String.Index+ABI.swift
[498/535] Compiling _RopeModule _CharacterRecognizer.swift
[509/535] Emitting module _RopeModule
[531/536] Emitting module DequeModule
[538/565] Compiling Collections OrderedCollections reexports.swift
[539/565] Compiling Collections HeapModule reexports.swift
[540/596] Compiling Collections HashTreeCollections reexports.swift
[541/599] Compiling Collections DequeModule reexports.swift
[542/607] Emitting module Collections
[543/607] Compiling Collections BitCollections reexports.swift
[545/608] Compiling NIOCore NIOCoreSendableMetatype.swift
[546/608] Compiling NIOCore NIODecodedAsyncSequence.swift
[547/608] Compiling NIOCore NIOLoopBound.swift
[548/608] Compiling NIOCore NIOPooledRecvBufferAllocator.swift
[549/608] Compiling NIOCore NIOScheduledCallback.swift
[550/608] Compiling NIOCore NIOSendable.swift
[551/608] Compiling NIOCore NIOSplitLinesMessageDecoder.swift
[552/608] Compiling NIOCore NIOTransportAccessibleChannelCore.swift
[553/608] Compiling NIOCore RecvByteBufferAllocator.swift
[554/616] Compiling NIOCore IPProtocol.swift
[555/616] Compiling NIOCore IntegerBitPacking.swift
[556/616] Compiling NIOCore IntegerTypes.swift
[557/616] Compiling NIOCore Interfaces.swift
[558/616] Compiling NIOCore Linux.swift
[559/616] Compiling NIOCore MarkedCircularBuffer.swift
[560/616] Compiling NIOCore MulticastChannel.swift
[561/616] Compiling NIOCore NIOAny.swift
[562/616] Compiling NIOCore NIOCloseOnErrorHandler.swift
[563/616] Compiling NIOCore EventLoopFuture+Deprecated.swift
[564/616] Compiling NIOCore EventLoopFuture+WithEventLoop.swift
[565/616] Compiling NIOCore EventLoopFuture.swift
[566/616] Compiling NIOCore FileDescriptor.swift
[567/616] Compiling NIOCore FileHandle.swift
[568/616] Compiling NIOCore FileRegion.swift
[569/616] Compiling NIOCore GlobalSingletons.swift
[570/616] Compiling NIOCore IO.swift
[571/616] Compiling NIOCore IOData.swift
[572/616] Compiling NIOCore SingleStepByteToMessageDecoder.swift
[573/616] Compiling NIOCore SocketAddresses.swift
[574/616] Compiling NIOCore SocketOptionProvider.swift
[575/616] Compiling NIOCore SystemCallHelpers.swift
[576/616] Compiling NIOCore TimeAmount+Duration.swift
[577/616] Compiling NIOCore TypeAssistedChannelHandler.swift
[578/616] Compiling NIOCore UniversalBootstrapSupport.swift
[579/616] Compiling NIOCore Utilities.swift
[580/616] Compiling NIOCore CircularBuffer.swift
[581/616] Compiling NIOCore Codec.swift
[582/616] Compiling NIOCore ConvenienceOptionSupport.swift
[583/616] Compiling NIOCore DeadChannel.swift
[584/616] Compiling NIOCore DispatchQueue+WithFuture.swift
[585/616] Compiling NIOCore EventLoop+Deprecated.swift
[586/616] Compiling NIOCore EventLoop+SerialExecutor.swift
[587/616] Compiling NIOCore EventLoop.swift
[588/616] Compiling NIOCore EventLoopFuture+AssumeIsolated.swift
[589/616] Compiling NIOCore NIOThrowingAsyncSequenceProducer.swift
[590/616] Compiling NIOCore BSDSocketAPI.swift
[591/616] Compiling NIOCore ByteBuffer-aux.swift
[592/616] Compiling NIOCore ByteBuffer-binaryEncodedLengthPrefix.swift
[593/616] Compiling NIOCore ByteBuffer-conversions.swift
[594/616] Compiling NIOCore ByteBuffer-core.swift
[595/616] Compiling NIOCore ByteBuffer-hex.swift
[596/616] Compiling NIOCore ByteBuffer-int.swift
[597/616] Compiling NIOCore ByteBuffer-lengthPrefix.swift
[598/616] Compiling NIOCore AddressedEnvelope.swift
[599/616] Compiling NIOCore AsyncAwaitSupport.swift
[600/616] Compiling NIOCore AsyncChannel.swift
[601/616] Compiling NIOCore AsyncChannelHandler.swift
[602/616] Compiling NIOCore AsyncChannelInboundStream.swift
[603/616] Compiling NIOCore AsyncChannelOutboundWriter.swift
[604/616] Compiling NIOCore NIOAsyncSequenceProducer.swift
[605/616] Compiling NIOCore NIOAsyncSequenceProducerStrategies.swift
[606/616] Compiling NIOCore NIOAsyncWriter.swift
[607/616] Compiling NIOCore ByteBuffer-multi-int.swift
[608/616] Compiling NIOCore ByteBuffer-quicBinaryEncodingStrategy.swift
[609/616] Compiling NIOCore ByteBuffer-views.swift
[610/616] Compiling NIOCore Channel.swift
[611/616] Compiling NIOCore ChannelHandler.swift
[612/616] Compiling NIOCore ChannelHandlers.swift
[613/616] Compiling NIOCore ChannelInvoker.swift
[614/616] Compiling NIOCore ChannelOption.swift
[615/616] Compiling NIOCore ChannelPipeline.swift
[616/616] Emitting module NIOCore
error: emit-module command failed with exit code 1 (use -v to see invocation)
[618/671] Emitting module NIOPosix
/host/spi-builder-workspace/.build/checkouts/swift-nio/Sources/NIOPosix/BaseSocketChannel+AccessibleTransport.swift:17:11: error: cannot find type 'BaseSocketChannel' in scope
15 | import NIOCore
16 |
17 | extension BaseSocketChannel where SocketType: BaseSocket {
| `- error: cannot find type 'BaseSocketChannel' in scope
18 | /// The underlying transport type backing this channel.
19 | typealias Transport = NIOBSDSocket.Handle
/host/spi-builder-workspace/.build/checkouts/swift-nio/Sources/NIOPosix/BaseSocketChannel+AccessibleTransport.swift:27:11: error: cannot find type 'BaseSocketChannel' in scope
25 | }
26 |
27 | extension BaseSocketChannel where SocketType: PipePair {
| `- error: cannot find type 'BaseSocketChannel' in scope
28 | /// The underlying transport type backing this channel.
29 | typealias Transport = NIOBSDSocket.PipeHandle
/host/spi-builder-workspace/.build/checkouts/swift-nio/Sources/NIOPosix/BaseSocketChannel+AccessibleTransport.swift:42:11: error: cannot find type 'SocketChannel' in scope
40 | }
41 |
42 | extension SocketChannel: NIOTransportAccessibleChannelCore {}
| `- error: cannot find type 'SocketChannel' in scope
43 | extension ServerSocketChannel: NIOTransportAccessibleChannelCore {}
44 | extension DatagramChannel: NIOTransportAccessibleChannelCore {}
/host/spi-builder-workspace/.build/checkouts/swift-nio/Sources/NIOPosix/BaseSocketChannel+AccessibleTransport.swift:43:11: error: cannot find type 'ServerSocketChannel' in scope
41 |
42 | extension SocketChannel: NIOTransportAccessibleChannelCore {}
43 | extension ServerSocketChannel: NIOTransportAccessibleChannelCore {}
| `- error: cannot find type 'ServerSocketChannel' in scope
44 | extension DatagramChannel: NIOTransportAccessibleChannelCore {}
45 | extension PipeChannel: NIOTransportAccessibleChannelCore {}
/host/spi-builder-workspace/.build/checkouts/swift-nio/Sources/NIOPosix/BaseSocketChannel+AccessibleTransport.swift:44:11: error: cannot find type 'DatagramChannel' in scope
42 | extension SocketChannel: NIOTransportAccessibleChannelCore {}
43 | extension ServerSocketChannel: NIOTransportAccessibleChannelCore {}
44 | extension DatagramChannel: NIOTransportAccessibleChannelCore {}
| `- error: cannot find type 'DatagramChannel' in scope
45 | extension PipeChannel: NIOTransportAccessibleChannelCore {}
46 |
/host/spi-builder-workspace/.build/checkouts/swift-nio/Sources/NIOPosix/BaseSocketChannel+AccessibleTransport.swift:45:11: error: cannot find type 'PipeChannel' in scope
43 | extension ServerSocketChannel: NIOTransportAccessibleChannelCore {}
44 | extension DatagramChannel: NIOTransportAccessibleChannelCore {}
45 | extension PipeChannel: NIOTransportAccessibleChannelCore {}
| `- error: cannot find type 'PipeChannel' in scope
46 |
[619/678] Compiling NIOPosix MultiThreadedEventLoopGroup.swift
[620/678] Compiling NIOPosix NIOPosixSendableMetatype.swift
[621/678] Compiling NIOPosix NIORandomizedDNSResolver.swift
[622/678] Compiling NIOPosix NIOThreadPool.swift
[623/678] Compiling NIOPosix NonBlockingFileIO.swift
[624/678] Compiling NIOPosix PendingDatagramWritesManager.swift
[625/678] Compiling NIOPosix PendingWritesManager.swift
[626/678] Compiling NIOPosix PipeChannel.swift
[627/678] Compiling NIOPosix PipePair.swift
[628/678] Compiling NIOPosix Pool.swift
[629/678] Compiling NIOPosix PosixSingletons+ConcurrencyTakeOver.swift
[630/678] Compiling NIOPosix PosixSingletons.swift
[631/678] Compiling NIOPosix RawSocketBootstrap.swift
[632/678] Compiling NIOPosix Resolver.swift
[633/678] Compiling NIOPosix BSDSocketAPICommon.swift
/host/spi-builder-workspace/.build/checkouts/swift-nio/Sources/NIOPosix/BaseSocketChannel+AccessibleTransport.swift:17:11: error: cannot find type 'BaseSocketChannel' in scope
15 | import NIOCore
16 |
17 | extension BaseSocketChannel where SocketType: BaseSocket {
| `- error: cannot find type 'BaseSocketChannel' in scope
18 | /// The underlying transport type backing this channel.
19 | typealias Transport = NIOBSDSocket.Handle
/host/spi-builder-workspace/.build/checkouts/swift-nio/Sources/NIOPosix/BaseSocketChannel+AccessibleTransport.swift:27:11: error: cannot find type 'BaseSocketChannel' in scope
25 | }
26 |
27 | extension BaseSocketChannel where SocketType: PipePair {
| `- error: cannot find type 'BaseSocketChannel' in scope
28 | /// The underlying transport type backing this channel.
29 | typealias Transport = NIOBSDSocket.PipeHandle
/host/spi-builder-workspace/.build/checkouts/swift-nio/Sources/NIOPosix/BaseSocketChannel+AccessibleTransport.swift:42:11: error: cannot find type 'SocketChannel' in scope
40 | }
41 |
42 | extension SocketChannel: NIOTransportAccessibleChannelCore {}
| `- error: cannot find type 'SocketChannel' in scope
43 | extension ServerSocketChannel: NIOTransportAccessibleChannelCore {}
44 | extension DatagramChannel: NIOTransportAccessibleChannelCore {}
/host/spi-builder-workspace/.build/checkouts/swift-nio/Sources/NIOPosix/BaseSocketChannel+AccessibleTransport.swift:43:11: error: cannot find type 'ServerSocketChannel' in scope
41 |
42 | extension SocketChannel: NIOTransportAccessibleChannelCore {}
43 | extension ServerSocketChannel: NIOTransportAccessibleChannelCore {}
| `- error: cannot find type 'ServerSocketChannel' in scope
44 | extension DatagramChannel: NIOTransportAccessibleChannelCore {}
45 | extension PipeChannel: NIOTransportAccessibleChannelCore {}
/host/spi-builder-workspace/.build/checkouts/swift-nio/Sources/NIOPosix/BaseSocketChannel+AccessibleTransport.swift:44:11: error: cannot find type 'DatagramChannel' in scope
42 | extension SocketChannel: NIOTransportAccessibleChannelCore {}
43 | extension ServerSocketChannel: NIOTransportAccessibleChannelCore {}
44 | extension DatagramChannel: NIOTransportAccessibleChannelCore {}
| `- error: cannot find type 'DatagramChannel' in scope
45 | extension PipeChannel: NIOTransportAccessibleChannelCore {}
46 |
/host/spi-builder-workspace/.build/checkouts/swift-nio/Sources/NIOPosix/BaseSocketChannel+AccessibleTransport.swift:45:11: error: cannot find type 'PipeChannel' in scope
43 | extension ServerSocketChannel: NIOTransportAccessibleChannelCore {}
44 | extension DatagramChannel: NIOTransportAccessibleChannelCore {}
45 | extension PipeChannel: NIOTransportAccessibleChannelCore {}
| `- error: cannot find type 'PipeChannel' in scope
46 |
/host/spi-builder-workspace/.build/checkouts/swift-nio/Sources/NIOPosix/BaseSocketChannel+AccessibleTransport.swift:17:29: error: 'where' clause cannot be applied to a non-generic top-level declaration
15 | import NIOCore
16 |
17 | extension BaseSocketChannel where SocketType: BaseSocket {
| `- error: 'where' clause cannot be applied to a non-generic top-level declaration
18 | /// The underlying transport type backing this channel.
19 | typealias Transport = NIOBSDSocket.Handle
/host/spi-builder-workspace/.build/checkouts/swift-nio/Sources/NIOPosix/BaseSocketChannel+AccessibleTransport.swift:27:29: error: 'where' clause cannot be applied to a non-generic top-level declaration
25 | }
26 |
27 | extension BaseSocketChannel where SocketType: PipePair {
| `- error: 'where' clause cannot be applied to a non-generic top-level declaration
28 | /// The underlying transport type backing this channel.
29 | typealias Transport = NIOBSDSocket.PipeHandle
[634/678] Compiling NIOPosix BSDSocketAPIPosix.swift
/host/spi-builder-workspace/.build/checkouts/swift-nio/Sources/NIOPosix/BaseSocketChannel+AccessibleTransport.swift:17:11: error: cannot find type 'BaseSocketChannel' in scope
15 | import NIOCore
16 |
17 | extension BaseSocketChannel where SocketType: BaseSocket {
| `- error: cannot find type 'BaseSocketChannel' in scope
18 | /// The underlying transport type backing this channel.
19 | typealias Transport = NIOBSDSocket.Handle
/host/spi-builder-workspace/.build/checkouts/swift-nio/Sources/NIOPosix/BaseSocketChannel+AccessibleTransport.swift:27:11: error: cannot find type 'BaseSocketChannel' in scope
25 | }
26 |
27 | extension BaseSocketChannel where SocketType: PipePair {
| `- error: cannot find type 'BaseSocketChannel' in scope
28 | /// The underlying transport type backing this channel.
29 | typealias Transport = NIOBSDSocket.PipeHandle
/host/spi-builder-workspace/.build/checkouts/swift-nio/Sources/NIOPosix/BaseSocketChannel+AccessibleTransport.swift:42:11: error: cannot find type 'SocketChannel' in scope
40 | }
41 |
42 | extension SocketChannel: NIOTransportAccessibleChannelCore {}
| `- error: cannot find type 'SocketChannel' in scope
43 | extension ServerSocketChannel: NIOTransportAccessibleChannelCore {}
44 | extension DatagramChannel: NIOTransportAccessibleChannelCore {}
/host/spi-builder-workspace/.build/checkouts/swift-nio/Sources/NIOPosix/BaseSocketChannel+AccessibleTransport.swift:43:11: error: cannot find type 'ServerSocketChannel' in scope
41 |
42 | extension SocketChannel: NIOTransportAccessibleChannelCore {}
43 | extension ServerSocketChannel: NIOTransportAccessibleChannelCore {}
| `- error: cannot find type 'ServerSocketChannel' in scope
44 | extension DatagramChannel: NIOTransportAccessibleChannelCore {}
45 | extension PipeChannel: NIOTransportAccessibleChannelCore {}
/host/spi-builder-workspace/.build/checkouts/swift-nio/Sources/NIOPosix/BaseSocketChannel+AccessibleTransport.swift:44:11: error: cannot find type 'DatagramChannel' in scope
42 | extension SocketChannel: NIOTransportAccessibleChannelCore {}
43 | extension ServerSocketChannel: NIOTransportAccessibleChannelCore {}
44 | extension DatagramChannel: NIOTransportAccessibleChannelCore {}
| `- error: cannot find type 'DatagramChannel' in scope
45 | extension PipeChannel: NIOTransportAccessibleChannelCore {}
46 |
/host/spi-builder-workspace/.build/checkouts/swift-nio/Sources/NIOPosix/BaseSocketChannel+AccessibleTransport.swift:45:11: error: cannot find type 'PipeChannel' in scope
43 | extension ServerSocketChannel: NIOTransportAccessibleChannelCore {}
44 | extension DatagramChannel: NIOTransportAccessibleChannelCore {}
45 | extension PipeChannel: NIOTransportAccessibleChannelCore {}
| `- error: cannot find type 'PipeChannel' in scope
46 |
/host/spi-builder-workspace/.build/checkouts/swift-nio/Sources/NIOPosix/BaseSocketChannel+AccessibleTransport.swift:17:29: error: 'where' clause cannot be applied to a non-generic top-level declaration
15 | import NIOCore
16 |
17 | extension BaseSocketChannel where SocketType: BaseSocket {
| `- error: 'where' clause cannot be applied to a non-generic top-level declaration
18 | /// The underlying transport type backing this channel.
19 | typealias Transport = NIOBSDSocket.Handle
/host/spi-builder-workspace/.build/checkouts/swift-nio/Sources/NIOPosix/BaseSocketChannel+AccessibleTransport.swift:27:29: error: 'where' clause cannot be applied to a non-generic top-level declaration
25 | }
26 |
27 | extension BaseSocketChannel where SocketType: PipePair {
| `- error: 'where' clause cannot be applied to a non-generic top-level declaration
28 | /// The underlying transport type backing this channel.
29 | typealias Transport = NIOBSDSocket.PipeHandle
[635/678] Compiling NIOPosix BSDSocketAPIWindows.swift
/host/spi-builder-workspace/.build/checkouts/swift-nio/Sources/NIOPosix/BaseSocketChannel+AccessibleTransport.swift:17:11: error: cannot find type 'BaseSocketChannel' in scope
15 | import NIOCore
16 |
17 | extension BaseSocketChannel where SocketType: BaseSocket {
| `- error: cannot find type 'BaseSocketChannel' in scope
18 | /// The underlying transport type backing this channel.
19 | typealias Transport = NIOBSDSocket.Handle
/host/spi-builder-workspace/.build/checkouts/swift-nio/Sources/NIOPosix/BaseSocketChannel+AccessibleTransport.swift:27:11: error: cannot find type 'BaseSocketChannel' in scope
25 | }
26 |
27 | extension BaseSocketChannel where SocketType: PipePair {
| `- error: cannot find type 'BaseSocketChannel' in scope
28 | /// The underlying transport type backing this channel.
29 | typealias Transport = NIOBSDSocket.PipeHandle
/host/spi-builder-workspace/.build/checkouts/swift-nio/Sources/NIOPosix/BaseSocketChannel+AccessibleTransport.swift:42:11: error: cannot find type 'SocketChannel' in scope
40 | }
41 |
42 | extension SocketChannel: NIOTransportAccessibleChannelCore {}
| `- error: cannot find type 'SocketChannel' in scope
43 | extension ServerSocketChannel: NIOTransportAccessibleChannelCore {}
44 | extension DatagramChannel: NIOTransportAccessibleChannelCore {}
/host/spi-builder-workspace/.build/checkouts/swift-nio/Sources/NIOPosix/BaseSocketChannel+AccessibleTransport.swift:43:11: error: cannot find type 'ServerSocketChannel' in scope
41 |
42 | extension SocketChannel: NIOTransportAccessibleChannelCore {}
43 | extension ServerSocketChannel: NIOTransportAccessibleChannelCore {}
| `- error: cannot find type 'ServerSocketChannel' in scope
44 | extension DatagramChannel: NIOTransportAccessibleChannelCore {}
45 | extension PipeChannel: NIOTransportAccessibleChannelCore {}
/host/spi-builder-workspace/.build/checkouts/swift-nio/Sources/NIOPosix/BaseSocketChannel+AccessibleTransport.swift:44:11: error: cannot find type 'DatagramChannel' in scope
42 | extension SocketChannel: NIOTransportAccessibleChannelCore {}
43 | extension ServerSocketChannel: NIOTransportAccessibleChannelCore {}
44 | extension DatagramChannel: NIOTransportAccessibleChannelCore {}
| `- error: cannot find type 'DatagramChannel' in scope
45 | extension PipeChannel: NIOTransportAccessibleChannelCore {}
46 |
/host/spi-builder-workspace/.build/checkouts/swift-nio/Sources/NIOPosix/BaseSocketChannel+AccessibleTransport.swift:45:11: error: cannot find type 'PipeChannel' in scope
43 | extension ServerSocketChannel: NIOTransportAccessibleChannelCore {}
44 | extension DatagramChannel: NIOTransportAccessibleChannelCore {}
45 | extension PipeChannel: NIOTransportAccessibleChannelCore {}
| `- error: cannot find type 'PipeChannel' in scope
46 |
/host/spi-builder-workspace/.build/checkouts/swift-nio/Sources/NIOPosix/BaseSocketChannel+AccessibleTransport.swift:17:29: error: 'where' clause cannot be applied to a non-generic top-level declaration
15 | import NIOCore
16 |
17 | extension BaseSocketChannel where SocketType: BaseSocket {
| `- error: 'where' clause cannot be applied to a non-generic top-level declaration
18 | /// The underlying transport type backing this channel.
19 | typealias Transport = NIOBSDSocket.Handle
/host/spi-builder-workspace/.build/checkouts/swift-nio/Sources/NIOPosix/BaseSocketChannel+AccessibleTransport.swift:27:29: error: 'where' clause cannot be applied to a non-generic top-level declaration
25 | }
26 |
27 | extension BaseSocketChannel where SocketType: PipePair {
| `- error: 'where' clause cannot be applied to a non-generic top-level declaration
28 | /// The underlying transport type backing this channel.
29 | typealias Transport = NIOBSDSocket.PipeHandle
[636/678] Compiling NIOPosix BaseSocket.swift
/host/spi-builder-workspace/.build/checkouts/swift-nio/Sources/NIOPosix/BaseSocketChannel+AccessibleTransport.swift:17:11: error: cannot find type 'BaseSocketChannel' in scope
15 | import NIOCore
16 |
17 | extension BaseSocketChannel where SocketType: BaseSocket {
| `- error: cannot find type 'BaseSocketChannel' in scope
18 | /// The underlying transport type backing this channel.
19 | typealias Transport = NIOBSDSocket.Handle
/host/spi-builder-workspace/.build/checkouts/swift-nio/Sources/NIOPosix/BaseSocketChannel+AccessibleTransport.swift:27:11: error: cannot find type 'BaseSocketChannel' in scope
25 | }
26 |
27 | extension BaseSocketChannel where SocketType: PipePair {
| `- error: cannot find type 'BaseSocketChannel' in scope
28 | /// The underlying transport type backing this channel.
29 | typealias Transport = NIOBSDSocket.PipeHandle
/host/spi-builder-workspace/.build/checkouts/swift-nio/Sources/NIOPosix/BaseSocketChannel+AccessibleTransport.swift:42:11: error: cannot find type 'SocketChannel' in scope
40 | }
41 |
42 | extension SocketChannel: NIOTransportAccessibleChannelCore {}
| `- error: cannot find type 'SocketChannel' in scope
43 | extension ServerSocketChannel: NIOTransportAccessibleChannelCore {}
44 | extension DatagramChannel: NIOTransportAccessibleChannelCore {}
/host/spi-builder-workspace/.build/checkouts/swift-nio/Sources/NIOPosix/BaseSocketChannel+AccessibleTransport.swift:43:11: error: cannot find type 'ServerSocketChannel' in scope
41 |
42 | extension SocketChannel: NIOTransportAccessibleChannelCore {}
43 | extension ServerSocketChannel: NIOTransportAccessibleChannelCore {}
| `- error: cannot find type 'ServerSocketChannel' in scope
44 | extension DatagramChannel: NIOTransportAccessibleChannelCore {}
45 | extension PipeChannel: NIOTransportAccessibleChannelCore {}
/host/spi-builder-workspace/.build/checkouts/swift-nio/Sources/NIOPosix/BaseSocketChannel+AccessibleTransport.swift:44:11: error: cannot find type 'DatagramChannel' in scope
42 | extension SocketChannel: NIOTransportAccessibleChannelCore {}
43 | extension ServerSocketChannel: NIOTransportAccessibleChannelCore {}
44 | extension DatagramChannel: NIOTransportAccessibleChannelCore {}
| `- error: cannot find type 'DatagramChannel' in scope
45 | extension PipeChannel: NIOTransportAccessibleChannelCore {}
46 |
/host/spi-builder-workspace/.build/checkouts/swift-nio/Sources/NIOPosix/BaseSocketChannel+AccessibleTransport.swift:45:11: error: cannot find type 'PipeChannel' in scope
43 | extension ServerSocketChannel: NIOTransportAccessibleChannelCore {}
44 | extension DatagramChannel: NIOTransportAccessibleChannelCore {}
45 | extension PipeChannel: NIOTransportAccessibleChannelCore {}
| `- error: cannot find type 'PipeChannel' in scope
46 |
/host/spi-builder-workspace/.build/checkouts/swift-nio/Sources/NIOPosix/BaseSocketChannel+AccessibleTransport.swift:17:29: error: 'where' clause cannot be applied to a non-generic top-level declaration
15 | import NIOCore
16 |
17 | extension BaseSocketChannel where SocketType: BaseSocket {
| `- error: 'where' clause cannot be applied to a non-generic top-level declaration
18 | /// The underlying transport type backing this channel.
19 | typealias Transport = NIOBSDSocket.Handle
/host/spi-builder-workspace/.build/checkouts/swift-nio/Sources/NIOPosix/BaseSocketChannel+AccessibleTransport.swift:27:29: error: 'where' clause cannot be applied to a non-generic top-level declaration
25 | }
26 |
27 | extension BaseSocketChannel where SocketType: PipePair {
| `- error: 'where' clause cannot be applied to a non-generic top-level declaration
28 | /// The underlying transport type backing this channel.
29 | typealias Transport = NIOBSDSocket.PipeHandle
[637/678] Compiling NIOPosix BaseSocketChannel+AccessibleTransport.swift
/host/spi-builder-workspace/.build/checkouts/swift-nio/Sources/NIOPosix/BaseSocketChannel+AccessibleTransport.swift:17:11: error: cannot find type 'BaseSocketChannel' in scope
15 | import NIOCore
16 |
17 | extension BaseSocketChannel where SocketType: BaseSocket {
| `- error: cannot find type 'BaseSocketChannel' in scope
18 | /// The underlying transport type backing this channel.
19 | typealias Transport = NIOBSDSocket.Handle
/host/spi-builder-workspace/.build/checkouts/swift-nio/Sources/NIOPosix/BaseSocketChannel+AccessibleTransport.swift:27:11: error: cannot find type 'BaseSocketChannel' in scope
25 | }
26 |
27 | extension BaseSocketChannel where SocketType: PipePair {
| `- error: cannot find type 'BaseSocketChannel' in scope
28 | /// The underlying transport type backing this channel.
29 | typealias Transport = NIOBSDSocket.PipeHandle
/host/spi-builder-workspace/.build/checkouts/swift-nio/Sources/NIOPosix/BaseSocketChannel+AccessibleTransport.swift:42:11: error: cannot find type 'SocketChannel' in scope
40 | }
41 |
42 | extension SocketChannel: NIOTransportAccessibleChannelCore {}
| `- error: cannot find type 'SocketChannel' in scope
43 | extension ServerSocketChannel: NIOTransportAccessibleChannelCore {}
44 | extension DatagramChannel: NIOTransportAccessibleChannelCore {}
/host/spi-builder-workspace/.build/checkouts/swift-nio/Sources/NIOPosix/BaseSocketChannel+AccessibleTransport.swift:43:11: error: cannot find type 'ServerSocketChannel' in scope
41 |
42 | extension SocketChannel: NIOTransportAccessibleChannelCore {}
43 | extension ServerSocketChannel: NIOTransportAccessibleChannelCore {}
| `- error: cannot find type 'ServerSocketChannel' in scope
44 | extension DatagramChannel: NIOTransportAccessibleChannelCore {}
45 | extension PipeChannel: NIOTransportAccessibleChannelCore {}
/host/spi-builder-workspace/.build/checkouts/swift-nio/Sources/NIOPosix/BaseSocketChannel+AccessibleTransport.swift:44:11: error: cannot find type 'DatagramChannel' in scope
42 | extension SocketChannel: NIOTransportAccessibleChannelCore {}
43 | extension ServerSocketChannel: NIOTransportAccessibleChannelCore {}
44 | extension DatagramChannel: NIOTransportAccessibleChannelCore {}
| `- error: cannot find type 'DatagramChannel' in scope
45 | extension PipeChannel: NIOTransportAccessibleChannelCore {}
46 |
/host/spi-builder-workspace/.build/checkouts/swift-nio/Sources/NIOPosix/BaseSocketChannel+AccessibleTransport.swift:45:11: error: cannot find type 'PipeChannel' in scope
43 | extension ServerSocketChannel: NIOTransportAccessibleChannelCore {}
44 | extension DatagramChannel: NIOTransportAccessibleChannelCore {}
45 | extension PipeChannel: NIOTransportAccessibleChannelCore {}
| `- error: cannot find type 'PipeChannel' in scope
46 |
/host/spi-builder-workspace/.build/checkouts/swift-nio/Sources/NIOPosix/BaseSocketChannel+AccessibleTransport.swift:17:29: error: 'where' clause cannot be applied to a non-generic top-level declaration
15 | import NIOCore
16 |
17 | extension BaseSocketChannel where SocketType: BaseSocket {
| `- error: 'where' clause cannot be applied to a non-generic top-level declaration
18 | /// The underlying transport type backing this channel.
19 | typealias Transport = NIOBSDSocket.Handle
/host/spi-builder-workspace/.build/checkouts/swift-nio/Sources/NIOPosix/BaseSocketChannel+AccessibleTransport.swift:27:29: error: 'where' clause cannot be applied to a non-generic top-level declaration
25 | }
26 |
27 | extension BaseSocketChannel where SocketType: PipePair {
| `- error: 'where' clause cannot be applied to a non-generic top-level declaration
28 | /// The underlying transport type backing this channel.
29 | typealias Transport = NIOBSDSocket.PipeHandle
[638/678] Compiling NIOPosix BaseSocketChannel+SocketOptionProvider.swift
/host/spi-builder-workspace/.build/checkouts/swift-nio/Sources/NIOPosix/BaseSocketChannel+AccessibleTransport.swift:17:11: error: cannot find type 'BaseSocketChannel' in scope
15 | import NIOCore
16 |
17 | extension BaseSocketChannel where SocketType: BaseSocket {
| `- error: cannot find type 'BaseSocketChannel' in scope
18 | /// The underlying transport type backing this channel.
19 | typealias Transport = NIOBSDSocket.Handle
/host/spi-builder-workspace/.build/checkouts/swift-nio/Sources/NIOPosix/BaseSocketChannel+AccessibleTransport.swift:27:11: error: cannot find type 'BaseSocketChannel' in scope
25 | }
26 |
27 | extension BaseSocketChannel where SocketType: PipePair {
| `- error: cannot find type 'BaseSocketChannel' in scope
28 | /// The underlying transport type backing this channel.
29 | typealias Transport = NIOBSDSocket.PipeHandle
/host/spi-builder-workspace/.build/checkouts/swift-nio/Sources/NIOPosix/BaseSocketChannel+AccessibleTransport.swift:42:11: error: cannot find type 'SocketChannel' in scope
40 | }
41 |
42 | extension SocketChannel: NIOTransportAccessibleChannelCore {}
| `- error: cannot find type 'SocketChannel' in scope
43 | extension ServerSocketChannel: NIOTransportAccessibleChannelCore {}
44 | extension DatagramChannel: NIOTransportAccessibleChannelCore {}
/host/spi-builder-workspace/.build/checkouts/swift-nio/Sources/NIOPosix/BaseSocketChannel+AccessibleTransport.swift:43:11: error: cannot find type 'ServerSocketChannel' in scope
41 |
42 | extension SocketChannel: NIOTransportAccessibleChannelCore {}
43 | extension ServerSocketChannel: NIOTransportAccessibleChannelCore {}
| `- error: cannot find type 'ServerSocketChannel' in scope
44 | extension DatagramChannel: NIOTransportAccessibleChannelCore {}
45 | extension PipeChannel: NIOTransportAccessibleChannelCore {}
/host/spi-builder-workspace/.build/checkouts/swift-nio/Sources/NIOPosix/BaseSocketChannel+AccessibleTransport.swift:44:11: error: cannot find type 'DatagramChannel' in scope
42 | extension SocketChannel: NIOTransportAccessibleChannelCore {}
43 | extension ServerSocketChannel: NIOTransportAccessibleChannelCore {}
44 | extension DatagramChannel: NIOTransportAccessibleChannelCore {}
| `- error: cannot find type 'DatagramChannel' in scope
45 | extension PipeChannel: NIOTransportAccessibleChannelCore {}
46 |
/host/spi-builder-workspace/.build/checkouts/swift-nio/Sources/NIOPosix/BaseSocketChannel+AccessibleTransport.swift:45:11: error: cannot find type 'PipeChannel' in scope
43 | extension ServerSocketChannel: NIOTransportAccessibleChannelCore {}
44 | extension DatagramChannel: NIOTransportAccessibleChannelCore {}
45 | extension PipeChannel: NIOTransportAccessibleChannelCore {}
| `- error: cannot find type 'PipeChannel' in scope
46 |
/host/spi-builder-workspace/.build/checkouts/swift-nio/Sources/NIOPosix/BaseSocketChannel+AccessibleTransport.swift:17:29: error: 'where' clause cannot be applied to a non-generic top-level declaration
15 | import NIOCore
16 |
17 | extension BaseSocketChannel where SocketType: BaseSocket {
| `- error: 'where' clause cannot be applied to a non-generic top-level declaration
18 | /// The underlying transport type backing this channel.
19 | typealias Transport = NIOBSDSocket.Handle
/host/spi-builder-workspace/.build/checkouts/swift-nio/Sources/NIOPosix/BaseSocketChannel+AccessibleTransport.swift:27:29: error: 'where' clause cannot be applied to a non-generic top-level declaration
25 | }
26 |
27 | extension BaseSocketChannel where SocketType: PipePair {
| `- error: 'where' clause cannot be applied to a non-generic top-level declaration
28 | /// The underlying transport type backing this channel.
29 | typealias Transport = NIOBSDSocket.PipeHandle
[639/678] Compiling NIOPosix BaseSocketChannel.swift
/host/spi-builder-workspace/.build/checkouts/swift-nio/Sources/NIOPosix/BaseSocketChannel+AccessibleTransport.swift:17:11: error: cannot find type 'BaseSocketChannel' in scope
15 | import NIOCore
16 |
17 | extension BaseSocketChannel where SocketType: BaseSocket {
| `- error: cannot find type 'BaseSocketChannel' in scope
18 | /// The underlying transport type backing this channel.
19 | typealias Transport = NIOBSDSocket.Handle
/host/spi-builder-workspace/.build/checkouts/swift-nio/Sources/NIOPosix/BaseSocketChannel+AccessibleTransport.swift:27:11: error: cannot find type 'BaseSocketChannel' in scope
25 | }
26 |
27 | extension BaseSocketChannel where SocketType: PipePair {
| `- error: cannot find type 'BaseSocketChannel' in scope
28 | /// The underlying transport type backing this channel.
29 | typealias Transport = NIOBSDSocket.PipeHandle
/host/spi-builder-workspace/.build/checkouts/swift-nio/Sources/NIOPosix/BaseSocketChannel+AccessibleTransport.swift:42:11: error: cannot find type 'SocketChannel' in scope
40 | }
41 |
42 | extension SocketChannel: NIOTransportAccessibleChannelCore {}
| `- error: cannot find type 'SocketChannel' in scope
43 | extension ServerSocketChannel: NIOTransportAccessibleChannelCore {}
44 | extension DatagramChannel: NIOTransportAccessibleChannelCore {}
/host/spi-builder-workspace/.build/checkouts/swift-nio/Sources/NIOPosix/BaseSocketChannel+AccessibleTransport.swift:43:11: error: cannot find type 'ServerSocketChannel' in scope
41 |
42 | extension SocketChannel: NIOTransportAccessibleChannelCore {}
43 | extension ServerSocketChannel: NIOTransportAccessibleChannelCore {}
| `- error: cannot find type 'ServerSocketChannel' in scope
44 | extension DatagramChannel: NIOTransportAccessibleChannelCore {}
45 | extension PipeChannel: NIOTransportAccessibleChannelCore {}
/host/spi-builder-workspace/.build/checkouts/swift-nio/Sources/NIOPosix/BaseSocketChannel+AccessibleTransport.swift:44:11: error: cannot find type 'DatagramChannel' in scope
42 | extension SocketChannel: NIOTransportAccessibleChannelCore {}
43 | extension ServerSocketChannel: NIOTransportAccessibleChannelCore {}
44 | extension DatagramChannel: NIOTransportAccessibleChannelCore {}
| `- error: cannot find type 'DatagramChannel' in scope
45 | extension PipeChannel: NIOTransportAccessibleChannelCore {}
46 |
/host/spi-builder-workspace/.build/checkouts/swift-nio/Sources/NIOPosix/BaseSocketChannel+AccessibleTransport.swift:45:11: error: cannot find type 'PipeChannel' in scope
43 | extension ServerSocketChannel: NIOTransportAccessibleChannelCore {}
44 | extension DatagramChannel: NIOTransportAccessibleChannelCore {}
45 | extension PipeChannel: NIOTransportAccessibleChannelCore {}
| `- error: cannot find type 'PipeChannel' in scope
46 |
/host/spi-builder-workspace/.build/checkouts/swift-nio/Sources/NIOPosix/BaseSocketChannel+AccessibleTransport.swift:17:29: error: 'where' clause cannot be applied to a non-generic top-level declaration
15 | import NIOCore
16 |
17 | extension BaseSocketChannel where SocketType: BaseSocket {
| `- error: 'where' clause cannot be applied to a non-generic top-level declaration
18 | /// The underlying transport type backing this channel.
19 | typealias Transport = NIOBSDSocket.Handle
/host/spi-builder-workspace/.build/checkouts/swift-nio/Sources/NIOPosix/BaseSocketChannel+AccessibleTransport.swift:27:29: error: 'where' clause cannot be applied to a non-generic top-level declaration
25 | }
26 |
27 | extension BaseSocketChannel where SocketType: PipePair {
| `- error: 'where' clause cannot be applied to a non-generic top-level declaration
28 | /// The underlying transport type backing this channel.
29 | typealias Transport = NIOBSDSocket.PipeHandle
[640/678] Compiling NIOPosix SelectorWSAPoll.swift
[641/678] Compiling NIOPosix ServerSocket.swift
[642/678] Compiling NIOPosix Socket.swift
[643/678] Compiling NIOPosix SocketChannel.swift
[644/678] Compiling NIOPosix SocketProtocols.swift
[645/678] Compiling NIOPosix StructuredConcurrencyHelpers.swift
[646/678] Compiling NIOPosix System.swift
[647/678] Compiling NIOPosix BaseStreamSocketChannel.swift
[648/678] Compiling NIOPosix Bootstrap.swift
[649/678] Compiling NIOPosix ControlMessage.swift
[650/678] Compiling NIOPosix DatagramVectorReadManager.swift
[651/678] Compiling NIOPosix Errors+Any.swift
[652/678] Compiling NIOPosix FileDescriptor.swift
[653/678] Compiling NIOPosix GetaddrinfoResolver.swift
[654/678] Compiling NIOPosix HappyEyeballs.swift
[655/678] Compiling NIOPosix IO.swift
[656/678] Compiling NIOPosix IntegerBitPacking.swift
[657/678] Compiling NIOPosix IntegerTypes.swift
[658/678] Compiling NIOPosix Linux.swift
[659/678] Compiling NIOPosix LinuxCPUSet.swift
[660/678] Compiling NIOPosix LinuxUring.swift
[661/678] Compiling NIOPosix Selectable.swift
[662/678] Compiling NIOPosix SelectableChannel.swift
[663/678] Compiling NIOPosix SelectableEventLoop.swift
[664/678] Compiling NIOPosix SelectorEpoll.swift
[665/678] Compiling NIOPosix SelectorGeneric.swift
[666/678] Compiling NIOPosix SelectorKqueue.swift
[667/678] Compiling NIOPosix SelectorUring.swift
[668/678] Compiling NIOPosix Thread.swift
[669/678] Compiling NIOPosix ThreadPosix.swift
[670/678] Compiling NIOPosix ThreadWindows.swift
[671/678] Compiling NIOPosix Utilities.swift
[672/678] Compiling NIOPosix VsockAddress.swift
[673/678] Compiling NIOPosix VsockChannelEvents.swift
[674/678] Compiling NIOPosix Windows.swift
[675/678] Compiling NIOEmbedded AsyncTestingChannel.swift
BUILD FAILURE 6.2 wasm