The Swift Package Index logo.Swift Package Index

Build Information

Failed to build SendbirdChatSDK, reference 4.39.11 (d3c9bd), with Swift 6.1 for Wasm on 20 Sep 2026 06:36:51 UTC.

Build Command

bash -c docker run --pull=always --rm -v "checkouts-53886769-1":/host -w "$PWD" -e JAVA_HOME="/root/.sdkman/candidates/java/current" -e SPI_BUILD="1" -e SPI_PROCESSING="1" registry.gitlab.com/saguaro1/spi-images:wasm-6.1-latest swift build --swift-sdk wasm32-unknown-wasi 2>&1

Build Log

========================================
RunAll
========================================
Builder version: 5.1.0
Interrupt handler set up.
========================================
Checkout
========================================
Clone URL: https://github.com/sendbird/sendbird-chat-sdk-ios.git
Reference: 4.39.11
Initialized empty Git repository in /host/spi-builder-workspace/.git/
hint: Using 'master' as the name for the initial branch. This default branch name
hint: is subject to change. To configure the initial branch name to use in all
hint: of your new repositories, which will suppress this warning, call:
hint:
hint: 	git config --global init.defaultBranch <name>
hint:
hint: Names commonly chosen instead of 'master' are 'main', 'trunk' and
hint: 'development'. The just-created branch can be renamed via this command:
hint:
hint: 	git branch -m <name>
From https://github.com/sendbird/sendbird-chat-sdk-ios
 * tag               4.39.11    -> FETCH_HEAD
HEAD is now at d3c9bdd Merge pull request #163 from sendbird/release/4.39.11
Cloned https://github.com/sendbird/sendbird-chat-sdk-ios.git
Revision (git rev-parse @):
d3c9bdd2fc07e4628af28eb835b2697d43b24c2a
SUCCESS checkout https://github.com/sendbird/sendbird-chat-sdk-ios.git at 4.39.11
========================================
Build
========================================
Selected platform:         wasm
Swift version:             6.1
Building package at path:  $PWD
https://github.com/sendbird/sendbird-chat-sdk-ios.git
https://github.com/sendbird/sendbird-chat-sdk-ios.git
WARNING: environment variable SUPPRESS_SWIFT_6_FLAGS is not set
Running build ...
bash -c docker run --pull=always --rm -v "checkouts-53886769-1":/host -w "$PWD" -e JAVA_HOME="/root/.sdkman/candidates/java/current" -e SPI_BUILD="1" -e SPI_PROCESSING="1" registry.gitlab.com/saguaro1/spi-images:wasm-6.1-latest swift build --swift-sdk wasm32-unknown-wasi -Xswiftc -Xfrontend -Xswiftc -stats-output-dir -Xswiftc -Xfrontend -Xswiftc .stats -Xswiftc -strict-concurrency=complete -Xswiftc -enable-upcoming-feature -Xswiftc StrictConcurrency -Xswiftc -enable-upcoming-feature -Xswiftc DisableOutwardActorInference -Xswiftc -enable-upcoming-feature -Xswiftc GlobalActorIsolatedTypesUsability -Xswiftc -enable-upcoming-feature -Xswiftc InferSendableFromCaptures 2>&1
wasm-6.1-latest: Pulling from saguaro1/spi-images
Digest: sha256:beceeede496da67681f4fa220a6b97cc098a0178841a413735f598dc6bbaf4c8
Status: Image is up to date for registry.gitlab.com/saguaro1/spi-images:wasm-6.1-latest
Fetching https://github.com/sendbird/sendbird-auth-ios.git
[1/3295] Fetching sendbird-auth-ios
Fetched https://github.com/sendbird/sendbird-auth-ios.git from cache (0.58s)
Computing version for https://github.com/sendbird/sendbird-auth-ios.git
Computed https://github.com/sendbird/sendbird-auth-ios.git at 1.2.0 (0.80s)
Creating working copy for https://github.com/sendbird/sendbird-auth-ios.git
Working copy of https://github.com/sendbird/sendbird-auth-ios.git resolved at 1.2.0
Downloading binary artifact https://github.com/sendbird/sendbird-auth-ios/releases/download/1.2.0/SendbirdAuthSDKStatic.xcframework.zip
Downloading binary artifact https://github.com/sendbird/sendbird-auth-ios/releases/download/1.2.0/SendbirdAuthSDK.xcframework.zip
Downloading binary artifact https://github.com/sendbird/sendbird-chat-sdk-ios/releases/download/4.39.11/SendbirdChatSDK.xcframework.zip
[1413/54291323] Downloading https://github.com/sendbird/sendbird-auth-ios/releases/download/1.2.0/SendbirdAuthSDK.xcframework.zip
[22054/107391099] Downloading https://github.com/sendbird/sendbird-auth-ios/releases/download/1.2.0/SendbirdAuthSDK.xcframework.zip, https://github.com/sendbird/sendbird-chat-sdk-ios/releases/download/4.39.11/SendbirdChatSDK.xcframework.zip
[115332/173092021] Downloading https://github.com/sendbird/sendbird-auth-ios/releases/download/1.2.0/SendbirdAuthSDK.xcframework.zip, https://github.com/sendbird/sendbird-chat-sdk-ios/releases/download/4.39.11/SendbirdChatSDK.xcframework.zip, https://github.com/sendbird/sendbird-auth-ios/releases/download/1.2.0/SendbirdAuthSDKStatic.xcframework.zip
Downloaded https://github.com/sendbird/sendbird-chat-sdk-ios/releases/download/4.39.11/SendbirdChatSDK.xcframework.zip (3.84s)
Downloaded https://github.com/sendbird/sendbird-auth-ios/releases/download/1.2.0/SendbirdAuthSDK.xcframework.zip (4.18s)
Downloaded https://github.com/sendbird/sendbird-auth-ios/releases/download/1.2.0/SendbirdAuthSDKStatic.xcframework.zip (5.17s)
Building for debugging...
[0/2] Write sources
[1/2] Write swift-version-24593BA9C3E375BF.txt
error: emit-module command failed with exit code 1 (use -v to see invocation)
[3/4] Emitting module SendbirdChatSDKWrapper
/host/spi-builder-workspace/Sources/SendbirdChatSDKWrapper/SendbirdChatSDKWrapper.swift:1:8: error: no such module 'SendbirdChatSDK'
1 | import SendbirdChatSDK
  |        `- error: no such module 'SendbirdChatSDK'
2 |
3 | public class SendbirdChatWrapper {}
[4/4] Compiling SendbirdChatSDKWrapper SendbirdChatSDKWrapper.swift
/host/spi-builder-workspace/Sources/SendbirdChatSDKWrapper/SendbirdChatSDKWrapper.swift:1:8: error: no such module 'SendbirdChatSDK'
1 | import SendbirdChatSDK
  |        `- error: no such module 'SendbirdChatSDK'
2 |
3 | public class SendbirdChatWrapper {}
Running build ...
bash -c docker run --pull=always --rm -v "checkouts-53886769-1":/host -w "$PWD" -e JAVA_HOME="/root/.sdkman/candidates/java/current" -e SPI_BUILD="1" -e SPI_PROCESSING="1" registry.gitlab.com/saguaro1/spi-images:wasm-6.1-latest swift build --swift-sdk wasm32-unknown-wasi 2>&1
wasm-6.1-latest: Pulling from saguaro1/spi-images
Digest: sha256:beceeede496da67681f4fa220a6b97cc098a0178841a413735f598dc6bbaf4c8
Status: Image is up to date for registry.gitlab.com/saguaro1/spi-images:wasm-6.1-latest
[0/1] Planning build
Building for debugging...
[0/1] Write swift-version-24593BA9C3E375BF.txt
error: emit-module command failed with exit code 1 (use -v to see invocation)
[2/3] Emitting module SendbirdChatSDKWrapper
/host/spi-builder-workspace/Sources/SendbirdChatSDKWrapper/SendbirdChatSDKWrapper.swift:1:8: error: no such module 'SendbirdChatSDK'
1 | import SendbirdChatSDK
  |        `- error: no such module 'SendbirdChatSDK'
2 |
3 | public class SendbirdChatWrapper {}
[3/3] Compiling SendbirdChatSDKWrapper SendbirdChatSDKWrapper.swift
/host/spi-builder-workspace/Sources/SendbirdChatSDKWrapper/SendbirdChatSDKWrapper.swift:1:8: error: no such module 'SendbirdChatSDK'
1 | import SendbirdChatSDK
  |        `- error: no such module 'SendbirdChatSDK'
2 |
3 | public class SendbirdChatWrapper {}
BUILD FAILURE 6.1 wasm