Build Information
Failed to build FlyHUD, reference main (45b3cf), with Swift 6.2 for macOS (SPM) on 27 Jun 2026 14:34:21 UTC.
Build Command
env DEVELOPER_DIR=/Applications/Xcode-26.3.0.app xcrun swift build --arch arm64Build Log
========================================
RunAll
========================================
Builder version: undefined version: run 'make version' to update
Interrupt handler set up.
========================================
Checkout
========================================
Clone URL: https://github.com/liam-i/FlyHUD.git
Reference: main
Initialized empty Git repository in /Users/admin/builder/spi-builder-workspace/.git/
From https://github.com/liam-i/FlyHUD
* branch main -> FETCH_HEAD
* [new branch] main -> origin/main
HEAD is now at 45b3cf7 chore(release): 更新 CHANGELOG.md、README.md、README_CN.md 和 release-notes.md 文件
Cloned https://github.com/liam-i/FlyHUD.git
Revision (git rev-parse @):
45b3cf70cb0435c3e52eeaaae804f89f612dd0c5
SPI manifest file found: $PWD/.spi.yml
SUCCESS checkout https://github.com/liam-i/FlyHUD.git at main
========================================
Build
========================================
Selected platform: macosSpm
Swift version: 6.2
Building package at path: $PWD
https://github.com/liam-i/FlyHUD.git
Running build ...
env DEVELOPER_DIR=/Applications/Xcode-26.3.0.app xcrun swift build --arch arm64
Building for debugging...
[0/6] Write sources
[0/6] Copying PrivacyInfo.xcprivacy
[0/6] Write sources
[5/6] Write swift-version--3CB7CFEC50E0D141.txt
[7/22] Compiling FlyHUD Button.swift
/Users/admin/builder/spi-builder-workspace/Sources/HUD/Extensions/Extensions.swift:12:8: error: no such module 'UIKit'
10 | //
11 |
12 | import UIKit
| `- error: no such module 'UIKit'
13 |
14 | extension UIView {
[8/22] Compiling FlyHUD BackgroundView.swift
/Users/admin/builder/spi-builder-workspace/Sources/HUD/Extensions/Extensions.swift:12:8: error: no such module 'UIKit'
10 | //
11 |
12 | import UIKit
| `- error: no such module 'UIKit'
13 |
14 | extension UIView {
[9/22] Compiling FlyHUD BaseView.swift
/Users/admin/builder/spi-builder-workspace/Sources/HUD/Extensions/Extensions.swift:12:8: error: no such module 'UIKit'
10 | //
11 |
12 | import UIKit
| `- error: no such module 'UIKit'
13 |
14 | extension UIView {
[10/22] Compiling FlyHUD Label.swift
/Users/admin/builder/spi-builder-workspace/Sources/HUD/Extensions/Extensions.swift:12:8: error: no such module 'UIKit'
10 | //
11 |
12 | import UIKit
| `- error: no such module 'UIKit'
13 |
14 | extension UIView {
[11/22] Compiling FlyHUD ContentView.swift
/Users/admin/builder/spi-builder-workspace/Sources/HUD/Extensions/Extensions.swift:12:8: error: no such module 'UIKit'
10 | //
11 |
12 | import UIKit
| `- error: no such module 'UIKit'
13 |
14 | extension UIView {
error: emit-module command failed with exit code 1 (use -v to see invocation)
[12/23] Emitting module FlyHUD
/Users/admin/builder/spi-builder-workspace/Sources/HUD/Extensions/Extensions.swift:12:8: error: no such module 'UIKit'
10 | //
11 |
12 | import UIKit
| `- error: no such module 'UIKit'
13 |
14 | extension UIView {
[13/23] Compiling FlyHUD ProgressViewable.swift
/Users/admin/builder/spi-builder-workspace/Sources/HUD/Extensions/Extensions.swift:12:8: error: no such module 'UIKit'
10 | //
11 |
12 | import UIKit
| `- error: no such module 'UIKit'
13 |
14 | extension UIView {
[14/23] Compiling FlyHUD RotateViewable.swift
/Users/admin/builder/spi-builder-workspace/Sources/HUD/Extensions/Extensions.swift:12:8: error: no such module 'UIKit'
10 | //
11 |
12 | import UIKit
| `- error: no such module 'UIKit'
13 |
14 | extension UIView {
[15/23] Compiling FlyHUD HUD.swift
/Users/admin/builder/spi-builder-workspace/Sources/HUD/Extensions/Extensions.swift:12:8: error: no such module 'UIKit'
10 | //
11 |
12 | import UIKit
| `- error: no such module 'UIKit'
13 |
14 | extension UIView {
[16/23] Compiling FlyHUD Model.swift
/Users/admin/builder/spi-builder-workspace/Sources/HUD/Extensions/Extensions.swift:12:8: error: no such module 'UIKit'
10 | //
11 |
12 | import UIKit
| `- error: no such module 'UIKit'
13 |
14 | extension UIView {
[17/23] Compiling FlyHUD DisplayLink.swift
/Users/admin/builder/spi-builder-workspace/Sources/HUD/Extensions/Extensions.swift:12:8: error: no such module 'UIKit'
10 | //
11 |
12 | import UIKit
| `- error: no such module 'UIKit'
13 |
14 | extension UIView {
[18/23] Compiling FlyHUD KeyboardObserver.swift
/Users/admin/builder/spi-builder-workspace/Sources/HUD/Extensions/Extensions.swift:12:8: error: no such module 'UIKit'
10 | //
11 |
12 | import UIKit
| `- error: no such module 'UIKit'
13 |
14 | extension UIView {
[19/23] Compiling FlyHUD Extensions.swift
/Users/admin/builder/spi-builder-workspace/Sources/HUD/Extensions/Extensions.swift:12:8: error: no such module 'UIKit'
10 | //
11 |
12 | import UIKit
| `- error: no such module 'UIKit'
13 |
14 | extension UIView {
[20/23] Compiling FlyHUD HUDExtended.swift
/Users/admin/builder/spi-builder-workspace/Sources/HUD/Extensions/Extensions.swift:12:8: error: no such module 'UIKit'
10 | //
11 |
12 | import UIKit
| `- error: no such module 'UIKit'
13 |
14 | extension UIView {
[21/23] Compiling FlyHUD UnfairLock.swift
/Users/admin/builder/spi-builder-workspace/Sources/HUD/Extensions/Extensions.swift:12:8: error: no such module 'UIKit'
10 | //
11 |
12 | import UIKit
| `- error: no such module 'UIKit'
13 |
14 | extension UIView {
[22/23] Compiling FlyHUD ActivityIndicatorViewable.swift
/Users/admin/builder/spi-builder-workspace/Sources/HUD/Extensions/Extensions.swift:12:8: error: no such module 'UIKit'
10 | //
11 |
12 | import UIKit
| `- error: no such module 'UIKit'
13 |
14 | extension UIView {
[23/23] Compiling FlyHUD resource_bundle_accessor.swift
/Users/admin/builder/spi-builder-workspace/Sources/HUD/Extensions/Extensions.swift:12:8: error: no such module 'UIKit'
10 | //
11 |
12 | import UIKit
| `- error: no such module 'UIKit'
13 |
14 | extension UIView {
BUILD FAILURE 6.2 macosSpm