Build Information
Failed to build SplitThin, reference 1.0.1-rc1 (2a315b), with Swift 6.1 for Linux on 1 Oct 2026 02:03:31 UTC.
Build Command
bash -c docker run --pull=always --rm -v "checkouts-54344843-1":/host -w "$PWD" -e JAVA_HOME="/root/.sdkman/candidates/java/current" -e SPI_BUILD="1" -e SPI_PROCESSING="1" registry.gitlab.com/saguaro1/spi-images:basic-6.1-latest swift build --triple x86_64-unknown-linux-gnu 2>&1Build Log
========================================
RunAll
========================================
Builder version: 5.1.1
Interrupt handler set up.
========================================
Checkout
========================================
Clone URL: https://github.com/splitio/ios-thin-client.git
Reference: 1.0.1-rc1
Initialized empty Git repository in /host/spi-builder-workspace/.git/
hint: Using 'master' as the name for the initial branch. This default branch name
hint: is subject to change. To configure the initial branch name to use in all
hint: of your new repositories, which will suppress this warning, call:
hint:
hint: git config --global init.defaultBranch <name>
hint:
hint: Names commonly chosen instead of 'master' are 'main', 'trunk' and
hint: 'development'. The just-created branch can be renamed via this command:
hint:
hint: git branch -m <name>
From https://github.com/splitio/ios-thin-client
* tag 1.0.1-rc1 -> FETCH_HEAD
HEAD is now at 2a315bc Clients now shared components that can cause data grab/data flush races (#122)
Submodule path 'ios-client': checked out '01f183e1f3b42fe57d1b3ffd363b4c897d1cae66'
Submodule 'ios-client' (https://github.com/splitio/ios-client) registered for path 'ios-client'
Cloning into '/host/spi-builder-workspace/ios-client'...
Cloned https://github.com/splitio/ios-thin-client.git
Revision (git rev-parse @):
2a315bcbc078c57654d662a724061fb95d942ec6
SUCCESS checkout https://github.com/splitio/ios-thin-client.git at 1.0.1-rc1
========================================
Build
========================================
Selected platform: linux
Swift version: 6.1
Building package at path: $PWD
https://github.com/splitio/ios-thin-client.git
https://github.com/splitio/ios-thin-client.git
WARNING: environment variable SUPPRESS_SWIFT_6_FLAGS is not set
Running build ...
bash -c docker run --pull=always --rm -v "checkouts-54344843-1":/host -w "$PWD" -e JAVA_HOME="/root/.sdkman/candidates/java/current" -e SPI_BUILD="1" -e SPI_PROCESSING="1" registry.gitlab.com/saguaro1/spi-images:basic-6.1-latest swift build --triple x86_64-unknown-linux-gnu -Xswiftc -Xfrontend -Xswiftc -stats-output-dir -Xswiftc -Xfrontend -Xswiftc .stats -Xswiftc -strict-concurrency=complete -Xswiftc -enable-upcoming-feature -Xswiftc StrictConcurrency -Xswiftc -enable-upcoming-feature -Xswiftc DisableOutwardActorInference -Xswiftc -enable-upcoming-feature -Xswiftc GlobalActorIsolatedTypesUsability -Xswiftc -enable-upcoming-feature -Xswiftc InferSendableFromCaptures 2>&1
basic-6.1-latest: Pulling from saguaro1/spi-images
Digest: sha256:bebe373f64586285d153a73cebf57004d534988a7110464fd581e50dd24c756b
Status: Image is up to date for registry.gitlab.com/saguaro1/spi-images:basic-6.1-latest
Fetching https://github.com/splitio/ios-client.git
[1/39369] Fetching ios-client
Fetched https://github.com/splitio/ios-client.git from cache (4.08s)
Computing version for https://github.com/splitio/ios-client.git
Computed https://github.com/splitio/ios-client.git at 3.7.2-rc3 (4.61s)
Creating working copy for https://github.com/splitio/ios-client.git
Working copy of https://github.com/splitio/ios-client.git resolved at 3.7.2-rc3
Building for debugging...
[0/9] Write sources
[8/9] Write swift-version-24593BA9C3E375BF.txt
[10/29] Compiling Tracker TrackerValidation.swift
[11/29] Compiling Logging LogLevel.swift
[12/29] Emitting module Logging
[13/29] Compiling Logging TimeChecker.swift
[14/29] Emitting module Tracker
[15/29] Compiling Logging LogPrinter.swift
[16/29] Compiling PeriodicRecorderWorker PeriodicTimer.swift
[17/29] Emitting module PeriodicRecorderWorker
[18/29] Compiling PeriodicRecorderWorker PeriodicRecorderWorker.swift
[19/30] Compiling Concurrency SynchronizedDictionaryComposed.swift
[20/30] Compiling Concurrency SynchronizedDictionarySet.swift
[21/30] Compiling Concurrency Concurrency.swift
[22/30] Compiling Tracker TrackerModels.swift
[23/30] Compiling Tracker Tracker.swift
[24/31] Compiling Concurrency Atomic.swift
[25/31] Compiling Concurrency SynchronizedDictionary.swift
[26/31] Emitting module Concurrency
[27/31] Compiling Logging Logger.swift
[28/31] Compiling Logging DateProvider.swift
[29/32] Compiling Logging Logging.swift
[34/55] Compiling BackoffCounter BackoffCounter.swift
[35/55] Compiling BackoffCounter BackoffCounterTimer.swift
[36/55] Emitting module BackoffCounter
[37/56] Compiling Http HttpStreamResponse.swift
/host/spi-builder-workspace/.build/checkouts/ios-client/Sources/Http/TlsPinChecker.swift:6:8: error: no such module 'CommonCrypto'
4 |
5 | import Foundation
6 | import CommonCrypto
| `- error: no such module 'CommonCrypto'
7 | #if SWIFT_PACKAGE || SPLIT_MODULAR
8 | import Logging
[38/56] Compiling Http HttpTask.swift
/host/spi-builder-workspace/.build/checkouts/ios-client/Sources/Http/TlsPinChecker.swift:6:8: error: no such module 'CommonCrypto'
4 |
5 | import Foundation
6 | import CommonCrypto
| `- error: no such module 'CommonCrypto'
7 | #if SWIFT_PACKAGE || SPLIT_MODULAR
8 | import Logging
[39/56] Compiling Http HttpSession.swift
/host/spi-builder-workspace/.build/checkouts/ios-client/Sources/Http/TlsPinChecker.swift:6:8: error: no such module 'CommonCrypto'
4 |
5 | import Foundation
6 | import CommonCrypto
| `- error: no such module 'CommonCrypto'
7 | #if SWIFT_PACKAGE || SPLIT_MODULAR
8 | import Logging
[40/56] Compiling Http HttpStreamRequest.swift
/host/spi-builder-workspace/.build/checkouts/ios-client/Sources/Http/TlsPinChecker.swift:6:8: error: no such module 'CommonCrypto'
4 |
5 | import Foundation
6 | import CommonCrypto
| `- error: no such module 'CommonCrypto'
7 | #if SWIFT_PACKAGE || SPLIT_MODULAR
8 | import Logging
[41/58] Compiling Http HttpError.swift
/host/spi-builder-workspace/.build/checkouts/ios-client/Sources/Http/TlsPinChecker.swift:6:8: error: no such module 'CommonCrypto'
4 |
5 | import Foundation
6 | import CommonCrypto
| `- error: no such module 'CommonCrypto'
7 | #if SWIFT_PACKAGE || SPLIT_MODULAR
8 | import Logging
[42/58] Compiling Http HttpNotificationHandler.swift
/host/spi-builder-workspace/.build/checkouts/ios-client/Sources/Http/TlsPinChecker.swift:6:8: error: no such module 'CommonCrypto'
4 |
5 | import Foundation
6 | import CommonCrypto
| `- error: no such module 'CommonCrypto'
7 | #if SWIFT_PACKAGE || SPLIT_MODULAR
8 | import Logging
[43/58] Compiling Http HttpParameter.swift
/host/spi-builder-workspace/.build/checkouts/ios-client/Sources/Http/TlsPinChecker.swift:6:8: error: no such module 'CommonCrypto'
4 |
5 | import Foundation
6 | import CommonCrypto
| `- error: no such module 'CommonCrypto'
7 | #if SWIFT_PACKAGE || SPLIT_MODULAR
8 | import Logging
[44/58] Compiling Http HttpRequestManager.swift
/host/spi-builder-workspace/.build/checkouts/ios-client/Sources/Http/TlsPinChecker.swift:6:8: error: no such module 'CommonCrypto'
4 |
5 | import Foundation
6 | import CommonCrypto
| `- error: no such module 'CommonCrypto'
7 | #if SWIFT_PACKAGE || SPLIT_MODULAR
8 | import Logging
[45/58] Compiling Http HttpResponse.swift
/host/spi-builder-workspace/.build/checkouts/ios-client/Sources/Http/TlsPinChecker.swift:6:8: error: no such module 'CommonCrypto'
4 |
5 | import Foundation
6 | import CommonCrypto
| `- error: no such module 'CommonCrypto'
7 | #if SWIFT_PACKAGE || SPLIT_MODULAR
8 | import Logging
[46/58] Compiling Http Endpoint.swift
/host/spi-builder-workspace/.build/checkouts/ios-client/Sources/Http/TlsPinChecker.swift:6:8: error: no such module 'CommonCrypto'
4 |
5 | import Foundation
6 | import CommonCrypto
| `- error: no such module 'CommonCrypto'
7 | #if SWIFT_PACKAGE || SPLIT_MODULAR
8 | import Logging
[47/58] Compiling Http HostDomainFilter.swift
/host/spi-builder-workspace/.build/checkouts/ios-client/Sources/Http/TlsPinChecker.swift:6:8: error: no such module 'CommonCrypto'
4 |
5 | import Foundation
6 | import CommonCrypto
| `- error: no such module 'CommonCrypto'
7 | #if SWIFT_PACKAGE || SPLIT_MODULAR
8 | import Logging
[48/58] Compiling Http HttpAuthenticator.swift
/host/spi-builder-workspace/.build/checkouts/ios-client/Sources/Http/TlsPinChecker.swift:6:8: error: no such module 'CommonCrypto'
4 |
5 | import Foundation
6 | import CommonCrypto
| `- error: no such module 'CommonCrypto'
7 | #if SWIFT_PACKAGE || SPLIT_MODULAR
8 | import Logging
[49/58] Compiling Http HttpParameters.swift
/host/spi-builder-workspace/.build/checkouts/ios-client/Sources/Http/TlsPinChecker.swift:6:8: error: no such module 'CommonCrypto'
4 |
5 | import Foundation
6 | import CommonCrypto
| `- error: no such module 'CommonCrypto'
7 | #if SWIFT_PACKAGE || SPLIT_MODULAR
8 | import Logging
[50/58] Compiling Http HttpRequest.swift
/host/spi-builder-workspace/.build/checkouts/ios-client/Sources/Http/TlsPinChecker.swift:6:8: error: no such module 'CommonCrypto'
4 |
5 | import Foundation
6 | import CommonCrypto
| `- error: no such module 'CommonCrypto'
7 | #if SWIFT_PACKAGE || SPLIT_MODULAR
8 | import Logging
[51/58] Compiling Http HttpRequestList.swift
/host/spi-builder-workspace/.build/checkouts/ios-client/Sources/Http/TlsPinChecker.swift:6:8: error: no such module 'CommonCrypto'
4 |
5 | import Foundation
6 | import CommonCrypto
| `- error: no such module 'CommonCrypto'
7 | #if SWIFT_PACKAGE || SPLIT_MODULAR
8 | import Logging
error: emit-module command failed with exit code 1 (use -v to see invocation)
[53/58] Emitting module Http
/host/spi-builder-workspace/.build/checkouts/ios-client/Sources/Http/TlsPinChecker.swift:6:8: error: no such module 'CommonCrypto'
4 |
5 | import Foundation
6 | import CommonCrypto
| `- error: no such module 'CommonCrypto'
7 | #if SWIFT_PACKAGE || SPLIT_MODULAR
8 | import Logging
[54/58] Compiling Http HttpClient.swift
/host/spi-builder-workspace/.build/checkouts/ios-client/Sources/Http/TlsPinChecker.swift:6:8: error: no such module 'CommonCrypto'
4 |
5 | import Foundation
6 | import CommonCrypto
| `- error: no such module 'CommonCrypto'
7 | #if SWIFT_PACKAGE || SPLIT_MODULAR
8 | import Logging
[55/58] Compiling Http HttpDataRequest.swift
/host/spi-builder-workspace/.build/checkouts/ios-client/Sources/Http/TlsPinChecker.swift:6:8: error: no such module 'CommonCrypto'
4 |
5 | import Foundation
6 | import CommonCrypto
| `- error: no such module 'CommonCrypto'
7 | #if SWIFT_PACKAGE || SPLIT_MODULAR
8 | import Logging
[56/58] Compiling Http HttpDataResponse.swift
/host/spi-builder-workspace/.build/checkouts/ios-client/Sources/Http/TlsPinChecker.swift:6:8: error: no such module 'CommonCrypto'
4 |
5 | import Foundation
6 | import CommonCrypto
| `- error: no such module 'CommonCrypto'
7 | #if SWIFT_PACKAGE || SPLIT_MODULAR
8 | import Logging
[57/58] Compiling Http PublicKeyHeaders.swift
/host/spi-builder-workspace/.build/checkouts/ios-client/Sources/Http/TlsPinChecker.swift:6:8: error: no such module 'CommonCrypto'
4 |
5 | import Foundation
6 | import CommonCrypto
| `- error: no such module 'CommonCrypto'
7 | #if SWIFT_PACKAGE || SPLIT_MODULAR
8 | import Logging
[58/58] Compiling Http TlsPinChecker.swift
/host/spi-builder-workspace/.build/checkouts/ios-client/Sources/Http/TlsPinChecker.swift:6:8: error: no such module 'CommonCrypto'
4 |
5 | import Foundation
6 | import CommonCrypto
| `- error: no such module 'CommonCrypto'
7 | #if SWIFT_PACKAGE || SPLIT_MODULAR
8 | import Logging
Running build ...
bash -c docker run --pull=always --rm -v "checkouts-54344843-1":/host -w "$PWD" -e JAVA_HOME="/root/.sdkman/candidates/java/current" -e SPI_BUILD="1" -e SPI_PROCESSING="1" registry.gitlab.com/saguaro1/spi-images:basic-6.1-latest swift build --triple x86_64-unknown-linux-gnu 2>&1
basic-6.1-latest: Pulling from saguaro1/spi-images
Digest: sha256:bebe373f64586285d153a73cebf57004d534988a7110464fd581e50dd24c756b
Status: Image is up to date for registry.gitlab.com/saguaro1/spi-images:basic-6.1-latest
[0/1] Planning build
Building for debugging...
[0/1] Write swift-version-24593BA9C3E375BF.txt
[2/21] Emitting module Concurrency
[3/21] Compiling Tracker TrackerValidation.swift
[4/21] Compiling Concurrency Atomic.swift
[5/21] Compiling Tracker TrackerModels.swift
[6/21] Compiling PeriodicRecorderWorker PeriodicTimer.swift
[7/21] Emitting module Tracker
[8/21] Compiling Tracker Tracker.swift
[9/22] Compiling Concurrency Concurrency.swift
[10/22] Compiling Logging DateProvider.swift
[11/22] Emitting module Logging
[12/22] Compiling Logging LogPrinter.swift
[13/22] Compiling Logging LogLevel.swift
[14/22] Compiling Logging Logger.swift
[15/22] Compiling PeriodicRecorderWorker PeriodicRecorderWorker.swift
[16/22] Emitting module PeriodicRecorderWorker
[18/23] Compiling Logging TimeChecker.swift
[19/23] Compiling Logging Logging.swift
[20/24] Compiling Concurrency SynchronizedDictionary.swift
[21/24] Compiling Concurrency SynchronizedDictionarySet.swift
[22/24] Compiling Concurrency SynchronizedDictionaryComposed.swift
[26/47] Emitting module BackoffCounter
[27/47] Compiling BackoffCounter BackoffCounter.swift
[28/47] Compiling BackoffCounter BackoffCounterTimer.swift
[29/48] Compiling Http HttpError.swift
/host/spi-builder-workspace/.build/checkouts/ios-client/Sources/Http/TlsPinChecker.swift:6:8: error: no such module 'CommonCrypto'
4 |
5 | import Foundation
6 | import CommonCrypto
| `- error: no such module 'CommonCrypto'
7 | #if SWIFT_PACKAGE || SPLIT_MODULAR
8 | import Logging
[30/48] Compiling Http HttpNotificationHandler.swift
/host/spi-builder-workspace/.build/checkouts/ios-client/Sources/Http/TlsPinChecker.swift:6:8: error: no such module 'CommonCrypto'
4 |
5 | import Foundation
6 | import CommonCrypto
| `- error: no such module 'CommonCrypto'
7 | #if SWIFT_PACKAGE || SPLIT_MODULAR
8 | import Logging
[31/48] Compiling Http HttpParameter.swift
/host/spi-builder-workspace/.build/checkouts/ios-client/Sources/Http/TlsPinChecker.swift:6:8: error: no such module 'CommonCrypto'
4 |
5 | import Foundation
6 | import CommonCrypto
| `- error: no such module 'CommonCrypto'
7 | #if SWIFT_PACKAGE || SPLIT_MODULAR
8 | import Logging
[32/48] Compiling Http HttpParameters.swift
/host/spi-builder-workspace/.build/checkouts/ios-client/Sources/Http/TlsPinChecker.swift:6:8: error: no such module 'CommonCrypto'
4 |
5 | import Foundation
6 | import CommonCrypto
| `- error: no such module 'CommonCrypto'
7 | #if SWIFT_PACKAGE || SPLIT_MODULAR
8 | import Logging
[33/48] Compiling Http HttpRequest.swift
/host/spi-builder-workspace/.build/checkouts/ios-client/Sources/Http/TlsPinChecker.swift:6:8: error: no such module 'CommonCrypto'
4 |
5 | import Foundation
6 | import CommonCrypto
| `- error: no such module 'CommonCrypto'
7 | #if SWIFT_PACKAGE || SPLIT_MODULAR
8 | import Logging
[34/48] Compiling Http HttpRequestList.swift
/host/spi-builder-workspace/.build/checkouts/ios-client/Sources/Http/TlsPinChecker.swift:6:8: error: no such module 'CommonCrypto'
4 |
5 | import Foundation
6 | import CommonCrypto
| `- error: no such module 'CommonCrypto'
7 | #if SWIFT_PACKAGE || SPLIT_MODULAR
8 | import Logging
[35/48] Compiling Http HttpRequestManager.swift
/host/spi-builder-workspace/.build/checkouts/ios-client/Sources/Http/TlsPinChecker.swift:6:8: error: no such module 'CommonCrypto'
4 |
5 | import Foundation
6 | import CommonCrypto
| `- error: no such module 'CommonCrypto'
7 | #if SWIFT_PACKAGE || SPLIT_MODULAR
8 | import Logging
[36/48] Compiling Http HttpResponse.swift
/host/spi-builder-workspace/.build/checkouts/ios-client/Sources/Http/TlsPinChecker.swift:6:8: error: no such module 'CommonCrypto'
4 |
5 | import Foundation
6 | import CommonCrypto
| `- error: no such module 'CommonCrypto'
7 | #if SWIFT_PACKAGE || SPLIT_MODULAR
8 | import Logging
[37/48] Compiling Http HttpClient.swift
/host/spi-builder-workspace/.build/checkouts/ios-client/Sources/Http/TlsPinChecker.swift:6:8: error: no such module 'CommonCrypto'
4 |
5 | import Foundation
6 | import CommonCrypto
| `- error: no such module 'CommonCrypto'
7 | #if SWIFT_PACKAGE || SPLIT_MODULAR
8 | import Logging
[38/48] Compiling Http HttpDataRequest.swift
/host/spi-builder-workspace/.build/checkouts/ios-client/Sources/Http/TlsPinChecker.swift:6:8: error: no such module 'CommonCrypto'
4 |
5 | import Foundation
6 | import CommonCrypto
| `- error: no such module 'CommonCrypto'
7 | #if SWIFT_PACKAGE || SPLIT_MODULAR
8 | import Logging
[39/48] Compiling Http HttpDataResponse.swift
/host/spi-builder-workspace/.build/checkouts/ios-client/Sources/Http/TlsPinChecker.swift:6:8: error: no such module 'CommonCrypto'
4 |
5 | import Foundation
6 | import CommonCrypto
| `- error: no such module 'CommonCrypto'
7 | #if SWIFT_PACKAGE || SPLIT_MODULAR
8 | import Logging
[40/48] Compiling Http HttpStreamResponse.swift
/host/spi-builder-workspace/.build/checkouts/ios-client/Sources/Http/TlsPinChecker.swift:6:8: error: no such module 'CommonCrypto'
4 |
5 | import Foundation
6 | import CommonCrypto
| `- error: no such module 'CommonCrypto'
7 | #if SWIFT_PACKAGE || SPLIT_MODULAR
8 | import Logging
[41/48] Compiling Http HttpTask.swift
/host/spi-builder-workspace/.build/checkouts/ios-client/Sources/Http/TlsPinChecker.swift:6:8: error: no such module 'CommonCrypto'
4 |
5 | import Foundation
6 | import CommonCrypto
| `- error: no such module 'CommonCrypto'
7 | #if SWIFT_PACKAGE || SPLIT_MODULAR
8 | import Logging
[42/48] Compiling Http HttpSession.swift
/host/spi-builder-workspace/.build/checkouts/ios-client/Sources/Http/TlsPinChecker.swift:6:8: error: no such module 'CommonCrypto'
4 |
5 | import Foundation
6 | import CommonCrypto
| `- error: no such module 'CommonCrypto'
7 | #if SWIFT_PACKAGE || SPLIT_MODULAR
8 | import Logging
[43/48] Compiling Http HttpStreamRequest.swift
/host/spi-builder-workspace/.build/checkouts/ios-client/Sources/Http/TlsPinChecker.swift:6:8: error: no such module 'CommonCrypto'
4 |
5 | import Foundation
6 | import CommonCrypto
| `- error: no such module 'CommonCrypto'
7 | #if SWIFT_PACKAGE || SPLIT_MODULAR
8 | import Logging
[44/50] Compiling Http Endpoint.swift
/host/spi-builder-workspace/.build/checkouts/ios-client/Sources/Http/TlsPinChecker.swift:6:8: error: no such module 'CommonCrypto'
4 |
5 | import Foundation
6 | import CommonCrypto
| `- error: no such module 'CommonCrypto'
7 | #if SWIFT_PACKAGE || SPLIT_MODULAR
8 | import Logging
[45/50] Compiling Http HostDomainFilter.swift
/host/spi-builder-workspace/.build/checkouts/ios-client/Sources/Http/TlsPinChecker.swift:6:8: error: no such module 'CommonCrypto'
4 |
5 | import Foundation
6 | import CommonCrypto
| `- error: no such module 'CommonCrypto'
7 | #if SWIFT_PACKAGE || SPLIT_MODULAR
8 | import Logging
[46/50] Compiling Http HttpAuthenticator.swift
/host/spi-builder-workspace/.build/checkouts/ios-client/Sources/Http/TlsPinChecker.swift:6:8: error: no such module 'CommonCrypto'
4 |
5 | import Foundation
6 | import CommonCrypto
| `- error: no such module 'CommonCrypto'
7 | #if SWIFT_PACKAGE || SPLIT_MODULAR
8 | import Logging
error: emit-module command failed with exit code 1 (use -v to see invocation)
[47/50] Emitting module Http
/host/spi-builder-workspace/.build/checkouts/ios-client/Sources/Http/TlsPinChecker.swift:6:8: error: no such module 'CommonCrypto'
4 |
5 | import Foundation
6 | import CommonCrypto
| `- error: no such module 'CommonCrypto'
7 | #if SWIFT_PACKAGE || SPLIT_MODULAR
8 | import Logging
[49/50] Compiling Http PublicKeyHeaders.swift
/host/spi-builder-workspace/.build/checkouts/ios-client/Sources/Http/TlsPinChecker.swift:6:8: error: no such module 'CommonCrypto'
4 |
5 | import Foundation
6 | import CommonCrypto
| `- error: no such module 'CommonCrypto'
7 | #if SWIFT_PACKAGE || SPLIT_MODULAR
8 | import Logging
[50/50] Compiling Http TlsPinChecker.swift
/host/spi-builder-workspace/.build/checkouts/ios-client/Sources/Http/TlsPinChecker.swift:6:8: error: no such module 'CommonCrypto'
4 |
5 | import Foundation
6 | import CommonCrypto
| `- error: no such module 'CommonCrypto'
7 | #if SWIFT_PACKAGE || SPLIT_MODULAR
8 | import Logging
BUILD FAILURE 6.1 linux