The Swift Package Index logo.Swift Package Index

Build Information

Failed to build MMGT, reference main (506ca7), with Swift 6.4 for Linux on 19 Sep 2026 00:31:59 UTC.

Build Command

bash -c docker run --pull=always --rm -v "checkouts-54344847-1":/host -w "$PWD" -e JAVA_HOME="/root/.sdkman/candidates/java/current" -e SPI_BUILD="1" -e SPI_PROCESSING="1" registry.gitlab.com/saguaro1/spi-images:basic-6.4-latest swift build --triple x86_64-unknown-linux-gnu 2>&1

Build Log

========================================
RunAll
========================================
Builder version: 5.1.0
Interrupt handler set up.
========================================
Checkout
========================================
Clone URL: https://github.com/mmgt-cloud/swift-sdk.git
Reference: main
Initialized empty Git repository in /host/spi-builder-workspace/.git/
hint: Using 'master' as the name for the initial branch. This default branch name
hint: is subject to change. To configure the initial branch name to use in all
hint: of your new repositories, which will suppress this warning, call:
hint:
hint: 	git config --global init.defaultBranch <name>
hint:
hint: Names commonly chosen instead of 'master' are 'main', 'trunk' and
hint: 'development'. The just-created branch can be renamed via this command:
hint:
hint: 	git branch -m <name>
From https://github.com/mmgt-cloud/swift-sdk
 * branch            main       -> FETCH_HEAD
 * [new branch]      main       -> origin/main
HEAD is now at 506ca76 docs: describe owner-managed native registration
Cloned https://github.com/mmgt-cloud/swift-sdk.git
Revision (git rev-parse @):
506ca76e0737c02375984f65828d6451ce369495
SPI manifest file found: $PWD/.spi.yml
SUCCESS checkout https://github.com/mmgt-cloud/swift-sdk.git at main
========================================
Build
========================================
Selected platform:         linux
Swift version:             6.4
Building package at path:  $PWD
https://github.com/mmgt-cloud/swift-sdk.git
Running build ...
bash -c docker run --pull=always --rm -v "checkouts-54344847-1":/host -w "$PWD" -e JAVA_HOME="/root/.sdkman/candidates/java/current" -e SPI_BUILD="1" -e SPI_PROCESSING="1" registry.gitlab.com/saguaro1/spi-images:basic-6.4-latest swift build --triple x86_64-unknown-linux-gnu 2>&1
basic-6.4-latest: Pulling from saguaro1/spi-images
Digest: sha256:c77fcce225e223ac0fafed844619173fc6de8d62dd560eeb28db3182af6a282b
Status: Image is up to date for registry.gitlab.com/saguaro1/spi-images:basic-6.4-latest
Fetching https://github.com/groue/GRDB.swift.git
Fetching https://github.com/openid/AppAuth-iOS.git
[1/113884] Fetching grdb.swift
[11390/123934] Fetching grdb.swift, appauth-ios
Fetched https://github.com/openid/AppAuth-iOS.git (9.85s)
Fetched https://github.com/groue/GRDB.swift.git (9.97s)
Computing version for https://github.com/groue/GRDB.swift.git
Computed https://github.com/groue/GRDB.swift.git at 7.11.1 (11.07s)
Computing version for https://github.com/openid/AppAuth-iOS.git
Computed https://github.com/openid/AppAuth-iOS.git at 3.0.0 (1.07s)
Creating working copy for https://github.com/openid/AppAuth-iOS.git
Working copy of https://github.com/openid/AppAuth-iOS.git resolved at 3.0.0
Creating working copy for https://github.com/groue/GRDB.swift.git
Working copy of https://github.com/groue/GRDB.swift.git resolved at 7.11.1
Building for debugging...
[Computing dependencies]
[Constructing description]
[Pre-planning 1 / 912]
[Planning deferred tasks]
[Starting]
In file included from <built-in>:1:
/host/spi-builder-workspace/.build/out/Intermediates.noindex/AppAuth.build/Debug-linux-x86_64/AppAuthCore-t.build/DerivedSources/resource_bundle_accessor.h:1:9: fatal error: 'Foundation/Foundation.h' file not found
    1 | #import <Foundation/Foundation.h>
      |         ^~~~~~~~~~~~~~~~~~~~~~~~~
1 error generated.
error: CompileC /host/spi-builder-workspace/.build/out/Intermediates.noindex/AppAuth.build/Debug-linux-x86_64/AppAuthCore-t.build/Objects-normal/x86_64/resource_bundle_accessor.o /host/spi-builder-workspace/.build/out/Intermediates.noindex/AppAuth.build/Debug-linux-x86_64/AppAuthCore-t.build/DerivedSources/resource_bundle_accessor.m normal x86_64 objective-c com.apple.compilers.llvm.clang.1_0.compiler failed with a nonzero exit code. Command line:     cd /host

    Using response file: /host/spi-builder-workspace/.build/out/Intermediates.noindex/AppAuth.build/Debug-linux-x86_64/AppAuthCore-t.build/Objects-normal/x86_64/6f95552a3397ee1cec971b90cf334075d5f321c3a3b0689ad55c3d1e24702600-common-args.resp

    /usr/bin/clang -x objective-c -target x86_64-unknown-linux-gnu -fmessage-length\=0 -fdiagnostics-show-note-include-stack -fmacro-backtrace-limit\=0 -fcolor-diagnostics -Wno-trigraphs -Wno-missing-field-initializers -Wno-missing-prototypes -Wno-return-type -Wno-implicit-atomic-properties -Wno-objc-interface-ivars -Wno-arc-repeated-use-of-weak -Wno-missing-braces -Wparentheses -Wswitch -Wno-unused-function -Wno-unused-label -Wno-unused-parameter -Wno-unused-variable -Wunused-value -Wno-empty-body -Wno-uninitialized -Wno-unknown-pragmas -w -Wno-shadow -Wno-four-char-constants -Wno-conversion -Wno-constant-conversion -Wno-int-conversion -Wno-bool-conversion -Wno-enum-conversion -Wno-float-conversion -Wno-non-literal-null-conversion -Wno-objc-literal-conversion -Wno-shorten-64-to-32 -Wpointer-sign -Wno-newline-eof -Wno-selector -Wno-strict-selector-match -Wno-undeclared-selector -Wno-deprecated-implementations -Wno-implicit-fallthrough -fstrict-aliasing -Wprotocol -Wdeprecated-declarations -Wno-sign-conversion -Wno-infinite-recursion -Wno-comma -Wno-block-capture-autoreleasing -Wno-strict-prototypes -Wno-semicolon-before-method-body --sysroot / @/host/spi-builder-workspace/.build/out/Intermediates.noindex/AppAuth.build/Debug-linux-x86_64/AppAuthCore-t.build/Objects-normal/x86_64/6f95552a3397ee1cec971b90cf334075d5f321c3a3b0689ad55c3d1e24702600-common-args.resp -include /host/spi-builder-workspace/.build/out/Intermediates.noindex/AppAuth.build/Debug-linux-x86_64/AppAuthCore-t.build/DerivedSources/resource_bundle_accessor.h -MMD -MT dependencies -MF /host/spi-builder-workspace/.build/out/Intermediates.noindex/AppAuth.build/Debug-linux-x86_64/AppAuthCore-t.build/Objects-normal/x86_64/resource_bundle_accessor.d --serialize-diagnostics /host/spi-builder-workspace/.build/out/Intermediates.noindex/AppAuth.build/Debug-linux-x86_64/AppAuthCore-t.build/Objects-normal/x86_64/resource_bundle_accessor.dia -c /host/spi-builder-workspace/.build/out/Intermediates.noindex/AppAuth.build/Debug-linux-x86_64/AppAuthCore-t.build/DerivedSources/resource_bundle_accessor.m -o /host/spi-builder-workspace/.build/out/Intermediates.noindex/AppAuth.build/Debug-linux-x86_64/AppAuthCore-t.build/Objects-normal/x86_64/resource_bundle_accessor.o
In file included from <built-in>:1:
/host/spi-builder-workspace/.build/out/Intermediates.noindex/AppAuth.build/Debug-linux-x86_64/AppAuthCore-t.build/DerivedSources/resource_bundle_accessor.h:1:9: fatal error: 'Foundation/Foundation.h' file not found
    1 | #import <Foundation/Foundation.h>
      |         ^~~~~~~~~~~~~~~~~~~~~~~~~
1 error generated.
error: CompileC /host/spi-builder-workspace/.build/out/Intermediates.noindex/AppAuth.build/Debug-linux-x86_64/AppAuthCore-t.build/Objects-normal/x86_64/OIDURLQueryComponent.o /host/spi-builder-workspace/.build/checkouts/AppAuth-iOS/Sources/AppAuthCore/OIDURLQueryComponent.m normal x86_64 objective-c com.apple.compilers.llvm.clang.1_0.compiler failed with a nonzero exit code. Command line:     cd /host

    Using response file: /host/spi-builder-workspace/.build/out/Intermediates.noindex/AppAuth.build/Debug-linux-x86_64/AppAuthCore-t.build/Objects-normal/x86_64/6f95552a3397ee1cec971b90cf334075d5f321c3a3b0689ad55c3d1e24702600-common-args.resp

    /usr/bin/clang -x objective-c -target x86_64-unknown-linux-gnu -fmessage-length\=0 -fdiagnostics-show-note-include-stack -fmacro-backtrace-limit\=0 -fcolor-diagnostics -Wno-trigraphs -Wno-missing-field-initializers -Wno-missing-prototypes -Wno-return-type -Wno-implicit-atomic-properties -Wno-objc-interface-ivars -Wno-arc-repeated-use-of-weak -Wno-missing-braces -Wparentheses -Wswitch -Wno-unused-function -Wno-unused-label -Wno-unused-parameter -Wno-unused-variable -Wunused-value -Wno-empty-body -Wno-uninitialized -Wno-unknown-pragmas -w -Wno-shadow -Wno-four-char-constants -Wno-conversion -Wno-constant-conversion -Wno-int-conversion -Wno-bool-conversion -Wno-enum-conversion -Wno-float-conversion -Wno-non-literal-null-conversion -Wno-objc-literal-conversion -Wno-shorten-64-to-32 -Wpointer-sign -Wno-newline-eof -Wno-selector -Wno-strict-selector-match -Wno-undeclared-selector -Wno-deprecated-implementations -Wno-implicit-fallthrough -fstrict-aliasing -Wprotocol -Wdeprecated-declarations -Wno-sign-conversion -Wno-infinite-recursion -Wno-comma -Wno-block-capture-autoreleasing -Wno-strict-prototypes -Wno-semicolon-before-method-body --sysroot / @/host/spi-builder-workspace/.build/out/Intermediates.noindex/AppAuth.build/Debug-linux-x86_64/AppAuthCore-t.build/Objects-normal/x86_64/6f95552a3397ee1cec971b90cf334075d5f321c3a3b0689ad55c3d1e24702600-common-args.resp -include /host/spi-builder-workspace/.build/out/Intermediates.noindex/AppAuth.build/Debug-linux-x86_64/AppAuthCore-t.build/DerivedSources/resource_bundle_accessor.h -MMD -MT dependencies -MF /host/spi-builder-workspace/.build/out/Intermediates.noindex/AppAuth.build/Debug-linux-x86_64/AppAuthCore-t.build/Objects-normal/x86_64/OIDURLQueryComponent.d --serialize-diagnostics /host/spi-builder-workspace/.build/out/Intermediates.noindex/AppAuth.build/Debug-linux-x86_64/AppAuthCore-t.build/Objects-normal/x86_64/OIDURLQueryComponent.dia -c /host/spi-builder-workspace/.build/checkouts/AppAuth-iOS/Sources/AppAuthCore/OIDURLQueryComponent.m -o /host/spi-builder-workspace/.build/out/Intermediates.noindex/AppAuth.build/Debug-linux-x86_64/AppAuthCore-t.build/Objects-normal/x86_64/OIDURLQueryComponent.o
In file included from <built-in>:1:
/host/spi-builder-workspace/.build/out/Intermediates.noindex/AppAuth.build/Debug-linux-x86_64/AppAuthCore-t.build/DerivedSources/resource_bundle_accessor.h:1:9: fatal error: 'Foundation/Foundation.h' file not found
    1 | #import <Foundation/Foundation.h>
      |         ^~~~~~~~~~~~~~~~~~~~~~~~~
1 error generated.
error: CompileC /host/spi-builder-workspace/.build/out/Intermediates.noindex/AppAuth.build/Debug-linux-x86_64/AppAuthCore-t.build/Objects-normal/x86_64/OIDURLSessionProvider.o /host/spi-builder-workspace/.build/checkouts/AppAuth-iOS/Sources/AppAuthCore/OIDURLSessionProvider.m normal x86_64 objective-c com.apple.compilers.llvm.clang.1_0.compiler failed with a nonzero exit code. Command line:     cd /host

    Using response file: /host/spi-builder-workspace/.build/out/Intermediates.noindex/AppAuth.build/Debug-linux-x86_64/AppAuthCore-t.build/Objects-normal/x86_64/6f95552a3397ee1cec971b90cf334075d5f321c3a3b0689ad55c3d1e24702600-common-args.resp

    /usr/bin/clang -x objective-c -target x86_64-unknown-linux-gnu -fmessage-length\=0 -fdiagnostics-show-note-include-stack -fmacro-backtrace-limit\=0 -fcolor-diagnostics -Wno-trigraphs -Wno-missing-field-initializers -Wno-missing-prototypes -Wno-return-type -Wno-implicit-atomic-properties -Wno-objc-interface-ivars -Wno-arc-repeated-use-of-weak -Wno-missing-braces -Wparentheses -Wswitch -Wno-unused-function -Wno-unused-label -Wno-unused-parameter -Wno-unused-variable -Wunused-value -Wno-empty-body -Wno-uninitialized -Wno-unknown-pragmas -w -Wno-shadow -Wno-four-char-constants -Wno-conversion -Wno-constant-conversion -Wno-int-conversion -Wno-bool-conversion -Wno-enum-conversion -Wno-float-conversion -Wno-non-literal-null-conversion -Wno-objc-literal-conversion -Wno-shorten-64-to-32 -Wpointer-sign -Wno-newline-eof -Wno-selector -Wno-strict-selector-match -Wno-undeclared-selector -Wno-deprecated-implementations -Wno-implicit-fallthrough -fstrict-aliasing -Wprotocol -Wdeprecated-declarations -Wno-sign-conversion -Wno-infinite-recursion -Wno-comma -Wno-block-capture-autoreleasing -Wno-strict-prototypes -Wno-semicolon-before-method-body --sysroot / @/host/spi-builder-workspace/.build/out/Intermediates.noindex/AppAuth.build/Debug-linux-x86_64/AppAuthCore-t.build/Objects-normal/x86_64/6f95552a3397ee1cec971b90cf334075d5f321c3a3b0689ad55c3d1e24702600-common-args.resp -include /host/spi-builder-workspace/.build/out/Intermediates.noindex/AppAuth.build/Debug-linux-x86_64/AppAuthCore-t.build/DerivedSources/resource_bundle_accessor.h -MMD -MT dependencies -MF /host/spi-builder-workspace/.build/out/Intermediates.noindex/AppAuth.build/Debug-linux-x86_64/AppAuthCore-t.build/Objects-normal/x86_64/OIDURLSessionProvider.d --serialize-diagnostics /host/spi-builder-workspace/.build/out/Intermediates.noindex/AppAuth.build/Debug-linux-x86_64/AppAuthCore-t.build/Objects-normal/x86_64/OIDURLSessionProvider.dia -c /host/spi-builder-workspace/.build/checkouts/AppAuth-iOS/Sources/AppAuthCore/OIDURLSessionProvider.m -o /host/spi-builder-workspace/.build/out/Intermediates.noindex/AppAuth.build/Debug-linux-x86_64/AppAuthCore-t.build/Objects-normal/x86_64/OIDURLSessionProvider.o
error: Build failed
BUILD FAILURE 6.4 linux