The Swift Package Index logo.Swift Package Index

Build Information

Failed to build ReadiumZIPFoundation, reference 3.0.1 (adb49c), with Swift 6.4 for Linux on 23 Sep 2026 08:15:50 UTC.

Build Command

bash -c docker run --pull=always --rm -v "checkouts-54344844-1":/host -w "$PWD" -e JAVA_HOME="/root/.sdkman/candidates/java/current" -e SPI_BUILD="1" -e SPI_PROCESSING="1" registry.gitlab.com/saguaro1/spi-images:basic-6.4-latest swift build --triple x86_64-unknown-linux-gnu 2>&1

Build Log

========================================
RunAll
========================================
Builder version: 5.1.0
Interrupt handler set up.
========================================
Checkout
========================================
Clone URL: https://github.com/readium/ZIPFoundation.git
Reference: 3.0.1
Initialized empty Git repository in /host/spi-builder-workspace/.git/
hint: Using 'master' as the name for the initial branch. This default branch name
hint: is subject to change. To configure the initial branch name to use in all
hint: of your new repositories, which will suppress this warning, call:
hint:
hint: 	git config --global init.defaultBranch <name>
hint:
hint: Names commonly chosen instead of 'master' are 'main', 'trunk' and
hint: 'development'. The just-created branch can be renamed via this command:
hint:
hint: 	git branch -m <name>
From https://github.com/readium/ZIPFoundation
 * tag               3.0.1      -> FETCH_HEAD
HEAD is now at adb49c8 3.0.1 (#15)
Cloned https://github.com/readium/ZIPFoundation.git
Revision (git rev-parse @):
adb49c8bfe060cc187370b12fa081012a6440b86
SUCCESS checkout https://github.com/readium/ZIPFoundation.git at 3.0.1
========================================
Build
========================================
Selected platform:         linux
Swift version:             6.4
Building package at path:  $PWD
https://github.com/readium/ZIPFoundation.git
Running build ...
bash -c docker run --pull=always --rm -v "checkouts-54344844-1":/host -w "$PWD" -e JAVA_HOME="/root/.sdkman/candidates/java/current" -e SPI_BUILD="1" -e SPI_PROCESSING="1" registry.gitlab.com/saguaro1/spi-images:basic-6.4-latest swift build --triple x86_64-unknown-linux-gnu 2>&1
basic-6.4-latest: Pulling from saguaro1/spi-images
Digest: sha256:c77fcce225e223ac0fafed844619173fc6de8d62dd560eeb28db3182af6a282b
Status: Image is up to date for registry.gitlab.com/saguaro1/spi-images:basic-6.4-latest
warning: 'spi-builder-workspace': /host/spi-builder-workspace/Package.swift:24:58: warning: 'v4' is deprecated: watchOS 9.0 is the oldest supported version [#DeprecatedDeclaration]
22 |     name: "ReadiumZIPFoundation",
23 |     platforms: [
24 |         .macOS(.v11), .iOS(.v13), .tvOS(.v12), .watchOS(.v4), .visionOS(.v1)
   |                                                          `- warning: 'v4' is deprecated: watchOS 9.0 is the oldest supported version [#DeprecatedDeclaration]
25 |     ],
26 |     products: [
[#DeprecatedDeclaration]: <https://docs.swift.org/compiler/documentation/diagnostics/deprecated-declaration>
warning: 'spi-builder-workspace': found 72 file(s) which are unhandled; explicitly declare them as resources or exclude from the target
    /host/spi-builder-workspace/Tests/ZIPFoundationTests/Resources/testAddDirectoryToArchiveWithZIP64LFHOffset.zip
    /host/spi-builder-workspace/Tests/ZIPFoundationTests/Resources/testAddEntryToArchiveWithZIP64LFHOffset.zip
    /host/spi-builder-workspace/Tests/ZIPFoundationTests/Resources/testArchiveAddCompressedEntryProgress.png
    /host/spi-builder-workspace/Tests/ZIPFoundationTests/Resources/testArchiveAddCompressedEntryProgress.zip
    /host/spi-builder-workspace/Tests/ZIPFoundationTests/Resources/testArchiveAddEntryErrorConditions.zip
    /host/spi-builder-workspace/Tests/ZIPFoundationTests/Resources/testArchiveAddUncompressedEntryProgress.png
    /host/spi-builder-workspace/Tests/ZIPFoundationTests/Resources/testArchiveAddUncompressedEntryProgress.zip
    /host/spi-builder-workspace/Tests/ZIPFoundationTests/Resources/testArchiveIteratorErrorConditions.zip
    /host/spi-builder-workspace/Tests/ZIPFoundationTests/Resources/testCRC32Calculation.data
    /host/spi-builder-workspace/Tests/ZIPFoundationTests/Resources/testCRC32Check.zip
    /host/spi-builder-workspace/Tests/ZIPFoundationTests/Resources/testCorruptFileErrorConditions.zip
    /host/spi-builder-workspace/Tests/ZIPFoundationTests/Resources/testCorruptSymbolicLinkErrorConditions.zip
    /host/spi-builder-workspace/Tests/ZIPFoundationTests/Resources/testCreateArchiveAddCompressedEntry.png
    /host/spi-builder-workspace/Tests/ZIPFoundationTests/Resources/testCreateArchiveAddCompressedEntryToMemory.png
    /host/spi-builder-workspace/Tests/ZIPFoundationTests/Resources/testCreateArchiveAddEntryErrorConditions.txt
    /host/spi-builder-workspace/Tests/ZIPFoundationTests/Resources/testCreateArchiveAddSymbolicLink.png
    /host/spi-builder-workspace/Tests/ZIPFoundationTests/Resources/testCreateArchiveAddUncompressedEntry.png
    /host/spi-builder-workspace/Tests/ZIPFoundationTests/Resources/testCreateArchiveAddUncompressedEntryToMemory.png
    /host/spi-builder-workspace/Tests/ZIPFoundationTests/Resources/testCreateArchiveAddZeroSizeCompressedEntry.txt
    /host/spi-builder-workspace/Tests/ZIPFoundationTests/Resources/testCreateArchiveAddZeroSizeUncompressedEntry.txt
    /host/spi-builder-workspace/Tests/ZIPFoundationTests/Resources/testCreateZIP64ArchiveAddUncompressedEntry.png
    /host/spi-builder-workspace/Tests/ZIPFoundationTests/Resources/testDetectEntryType.zip
    /host/spi-builder-workspace/Tests/ZIPFoundationTests/Resources/testEntryIsCompressed.zip
    /host/spi-builder-workspace/Tests/ZIPFoundationTests/Resources/testExtractCompressedDataDescriptorArchive.zip
    /host/spi-builder-workspace/Tests/ZIPFoundationTests/Resources/testExtractCompressedEntryCancelation.zip
    /host/spi-builder-workspace/Tests/ZIPFoundationTests/Resources/testExtractCompressedFolderEntries.zip
    /host/spi-builder-workspace/Tests/ZIPFoundationTests/Resources/testExtractCompressedFolderEntriesFromMemory.zip
    /host/spi-builder-workspace/Tests/ZIPFoundationTests/Resources/testExtractCompressedZIP64Entries.zip
    /host/spi-builder-workspace/Tests/ZIPFoundationTests/Resources/testExtractEncryptedArchiveErrorConditions.zip
    /host/spi-builder-workspace/Tests/ZIPFoundationTests/Resources/testExtractEntryWithZIP64DataDescriptor.zip
    /host/spi-builder-workspace/Tests/ZIPFoundationTests/Resources/testExtractErrorConditions.zip
    /host/spi-builder-workspace/Tests/ZIPFoundationTests/Resources/testExtractInvalidBufferSizeErrorConditions.zip
    /host/spi-builder-workspace/Tests/ZIPFoundationTests/Resources/testExtractMSDOSArchive.zip
    /host/spi-builder-workspace/Tests/ZIPFoundationTests/Resources/testExtractPreferredEncoding.zip
    /host/spi-builder-workspace/Tests/ZIPFoundationTests/Resources/testExtractUncompressedDataDescriptorArchive.zip
    /host/spi-builder-workspace/Tests/ZIPFoundationTests/Resources/testExtractUncompressedEmptyFile.zip
    /host/spi-builder-workspace/Tests/ZIPFoundationTests/Resources/testExtractUncompressedEntryCancelation.zip
    /host/spi-builder-workspace/Tests/ZIPFoundationTests/Resources/testExtractUncompressedFolderEntries.zip
    /host/spi-builder-workspace/Tests/ZIPFoundationTests/Resources/testExtractUncompressedFolderEntriesFromMemory.zip
    /host/spi-builder-workspace/Tests/ZIPFoundationTests/Resources/testExtractUncompressedZIP64Entries.zip
    /host/spi-builder-workspace/Tests/ZIPFoundationTests/Resources/testFileModificationDate.png
    /host/spi-builder-workspace/Tests/ZIPFoundationTests/Resources/testInvalidCompressionMethodErrorConditions.zip
    /host/spi-builder-workspace/Tests/ZIPFoundationTests/Resources/testPOSIXPermissions.png
    /host/spi-builder-workspace/Tests/ZIPFoundationTests/Resources/testPathDelimiterTraversalAttack.zip
    /host/spi-builder-workspace/Tests/ZIPFoundationTests/Resources/testProgressHelpers.zip
    /host/spi-builder-workspace/Tests/ZIPFoundationTests/Resources/testRemoveCompressedEntry.zip
    /host/spi-builder-workspace/Tests/ZIPFoundationTests/Resources/testRemoveDataDescriptorCompressedEntry.zip
    /host/spi-builder-workspace/Tests/ZIPFoundationTests/Resources/testRemoveEntryErrorConditions.zip
    /host/spi-builder-workspace/Tests/ZIPFoundationTests/Resources/testRemoveEntryFromArchiveWithZIP64EOCD.zip
    /host/spi-builder-workspace/Tests/ZIPFoundationTests/Resources/testRemoveEntryProgress.zip
    /host/spi-builder-workspace/Tests/ZIPFoundationTests/Resources/testRemoveEntryWithZIP64ExtendedInformation.zip
    /host/spi-builder-workspace/Tests/ZIPFoundationTests/Resources/testRemoveUncompressedEntry.zip
    /host/spi-builder-workspace/Tests/ZIPFoundationTests/Resources/testRemoveZIP64EntryFromArchiveWithZIP64EOCD.zip
    /host/spi-builder-workspace/Tests/ZIPFoundationTests/Resources/testSimpleTraversalAttack.zip
    /host/spi-builder-workspace/Tests/ZIPFoundationTests/Resources/testSymlinkModificationDateTransferErrorConditions.png
    /host/spi-builder-workspace/Tests/ZIPFoundationTests/Resources/testSymlinkPermissionsTransferErrorConditions.png
    /host/spi-builder-workspace/Tests/ZIPFoundationTests/Resources/testUnzipCompressedZIP64Item.zip
    /host/spi-builder-workspace/Tests/ZIPFoundationTests/Resources/testUnzipItem.zip
    /host/spi-builder-workspace/Tests/ZIPFoundationTests/Resources/testUnzipItemErrorConditions.png
    /host/spi-builder-workspace/Tests/ZIPFoundationTests/Resources/testUnzipItemErrorConditions.zip
    /host/spi-builder-workspace/Tests/ZIPFoundationTests/Resources/testUnzipItemProgress.zip
    /host/spi-builder-workspace/Tests/ZIPFoundationTests/Resources/testUnzipItemWithPreferredEncoding.zip
    /host/spi-builder-workspace/Tests/ZIPFoundationTests/Resources/testUnzipItemWithZIP64DataDescriptor.zip
    /host/spi-builder-workspace/Tests/ZIPFoundationTests/Resources/testUnzipUncompressedZIP64Item.zip
    /host/spi-builder-workspace/Tests/ZIPFoundationTests/Resources/testUnzipUncontainedSymlink.zip
    /host/spi-builder-workspace/Tests/ZIPFoundationTests/Resources/testUpdateArchiveRemoveUncompressedEntryFromMemory.zip
    /host/spi-builder-workspace/Tests/ZIPFoundationTests/Resources/testZIP64ArchiveAddEntryProgress.png
    /host/spi-builder-workspace/Tests/ZIPFoundationTests/Resources/testZIP64ArchiveAddEntryProgress.zip
    /host/spi-builder-workspace/Tests/ZIPFoundationTests/Resources/testZipCompressedZIP64Item.png
    /host/spi-builder-workspace/Tests/ZIPFoundationTests/Resources/testZipItem.png
    /host/spi-builder-workspace/Tests/ZIPFoundationTests/Resources/testZipItemProgress.png
    /host/spi-builder-workspace/Tests/ZIPFoundationTests/Resources/testZipUncompressedZIP64Item.png
warning: 'spi-builder-workspace': found 1 file(s) which are unhandled; explicitly declare them as resources or exclude from the target
    /host/spi-builder-workspace/Sources/ZIPFoundation/Resources/PrivacyInfo.xcprivacy
Building for debugging...
[Planning deferred tasks]
/host/spi-builder-workspace/Sources/ZIPFoundation/Data+Serialization.swift:22:35: warning: 'UnsafeMutablePointer<Pointee>' was declared with an unavailable 'Sendable' conformance in 'Swift'; conforming here risks data races [#]8;;https://docs.swift.org/compiler/documentation/diagnostics/unavailable-sendable-conformance\UnavailableSendableConformance]8;;\]
 20 | extension FILEPointer: @unchecked @retroactive Sendable {}
 21 | #else
 22 | extension FILEPointer: @unchecked Sendable {}
    |                                   `- warning: 'UnsafeMutablePointer<Pointee>' was declared with an unavailable 'Sendable' conformance in 'Swift'; conforming here risks data races [#]8;;https://docs.swift.org/compiler/documentation/diagnostics/unavailable-sendable-conformance\UnavailableSendableConformance]8;;\]
 23 | #endif
 24 |
Swift.UnsafeMutablePointer:2:11: note: 'UnsafeMutablePointer<Poin[28 / 36] ReadiumZIPFoundation
tee>' declares unavailable conformance to protocol 'Sendable' here
1 | @available(*, unavailable)
2 | extension UnsafeMutablePointer : Sendable where Pointee : ~Copyable {
  |           `- note: 'UnsafeMutablePointer<Pointee>' declares unavailable conformance to protocol 'Sendable' here
3 | }
[#UnavailableSendableConformance]: <https://docs.swift.org/compiler/documentation/diagnostics/unavailable-sendable-conformance>
/host/spi-builder-workspace/Sources/ZIPFoundation/Data+Serialization.swift:22:35: warning: 'UnsafeMutablePointer<Pointee>' was declared with an unavailable 'Sendable' conformance in 'Swift'; conforming here risks data races [#]8;;https://docs.swift.org/compiler/documentation/diagnostics/unavailable-sendable-conformance\UnavailableSendableConformance]8;;\]
 20 | extension FILEPointer: @unchecked @retroactive Sendable {}
 21 | #else
 22 | extension FILEPointer: @unchecked Sendable {}
    |                                   `- warning: 'UnsafeMutablePointer<Pointee>' was declared with an unavailable 'Sendable' conformance in 'Swift'; conforming here risks data races [#]8;;https://docs.swift.org/compiler/documentation/diagnostics/unavailable-sendable-conformance\UnavailableSendableConformance]8;;\]
 23 | #endif
 24 |
Swift.UnsafeMutablePointer:2:11: note: 'UnsafeMutablePointer<Pointee>' declares unavailable conformance to protocol 'Sendable' here
1 | @available(*, unavailable)
2 | extension UnsafeMutablePointer : Sendable where Pointee : ~Copyable {
  |           `- note: 'UnsafeMutablePointer<Pointee>' declares unavailable conformance to protocol 'Sendable' here
3 | }
[#UnavailableSendableConformance]: <https://docs.swift.org/compiler/documentation/diagnostics/unavailable-sendable-conformance>
error: SwiftCompile normal x86_64 /host/spi-builder-workspace/Sources/ZIPFoundation/Data+Compression.swift failed with a nonzero exit code. Command line:     cd /host
    builtin-SwiftPerFileCompile Data+Compression.swift
/host/spi-builder-workspace/Sources/ZIPFoundation/Data+Compression.swift:184:51: error: cannot pass function of type '(UnsafeMutableRawBufferPointer) async throws -> ()' to parameter expecting synchronous function type
182 |             zipCRC32 = inputChunk.crc32(checksum: zipCRC32)
183 |             stream.avail_in = UInt32(inputChunk.count)
184 |             try inputChunk.withUnsafeMutableBytes { (rawBufferPointer) in
    |                                                   `- error: cannot pass function of type '(UnsafeMutableRawBufferPointer) async throws -> ()' to parameter expecting synchronous function type
185 |                 if let baseAddress = rawBufferPointer.baseAddress {
186 |                     let pointer = baseAddress.assumingMemoryBound(to: UInt8.self)
    :
207 |
208 |                     outputChunk.count = bufferSize - Int(stream.avail_out)
209 |                     try await consumer(outputChunk)
    |                         `- note: 'async' inferred from asynchronous operation used here
210 |                 } while stream.avail_out == 0
211 |             }
/host/spi-builder-workspace/Sources/ZIPFoundation/Data+Compression.swift:229:46: error: cannot pass function of type '(UnsafeMutableRawBufferPointer) async throws -> ()' to parameter expecting synchronous function type
227 |             var chunk = try await provider(position, bufferSize)
228 |             position += Int64(chunk.count)
229 |             try chunk.withUnsafeMutableBytes { (rawBufferPointer) in
    |                                              `- error: cannot pass function of type '(UnsafeMutableRawBufferPointer) async throws -> ()' to parameter expecting synchronous function type
230 |                 if let baseAddress = rawBufferPointer.baseAddress, rawBufferPointer.count > 0 {
231 |                     let pointer = baseAddress.assumingMemoryBound(to: UInt8.self)
    :
250 |                         let remainingLength = UInt32(bufferSize) - stream.avail_out
251 |                         outputData.count = Int(remainingLength)
252 |                         try await consumer(outputData)
    |                             `- note: 'async' inferred from asynchronous operation used here
253 |                         if !skipCRC32 { unzipCRC32 = outputData.crc32(checksum: unzipCRC32) }
254 |                     } while stream.avail_out == 0
Failed frontend command:
/usr/bin/swift-frontend -frontend -c /host/spi-builder-workspace/Sources/ZIPFoundation/Archive+BackingConfiguration.swift /host/spi-builder-workspace/Sources/ZIPFoundation/Archive+Helpers.swift /host/spi-builder-workspace/Sources/ZIPFoundation/Archive+Progress.swift /host/spi-builder-workspace/Sources/ZIPFoundation/Archive+Reading.swift /host/spi-builder-workspace/Sources/ZIPFoundation/Archive+Writing.swift /host/spi-builder-workspace/Sources/ZIPFoundation/Archive+ZIP64.swift -primary-file /host/spi-builder-workspace/Sources/ZIPFoundation/Archive.swift -primary-file /host/spi-builder-workspace/Sources/ZIPFoundation/Data+Compression.swift /host/spi-builder-workspace/Sources/ZIPFoundation/Data+Serialization.swift /host/spi-builder-workspace/Sources/ZIPFoundation/DataSource.swift /host/spi-builder-workspace/Sources/ZIPFoundation/Date+ZIP.swift /host/spi-builder-workspace/Sources/ZIPFoundation/Entry+Serialization.swift /host/spi-builder-workspace/Sources/ZIPFoundation/Entry+ZIP64.swift /host/spi-builder-workspace/Sources/ZIPFoundation/Entry.swift /host/spi-builder-workspace/Sources/ZIPFoundation/FileDataSource.swift /host/spi-builder-workspace/Sources/ZIPFoundation/FileManager+ZIP.swift /host/spi-builder-workspace/Sources/ZIPFoundation/SharedMutableValue.swift /host/spi-builder-workspace/Sources/ZIPFoundation/URL+ZIP.swift -emit-dependencies-path /host/spi-builder-workspace/.build/out/Intermediates.noindex/ReadiumZIPFoundation.build/Debug-linux-x86_64/ReadiumZIPFoundation-t.build/Objects-normal/x86_64/Archive.d -emit-const-values-path /host/spi-builder-workspace/.build/out/Intermediates.noindex/ReadiumZIPFoundation.build/Debug-linux-x86_64/ReadiumZIPFoundation-t.build/Objects-normal/x86_64/Archive.swiftconstvalues -emit-reference-dependencies-path /host/spi-builder-workspace/.build/out/Intermediates.noindex/ReadiumZIPFoundation.build/Debug-linux-x86_64/ReadiumZIPFoundation-t.build/Objects-normal/x86_64/Archive.swiftdeps -serialize-diagnostics-path /host/spi-builder-workspace/.build/out/Intermediates.noindex/ReadiumZIPFoundation.build/Debug-linux-x86_64/ReadiumZIPFoundation-t.build/Objects-normal/x86_64/Archive.dia -emit-dependencies-path /host/spi-builder-workspace/.build/out/Intermediates.noindex/ReadiumZIPFoundation.build/Debug-linux-x86_64/ReadiumZIPFoundation-t.build/Objects-normal/x86_64/Data+Compression.d -emit-const-values-path /host/spi-builder-workspace/.build/out/Intermediates.noindex/ReadiumZIPFoundation.build/Debug-linux-x86_64/ReadiumZIPFoundation-t.build/Objects-normal/x86_64/Data+Compression.swiftconstvalues -emit-reference-dependencies-path /host/spi-builder-workspace/.build/out/Intermediates.noindex/ReadiumZIPFoundation.build/Debug-linux-x86_64/ReadiumZIPFoundation-t.build/Objects-normal/x86_64/Data+Compression.swiftdeps -serialize-diagnostics-path /host/spi-builder-workspace/.build/out/Intermediates.noindex/ReadiumZIPFoundation.build/Debug-linux-x86_64/ReadiumZIPFoundation-t.build/Objects-normal/x86_64/Data+Compression.dia -target x86_64-unknown-linux-gnu -disable-objc-interop -I /host/spi-builder-workspace/.build/out/Products/Debug-linux-x86_64 -module-cache-path /host/spi-builder-workspace/.build/out/ModuleCache.noindex -color-diagnostics -Xcc -fcolor-diagnostics -enable-testing -g -debug-info-format\=dwarf -dwarf-version\=4 -swift-version 5 -Onone -D SWIFT_PACKAGE -D DEBUG -D SWIFT_MODULE_RESOURCE_BUNDLE_UNAVAILABLE -D Xcode -serialize-debugging-options -enable-experimental-feature DebugDescriptionMacro -empty-abi-descriptor -external-plugin-path /usr/lib/swift/host/plugins/testing\#/usr/bin/swift-plugin-server -validate-clang-modules-once -clang-build-session-file /host/spi-builder-workspace/.build/out/ModuleCache.noindex/Session.modulevalidation -Xcc -working-directory -Xcc /host -enable-anonymous-context-mangled-names -file-compilation-dir /host -Xcc -fmodule-map-file\=/host/spi-builder-workspace/Sources/CZLib/module.modulemap -Xcc -fno-omit-frame-pointer -Xcc -D_LIBCPP_HARDENING_MODE\=_LIBCPP_HARDENING_MODE_DEBUG -Xcc -fmodules-prune-interval\=86400 -Xcc -fmodules-prune-after\=345600 -Xcc -I/host/spi-builder-workspace/.build/out/Products/Debug-linux-x86_64/include -Xcc -I/host/spi-builder-workspace/.build/out/Intermediates.noindex/ReadiumZIPFoundation.build/Debug-linux-x86_64/ReadiumZIPFoundation-t.build/DerivedSources-normal/x86_64 -Xcc -I/host/spi-builder-workspace/.build/out/Intermediates.noindex/ReadiumZIPFoundation.build/Debug-linux-x86_64/ReadiumZIPFoundation-t.build/DerivedSources/x86_64 -Xcc -I/host/spi-builder-workspace/.build/out/Intermediates.noindex/ReadiumZIPFoundation.build/Debug-linux-x86_64/ReadiumZIPFoundation-t.build/DerivedSources -Xcc -DSWIFT_PACKAGE -Xcc -DDEBUG\=1 -Xcc -D_GNU_SOURCE\=1 -no-auto-bridging-header-chaining -module-name ReadiumZIPFoundation -package-name spi_builder_workspace -const-gather-protocols-file /host/spi-builder-workspace/.build/out/Intermediates.noindex/ReadiumZIPFoundation.build/Debug-linux-x86_64/ReadiumZIPFoundation-t.build/Objects-normal/x86_64/ReadiumZIPFoundation_const_extract_protocols.json -in-process-plugin-server-path /usr/lib/swift/host/libSwiftInProcPluginServer.so -plugin-path /usr/lib/swift/host/plugins -plugin-path /usr/local/lib/swift/host/plugins -parse-as-library -o /host/spi-builder-workspace/.build/out/Intermediates.noindex/ReadiumZIPFoundation.build/Debug-linux-x86_64/ReadiumZIPFoundation-t.build/Objects-normal/x86_64/Archive.o -o /host/spi-builder-workspace/.build/out/Intermediates.noindex/ReadiumZIPFoundation.build/Debug-linux-x86_64/ReadiumZIPFoundation-t.build/Objects-normal/x86_64/Data+Compression.o -index-unit-output-path /ReadiumZIPFoundation.build/Debug-linux-x86_64/ReadiumZIPFoundation-t.build/Objects-normal/x86_64/Archive.o -index-unit-output-path /ReadiumZIPFoundation.build/Debug-linux-x86_64/ReadiumZIPFoundation-t.build/Objects-normal/x86_64/Data+Compression.o -index-store-path /host/spi-builder-workspace/.build/out -index-system-modules
error: Build failed
BUILD FAILURE 6.4 linux