The Swift Package Index logo.Swift Package Index

Build Information

Failed to build csv-dialect-swift, reference main (89c6c1), with Swift 6.4 for Android on 20 Sep 2026 10:49:25 UTC.

Build Command

bash -c docker run --pull=always --rm -v "checkouts-54344843-1":/host -w "$PWD" -e JAVA_HOME="/root/.sdkman/candidates/java/current" -e SPI_BUILD="1" -e SPI_PROCESSING="1" registry.gitlab.com/saguaro1/spi-images:android-6.4-latest swift build --swift-sdk aarch64-unknown-linux-android28 2>&1

Build Log

========================================
RunAll
========================================
Builder version: 5.1.0
Interrupt handler set up.
========================================
Checkout
========================================
Clone URL: https://github.com/chrispomeroyhale/csv-dialect-swift.git
Reference: main
Initialized empty Git repository in /host/spi-builder-workspace/.git/
hint: Using 'master' as the name for the initial branch. This default branch name
hint: is subject to change. To configure the initial branch name to use in all
hint: of your new repositories, which will suppress this warning, call:
hint:
hint: 	git config --global init.defaultBranch <name>
hint:
hint: Names commonly chosen instead of 'master' are 'main', 'trunk' and
hint: 'development'. The just-created branch can be renamed via this command:
hint:
hint: 	git branch -m <name>
From https://github.com/chrispomeroyhale/csv-dialect-swift
 * branch            main       -> FETCH_HEAD
 * [new branch]      main       -> origin/main
HEAD is now at 89c6c11 GH-7: Optionally specify import data encoding.
Cloned https://github.com/chrispomeroyhale/csv-dialect-swift.git
Revision (git rev-parse @):
89c6c1195da0aa86f201b4dc3bf5011cd7dd6adc
SUCCESS checkout https://github.com/chrispomeroyhale/csv-dialect-swift.git at main
========================================
Build
========================================
Selected platform:         android
Swift version:             6.4
Building package at path:  $PWD
https://github.com/chrispomeroyhale/csv-dialect-swift.git
Running build ...
bash -c docker run --pull=always --rm -v "checkouts-54344843-1":/host -w "$PWD" -e JAVA_HOME="/root/.sdkman/candidates/java/current" -e SPI_BUILD="1" -e SPI_PROCESSING="1" registry.gitlab.com/saguaro1/spi-images:android-6.4-latest swift build --swift-sdk aarch64-unknown-linux-android28 2>&1
android-6.4-latest: Pulling from saguaro1/spi-images
Digest: sha256:abadcff584c273feba50641b454858d377ba30b35ea7287a94f45ebd8afd0ea0
Status: Image is up to date for registry.gitlab.com/saguaro1/spi-images:android-6.4-latest
Building for debugging...
[Planning deferred tasks]
[28 / 36] DialectalCSV
[33 / 36] DialectalCSV
error: SwiftCompile normal aarch64 /host/spi-builder-workspace/Sources/ImportParser.swift failed with a nonzero exit code. Command line:     cd /host
    builtin-SwiftPerFileCompile ImportParser.swift
/host/spi-builder-workspace/Sources/ImportParser.swift:66:70: error: cannot convert value of type 'NSString?' to expected argument type 'String?'
 64 |         while true {
 65 |             var fieldPartition: NSString?
 66 |             if !scanner.scanUpToCharacters(from: characterSet, into: &fieldPartition), scanner.isAtEnd {
    |                                                                      |- error: cannot convert value of type 'NSString?' to expected argument type 'String?'
    |                                                                      `- note: arguments to generic parameter 'Wrapped' ('NSString' and 'String') are expected to be equal
 67 |                 break
 68 |             }
/host/spi-builder-workspace/Sources/ImportParser.swift:79:68: error: cannot convert value of type 'NSString?' to expected argument type 'String?'
 77 |
 78 |             var characters: NSString?
 79 |             guard scanner.scanCharacters(from: characterSet, into: &characters), let specials = characters as String? else {
    |                                                                    |- error: cannot convert value of type 'NSString?' to expected argument type 'String?'
    |                                                                    `- note: arguments to generic parameter 'Wrapped' ('NSString' and 'String') are expected to be equal
 80 |                 break
 81 |             }
Failed frontend command:
/root/.local/share/swiftly/toolchains/6.4.x-snapshot-2026-09-04/usr/bin/swift-frontend -frontend -c /host/spi-builder-workspace/Sources/Aliases.swift /host/spi-builder-workspace/Sources/Dialect.swift /host/spi-builder-workspace/Sources/Document.swift /host/spi-builder-workspace/Sources/ExportParser.swift -primary-file /host/spi-builder-workspace/Sources/ImportParser.swift /host/spi-builder-workspace/Sources/InputHandler.swift /host/spi-builder-workspace/Sources/InputIterator.swift /host/spi-builder-workspace/Sources/OutputHandler.swift -emit-dependencies-path /host/spi-builder-workspace/.build/out/Intermediates.noindex/csv-dialect-swift.build/Debug-android-aarch64/DialectalCSV-t.build/Objects-normal/aarch64/ImportParser.d -emit-const-values-path /host/spi-builder-workspace/.build/out/Intermediates.noindex/csv-dialect-swift.build/Debug-android-aarch64/DialectalCSV-t.build/Objects-normal/aarch64/ImportParser.swiftconstvalues -emit-reference-dependencies-path /host/spi-builder-workspace/.build/out/Intermediates.noindex/csv-dialect-swift.build/Debug-android-aarch64/DialectalCSV-t.build/Objects-normal/aarch64/ImportParser.swiftdeps -serialize-diagnostics-path /host/spi-builder-workspace/.build/out/Intermediates.noindex/csv-dialect-swift.build/Debug-android-aarch64/DialectalCSV-t.build/Objects-normal/aarch64/ImportParser.dia -target aarch64-unknown-linux-android28 -Xllvm -aarch64-use-tbi -disable-objc-interop -sdk /android-ndk/android-ndk-r27d/toolchains/llvm/prebuilt/linux-x86_64/sysroot -sysroot /android-ndk/android-ndk-r27d/toolchains/llvm/prebuilt/linux-x86_64/sysroot -I /host/spi-builder-workspace/.build/out/Products/Debug-android-aarch64 -module-cache-path /host/spi-builder-workspace/.build/out/ModuleCache.noindex -color-diagnostics -Xcc -fcolor-diagnostics -enable-testing -g -debug-info-format\=dwarf -dwarf-version\=4 -swift-version 4.2 -Onone -D SWIFT_PACKAGE -D DEBUG -D SWIFT_MODULE_RESOURCE_BUNDLE_UNAVAILABLE -D Xcode -serialize-debugging-options -enable-experimental-feature DebugDescriptionMacro -empty-abi-descriptor -external-plugin-path /root/.local/share/swiftly/toolchains/6.4.x-snapshot-2026-09-04/usr/lib/swift/host/plugins/testing\#/root/.local/share/swiftly/toolchains/6.4.x-snapshot-2026-09-04/usr/bin/swift-plugin-server -validate-clang-modules-once -clang-build-session-file /host/spi-builder-workspace/.build/out/ModuleCache.noindex/Session.modulevalidation -Xcc -working-directory -Xcc /host -resource-dir /root/.swiftpm/swift-sdks/swift-6.4.x-DEVELOPMENT-SNAPSHOT-2026-09-04-a_android.artifactbundle/swift-android/swift-resources/usr/lib/swift-aarch64 -enable-anonymous-context-mangled-names -file-compilation-dir /host -Xcc -resource-dir -Xcc /android-ndk/android-ndk-r27d/toolchains/llvm/prebuilt/linux-x86_64/lib/clang/18 -Xcc -fno-omit-frame-pointer -Xcc -D_LIBCPP_HARDENING_MODE\=_LIBCPP_HARDENING_MODE_DEBUG -Xcc -fmodules-prune-interval\=86400 -Xcc -fmodules-prune-after\=345600 -Xcc -I/host/spi-builder-workspace/.build/out/Products/Debug-android-aarch64/include -Xcc -I/host/spi-builder-workspace/.build/out/Intermediates.noindex/csv-dialect-swift.build/Debug-android-aarch64/DialectalCSV-t.build/DerivedSources-normal/aarch64 -Xcc -I/host/spi-builder-workspace/.build/out/Intermediates.noindex/csv-dialect-swift.build/Debug-android-aarch64/DialectalCSV-t.build/DerivedSources/aarch64 -Xcc -I/host/spi-builder-workspace/.build/out/Intermediates.noindex/csv-dialect-swift.build/Debug-android-aarch64/DialectalCSV-t.build/DerivedSources -Xcc -DSWIFT_PACKAGE -Xcc -DDEBUG\=1 -no-auto-bridging-header-chaining -module-name DialectalCSV -const-gather-protocols-file /host/spi-builder-workspace/.build/out/Intermediates.noindex/csv-dialect-swift.build/Debug-android-aarch64/DialectalCSV-t.build/Objects-normal/aarch64/DialectalCSV_const_extract_protocols.json -in-process-plugin-server-path /root/.local/share/swiftly/toolchains/6.4.x-snapshot-2026-09-04/usr/lib/swift/host/libSwiftInProcPluginServer.so -plugin-path /root/.local/share/swiftly/toolchains/6.4.x-snapshot-2026-09-04/usr/lib/swift/host/plugins -plugin-path /root/.local/share/swiftly/toolchains/6.4.x-snapshot-2026-09-04/usr/local/lib/swift/host/plugins -parse-as-library -o /host/spi-builder-workspace/.build/out/Intermediates.noindex/csv-dialect-swift.build/Debug-android-aarch64/DialectalCSV-t.build/Objects-normal/aarch64/ImportParser.o -index-unit-output-path /csv-dialect-swift.build/Debug-android-aarch64/DialectalCSV-t.build/Objects-normal/aarch64/ImportParser.o -index-store-path /host/spi-builder-workspace/.build/out -index-system-modules
error: Build failed
BUILD FAILURE 6.4 android