The Swift Package Index logo.Swift Package Index

Build Information

Failed to build pocketbase, reference 0.2.0 (3e881b), with Swift 6.4 for Wasm on 28 Sep 2026 12:38:10 UTC.

Build Command

bash -c docker run --pull=always --rm -v "checkouts-54344844-0":/host -w "$PWD" -e JAVA_HOME="/root/.sdkman/candidates/java/current" -e SPI_BUILD="1" -e SPI_PROCESSING="1" registry.gitlab.com/saguaro1/spi-images:wasm-6.4-latest swift build --swift-sdk swift-6.4.x-DEVELOPMENT-SNAPSHOT-2026-09-04-a_wasm 2>&1

Build Log

========================================
RunAll
========================================
Builder version: 5.1.0
Interrupt handler set up.
========================================
Checkout
========================================
Clone URL: https://github.com/pastelcode/pocketbase.git
Reference: 0.2.0
Initialized empty Git repository in /host/spi-builder-workspace/.git/
hint: Using 'master' as the name for the initial branch. This default branch name
hint: is subject to change. To configure the initial branch name to use in all
hint: of your new repositories, which will suppress this warning, call:
hint:
hint: 	git config --global init.defaultBranch <name>
hint:
hint: Names commonly chosen instead of 'master' are 'main', 'trunk' and
hint: 'development'. The just-created branch can be renamed via this command:
hint:
hint: 	git branch -m <name>
From https://github.com/pastelcode/pocketbase
 * tag               0.2.0      -> FETCH_HEAD
HEAD is now at 3e881b5 chore: refresh the changelog and remove legacy aliases (#31)
Cloned https://github.com/pastelcode/pocketbase.git
Revision (git rev-parse @):
3e881b5babba8a87711f5da9fc8ade919b8c58a7
SPI manifest file found: $PWD/.spi.yml
SUCCESS checkout https://github.com/pastelcode/pocketbase.git at 0.2.0
========================================
Build
========================================
Selected platform:         wasm
Swift version:             6.4
Building package at path:  $PWD
https://github.com/pastelcode/pocketbase.git
Running build ...
bash -c docker run --pull=always --rm -v "checkouts-54344844-0":/host -w "$PWD" -e JAVA_HOME="/root/.sdkman/candidates/java/current" -e SPI_BUILD="1" -e SPI_PROCESSING="1" registry.gitlab.com/saguaro1/spi-images:wasm-6.4-latest swift build --swift-sdk swift-6.4.x-DEVELOPMENT-SNAPSHOT-2026-09-04-a_wasm 2>&1
wasm-6.4-latest: Pulling from saguaro1/spi-images
Digest: sha256:4328fdb43c680d205c1d6761b1e3267aa38277eefdda9ddfb17b6a0f1a77857a
Status: Image is up to date for registry.gitlab.com/saguaro1/spi-images:wasm-6.4-latest
Building for debugging...
[Planning deferred tasks]
error: SwiftCompile normal wasm32 failed with a nonzero exit code. Command line:     cd /host

/host/spi-builder-workspace/Sources/pocketbase/Client.swift:88:37: error: 'HTTPURLResponse' is unavailable: This type has moved to the FoundationNetworking module. Import that module to use it.
 86 |     /// continues through the pipeline. Called before error statuses are
 87 |     /// converted into ``ClientResponseError``.
 88 |     open var afterSend: (@Sendable (HTTPURLResponse, Data, SendOptions) async throws -> Data)?
    |                                     `- error: 'HTTPURLResponse' is unavailable: This type has moved to the FoundationNetworking module. Import that module to use it.
 89 |
 90 |     private let lock = NSRecursiveLock()
Foundation.HTTPURLResponse:2:18: note: 'HTTPURLResponse' has been explicitly marked unavailable here
1 | @available(*, unavailable, message: "This type has moved to the FoundationNetworking module. Import that module to use it.")
2 | public typealias HTTPURLResponse = AnyObject
  |                  `- note: 'HTTPURLResponse' has been explicitly marked unavailable here
/host/spi-builder-workspace/Sources/pocketbase/Tools/Options.swift:19:43: error: cannot find type 'URLRequest' in scope
 17 | ///   cancellation-aware APIs such as `URLSession`, which the default transport
 18 | ///   relies on.
 19 | public typealias CustomFetch = @Sendable (URLRequest) async throws -> (Data, URLResponse)
    |                                           `- error: cannot find type 'URLRequest' in scope
 20 |
 21 | /// A file payload for multipart form submissions.
/host/spi-builder-workspace/Sources/pocketbase/Tools/SSETransport.swift:30:61: error: cannot find type 'URLSessionDataDelegate' in scope
 28 | /// A dedicated session with a delegate is required: `URLSession.shared` has no
 29 | /// delegate, so any bytes sent to it (such as an SSE stream) are discarded.
 30 | final class URLSessionSSETransport: NSObject, SSETransport, URLSessionDataDelegate, @unchecked Sendable {
    |                                                             `- error: cannot find type 'URLSessionDataDelegate' in scope
 31 |     /// Called for every frame parsed from the stream.
 32 |     var onEvent: (@Sendable (SSEEvent) -> Void)?
/host/spi-builder-workspace/Sources/pocketbase/Tools/SSETransport.swift:37:32: error: 'URLSessionConfiguration' is unavailable: This type has moved to the FoundationNetworking module. Import that module to use it.
 35 |
 36 |     private let lock = NSRecursiveLock()
 37 |     private let configuration: URLSessionConfiguration
    |                                `- error: 'URLSessionConfiguration' is unavailable: This type has moved to the FoundationNetworking module. Import that module to use it.
 38 |     private var session: URLSession?
 39 |     private var parser = SSEParser()
Foundation.URLSessionConfiguration:2:18: note: 'URLSessionConfiguration' has been explicitly marked unavailable here
1 | @available(*, unavailable, message: "This type has moved to the FoundationNetworking module. Import that module to use it.")
2 | public typealias URLSessionConfiguration = AnyObject
  |                  `- note: 'URLSessionConfiguration' has been explicitly marked unavailable here
/host/spi-builder-workspace/Sources/pocketbase/Tools/SSETransport.swift:38:26: error: 'URLSession' is unavailable: This type has moved to the FoundationNetworking module. Import that module to use it.
 36 |     private let lock = NSRecursiveLock()
 37 |     private let configuration: URLSessionConfiguration
 38 |     private var session: URLSession?
    |                          `- error: 'URLSession' is unavailable: This type has moved to the FoundationNetworking module. Import that module to use it.
 39 |     private var parser = SSEParser()
 40 |     private var task: URLSessionDataTask?
Foundation.URLSession:2:18: note: 'URLSession' has been explicitly marked unavailable here
1 | @available(*, unavailable, message: "This type has moved to the FoundationNetworking module. Import that module to use it.")
2 | public typealias URLSession = AnyObject
  |                  `- note: 'URLSession' has been explicitly marked unavailable here
/host/spi-builder-workspace/Sources/pocketbase/Tools/SSETransport.swift:40:23: error: 'URLSessionDataTask' is unavailable: This type has moved to the FoundationNetworking module. Import that module to use it.
 38 |     private var session: URLSession?
 39 |     private var parser = SSEParser()
 40 |     private var task: URLSessionDataTask?
    |                       `- error: 'URLSessionDataTask' is unavailable: This type has moved to the FoundationNetworking module. Import that module to use it.
 41 |     private var isCancelled = false
 42 |     private var didReportDisconnect = false
Foundation.URLSessionDataTask:2:18: note: 'URLSessionDataTask' has been explicitly marked unavailable here
1 | @available(*, unavailable, message: "This type has moved to the FoundationNetworking module. Import that module to use it.")
2 | public typealias URLSessionDataTask = AnyObject
  |                  `- note: 'URLSessionDataTask' has been explicitly marked unavailable here
/host/spi-builder-workspace/Sources/pocketbase/Tools/SSETransport.swift:135:50: error: 'ResponseDisposition' is not a member type of type 'Foundation.URLSession' (aka 'AnyObject')
133 |         dataTask: URLSessionDataTask,
134 |         didReceive response: URLResponse,
135 |         completionHandler: @escaping (URLSession.ResponseDisposition) -> Void
    |                                                  `- error: 'ResponseDisposition' is not a member type of type 'Foundation.URLSession' (aka 'AnyObject')
136 |     ) {
137 |         guard let http = response as? HTTPURLResponse else {
/host/spi-builder-workspace/Sources/pocketbase/Tools/SSETransport.swift:132:20: error: 'URLSession' is unavailable: This type has moved to the FoundationNetworking module. Import that module to use it.
130 |     /// - Parameter completionHandler: Receives the disposition for the response.
131 |     func urlSession(
132 |         _ session: URLSession,
    |                    `- error: 'URLSession' is unavailable: This type has moved to the FoundationNetworking module. Import that module to use it.
133 |         dataTask: URLSessionDataTask,
134 |         didReceive response: URLResponse,
Foundation.URLSession:2:18: note: 'URLSession' has been explicitly marked unavailable here
1 | @available(*, unavailable, message: "This type has moved to the FoundationNetworking module. Import that module to use it.")
2 | public typealias URLSession = AnyObject
  |                  `- note: 'URLSession' has been explicitly marked unavailable here
/host/spi-builder-workspace/Sources/pocketbase/Tools/SSETransport.swift:133:19: error: 'URLSessionDataTask' is unavailable: This type has moved to the FoundationNetworking module. Import that module to use it.
131 |     func urlSession(
132 |         _ session: URLSession,
133 |         dataTask: URLSessionDataTask,
    |                   `- error: 'URLSessionDataTask' is unavailable: This type has moved to the FoundationNetworking module. Import that module to use it.
134 |         didReceive response: URLResponse,
135 |         completionHandler: @escaping (URLSession.ResponseDisposition) -> Void
Foundation.URLSessionDataTask:2:18: note: 'URLSessionDataTask' has been explicitly marked unavailable here
1 | @available(*, unavailable, message: "This type has moved to the FoundationNetworking module. Import that module to use it.")
2 | public typealias URLSessionDataTask = AnyObject
  |                  `- note: 'URLSessionDataTask' has been explicitly marked unavailable here
/host/spi-builder-workspace/Sources/pocketbase/Tools/SSETransport.swift:134:30: error: 'URLResponse' is unavailable: This type has moved to the FoundationNetworking module. Import that module to use it.
132 |         _ session: URLSession,
133 |         dataTask: URLSessionDataTask,
134 |         didReceive response: URLResponse,
    |                              `- error: 'URLResponse' is unavailable: This type has moved to the FoundationNetworking module. Import that module to use it.
135 |         completionHandler: @escaping (URLSession.ResponseDisposition) -> Void
136 |     ) {
Foundation.URLResponse:2:18: note: 'URLResponse' has been explicitly marked unavailable here
1 | @available(*, unavailable, message: "This type has moved to the FoundationNetworking module. Import that module to use it.")
2 | public typealias URLResponse = AnyObject
  |                  `- note: 'URLResponse' has been explicitly marked unavailable here
/host/spi-builder-workspace/Sources/pocketbase/Tools/SSETransport.swift:162:20: error: 'URLSession' is unavailable: This type has moved to the FoundationNetworking module. Import that module to use it.
160 |     /// - Parameter data: The newly received bytes.
161 |     func urlSession(
162 |         _ session: URLSession,
    |                    `- error: 'URLSession' is unavailable: This type has moved to the FoundationNetworking module. Import that module to use it.
163 |         dataTask: URLSessionDataTask,
164 |         didReceive data: Data
Foundation.URLSession:2:18: note: 'URLSession' has been explicitly marked unavailable here
1 | @available(*, unavailable, message: "This type has moved to the FoundationNetworking module. Import that module to use it.")
2 | public typealias URLSession = AnyObject
  |                  `- note: 'URLSession' has been explicitly marked unavailable here
/host/spi-builder-workspace/Sources/pocketbase/Tools/SSETransport.swift:163:19: error: 'URLSessionDataTask' is unavailable: This type has moved to the FoundationNetworking module. Import that module to use it.
161 |     func urlSession(
162 |         _ session: URLSession,
163 |         dataTask: URLSessionDataTask,
    |                   `- error: 'URLSessionDataTask' is unavailable: This type has moved to the FoundationNetworking module. Import that module to use it.
164 |         didReceive data: Data
165 |     ) {
Foundation.URLSessionDataTask:2:18: note: 'URLSessionDataTask' has been explicitly marked unavailable here
1 | @available(*, unavailable, message: "This type has moved to the FoundationNetworking module. Import that module to use it.")
2 | public typealias URLSessionDataTask = AnyObject
  |                  `- note: 'URLSessionDataTask' has been explicitly marked unavailable here
/host/spi-builder-workspace/Sources/pocketbase/Tools/SSETransport.swift:182:20: error: 'URLSession' is unavailable: This type has moved to the FoundationNetworking module. Import that module to use it.
180 |     /// - Parameter error: The failure, or `nil` for a clean end of stream.
181 |     func urlSession(
182 |         _ session: URLSession,
    |                    `- error: 'URLSession' is unavailable: This type has moved to the FoundationNetworking module. Import that module to use it.
183 |         task: URLSessionTask,
184 |         didCompleteWithError error: Error?
Foundation.URLSession:2:18: note: 'URLSession' has been explicitly marked unavailable here
1 | @available(*, unavailable, message: "This type has moved to the FoundationNetworking module. Import that module to use it.")
2 | public typealias URLSession = AnyObject
  |                  `- note: 'URLSession' has been explicitly marked unavailable here
/host/spi-builder-workspace/Sources/pocketbase/Tools/SSETransport.swift:183:15: error: 'URLSessionTask' is unavailable: This type has moved to the FoundationNetworking module. Import that module to use it.
181 |     func urlSession(
182 |         _ session: URLSession,
183 |         task: URLSessionTask,
    |               `- error: 'URLSessionTask' is unavailable: This type has moved to the FoundationNetworking module. Import that module to use it.
184 |         didCompleteWithError error: Error?
185 |     ) {
Foundation.URLSessionTask:2:18: note: 'URLSessionTask' has been explicitly marked unavailable here
1 | @available(*, unavailable, message: "This type has moved to the FoundationNetworking module. Import that module to use it.")
2 | public typealias URLSessionTask = AnyObject
  |                  `- note: 'URLSessionTask' has been explicitly marked unavailable here
Failed frontend command:
/usr/bin/swift-frontend -frontend -emit-module -experimental-skip-non-inlinable-function-bodies-without-types /host/spi-builder-workspace/Sources/pocketbase/Client.swift /host/spi-builder-workspace/Sources/pocketbase/ClientResponseError.swift /host/spi-builder-workspace/Sources/pocketbase/Services/BackupService.swift /host/spi-builder-workspace/Sources/pocketbase/Services/BaseService.swift /host/spi-builder-workspace/Sources/pocketbase/Services/BatchService.swift /host/spi-builder-workspace/Sources/pocketbase/Services/CollectionService.swift /host/spi-builder-workspace/Sources/pocketbase/Services/CronService.swift /host/spi-builder-workspace/Sources/pocketbase/Services/CrudService.swift /host/spi-builder-workspace/Sources/pocketbase/Services/FileService.swift /host/spi-builder-workspace/Sources/pocketbase/Services/HealthService.swift /host/spi-builder-workspace/Sources/pocketbase/Services/LogService.swift /host/spi-builder-workspace/Sources/pocketbase/Services/RealtimeService.swift /host/spi-builder-workspace/Sources/pocketbase/Services/RecordService.swift /host/spi-builder-workspace/Sources/pocketbase/Services/SQLService.swift /host/spi-builder-workspace/Sources/pocketbase/Services/SettingsService.swift /host/spi-builder-workspace/Sources/pocketbase/Stores/AsyncAuthStore.swift /host/spi-builder-workspace/Sources/pocketbase/Stores/BaseAuthStore.swift /host/spi-builder-workspace/Sources/pocketbase/Stores/LocalAuthStore.swift /host/spi-builder-workspace/Sources/pocketbase/Tools/AnyCodable.swift /host/spi-builder-workspace/Sources/pocketbase/Tools/AutoRefresh.swift /host/spi-builder-workspace/Sources/pocketbase/Tools/CancellationHandle.swift /host/spi-builder-workspace/Sources/pocketbase/Tools/CookieUtils.swift /host/spi-builder-workspace/Sources/pocketbase/Tools/DTOs.swift /host/spi-builder-workspace/Sources/pocketbase/Tools/FormDataUtils.swift /host/spi-builder-workspace/Sources/pocketbase/Tools/JSONUtils.swift /host/spi-builder-workspace/Sources/pocketbase/Tools/JWTUtils.swift /host/spi-builder-workspace/Sources/pocketbase/Tools/Options.swift /host/spi-builder-workspace/Sources/pocketbase/Tools/SSEParser.swift /host/spi-builder-workspace/Sources/pocketbase/Tools/SSETransport.swift /host/spi-builder-workspace/Sources/pocketbase/pocketbase.swift -target wasm32-unknown-wasip1 -disable-objc-interop -sdk /root/.swiftpm/swift-sdks/swift-6.4.x-DEVELOPMENT-SNAPSHOT-2026-09-04-a_wasm.artifactbundle/swift-6.4.x-DEVELOPMENT-SNAPSHOT-2026-09-04-a_wasm/wasm32-unknown-wasip1/WASI.sdk -sysroot /root/.swiftpm/swift-sdks/swift-6.4.x-DEVELOPMENT-SNAPSHOT-2026-09-04-a_wasm.artifactbundle/swift-6.4.x-DEVELOPMENT-SNAPSHOT-2026-09-04-a_wasm/wasm32-unknown-wasip1/WASI.sdk -I /host/spi-builder-workspace/.build/out/Products/Debug-webassembly-wasm32 -module-cache-path /host/spi-builder-workspace/.build/out/ModuleCache.noindex -color-diagnostics -Xcc -fcolor-diagnostics -enable-testing -g -debug-info-format\=dwarf -dwarf-version\=4 -swift-version 6 -Onone -D SWIFT_PACKAGE -D DEBUG -D SWIFT_MODULE_RESOURCE_BUNDLE_UNAVAILABLE -D Xcode -serialize-debugging-options -enable-experimental-feature DebugDescriptionMacro -empty-abi-descriptor -external-plugin-path /usr/lib/swift/host/plugins/testing\#/usr/bin/swift-plugin-server -validate-clang-modules-once -clang-build-session-file /host/spi-builder-workspace/.build/out/ModuleCache.noindex/Session.modulevalidation -Xcc -working-directory -Xcc /host -resource-dir /root/.swiftpm/swift-sdks/swift-6.4.x-DEVELOPMENT-SNAPSHOT-2026-09-04-a_wasm.artifactbundle/swift-6.4.x-DEVELOPMENT-SNAPSHOT-2026-09-04-a_wasm/wasm32-unknown-wasip1/swift.xctoolchain/usr/lib/swift_static -use-static-resource-dir -enable-anonymous-context-mangled-names -file-compilation-dir /host -Xcc -resource-dir -Xcc /root/.swiftpm/swift-sdks/swift-6.4.x-DEVELOPMENT-SNAPSHOT-2026-09-04-a_wasm.artifactbundle/swift-6.4.x-DEVELOPMENT-SNAPSHOT-2026-09-04-a_wasm/wasm32-unknown-wasip1/swift.xctoolchain/usr/lib/swift_static/clang -Xcc -D_LIBCPP_HARDENING_MODE\=_LIBCPP_HARDENING_MODE_DEBUG -Xcc -fmodules-prune-interval\=86400 -Xcc -fmodules-prune-after\=345600 -Xcc -I/host/spi-builder-workspace/.build/out/Products/Debug-webassembly-wasm32/include -Xcc -I/host/spi-builder-workspace/.build/out/Intermediates.noindex/pocketbase.build/Debug-webassembly-wasm32/pocketbase-t.build/DerivedSources-normal/wasm32 -Xcc -I/host/spi-builder-workspace/.build/out/Intermediates.noindex/pocketbase.build/Debug-webassembly-wasm32/pocketbase-t.build/DerivedSources/wasm32 -Xcc -I/host/spi-builder-workspace/.build/out/Intermediates.noindex/pocketbase.build/Debug-webassembly-wasm32/pocketbase-t.build/DerivedSources -Xcc -DSWIFT_PACKAGE -Xcc -DDEBUG\=1 -no-auto-bridging-header-chaining -module-name pocketbase -package-name spi_builder_workspace -const-gather-protocols-file /host/spi-builder-workspace/.build/out/Intermediates.noindex/pocketbase.build/Debug-webassembly-wasm32/pocketbase-t.build/Objects-normal/wasm32/pocketbase_const_extract_protocols.json -in-process-plugin-server-path /usr/lib/swift/host/libSwiftInProcPluginServer.so -plugin-path /usr/lib/swift/host/plugins -plugin-path /usr/local/lib/swift/host/plugins -emit-module-doc-path /host/spi-builder-workspace/.build/out/Intermediates.noindex/pocketbase.build/Debug-webassembly-wasm32/pocketbase-t.build/Objects-normal/wasm32/Modules/pocketbase.swiftdoc -emit-module-source-info-path /host/spi-builder-workspace/.build/out/Intermediates.noindex/pocketbase.build/Debug-webassembly-wasm32/pocketbase-t.build/Objects-normal/wasm32/Modules/pocketbase.swiftsourceinfo -emit-objc-header-path /host/spi-builder-workspace/.build/out/Intermediates.noindex/pocketbase.build/Debug-webassembly-wasm32/pocketbase-t.build/Objects-normal/wasm32/pocketbase-Swift.h -serialize-diagnostics-path /host/spi-builder-workspace/.build/out/Intermediates.noindex/pocketbase.build/Debug-webassembly-wasm32/pocketbase-t.build/Objects-normal/wasm32/pocketbase-primary-emit-module.dia -emit-dependencies-path /host/spi-builder-workspace/.build/out/Intermediates.noindex/pocketbase.build/Debug-webassembly-wasm32/pocketbase-t.build/Objects-normal/wasm32/pocketbase-primary-emit-module.d -parse-as-library -o /host/spi-builder-workspace/.build/out/Intermediates.noindex/pocketbase.build/Debug-webassembly-wasm32/pocketbase-t.build/Objects-normal/wasm32/Modules/pocketbase.swiftmodule
error: Build failed
BUILD FAILURE 6.4 wasm