The Swift Package Index logo.Swift Package Index

Build Information

Failed to build IdentityOrchestration, reference 1.2.5 (cf96d0), with Swift 6.2 for watchOS using Xcode 26.3 on 4 Oct 2026 04:44:01 UTC.

Build Command

env DEVELOPER_DIR=/Applications/Xcode-26.3.0.app xcrun xcodebuild -IDEClonedSourcePackagesDirPathOverride=$PWD/.dependencies -skipMacroValidation -skipPackagePluginValidation -derivedDataPath $PWD/.derivedData build -scheme IdentityOrchestration -destination generic/platform=watchOS

Build Log

========================================
RunAll
========================================
Builder version: 5.1.1
Interrupt handler set up.
========================================
Checkout
========================================
Clone URL: https://github.com/TransmitSecurity/identityOrchestration-ios-sdk.git
Reference: 1.2.5
Initialized empty Git repository in /Users/admin/builder/spi-builder-workspace/.git/
From https://github.com/TransmitSecurity/identityOrchestration-ios-sdk
 * tag               1.2.5      -> FETCH_HEAD
HEAD is now at cf96d00 Added IdentityOrchestration Framework release/1.2.5
Cloned https://github.com/TransmitSecurity/identityOrchestration-ios-sdk.git
Revision (git rev-parse @):
cf96d0002e2131c1445a0683e2d9655e1b365b4c
SUCCESS checkout https://github.com/TransmitSecurity/identityOrchestration-ios-sdk.git at 1.2.5
========================================
Build
========================================
Selected platform:         watchOS
Swift version:             6.2
Building package at path:  $PWD
https://github.com/TransmitSecurity/identityOrchestration-ios-sdk.git
Command line invocation:
    /Applications/Xcode-26.3.0.app/Contents/Developer/usr/bin/xcodebuild -IDEClonedSourcePackagesDirPathOverride=/Users/admin/builder/spi-builder-workspace/.dependencies -resolvePackageDependencies
Resolve Package Graph
Fetching from https://github.com/TransmitSecurity/core-ios-sdk.git
Creating working copy of package ‘core-ios-sdk’
Checking out 1.1.5 of package ‘core-ios-sdk’
Resolve Package Graph
Resolved source packages:
  TSCore: https://github.com/TransmitSecurity/core-ios-sdk.git @ 1.1.5
  IdentityOrchestration: /Users/admin/builder/spi-builder-workspace
resolved source packages: TSCore, IdentityOrchestration
2026-10-04 00:43:34.302 xcodebuild[538:3094] [MT] IDERunDestination: Supported platforms for the buildables in the current scheme is empty.
{
  "dependencies" : [
    {
      "identity" : "core-ios-sdk",
      "requirement" : {
        "range" : [
          {
            "lower_bound" : "1.1.5",
            "upper_bound" : "2.0.0"
          }
        ]
      },
      "type" : "sourceControl",
      "url" : "https://github.com/TransmitSecurity/core-ios-sdk.git"
    }
  ],
  "manifest_display_name" : "IdentityOrchestration",
  "name" : "IdentityOrchestration",
  "path" : "/Users/admin/builder/spi-builder-workspace",
  "platforms" : [
    {
      "name" : "ios",
      "version" : "13.0"
    }
  ],
  "products" : [
    {
      "name" : "IdentityOrchestration",
      "targets" : [
        "IdentityOrchestration",
        "IdentityOrchestration-Dependencies"
      ],
      "type" : {
        "library" : [
          "automatic"
        ]
      }
    }
  ],
  "targets" : [
    {
      "c99name" : "IdentityOrchestration_Dependencies",
      "module_type" : "SwiftTarget",
      "name" : "IdentityOrchestration-Dependencies",
      "path" : "Sources/IdentityOrchestration-Dependencies",
      "product_dependencies" : [
        "TSCoreSDK"
      ],
      "product_memberships" : [
        "IdentityOrchestration"
      ],
      "sources" : [
        "IdentityOrchestration-Dependencies.swift"
      ],
      "type" : "library"
    },
    {
      "c99name" : "IdentityOrchestration",
      "module_type" : "BinaryTarget",
      "name" : "IdentityOrchestration",
      "path" : "Sources/IdentityOrchestration.xcframework",
      "product_memberships" : [
        "IdentityOrchestration"
      ],
      "sources" : [
      ],
      "type" : "binary"
    }
  ],
  "tools_version" : "5.5"
}
{
  "workspace" : {
    "name" : "spi-builder-workspace",
    "schemes" : [
      "IdentityOrchestration"
    ]
  }
}
2026-10-04 00:43:54.837 xcodebuild[721:4499] [MT] IDERunDestination: Supported platforms for the buildables in the current scheme is empty.
Running build ...
env DEVELOPER_DIR=/Applications/Xcode-26.3.0.app xcrun xcodebuild -IDEClonedSourcePackagesDirPathOverride=$PWD/.dependencies -skipMacroValidation -skipPackagePluginValidation -derivedDataPath $PWD/.derivedData build -scheme IdentityOrchestration -destination generic/platform=watchOS
Command line invocation:
    /Applications/Xcode-26.3.0.app/Contents/Developer/usr/bin/xcodebuild -IDEClonedSourcePackagesDirPathOverride=/Users/admin/builder/spi-builder-workspace/.dependencies -skipMacroValidation -skipPackagePluginValidation -derivedDataPath /Users/admin/builder/spi-builder-workspace/.derivedData build -scheme IdentityOrchestration -destination generic/platform=watchOS
Resolve Package Graph
Resolve Package Graph
Resolved source packages:
  TSCore: https://github.com/TransmitSecurity/core-ios-sdk.git @ 1.1.5
  IdentityOrchestration: /Users/admin/builder/spi-builder-workspace
ComputePackagePrebuildTargetDependencyGraph
Prepare packages
CreateBuildRequest
SendProjectDescription
CreateBuildOperation
ComputeTargetDependencyGraph
note: Building targets in dependency order
note: Target dependency graph (3 targets)
    Target 'IdentityOrchestration' in project 'IdentityOrchestration'
        ➜ Explicit dependency on target 'IdentityOrchestration-Dependencies' in project 'IdentityOrchestration'
        ➜ Explicit dependency on target 'TSCoreSDK' in project 'TSCore'
    Target 'IdentityOrchestration-Dependencies' in project 'IdentityOrchestration'
        ➜ Explicit dependency on target 'TSCoreSDK' in project 'TSCore'
    Target 'TSCoreSDK' in project 'TSCore' (no dependencies)
GatherProvisioningInputs
CreateBuildDescription
ExecuteExternalTool /Applications/Xcode-26.3.0.app/Contents/Developer/Toolchains/XcodeDefault.xctoolchain/usr/bin/clang -v -E -dM -isysroot /Applications/Xcode-26.3.0.app/Contents/Developer/Platforms/WatchOS.platform/Developer/SDKs/WatchOS26.2.sdk -x c -c /dev/null
ExecuteExternalTool /Applications/Xcode-26.3.0.app/Contents/Developer/Toolchains/XcodeDefault.xctoolchain/usr/bin/swiftc --version
ExecuteExternalTool /Applications/Xcode-26.3.0.app/Contents/Developer/Toolchains/XcodeDefault.xctoolchain/usr/bin/ld -version_details
Build description signature: 6ae969b536af6e17f847df8a8b5d442e
Build description path: /Users/admin/builder/spi-builder-workspace/.derivedData/Build/Intermediates.noindex/XCBuildData/6ae969b536af6e17f847df8a8b5d442e.xcbuilddata
/Users/admin/builder/spi-builder-workspace/Sources/IdentityOrchestration.xcframework:1:1: error: While building for watchOS, no library for this platform was found in '/Users/admin/builder/spi-builder-workspace/Sources/IdentityOrchestration.xcframework'. (in target 'IdentityOrchestration' from project 'IdentityOrchestration')
/Users/admin/builder/spi-builder-workspace/.dependencies/checkouts/core-ios-sdk/Sources/TSCoreSDK.xcframework:1:1: error: While building for watchOS, no library for this platform was found in '/Users/admin/builder/spi-builder-workspace/.dependencies/checkouts/core-ios-sdk/Sources/TSCoreSDK.xcframework'. (in target 'IdentityOrchestration' from project 'IdentityOrchestration')
/Users/admin/builder/spi-builder-workspace/.dependencies/checkouts/core-ios-sdk/Sources/TSCoreSDK.xcframework:1:1: error: While building for watchOS, no library for this platform was found in '/Users/admin/builder/spi-builder-workspace/.dependencies/checkouts/core-ios-sdk/Sources/TSCoreSDK.xcframework'. (in target 'IdentityOrchestration' from project 'IdentityOrchestration')
/Users/admin/builder/spi-builder-workspace/.dependencies/checkouts/core-ios-sdk/Sources/TSCoreSDK.xcframework:1:1: error: While building for watchOS, no library for this platform was found in '/Users/admin/builder/spi-builder-workspace/.dependencies/checkouts/core-ios-sdk/Sources/TSCoreSDK.xcframework'. (in target 'TSCoreSDK' from project 'TSCore')
/Users/admin/builder/spi-builder-workspace/.dependencies/checkouts/core-ios-sdk/Sources/TSCoreSDK.xcframework:1:1: error: While building for watchOS, no library for this platform was found in '/Users/admin/builder/spi-builder-workspace/.dependencies/checkouts/core-ios-sdk/Sources/TSCoreSDK.xcframework'. (in target 'IdentityOrchestration-Dependencies' from project 'IdentityOrchestration')
2026-10-04 00:43:56.848 xcodebuild[723:4542] [MT] IDERunDestination: Supported platforms for the buildables in the current scheme is empty.
** BUILD FAILED **
The following build commands failed:
	Building workspace spi-builder-workspace with scheme IdentityOrchestration
(1 failure)
Command line invocation:
    /Applications/Xcode-26.3.0.app/Contents/Developer/usr/bin/xcodebuild -IDEClonedSourcePackagesDirPathOverride=/Users/admin/builder/spi-builder-workspace/.dependencies -resolvePackageDependencies
Resolve Package Graph
Resolved source packages:
  IdentityOrchestration: /Users/admin/builder/spi-builder-workspace
  TSCore: https://github.com/TransmitSecurity/core-ios-sdk.git @ 1.1.5
resolved source packages: IdentityOrchestration, TSCore
2026-10-04 00:43:59.249 xcodebuild[746:4694] [MT] IDERunDestination: Supported platforms for the buildables in the current scheme is empty.
{
  "dependencies" : [
    {
      "identity" : "core-ios-sdk",
      "requirement" : {
        "range" : [
          {
            "lower_bound" : "1.1.5",
            "upper_bound" : "2.0.0"
          }
        ]
      },
      "type" : "sourceControl",
      "url" : "https://github.com/TransmitSecurity/core-ios-sdk.git"
    }
  ],
  "manifest_display_name" : "IdentityOrchestration",
  "name" : "IdentityOrchestration",
  "path" : "/Users/admin/builder/spi-builder-workspace",
  "platforms" : [
    {
      "name" : "ios",
      "version" : "13.0"
    }
  ],
  "products" : [
    {
      "name" : "IdentityOrchestration",
      "targets" : [
        "IdentityOrchestration",
        "IdentityOrchestration-Dependencies"
      ],
      "type" : {
        "library" : [
          "automatic"
        ]
      }
    }
  ],
  "targets" : [
    {
      "c99name" : "IdentityOrchestration_Dependencies",
      "module_type" : "SwiftTarget",
      "name" : "IdentityOrchestration-Dependencies",
      "path" : "Sources/IdentityOrchestration-Dependencies",
      "product_dependencies" : [
        "TSCoreSDK"
      ],
      "product_memberships" : [
        "IdentityOrchestration"
      ],
      "sources" : [
        "IdentityOrchestration-Dependencies.swift"
      ],
      "type" : "library"
    },
    {
      "c99name" : "IdentityOrchestration",
      "module_type" : "BinaryTarget",
      "name" : "IdentityOrchestration",
      "path" : "Sources/IdentityOrchestration.xcframework",
      "product_memberships" : [
        "IdentityOrchestration"
      ],
      "sources" : [
      ],
      "type" : "binary"
    }
  ],
  "tools_version" : "5.5"
}
{
  "workspace" : {
    "name" : "spi-builder-workspace",
    "schemes" : [
      "IdentityOrchestration"
    ]
  }
}
2026-10-04 00:44:00.328 xcodebuild[754:4754] [MT] IDERunDestination: Supported platforms for the buildables in the current scheme is empty.
Running build ...
env DEVELOPER_DIR=/Applications/Xcode-26.3.0.app xcrun xcodebuild -IDEClonedSourcePackagesDirPathOverride=$PWD/.dependencies -skipMacroValidation -skipPackagePluginValidation -derivedDataPath $PWD/.derivedData build -scheme IdentityOrchestration -destination generic/platform=watchOS
Command line invocation:
    /Applications/Xcode-26.3.0.app/Contents/Developer/usr/bin/xcodebuild -IDEClonedSourcePackagesDirPathOverride=/Users/admin/builder/spi-builder-workspace/.dependencies -skipMacroValidation -skipPackagePluginValidation -derivedDataPath /Users/admin/builder/spi-builder-workspace/.derivedData build -scheme IdentityOrchestration -destination generic/platform=watchOS
Resolve Package Graph
Resolved source packages:
  TSCore: https://github.com/TransmitSecurity/core-ios-sdk.git @ 1.1.5
  IdentityOrchestration: /Users/admin/builder/spi-builder-workspace
ComputePackagePrebuildTargetDependencyGraph
Prepare packages
CreateBuildRequest
SendProjectDescription
CreateBuildOperation
ComputeTargetDependencyGraph
note: Building targets in dependency order
note: Target dependency graph (3 targets)
    Target 'IdentityOrchestration' in project 'IdentityOrchestration'
        ➜ Explicit dependency on target 'IdentityOrchestration-Dependencies' in project 'IdentityOrchestration'
        ➜ Explicit dependency on target 'TSCoreSDK' in project 'TSCore'
    Target 'IdentityOrchestration-Dependencies' in project 'IdentityOrchestration'
        ➜ Explicit dependency on target 'TSCoreSDK' in project 'TSCore'
    Target 'TSCoreSDK' in project 'TSCore' (no dependencies)
GatherProvisioningInputs
CreateBuildDescription
ExecuteExternalTool /Applications/Xcode-26.3.0.app/Contents/Developer/Toolchains/XcodeDefault.xctoolchain/usr/bin/clang -v -E -dM -isysroot /Applications/Xcode-26.3.0.app/Contents/Developer/Platforms/WatchOS.platform/Developer/SDKs/WatchOS26.2.sdk -x c -c /dev/null
ExecuteExternalTool /Applications/Xcode-26.3.0.app/Contents/Developer/Toolchains/XcodeDefault.xctoolchain/usr/bin/swiftc --version
ExecuteExternalTool /Applications/Xcode-26.3.0.app/Contents/Developer/Toolchains/XcodeDefault.xctoolchain/usr/bin/ld -version_details
Build description signature: 6ae969b536af6e17f847df8a8b5d442e
Build description path: /Users/admin/builder/spi-builder-workspace/.derivedData/Build/Intermediates.noindex/XCBuildData/6ae969b536af6e17f847df8a8b5d442e.xcbuilddata
/Users/admin/builder/spi-builder-workspace/.dependencies/checkouts/core-ios-sdk/Sources/TSCoreSDK.xcframework:1:1: error: While building for watchOS, no library for this platform was found in '/Users/admin/builder/spi-builder-workspace/.dependencies/checkouts/core-ios-sdk/Sources/TSCoreSDK.xcframework'. (in target 'TSCoreSDK' from project 'TSCore')
/Users/admin/builder/spi-builder-workspace/.dependencies/checkouts/core-ios-sdk/Sources/TSCoreSDK.xcframework:1:1: error: While building for watchOS, no library for this platform was found in '/Users/admin/builder/spi-builder-workspace/.dependencies/checkouts/core-ios-sdk/Sources/TSCoreSDK.xcframework'. (in target 'IdentityOrchestration-Dependencies' from project 'IdentityOrchestration')
/Users/admin/builder/spi-builder-workspace/Sources/IdentityOrchestration.xcframework:1:1: error: While building for watchOS, no library for this platform was found in '/Users/admin/builder/spi-builder-workspace/Sources/IdentityOrchestration.xcframework'. (in target 'IdentityOrchestration' from project 'IdentityOrchestration')
/Users/admin/builder/spi-builder-workspace/.dependencies/checkouts/core-ios-sdk/Sources/TSCoreSDK.xcframework:1:1: error: While building for watchOS, no library for this platform was found in '/Users/admin/builder/spi-builder-workspace/.dependencies/checkouts/core-ios-sdk/Sources/TSCoreSDK.xcframework'. (in target 'IdentityOrchestration' from project 'IdentityOrchestration')
/Users/admin/builder/spi-builder-workspace/.dependencies/checkouts/core-ios-sdk/Sources/TSCoreSDK.xcframework:1:1: error: While building for watchOS, no library for this platform was found in '/Users/admin/builder/spi-builder-workspace/.dependencies/checkouts/core-ios-sdk/Sources/TSCoreSDK.xcframework'. (in target 'IdentityOrchestration' from project 'IdentityOrchestration')
2026-10-04 00:44:01.220 xcodebuild[756:4787] [MT] IDERunDestination: Supported platforms for the buildables in the current scheme is empty.
** BUILD FAILED **
The following build commands failed:
	Building workspace spi-builder-workspace with scheme IdentityOrchestration
(1 failure)
BUILD FAILURE 6.2 watchOS