The Swift Package Index logo.Swift Package Index

Build Information

Failed to build AETransition, reference 0.3.0 (678b40), with Swift 6.4 for macOS (Xcode) using Xcode 27.0 on 16 Sep 2026 21:53:05 UTC.

Build Command

env DEVELOPER_DIR=/Applications/Xcode-27.0.0-Release.Candidate.app xcrun xcodebuild -IDEClonedSourcePackagesDirPathOverride=$PWD/.dependencies -skipMacroValidation -skipPackagePluginValidation -derivedDataPath $PWD/.derivedData build -scheme AETransition -destination platform=macOS,arch=arm64

Build Log

========================================
RunAll
========================================
Builder version: 5.1.0
Interrupt handler set up.
========================================
Checkout
========================================
Clone URL: https://github.com/tadija/AETransition.git
Reference: 0.3.0
Initialized empty Git repository in /Users/admin/builder/spi-builder-workspace/.git/
From https://github.com/tadija/AETransition
 * tag               0.3.0      -> FETCH_HEAD
HEAD is now at 678b402 Merge branch 'release/0.3.0'
Cloned https://github.com/tadija/AETransition.git
Revision (git rev-parse @):
678b4024f735ae3980ae23658855da26da14128d
SUCCESS checkout https://github.com/tadija/AETransition.git at 0.3.0
========================================
Build
========================================
Selected platform:         macosXcodebuild
Swift version:             6.4
Building package at path:  $PWD
https://github.com/tadija/AETransition.git
Command line invocation:
    /Applications/Xcode-27.0.0-Release.Candidate.app/Contents/Developer/usr/bin/xcodebuild -IDEClonedSourcePackagesDirPathOverride=/Users/admin/builder/spi-builder-workspace/.dependencies -resolvePackageDependencies
resolved source packages:
{
  "dependencies" : [
  ],
  "manifest_display_name" : "AETransition",
  "name" : "AETransition",
  "path" : "/Users/admin/builder/spi-builder-workspace",
  "platforms" : [
    {
      "name" : "ios",
      "version" : "9.0"
    }
  ],
  "products" : [
    {
      "name" : "AETransition",
      "targets" : [
        "AETransition"
      ],
      "type" : {
        "library" : [
          "automatic"
        ]
      }
    }
  ],
  "targets" : [
    {
      "c99name" : "AETransition",
      "module_type" : "SwiftTarget",
      "name" : "AETransition",
      "path" : "Sources/AETransition",
      "product_memberships" : [
        "AETransition"
      ],
      "sources" : [
        "AnimatedTransition.swift",
        "CustomDebugStringConvertible+Default.swift",
        "Edge.swift",
        "LayerFactory.swift",
        "LayeredAnimatedTransition.swift",
        "TransitionFactory.swift",
        "TransitioningDelegate.swift",
        "UIViewControllerContextTransitioning+Helpers.swift"
      ],
      "type" : "library"
    }
  ],
  "tools_version" : "5.0"
}
{
  "project" : {
    "configurations" : [
      "Debug",
      "Release"
    ],
    "name" : "AETransition",
    "schemes" : [
      "AETransition"
    ],
    "targets" : [
      "AETransition"
    ]
  }
}
Running build ...
env DEVELOPER_DIR=/Applications/Xcode-27.0.0-Release.Candidate.app xcrun xcodebuild -IDEClonedSourcePackagesDirPathOverride=$PWD/.dependencies -skipMacroValidation -skipPackagePluginValidation -derivedDataPath $PWD/.derivedData build -scheme AETransition -destination platform=macOS,arch=arm64
Command line invocation:
    /Applications/Xcode-27.0.0-Release.Candidate.app/Contents/Developer/usr/bin/xcodebuild -IDEClonedSourcePackagesDirPathOverride=/Users/admin/builder/spi-builder-workspace/.dependencies -skipMacroValidation -skipPackagePluginValidation -derivedDataPath /Users/admin/builder/spi-builder-workspace/.derivedData build -scheme AETransition -destination platform=macOS,arch=arm64
ComputePackagePrebuildTargetDependencyGraph
Prepare packages
CreateBuildRequest
SendProjectDescription
CreateBuildOperation
ComputeTargetDependencyGraph
note: Building targets in dependency order
note: Target dependency graph (1 target)
    Target 'AETransition' in project 'AETransition' (no dependencies)
GatherProvisioningInputs
CreateBuildDescription
ExecuteExternalTool /Applications/Xcode-27.0.0-Release.Candidate.app/Contents/Developer/Toolchains/XcodeDefault.xctoolchain/usr/bin/clang -v -E -dM -isysroot /Applications/Xcode-27.0.0-Release.Candidate.app/Contents/Developer/Platforms/MacOSX.platform/Developer/SDKs/MacOSX27.0.sdk -x c -c /dev/null
ExecuteExternalTool /Applications/Xcode-27.0.0-Release.Candidate.app/Contents/Developer/Toolchains/XcodeDefault.xctoolchain/usr/bin/clang -v -E -dM -arch arm64 -isysroot /Applications/Xcode-27.0.0-Release.Candidate.app/Contents/Developer/Platforms/MacOSX.platform/Developer/SDKs/MacOSX27.0.sdk -x c -c /dev/null
ExecuteExternalTool /Applications/Xcode-27.0.0-Release.Candidate.app/Contents/Developer/Toolchains/XcodeDefault.xctoolchain/usr/bin/swiftc --version
ExecuteExternalTool /Applications/Xcode-27.0.0-Release.Candidate.app/Contents/Developer/Toolchains/XcodeDefault.xctoolchain/usr/bin/ld -version_details
Build description signature: cc2bee6fe21039560cecdda173b67229
Build description path: /Users/admin/builder/spi-builder-workspace/.derivedData/Build/Intermediates.noindex/XCBuildData/cc2bee6fe21039560cecdda173b67229.xcbuilddata
/Users/admin/builder/spi-builder-workspace/AETransition.xcodeproj: error: The macOS deployment target 'MACOSX_DEPLOYMENT_TARGET' is set to 10.15, but the range of supported deployment target versions is 12.0 to 27.0.x. (in target 'AETransition' from project 'AETransition')
--- xcodebuild: WARNING: Using the first of multiple matching destinations:
{ platform:macOS, arch:arm64, variant:Mac Catalyst, id:506d0c8c80a336f548ddb13556f4a3d6c59d7c06, name:My Mac }
{ platform:macOS, arch:arm64, variant:Designed for [iPad,iPhone], id:506d0c8c80a336f548ddb13556f4a3d6c59d7c06, name:My Mac }
** BUILD FAILED **
The following build commands failed:
	Building project AETransition with scheme AETransition
(1 failure)
Command line invocation:
    /Applications/Xcode-27.0.0-Release.Candidate.app/Contents/Developer/usr/bin/xcodebuild -IDEClonedSourcePackagesDirPathOverride=/Users/admin/builder/spi-builder-workspace/.dependencies -resolvePackageDependencies
resolved source packages:
{
  "dependencies" : [
  ],
  "manifest_display_name" : "AETransition",
  "name" : "AETransition",
  "path" : "/Users/admin/builder/spi-builder-workspace",
  "platforms" : [
    {
      "name" : "ios",
      "version" : "9.0"
    }
  ],
  "products" : [
    {
      "name" : "AETransition",
      "targets" : [
        "AETransition"
      ],
      "type" : {
        "library" : [
          "automatic"
        ]
      }
    }
  ],
  "targets" : [
    {
      "c99name" : "AETransition",
      "module_type" : "SwiftTarget",
      "name" : "AETransition",
      "path" : "Sources/AETransition",
      "product_memberships" : [
        "AETransition"
      ],
      "sources" : [
        "AnimatedTransition.swift",
        "CustomDebugStringConvertible+Default.swift",
        "Edge.swift",
        "LayerFactory.swift",
        "LayeredAnimatedTransition.swift",
        "TransitionFactory.swift",
        "TransitioningDelegate.swift",
        "UIViewControllerContextTransitioning+Helpers.swift"
      ],
      "type" : "library"
    }
  ],
  "tools_version" : "5.0"
}
{
  "project" : {
    "configurations" : [
      "Debug",
      "Release"
    ],
    "name" : "AETransition",
    "schemes" : [
      "AETransition"
    ],
    "targets" : [
      "AETransition"
    ]
  }
}
Running build ...
env DEVELOPER_DIR=/Applications/Xcode-27.0.0-Release.Candidate.app xcrun xcodebuild -IDEClonedSourcePackagesDirPathOverride=$PWD/.dependencies -skipMacroValidation -skipPackagePluginValidation -derivedDataPath $PWD/.derivedData build -scheme AETransition -destination platform=macOS,arch=arm64
Command line invocation:
    /Applications/Xcode-27.0.0-Release.Candidate.app/Contents/Developer/usr/bin/xcodebuild -IDEClonedSourcePackagesDirPathOverride=/Users/admin/builder/spi-builder-workspace/.dependencies -skipMacroValidation -skipPackagePluginValidation -derivedDataPath /Users/admin/builder/spi-builder-workspace/.derivedData build -scheme AETransition -destination platform=macOS,arch=arm64
ComputePackagePrebuildTargetDependencyGraph
Prepare packages
CreateBuildRequest
SendProjectDescription
CreateBuildOperation
ComputeTargetDependencyGraph
note: Building targets in dependency order
note: Target dependency graph (1 target)
    Target 'AETransition' in project 'AETransition' (no dependencies)
GatherProvisioningInputs
CreateBuildDescription
/Users/admin/builder/spi-builder-workspace/AETransition.xcodeproj: error: The macOS deployment target 'MACOSX_DEPLOYMENT_TARGET' is set to 10.15, but the range of supported deployment target versions is 12.0 to 27.0.x. (in target 'AETransition' from project 'AETransition')
--- xcodebuild: WARNING: Using the first of multiple matching destinations:
{ platform:macOS, arch:arm64, variant:Mac Catalyst, id:506d0c8c80a336f548ddb13556f4a3d6c59d7c06, name:My Mac }
{ platform:macOS, arch:arm64, variant:Designed for [iPad,iPhone], id:506d0c8c80a336f548ddb13556f4a3d6c59d7c06, name:My Mac }
** BUILD FAILED **
The following build commands failed:
	Building project AETransition with scheme AETransition
(1 failure)
BUILD FAILURE 6.4 macosXcodebuild