Build Information
Failed to build AdyenPOS, reference main (1ada46), with Swift 6.4 for iOS using Xcode 27.0 on 30 Sep 2026 02:02:52 UTC.
Build Command
No build command. This typically means the build failed at an early stage where we determine the build command.Build Log
========================================
RunAll
========================================
Builder version: 5.1.0
Interrupt handler set up.
========================================
Checkout
========================================
Clone URL: https://github.com/Adyen/adyen-pos-mobile-ios-test.git
Reference: main
Initialized empty Git repository in /Users/admin/builder/spi-builder-workspace/.git/
From https://github.com/Adyen/adyen-pos-mobile-ios-test
* branch main -> FETCH_HEAD
* [new branch] main -> origin/main
HEAD is now at 1ada46a Update README for release 3.21.0
Cloned https://github.com/Adyen/adyen-pos-mobile-ios-test.git
Revision (git rev-parse @):
1ada46a7ec97df82ed0778888577b4d7b831c0c1
SUCCESS checkout https://github.com/Adyen/adyen-pos-mobile-ios-test.git at main
========================================
Build
========================================
Selected platform: iOS
Swift version: 6.4
Building package at path: $PWD
https://github.com/Adyen/adyen-pos-mobile-ios-test.git
Command line invocation:
/Applications/Xcode-27.0.0-Release.Candidate.app/Contents/Developer/usr/bin/xcodebuild -IDEClonedSourcePackagesDirPathOverride=/Users/admin/builder/spi-builder-workspace/.dependencies -resolvePackageDependencies
Resolve Package Graph
failed downloading 'https://pos-mobile-test.cdn.adyen.com/adyen-pos-ios/3.21.0/Test/ADYPOS.xcframework.zip' which is required by binary target 'ADYPOSTEST': badResponseStatusCode(401)failed downloading 'https://pos-mobile-test.cdn.adyen.com/adyen-pos-ios/3.21.0/Test/AdyenPOS.xcframework.zip' which is required by binary target 'AdyenPOSTEST': badResponseStatusCode(401)fatalError
Resolve Package Graph
failed downloading 'https://pos-mobile-test.cdn.adyen.com/adyen-pos-ios/3.21.0/Test/ADYPOS.xcframework.zip' which is required by binary target 'ADYPOSTEST': badResponseStatusCode(401)failed downloading 'https://pos-mobile-test.cdn.adyen.com/adyen-pos-ios/3.21.0/Test/AdyenPOS.xcframework.zip' which is required by binary target 'AdyenPOSTEST': badResponseStatusCode(401)fatalError
Resolve Package Graph
failed downloading 'https://pos-mobile-test.cdn.adyen.com/adyen-pos-ios/3.21.0/Test/ADYPOS.xcframework.zip' which is required by binary target 'ADYPOSTEST': badResponseStatusCode(401)failed downloading 'https://pos-mobile-test.cdn.adyen.com/adyen-pos-ios/3.21.0/Test/AdyenPOS.xcframework.zip' which is required by binary target 'AdyenPOSTEST': badResponseStatusCode(401)fatalError
Resolved source packages:
spi-builder-workspace: (null)
2026-09-29 22:02:51.178 xcodebuild[524:2985] Writing error result bundle to /var/folders/xq/y_g06wb113726d38xsyx71_h0000gn/T/ResultBundle_2026-29-09_22-02-0051.xcresult
xcodebuild: error: Could not resolve package dependencies:
failed downloading 'https://pos-mobile-test.cdn.adyen.com/adyen-pos-ios/3.21.0/Test/ADYPOS.xcframework.zip' which is required by binary target 'ADYPOSTEST': badResponseStatusCode(401)
failed downloading 'https://pos-mobile-test.cdn.adyen.com/adyen-pos-ios/3.21.0/Test/AdyenPOS.xcframework.zip' which is required by binary target 'AdyenPOSTEST': badResponseStatusCode(401)
fatalError
Command line invocation:
/Applications/Xcode-27.0.0-Release.Candidate.app/Contents/Developer/usr/bin/xcodebuild -IDEClonedSourcePackagesDirPathOverride=/Users/admin/builder/spi-builder-workspace/.dependencies -resolvePackageDependencies
Resolve Package Graph
failed downloading 'https://pos-mobile-test.cdn.adyen.com/adyen-pos-ios/3.21.0/Test/AdyenPOS.xcframework.zip' which is required by binary target 'AdyenPOSTEST': badResponseStatusCode(401)failed downloading 'https://pos-mobile-test.cdn.adyen.com/adyen-pos-ios/3.21.0/Test/ADYPOS.xcframework.zip' which is required by binary target 'ADYPOSTEST': badResponseStatusCode(401)fatalError
Resolved source packages:
spi-builder-workspace: (null)
2026-09-29 22:02:52.385 xcodebuild[593:3591] Writing error result bundle to /var/folders/xq/y_g06wb113726d38xsyx71_h0000gn/T/ResultBundle_2026-29-09_22-02-0052.xcresult
xcodebuild: error: Could not resolve package dependencies:
failed downloading 'https://pos-mobile-test.cdn.adyen.com/adyen-pos-ios/3.21.0/Test/AdyenPOS.xcframework.zip' which is required by binary target 'AdyenPOSTEST': badResponseStatusCode(401)
failed downloading 'https://pos-mobile-test.cdn.adyen.com/adyen-pos-ios/3.21.0/Test/ADYPOS.xcframework.zip' which is required by binary target 'ADYPOSTEST': badResponseStatusCode(401)
fatalError
BUILD FAILURE 6.4 iOS