Build Information
Failed to build AppsOnAir-AppSync, reference main (159a24), with Swift 6.4 for watchOS using Xcode 27.0 on 26 Sep 2026 22:47:26 UTC.
Build Command
No build command. This typically means the build failed at an early stage where we determine the build command.Build Log
========================================
RunAll
========================================
Builder version: 5.1.0
Interrupt handler set up.
========================================
Checkout
========================================
Clone URL: https://github.com/apps-on-air/AppsOnAir-iOS-AppSync.git
Reference: main
Initialized empty Git repository in /Users/admin/builder/spi-builder-workspace/.git/
From https://github.com/apps-on-air/AppsOnAir-iOS-AppSync
* branch main -> FETCH_HEAD
* [new branch] main -> origin/main
HEAD is now at 159a24c Merge pull request #27 from apps-on-air/release/1.3.2
Cloned https://github.com/apps-on-air/AppsOnAir-iOS-AppSync.git
Revision (git rev-parse @):
159a24c5ab134ea7a7b6559cf2f870a041d76ec7
SUCCESS checkout https://github.com/apps-on-air/AppsOnAir-iOS-AppSync.git at main
========================================
Build
========================================
Selected platform: watchOS
Swift version: 6.4
Building package at path: $PWD
https://github.com/apps-on-air/AppsOnAir-iOS-AppSync.git
Command line invocation:
/Applications/Xcode-27.0.0-Release.Candidate.app/Contents/Developer/usr/bin/xcodebuild -IDEClonedSourcePackagesDirPathOverride=/Users/admin/builder/spi-builder-workspace/.dependencies -resolvePackageDependencies
2026-09-26 18:47:24.954 xcodebuild[529:3033] Writing error result bundle to /var/folders/xq/y_g06wb113726d38xsyx71_h0000gn/T/ResultBundle_2026-26-09_18-47-0024.xcresult
xcodebuild: error: '_Pods.xcodeproj' does not exist.
Command line invocation:
/Applications/Xcode-27.0.0-Release.Candidate.app/Contents/Developer/usr/bin/xcodebuild -IDEClonedSourcePackagesDirPathOverride=/Users/admin/builder/spi-builder-workspace/.dependencies -resolvePackageDependencies
2026-09-26 18:47:25.903 xcodebuild[539:3114] Writing error result bundle to /var/folders/xq/y_g06wb113726d38xsyx71_h0000gn/T/ResultBundle_2026-26-09_18-47-0025.xcresult
xcodebuild: error: '_Pods.xcodeproj' does not exist.
BUILD FAILURE 6.4 watchOS