Build Information
Failed to build LevelPlay-Ogury-Adapter-Swift-Package, reference 5.9.0 (1d9803), with Swift 6.1 for watchOS using Xcode 16.3 on 28 Sep 2026 17:52:52 UTC.
Build Command
env DEVELOPER_DIR=/Applications/Xcode-16.3.0.app xcrun xcodebuild -IDEClonedSourcePackagesDirPathOverride=$PWD/.dependencies -skipMacroValidation -skipPackagePluginValidation -derivedDataPath $PWD/.derivedData build -scheme LevelPlay-Ogury-Adapter-Swift-Package -destination generic/platform=watchOSBuild Log
========================================
RunAll
========================================
Builder version: 5.1.0
Interrupt handler set up.
========================================
Checkout
========================================
Clone URL: https://github.com/ironsource-mobile/LevelPlay-Ogury-Adapter-Swift-Package.git
Reference: 5.9.0
Initialized empty Git repository in /Users/admin/builder/spi-builder-workspace/.git/
From https://github.com/ironsource-mobile/LevelPlay-Ogury-Adapter-Swift-Package
* tag 5.9.0 -> FETCH_HEAD
HEAD is now at 1d98038 Release 5.9.0 - SDK 5.3.1
Cloned https://github.com/ironsource-mobile/LevelPlay-Ogury-Adapter-Swift-Package.git
Revision (git rev-parse @):
1d98038c21258cd5cbd3f407a1e37d4951ce53d7
SUCCESS checkout https://github.com/ironsource-mobile/LevelPlay-Ogury-Adapter-Swift-Package.git at 5.9.0
========================================
Build
========================================
Selected platform: watchOS
Swift version: 6.1
Building package at path: $PWD
https://github.com/ironsource-mobile/LevelPlay-Ogury-Adapter-Swift-Package.git
https://github.com/ironsource-mobile/LevelPlay-Ogury-Adapter-Swift-Package.git
{
"dependencies" : [
{
"identity" : "ogury-sdk-spm",
"requirement" : {
"exact" : [
"5.3.1"
]
},
"type" : "sourceControl",
"url" : "https://github.com/Ogury/ogury-sdk-spm"
},
{
"identity" : "levelplay-swift-package",
"requirement" : {
"range" : [
{
"lower_bound" : "9.0.0",
"upper_bound" : "10.0.0"
}
]
},
"type" : "sourceControl",
"url" : "https://github.com/ironsource-mobile/LevelPlay-Swift-Package"
}
],
"manifest_display_name" : "LevelPlay-Ogury-Adapter-Swift-Package",
"name" : "LevelPlay-Ogury-Adapter-Swift-Package",
"path" : "/Users/admin/builder/spi-builder-workspace",
"platforms" : [
{
"name" : "ios",
"version" : "15.0"
}
],
"products" : [
{
"name" : "OguryAdapter",
"targets" : [
"OguryAdapter"
],
"type" : {
"library" : [
"automatic"
]
}
}
],
"targets" : [
{
"c99name" : "OguryAdapterSDK",
"module_type" : "BinaryTarget",
"name" : "OguryAdapterSDK",
"path" : "remote/archive/ISOguryAdapter5.9.0.zip",
"product_memberships" : [
"OguryAdapter"
],
"sources" : [
],
"type" : "binary"
},
{
"c99name" : "OguryAdapter",
"module_type" : "SwiftTarget",
"name" : "OguryAdapter",
"path" : "Sources/OguryAdapter",
"product_dependencies" : [
"OgurySdk",
"UnityMediationSDK"
],
"product_memberships" : [
"OguryAdapter"
],
"sources" : [
"OguryAdapter.swift"
],
"target_dependencies" : [
"OguryAdapterSDK"
],
"type" : "library"
}
],
"tools_version" : "6.0"
}
Command line invocation:
/Applications/Xcode-16.3.0.app/Contents/Developer/usr/bin/xcodebuild -IDEClonedSourcePackagesDirPathOverride=/Users/admin/builder/spi-builder-workspace/.dependencies -resolvePackageDependencies
Resolve Package Graph
Fetching from https://github.com/ironsource-mobile/LevelPlay-Swift-Package
Fetching from https://github.com/Ogury/ogury-sdk-spm
Fetching from https://github.com/ironsource-mobile/Unity-Ad-Quality-Swift-Package
Creating working copy of package ‘ogury-sdk-spm’
Checking out 5.3.1 of package ‘ogury-sdk-spm’
Creating working copy of package ‘LevelPlay-Swift-Package’
Checking out 9.6.0 of package ‘LevelPlay-Swift-Package’
Creating working copy of package ‘Unity-Ad-Quality-Swift-Package’
Checking out 9.10.0 of package ‘Unity-Ad-Quality-Swift-Package’
Resolve Package Graph
Resolved source packages:
LevelPlay-Ogury-Adapter-Swift-Package: /Users/admin/builder/spi-builder-workspace
OgurySdk: https://github.com/Ogury/ogury-sdk-spm @ 5.3.1
Unity-Ad-Quality-Swift-Package: https://github.com/ironsource-mobile/Unity-Ad-Quality-Swift-Package @ 9.10.0
LevelPlay-Swift-Package: https://github.com/ironsource-mobile/LevelPlay-Swift-Package @ 9.6.0
resolved source packages: LevelPlay-Ogury-Adapter-Swift-Package, OgurySdk, Unity-Ad-Quality-Swift-Package, LevelPlay-Swift-Package
{
"dependencies" : [
{
"identity" : "ogury-sdk-spm",
"requirement" : {
"exact" : [
"5.3.1"
]
},
"type" : "sourceControl",
"url" : "https://github.com/Ogury/ogury-sdk-spm"
},
{
"identity" : "levelplay-swift-package",
"requirement" : {
"range" : [
{
"lower_bound" : "9.0.0",
"upper_bound" : "10.0.0"
}
]
},
"type" : "sourceControl",
"url" : "https://github.com/ironsource-mobile/LevelPlay-Swift-Package"
}
],
"manifest_display_name" : "LevelPlay-Ogury-Adapter-Swift-Package",
"name" : "LevelPlay-Ogury-Adapter-Swift-Package",
"path" : "/Users/admin/builder/spi-builder-workspace",
"platforms" : [
{
"name" : "ios",
"version" : "15.0"
}
],
"products" : [
{
"name" : "OguryAdapter",
"targets" : [
"OguryAdapter"
],
"type" : {
"library" : [
"automatic"
]
}
}
],
"targets" : [
{
"c99name" : "OguryAdapterSDK",
"module_type" : "BinaryTarget",
"name" : "OguryAdapterSDK",
"path" : "remote/archive/ISOguryAdapter5.9.0.zip",
"product_memberships" : [
"OguryAdapter"
],
"sources" : [
],
"type" : "binary"
},
{
"c99name" : "OguryAdapter",
"module_type" : "SwiftTarget",
"name" : "OguryAdapter",
"path" : "Sources/OguryAdapter",
"product_dependencies" : [
"OgurySdk",
"UnityMediationSDK"
],
"product_memberships" : [
"OguryAdapter"
],
"sources" : [
"OguryAdapter.swift"
],
"target_dependencies" : [
"OguryAdapterSDK"
],
"type" : "library"
}
],
"tools_version" : "6.0"
}
{
"workspace" : {
"name" : "spi-builder-workspace",
"schemes" : [
"LevelPlay-Ogury-Adapter-Swift-Package",
"OgurySdk"
]
}
}
{
"workspace" : {
"name" : "spi-builder-workspace",
"schemes" : [
"LevelPlay-Ogury-Adapter-Swift-Package",
"OgurySdk"
]
}
}
Running build ...
env DEVELOPER_DIR=/Applications/Xcode-16.3.0.app xcrun xcodebuild -IDEClonedSourcePackagesDirPathOverride=$PWD/.dependencies -skipMacroValidation -skipPackagePluginValidation -derivedDataPath $PWD/.derivedData build -scheme LevelPlay-Ogury-Adapter-Swift-Package -destination generic/platform=watchOS OTHER_SWIFT_FLAGS=-stats-output-dir .stats
Command line invocation:
/Applications/Xcode-16.3.0.app/Contents/Developer/usr/bin/xcodebuild -IDEClonedSourcePackagesDirPathOverride=/Users/admin/builder/spi-builder-workspace/.dependencies -skipMacroValidation -skipPackagePluginValidation -derivedDataPath /Users/admin/builder/spi-builder-workspace/.derivedData build -scheme LevelPlay-Ogury-Adapter-Swift-Package -destination generic/platform=watchOS "OTHER_SWIFT_FLAGS=-stats-output-dir .stats"
Build settings from command line:
OTHER_SWIFT_FLAGS = -stats-output-dir .stats
Resolve Package Graph
Resolve Package Graph
Resolved source packages:
LevelPlay-Ogury-Adapter-Swift-Package: /Users/admin/builder/spi-builder-workspace
LevelPlay-Swift-Package: https://github.com/ironsource-mobile/LevelPlay-Swift-Package @ 9.6.0
Unity-Ad-Quality-Swift-Package: https://github.com/ironsource-mobile/Unity-Ad-Quality-Swift-Package @ 9.10.0
OgurySdk: https://github.com/Ogury/ogury-sdk-spm @ 5.3.1
ComputePackagePrebuildTargetDependencyGraph
Prepare packages
CreateBuildRequest
SendProjectDescription
CreateBuildOperation
ComputeTargetDependencyGraph
note: Building targets in dependency order
note: Target dependency graph (6 targets)
Target 'OguryAdapter' in project 'LevelPlay-Ogury-Adapter-Swift-Package'
➜ Explicit dependency on target 'OguryAdapter' in project 'LevelPlay-Ogury-Adapter-Swift-Package'
➜ Explicit dependency on target 'OgurySdk' in project 'OgurySdk'
➜ Explicit dependency on target 'UnityMediationSDK' in project 'LevelPlay-Swift-Package'
Target 'OguryAdapter' in project 'LevelPlay-Ogury-Adapter-Swift-Package'
➜ Explicit dependency on target 'OgurySdk' in project 'OgurySdk'
➜ Explicit dependency on target 'UnityMediationSDK' in project 'LevelPlay-Swift-Package'
Target 'UnityMediationSDK' in project 'LevelPlay-Swift-Package'
➜ Explicit dependency on target 'LPSPM' in project 'LevelPlay-Swift-Package'
➜ Explicit dependency on target 'AdQuality' in project 'Unity-Ad-Quality-Swift-Package'
Target 'LPSPM' in project 'LevelPlay-Swift-Package'
➜ Explicit dependency on target 'AdQuality' in project 'Unity-Ad-Quality-Swift-Package'
Target 'AdQuality' in project 'Unity-Ad-Quality-Swift-Package' (no dependencies)
Target 'OgurySdk' in project 'OgurySdk' (no dependencies)
GatherProvisioningInputs
CreateBuildDescription
ExecuteExternalTool /Applications/Xcode-16.3.0.app/Contents/Developer/Toolchains/XcodeDefault.xctoolchain/usr/bin/clang -v -E -dM -isysroot /Applications/Xcode-16.3.0.app/Contents/Developer/Platforms/WatchOS.platform/Developer/SDKs/WatchOS11.4.sdk -x c -c /dev/null
ExecuteExternalTool /Applications/Xcode-16.3.0.app/Contents/Developer/Toolchains/XcodeDefault.xctoolchain/usr/bin/swiftc --version
ExecuteExternalTool /Applications/Xcode-16.3.0.app/Contents/Developer/Toolchains/XcodeDefault.xctoolchain/usr/bin/ld -version_details
Build description signature: a1189a9e48d06af4b36a74d04d94efef
Build description path: /Users/admin/builder/spi-builder-workspace/.derivedData/Build/Intermediates.noindex/XCBuildData/a1189a9e48d06af4b36a74d04d94efef.xcbuilddata
/Users/admin/builder/spi-builder-workspace/.dependencies/artifacts/spi-builder-workspace/OguryAdapterSDK/ISOguryAdapter.xcframework:1:1: error: While building for watchOS, no library for this platform was found in '/Users/admin/builder/spi-builder-workspace/.dependencies/artifacts/spi-builder-workspace/OguryAdapterSDK/ISOguryAdapter.xcframework'. (in target 'OguryAdapter' from project 'LevelPlay-Ogury-Adapter-Swift-Package')
/Users/admin/builder/spi-builder-workspace/.dependencies/artifacts/ogury-sdk-spm/OguryWrapper/OgurySdk.xcframework:1:1: error: While building for watchOS, no library for this platform was found in '/Users/admin/builder/spi-builder-workspace/.dependencies/artifacts/ogury-sdk-spm/OguryWrapper/OgurySdk.xcframework'. (in target 'OguryAdapter' from project 'LevelPlay-Ogury-Adapter-Swift-Package')
/Users/admin/builder/spi-builder-workspace/.dependencies/artifacts/ogury-sdk-spm/OguryAds/OguryAds.xcframework:1:1: error: While building for watchOS, no library for this platform was found in '/Users/admin/builder/spi-builder-workspace/.dependencies/artifacts/ogury-sdk-spm/OguryAds/OguryAds.xcframework'. (in target 'OguryAdapter' from project 'LevelPlay-Ogury-Adapter-Swift-Package')
/Users/admin/builder/spi-builder-workspace/.dependencies/artifacts/ogury-sdk-spm/OguryCore/OguryCore.xcframework:1:1: error: While building for watchOS, no library for this platform was found in '/Users/admin/builder/spi-builder-workspace/.dependencies/artifacts/ogury-sdk-spm/OguryCore/OguryCore.xcframework'. (in target 'OguryAdapter' from project 'LevelPlay-Ogury-Adapter-Swift-Package')
/Users/admin/builder/spi-builder-workspace/.dependencies/artifacts/ogury-sdk-spm/OMSDK/OMSDK_Ogury.xcframework:1:1: error: While building for watchOS, no library for this platform was found in '/Users/admin/builder/spi-builder-workspace/.dependencies/artifacts/ogury-sdk-spm/OMSDK/OMSDK_Ogury.xcframework'. (in target 'OguryAdapter' from project 'LevelPlay-Ogury-Adapter-Swift-Package')
/Users/admin/builder/spi-builder-workspace/.dependencies/artifacts/ogury-sdk-spm/OguryWrapper/OgurySdk.xcframework:1:1: error: While building for watchOS, no library for this platform was found in '/Users/admin/builder/spi-builder-workspace/.dependencies/artifacts/ogury-sdk-spm/OguryWrapper/OgurySdk.xcframework'. (in target 'OguryAdapter' from project 'LevelPlay-Ogury-Adapter-Swift-Package')
/Users/admin/builder/spi-builder-workspace/.dependencies/artifacts/ogury-sdk-spm/OguryAds/OguryAds.xcframework:1:1: error: While building for watchOS, no library for this platform was found in '/Users/admin/builder/spi-builder-workspace/.dependencies/artifacts/ogury-sdk-spm/OguryAds/OguryAds.xcframework'. (in target 'OguryAdapter' from project 'LevelPlay-Ogury-Adapter-Swift-Package')
/Users/admin/builder/spi-builder-workspace/.dependencies/artifacts/ogury-sdk-spm/OguryCore/OguryCore.xcframework:1:1: error: While building for watchOS, no library for this platform was found in '/Users/admin/builder/spi-builder-workspace/.dependencies/artifacts/ogury-sdk-spm/OguryCore/OguryCore.xcframework'. (in target 'OguryAdapter' from project 'LevelPlay-Ogury-Adapter-Swift-Package')
/Users/admin/builder/spi-builder-workspace/.dependencies/artifacts/ogury-sdk-spm/OMSDK/OMSDK_Ogury.xcframework:1:1: error: While building for watchOS, no library for this platform was found in '/Users/admin/builder/spi-builder-workspace/.dependencies/artifacts/ogury-sdk-spm/OMSDK/OMSDK_Ogury.xcframework'. (in target 'OguryAdapter' from project 'LevelPlay-Ogury-Adapter-Swift-Package')
/Users/admin/builder/spi-builder-workspace/.dependencies/artifacts/levelplay-swift-package/IronSourceSDK/IronSource.xcframework:1:1: error: While building for watchOS, no library for this platform was found in '/Users/admin/builder/spi-builder-workspace/.dependencies/artifacts/levelplay-swift-package/IronSourceSDK/IronSource.xcframework'. (in target 'OguryAdapter' from project 'LevelPlay-Ogury-Adapter-Swift-Package')
/Users/admin/builder/spi-builder-workspace/.dependencies/artifacts/unity-ad-quality-swift-package/AdQuality/IronSourceAdQualitySDK.xcframework:1:1: error: While building for watchOS, no library for this platform was found in '/Users/admin/builder/spi-builder-workspace/.dependencies/artifacts/unity-ad-quality-swift-package/AdQuality/IronSourceAdQualitySDK.xcframework'. (in target 'OguryAdapter' from project 'LevelPlay-Ogury-Adapter-Swift-Package')
/Users/admin/builder/spi-builder-workspace/.dependencies/artifacts/unity-ad-quality-swift-package/AdQuality/IronSourceAdQualitySDK.xcframework:1:1: error: While building for watchOS, no library for this platform was found in '/Users/admin/builder/spi-builder-workspace/.dependencies/artifacts/unity-ad-quality-swift-package/AdQuality/IronSourceAdQualitySDK.xcframework'. (in target 'OguryAdapter' from project 'LevelPlay-Ogury-Adapter-Swift-Package')
/Users/admin/builder/spi-builder-workspace/.dependencies/artifacts/levelplay-swift-package/IronSourceSDK/IronSource.xcframework:1:1: error: While building for watchOS, no library for this platform was found in '/Users/admin/builder/spi-builder-workspace/.dependencies/artifacts/levelplay-swift-package/IronSourceSDK/IronSource.xcframework'. (in target 'UnityMediationSDK' from project 'LevelPlay-Swift-Package')
/Users/admin/builder/spi-builder-workspace/.dependencies/artifacts/unity-ad-quality-swift-package/AdQuality/IronSourceAdQualitySDK.xcframework:1:1: error: While building for watchOS, no library for this platform was found in '/Users/admin/builder/spi-builder-workspace/.dependencies/artifacts/unity-ad-quality-swift-package/AdQuality/IronSourceAdQualitySDK.xcframework'. (in target 'UnityMediationSDK' from project 'LevelPlay-Swift-Package')
/Users/admin/builder/spi-builder-workspace/.dependencies/artifacts/unity-ad-quality-swift-package/AdQuality/IronSourceAdQualitySDK.xcframework:1:1: error: While building for watchOS, no library for this platform was found in '/Users/admin/builder/spi-builder-workspace/.dependencies/artifacts/unity-ad-quality-swift-package/AdQuality/IronSourceAdQualitySDK.xcframework'. (in target 'UnityMediationSDK' from project 'LevelPlay-Swift-Package')
/Users/admin/builder/spi-builder-workspace/.dependencies/artifacts/spi-builder-workspace/OguryAdapterSDK/ISOguryAdapter.xcframework:1:1: error: While building for watchOS, no library for this platform was found in '/Users/admin/builder/spi-builder-workspace/.dependencies/artifacts/spi-builder-workspace/OguryAdapterSDK/ISOguryAdapter.xcframework'. (in target 'OguryAdapter' from project 'LevelPlay-Ogury-Adapter-Swift-Package')
/Users/admin/builder/spi-builder-workspace/.dependencies/artifacts/ogury-sdk-spm/OguryWrapper/OgurySdk.xcframework:1:1: error: While building for watchOS, no library for this platform was found in '/Users/admin/builder/spi-builder-workspace/.dependencies/artifacts/ogury-sdk-spm/OguryWrapper/OgurySdk.xcframework'. (in target 'OguryAdapter' from project 'LevelPlay-Ogury-Adapter-Swift-Package')
/Users/admin/builder/spi-builder-workspace/.dependencies/artifacts/ogury-sdk-spm/OguryAds/OguryAds.xcframework:1:1: error: While building for watchOS, no library for this platform was found in '/Users/admin/builder/spi-builder-workspace/.dependencies/artifacts/ogury-sdk-spm/OguryAds/OguryAds.xcframework'. (in target 'OguryAdapter' from project 'LevelPlay-Ogury-Adapter-Swift-Package')
/Users/admin/builder/spi-builder-workspace/.dependencies/artifacts/ogury-sdk-spm/OguryCore/OguryCore.xcframework:1:1: error: While building for watchOS, no library for this platform was found in '/Users/admin/builder/spi-builder-workspace/.dependencies/artifacts/ogury-sdk-spm/OguryCore/OguryCore.xcframework'. (in target 'OguryAdapter' from project 'LevelPlay-Ogury-Adapter-Swift-Package')
/Users/admin/builder/spi-builder-workspace/.dependencies/artifacts/ogury-sdk-spm/OMSDK/OMSDK_Ogury.xcframework:1:1: error: While building for watchOS, no library for this platform was found in '/Users/admin/builder/spi-builder-workspace/.dependencies/artifacts/ogury-sdk-spm/OMSDK/OMSDK_Ogury.xcframework'. (in target 'OguryAdapter' from project 'LevelPlay-Ogury-Adapter-Swift-Package')
/Users/admin/builder/spi-builder-workspace/.dependencies/artifacts/unity-ad-quality-swift-package/AdQuality/IronSourceAdQualitySDK.xcframework:1:1: error: While building for watchOS, no library for this platform was found in '/Users/admin/builder/spi-builder-workspace/.dependencies/artifacts/unity-ad-quality-swift-package/AdQuality/IronSourceAdQualitySDK.xcframework'. (in target 'AdQuality' from project 'Unity-Ad-Quality-Swift-Package')
/Users/admin/builder/spi-builder-workspace/.dependencies/artifacts/levelplay-swift-package/IronSourceSDK/IronSource.xcframework:1:1: error: While building for watchOS, no library for this platform was found in '/Users/admin/builder/spi-builder-workspace/.dependencies/artifacts/levelplay-swift-package/IronSourceSDK/IronSource.xcframework'. (in target 'LPSPM' from project 'LevelPlay-Swift-Package')
/Users/admin/builder/spi-builder-workspace/.dependencies/artifacts/unity-ad-quality-swift-package/AdQuality/IronSourceAdQualitySDK.xcframework:1:1: error: While building for watchOS, no library for this platform was found in '/Users/admin/builder/spi-builder-workspace/.dependencies/artifacts/unity-ad-quality-swift-package/AdQuality/IronSourceAdQualitySDK.xcframework'. (in target 'LPSPM' from project 'LevelPlay-Swift-Package')
/Users/admin/builder/spi-builder-workspace/.dependencies/artifacts/ogury-sdk-spm/OguryWrapper/OgurySdk.xcframework:1:1: error: While building for watchOS, no library for this platform was found in '/Users/admin/builder/spi-builder-workspace/.dependencies/artifacts/ogury-sdk-spm/OguryWrapper/OgurySdk.xcframework'. (in target 'OgurySdk' from project 'OgurySdk')
/Users/admin/builder/spi-builder-workspace/.dependencies/artifacts/ogury-sdk-spm/OguryAds/OguryAds.xcframework:1:1: error: While building for watchOS, no library for this platform was found in '/Users/admin/builder/spi-builder-workspace/.dependencies/artifacts/ogury-sdk-spm/OguryAds/OguryAds.xcframework'. (in target 'OgurySdk' from project 'OgurySdk')
/Users/admin/builder/spi-builder-workspace/.dependencies/artifacts/ogury-sdk-spm/OguryCore/OguryCore.xcframework:1:1: error: While building for watchOS, no library for this platform was found in '/Users/admin/builder/spi-builder-workspace/.dependencies/artifacts/ogury-sdk-spm/OguryCore/OguryCore.xcframework'. (in target 'OgurySdk' from project 'OgurySdk')
/Users/admin/builder/spi-builder-workspace/.dependencies/artifacts/ogury-sdk-spm/OMSDK/OMSDK_Ogury.xcframework:1:1: error: While building for watchOS, no library for this platform was found in '/Users/admin/builder/spi-builder-workspace/.dependencies/artifacts/ogury-sdk-spm/OMSDK/OMSDK_Ogury.xcframework'. (in target 'OgurySdk' from project 'OgurySdk')
** BUILD FAILED **
The following build commands failed:
Building workspace spi-builder-workspace with scheme LevelPlay-Ogury-Adapter-Swift-Package
(1 failure)
Command line invocation:
/Applications/Xcode-16.3.0.app/Contents/Developer/usr/bin/xcodebuild -IDEClonedSourcePackagesDirPathOverride=/Users/admin/builder/spi-builder-workspace/.dependencies -resolvePackageDependencies
Resolve Package Graph
Resolved source packages:
LevelPlay-Swift-Package: https://github.com/ironsource-mobile/LevelPlay-Swift-Package @ 9.6.0
LevelPlay-Ogury-Adapter-Swift-Package: /Users/admin/builder/spi-builder-workspace
Unity-Ad-Quality-Swift-Package: https://github.com/ironsource-mobile/Unity-Ad-Quality-Swift-Package @ 9.10.0
OgurySdk: https://github.com/Ogury/ogury-sdk-spm @ 5.3.1
resolved source packages: LevelPlay-Swift-Package, LevelPlay-Ogury-Adapter-Swift-Package, Unity-Ad-Quality-Swift-Package, OgurySdk
{
"dependencies" : [
{
"identity" : "ogury-sdk-spm",
"requirement" : {
"exact" : [
"5.3.1"
]
},
"type" : "sourceControl",
"url" : "https://github.com/Ogury/ogury-sdk-spm"
},
{
"identity" : "levelplay-swift-package",
"requirement" : {
"range" : [
{
"lower_bound" : "9.0.0",
"upper_bound" : "10.0.0"
}
]
},
"type" : "sourceControl",
"url" : "https://github.com/ironsource-mobile/LevelPlay-Swift-Package"
}
],
"manifest_display_name" : "LevelPlay-Ogury-Adapter-Swift-Package",
"name" : "LevelPlay-Ogury-Adapter-Swift-Package",
"path" : "/Users/admin/builder/spi-builder-workspace",
"platforms" : [
{
"name" : "ios",
"version" : "15.0"
}
],
"products" : [
{
"name" : "OguryAdapter",
"targets" : [
"OguryAdapter"
],
"type" : {
"library" : [
"automatic"
]
}
}
],
"targets" : [
{
"c99name" : "OguryAdapterSDK",
"module_type" : "BinaryTarget",
"name" : "OguryAdapterSDK",
"path" : "remote/archive/ISOguryAdapter5.9.0.zip",
"product_memberships" : [
"OguryAdapter"
],
"sources" : [
],
"type" : "binary"
},
{
"c99name" : "OguryAdapter",
"module_type" : "SwiftTarget",
"name" : "OguryAdapter",
"path" : "Sources/OguryAdapter",
"product_dependencies" : [
"OgurySdk",
"UnityMediationSDK"
],
"product_memberships" : [
"OguryAdapter"
],
"sources" : [
"OguryAdapter.swift"
],
"target_dependencies" : [
"OguryAdapterSDK"
],
"type" : "library"
}
],
"tools_version" : "6.0"
}
{
"workspace" : {
"name" : "spi-builder-workspace",
"schemes" : [
"LevelPlay-Ogury-Adapter-Swift-Package",
"OgurySdk"
]
}
}
{
"workspace" : {
"name" : "spi-builder-workspace",
"schemes" : [
"LevelPlay-Ogury-Adapter-Swift-Package",
"OgurySdk"
]
}
}
Running build ...
env DEVELOPER_DIR=/Applications/Xcode-16.3.0.app xcrun xcodebuild -IDEClonedSourcePackagesDirPathOverride=$PWD/.dependencies -skipMacroValidation -skipPackagePluginValidation -derivedDataPath $PWD/.derivedData build -scheme LevelPlay-Ogury-Adapter-Swift-Package -destination generic/platform=watchOS
Command line invocation:
/Applications/Xcode-16.3.0.app/Contents/Developer/usr/bin/xcodebuild -IDEClonedSourcePackagesDirPathOverride=/Users/admin/builder/spi-builder-workspace/.dependencies -skipMacroValidation -skipPackagePluginValidation -derivedDataPath /Users/admin/builder/spi-builder-workspace/.derivedData build -scheme LevelPlay-Ogury-Adapter-Swift-Package -destination generic/platform=watchOS
Resolve Package Graph
Resolved source packages:
LevelPlay-Swift-Package: https://github.com/ironsource-mobile/LevelPlay-Swift-Package @ 9.6.0
Unity-Ad-Quality-Swift-Package: https://github.com/ironsource-mobile/Unity-Ad-Quality-Swift-Package @ 9.10.0
OgurySdk: https://github.com/Ogury/ogury-sdk-spm @ 5.3.1
LevelPlay-Ogury-Adapter-Swift-Package: /Users/admin/builder/spi-builder-workspace
ComputePackagePrebuildTargetDependencyGraph
Prepare packages
CreateBuildRequest
SendProjectDescription
CreateBuildOperation
ComputeTargetDependencyGraph
note: Building targets in dependency order
note: Target dependency graph (6 targets)
Target 'OguryAdapter' in project 'LevelPlay-Ogury-Adapter-Swift-Package'
➜ Explicit dependency on target 'OguryAdapter' in project 'LevelPlay-Ogury-Adapter-Swift-Package'
➜ Explicit dependency on target 'OgurySdk' in project 'OgurySdk'
➜ Explicit dependency on target 'UnityMediationSDK' in project 'LevelPlay-Swift-Package'
Target 'OguryAdapter' in project 'LevelPlay-Ogury-Adapter-Swift-Package'
➜ Explicit dependency on target 'OgurySdk' in project 'OgurySdk'
➜ Explicit dependency on target 'UnityMediationSDK' in project 'LevelPlay-Swift-Package'
Target 'UnityMediationSDK' in project 'LevelPlay-Swift-Package'
➜ Explicit dependency on target 'LPSPM' in project 'LevelPlay-Swift-Package'
➜ Explicit dependency on target 'AdQuality' in project 'Unity-Ad-Quality-Swift-Package'
Target 'LPSPM' in project 'LevelPlay-Swift-Package'
➜ Explicit dependency on target 'AdQuality' in project 'Unity-Ad-Quality-Swift-Package'
Target 'AdQuality' in project 'Unity-Ad-Quality-Swift-Package' (no dependencies)
Target 'OgurySdk' in project 'OgurySdk' (no dependencies)
GatherProvisioningInputs
CreateBuildDescription
ExecuteExternalTool /Applications/Xcode-16.3.0.app/Contents/Developer/Toolchains/XcodeDefault.xctoolchain/usr/bin/swiftc --version
ExecuteExternalTool /Applications/Xcode-16.3.0.app/Contents/Developer/Toolchains/XcodeDefault.xctoolchain/usr/bin/clang -v -E -dM -isysroot /Applications/Xcode-16.3.0.app/Contents/Developer/Platforms/WatchOS.platform/Developer/SDKs/WatchOS11.4.sdk -x c -c /dev/null
ExecuteExternalTool /Applications/Xcode-16.3.0.app/Contents/Developer/Toolchains/XcodeDefault.xctoolchain/usr/bin/ld -version_details
Build description signature: 6daab60403fd4756e881eac23bf63b9f
Build description path: /Users/admin/builder/spi-builder-workspace/.derivedData/Build/Intermediates.noindex/XCBuildData/6daab60403fd4756e881eac23bf63b9f.xcbuilddata
/Users/admin/builder/spi-builder-workspace/.dependencies/artifacts/levelplay-swift-package/IronSourceSDK/IronSource.xcframework:1:1: error: While building for watchOS, no library for this platform was found in '/Users/admin/builder/spi-builder-workspace/.dependencies/artifacts/levelplay-swift-package/IronSourceSDK/IronSource.xcframework'. (in target 'LPSPM' from project 'LevelPlay-Swift-Package')
/Users/admin/builder/spi-builder-workspace/.dependencies/artifacts/unity-ad-quality-swift-package/AdQuality/IronSourceAdQualitySDK.xcframework:1:1: error: While building for watchOS, no library for this platform was found in '/Users/admin/builder/spi-builder-workspace/.dependencies/artifacts/unity-ad-quality-swift-package/AdQuality/IronSourceAdQualitySDK.xcframework'. (in target 'LPSPM' from project 'LevelPlay-Swift-Package')
/Users/admin/builder/spi-builder-workspace/.dependencies/artifacts/ogury-sdk-spm/OguryWrapper/OgurySdk.xcframework:1:1: error: While building for watchOS, no library for this platform was found in '/Users/admin/builder/spi-builder-workspace/.dependencies/artifacts/ogury-sdk-spm/OguryWrapper/OgurySdk.xcframework'. (in target 'OgurySdk' from project 'OgurySdk')
/Users/admin/builder/spi-builder-workspace/.dependencies/artifacts/ogury-sdk-spm/OguryAds/OguryAds.xcframework:1:1: error: While building for watchOS, no library for this platform was found in '/Users/admin/builder/spi-builder-workspace/.dependencies/artifacts/ogury-sdk-spm/OguryAds/OguryAds.xcframework'. (in target 'OgurySdk' from project 'OgurySdk')
/Users/admin/builder/spi-builder-workspace/.dependencies/artifacts/ogury-sdk-spm/OguryCore/OguryCore.xcframework:1:1: error: While building for watchOS, no library for this platform was found in '/Users/admin/builder/spi-builder-workspace/.dependencies/artifacts/ogury-sdk-spm/OguryCore/OguryCore.xcframework'. (in target 'OgurySdk' from project 'OgurySdk')
/Users/admin/builder/spi-builder-workspace/.dependencies/artifacts/ogury-sdk-spm/OMSDK/OMSDK_Ogury.xcframework:1:1: error: While building for watchOS, no library for this platform was found in '/Users/admin/builder/spi-builder-workspace/.dependencies/artifacts/ogury-sdk-spm/OMSDK/OMSDK_Ogury.xcframework'. (in target 'OgurySdk' from project 'OgurySdk')
/Users/admin/builder/spi-builder-workspace/.dependencies/artifacts/spi-builder-workspace/OguryAdapterSDK/ISOguryAdapter.xcframework:1:1: error: While building for watchOS, no library for this platform was found in '/Users/admin/builder/spi-builder-workspace/.dependencies/artifacts/spi-builder-workspace/OguryAdapterSDK/ISOguryAdapter.xcframework'. (in target 'OguryAdapter' from project 'LevelPlay-Ogury-Adapter-Swift-Package')
/Users/admin/builder/spi-builder-workspace/.dependencies/artifacts/ogury-sdk-spm/OguryWrapper/OgurySdk.xcframework:1:1: error: While building for watchOS, no library for this platform was found in '/Users/admin/builder/spi-builder-workspace/.dependencies/artifacts/ogury-sdk-spm/OguryWrapper/OgurySdk.xcframework'. (in target 'OguryAdapter' from project 'LevelPlay-Ogury-Adapter-Swift-Package')
/Users/admin/builder/spi-builder-workspace/.dependencies/artifacts/ogury-sdk-spm/OguryAds/OguryAds.xcframework:1:1: error: While building for watchOS, no library for this platform was found in '/Users/admin/builder/spi-builder-workspace/.dependencies/artifacts/ogury-sdk-spm/OguryAds/OguryAds.xcframework'. (in target 'OguryAdapter' from project 'LevelPlay-Ogury-Adapter-Swift-Package')
/Users/admin/builder/spi-builder-workspace/.dependencies/artifacts/ogury-sdk-spm/OguryCore/OguryCore.xcframework:1:1: error: While building for watchOS, no library for this platform was found in '/Users/admin/builder/spi-builder-workspace/.dependencies/artifacts/ogury-sdk-spm/OguryCore/OguryCore.xcframework'. (in target 'OguryAdapter' from project 'LevelPlay-Ogury-Adapter-Swift-Package')
/Users/admin/builder/spi-builder-workspace/.dependencies/artifacts/ogury-sdk-spm/OMSDK/OMSDK_Ogury.xcframework:1:1: error: While building for watchOS, no library for this platform was found in '/Users/admin/builder/spi-builder-workspace/.dependencies/artifacts/ogury-sdk-spm/OMSDK/OMSDK_Ogury.xcframework'. (in target 'OguryAdapter' from project 'LevelPlay-Ogury-Adapter-Swift-Package')
/Users/admin/builder/spi-builder-workspace/.dependencies/artifacts/ogury-sdk-spm/OguryWrapper/OgurySdk.xcframework:1:1: error: While building for watchOS, no library for this platform was found in '/Users/admin/builder/spi-builder-workspace/.dependencies/artifacts/ogury-sdk-spm/OguryWrapper/OgurySdk.xcframework'. (in target 'OguryAdapter' from project 'LevelPlay-Ogury-Adapter-Swift-Package')
/Users/admin/builder/spi-builder-workspace/.dependencies/artifacts/ogury-sdk-spm/OguryAds/OguryAds.xcframework:1:1: error: While building for watchOS, no library for this platform was found in '/Users/admin/builder/spi-builder-workspace/.dependencies/artifacts/ogury-sdk-spm/OguryAds/OguryAds.xcframework'. (in target 'OguryAdapter' from project 'LevelPlay-Ogury-Adapter-Swift-Package')
/Users/admin/builder/spi-builder-workspace/.dependencies/artifacts/ogury-sdk-spm/OguryCore/OguryCore.xcframework:1:1: error: While building for watchOS, no library for this platform was found in '/Users/admin/builder/spi-builder-workspace/.dependencies/artifacts/ogury-sdk-spm/OguryCore/OguryCore.xcframework'. (in target 'OguryAdapter' from project 'LevelPlay-Ogury-Adapter-Swift-Package')
/Users/admin/builder/spi-builder-workspace/.dependencies/artifacts/ogury-sdk-spm/OMSDK/OMSDK_Ogury.xcframework:1:1: error: While building for watchOS, no library for this platform was found in '/Users/admin/builder/spi-builder-workspace/.dependencies/artifacts/ogury-sdk-spm/OMSDK/OMSDK_Ogury.xcframework'. (in target 'OguryAdapter' from project 'LevelPlay-Ogury-Adapter-Swift-Package')
/Users/admin/builder/spi-builder-workspace/.dependencies/artifacts/levelplay-swift-package/IronSourceSDK/IronSource.xcframework:1:1: error: While building for watchOS, no library for this platform was found in '/Users/admin/builder/spi-builder-workspace/.dependencies/artifacts/levelplay-swift-package/IronSourceSDK/IronSource.xcframework'. (in target 'OguryAdapter' from project 'LevelPlay-Ogury-Adapter-Swift-Package')
/Users/admin/builder/spi-builder-workspace/.dependencies/artifacts/unity-ad-quality-swift-package/AdQuality/IronSourceAdQualitySDK.xcframework:1:1: error: While building for watchOS, no library for this platform was found in '/Users/admin/builder/spi-builder-workspace/.dependencies/artifacts/unity-ad-quality-swift-package/AdQuality/IronSourceAdQualitySDK.xcframework'. (in target 'OguryAdapter' from project 'LevelPlay-Ogury-Adapter-Swift-Package')
/Users/admin/builder/spi-builder-workspace/.dependencies/artifacts/unity-ad-quality-swift-package/AdQuality/IronSourceAdQualitySDK.xcframework:1:1: error: While building for watchOS, no library for this platform was found in '/Users/admin/builder/spi-builder-workspace/.dependencies/artifacts/unity-ad-quality-swift-package/AdQuality/IronSourceAdQualitySDK.xcframework'. (in target 'OguryAdapter' from project 'LevelPlay-Ogury-Adapter-Swift-Package')
/Users/admin/builder/spi-builder-workspace/.dependencies/artifacts/levelplay-swift-package/IronSourceSDK/IronSource.xcframework:1:1: error: While building for watchOS, no library for this platform was found in '/Users/admin/builder/spi-builder-workspace/.dependencies/artifacts/levelplay-swift-package/IronSourceSDK/IronSource.xcframework'. (in target 'UnityMediationSDK' from project 'LevelPlay-Swift-Package')
/Users/admin/builder/spi-builder-workspace/.dependencies/artifacts/unity-ad-quality-swift-package/AdQuality/IronSourceAdQualitySDK.xcframework:1:1: error: While building for watchOS, no library for this platform was found in '/Users/admin/builder/spi-builder-workspace/.dependencies/artifacts/unity-ad-quality-swift-package/AdQuality/IronSourceAdQualitySDK.xcframework'. (in target 'UnityMediationSDK' from project 'LevelPlay-Swift-Package')
/Users/admin/builder/spi-builder-workspace/.dependencies/artifacts/unity-ad-quality-swift-package/AdQuality/IronSourceAdQualitySDK.xcframework:1:1: error: While building for watchOS, no library for this platform was found in '/Users/admin/builder/spi-builder-workspace/.dependencies/artifacts/unity-ad-quality-swift-package/AdQuality/IronSourceAdQualitySDK.xcframework'. (in target 'UnityMediationSDK' from project 'LevelPlay-Swift-Package')
/Users/admin/builder/spi-builder-workspace/.dependencies/artifacts/unity-ad-quality-swift-package/AdQuality/IronSourceAdQualitySDK.xcframework:1:1: error: While building for watchOS, no library for this platform was found in '/Users/admin/builder/spi-builder-workspace/.dependencies/artifacts/unity-ad-quality-swift-package/AdQuality/IronSourceAdQualitySDK.xcframework'. (in target 'AdQuality' from project 'Unity-Ad-Quality-Swift-Package')
/Users/admin/builder/spi-builder-workspace/.dependencies/artifacts/spi-builder-workspace/OguryAdapterSDK/ISOguryAdapter.xcframework:1:1: error: While building for watchOS, no library for this platform was found in '/Users/admin/builder/spi-builder-workspace/.dependencies/artifacts/spi-builder-workspace/OguryAdapterSDK/ISOguryAdapter.xcframework'. (in target 'OguryAdapter' from project 'LevelPlay-Ogury-Adapter-Swift-Package')
/Users/admin/builder/spi-builder-workspace/.dependencies/artifacts/ogury-sdk-spm/OguryWrapper/OgurySdk.xcframework:1:1: error: While building for watchOS, no library for this platform was found in '/Users/admin/builder/spi-builder-workspace/.dependencies/artifacts/ogury-sdk-spm/OguryWrapper/OgurySdk.xcframework'. (in target 'OguryAdapter' from project 'LevelPlay-Ogury-Adapter-Swift-Package')
/Users/admin/builder/spi-builder-workspace/.dependencies/artifacts/ogury-sdk-spm/OguryAds/OguryAds.xcframework:1:1: error: While building for watchOS, no library for this platform was found in '/Users/admin/builder/spi-builder-workspace/.dependencies/artifacts/ogury-sdk-spm/OguryAds/OguryAds.xcframework'. (in target 'OguryAdapter' from project 'LevelPlay-Ogury-Adapter-Swift-Package')
/Users/admin/builder/spi-builder-workspace/.dependencies/artifacts/ogury-sdk-spm/OguryCore/OguryCore.xcframework:1:1: error: While building for watchOS, no library for this platform was found in '/Users/admin/builder/spi-builder-workspace/.dependencies/artifacts/ogury-sdk-spm/OguryCore/OguryCore.xcframework'. (in target 'OguryAdapter' from project 'LevelPlay-Ogury-Adapter-Swift-Package')
/Users/admin/builder/spi-builder-workspace/.dependencies/artifacts/ogury-sdk-spm/OMSDK/OMSDK_Ogury.xcframework:1:1: error: While building for watchOS, no library for this platform was found in '/Users/admin/builder/spi-builder-workspace/.dependencies/artifacts/ogury-sdk-spm/OMSDK/OMSDK_Ogury.xcframework'. (in target 'OguryAdapter' from project 'LevelPlay-Ogury-Adapter-Swift-Package')
** BUILD FAILED **
The following build commands failed:
Building workspace spi-builder-workspace with scheme LevelPlay-Ogury-Adapter-Swift-Package
(1 failure)
BUILD FAILURE 6.1 watchOS