Build Information
Failed to build gotenberg-kit, reference 0.6.3-beta.1 (5e9aa4), with Swift 6.1 for watchOS using Xcode 16.3 on 25 Jun 2026 09:19:25 UTC.
Build Command
env DEVELOPER_DIR=/Applications/Xcode-16.3.0.app xcrun xcodebuild -IDEClonedSourcePackagesDirPathOverride=$PWD/.dependencies -skipMacroValidation -skipPackagePluginValidation -derivedDataPath $PWD/.derivedData build -scheme gotenberg-kit -destination generic/platform=watchOSBuild Log
cd /Users/admin/builder/spi-builder-workspace/.swiftpm/xcode
SwiftCompile normal arm64_32 /Users/admin/builder/spi-builder-workspace/.dependencies/checkouts/async-http-client/Sources/AsyncHTTPClient/AsyncAwait/HTTPClientRequest+auth.swift (in target 'AsyncHTTPClient' from project 'async-http-client')
cd /Users/admin/builder/spi-builder-workspace/.swiftpm/xcode
SwiftCompile normal arm64 Compiling\ HTTPConnectionPool+StateMachine.swift,\ ConnectionTarget.swift,\ DeconstructedURL.swift,\ FileDownloadDelegate.swift,\ FoundationExtensions.swift,\ HTTPClient+HTTPCookie.swift,\ HTTPClient+Proxy.swift /Users/admin/builder/spi-builder-workspace/.dependencies/checkouts/async-http-client/Sources/AsyncHTTPClient/ConnectionPool/State\ Machine/HTTPConnectionPool+StateMachine.swift /Users/admin/builder/spi-builder-workspace/.dependencies/checkouts/async-http-client/Sources/AsyncHTTPClient/ConnectionTarget.swift /Users/admin/builder/spi-builder-workspace/.dependencies/checkouts/async-http-client/Sources/AsyncHTTPClient/DeconstructedURL.swift /Users/admin/builder/spi-builder-workspace/.dependencies/checkouts/async-http-client/Sources/AsyncHTTPClient/FileDownloadDelegate.swift /Users/admin/builder/spi-builder-workspace/.dependencies/checkouts/async-http-client/Sources/AsyncHTTPClient/FoundationExtensions.swift /Users/admin/builder/spi-builder-workspace/.dependencies/checkouts/async-http-client/Sources/AsyncHTTPClient/HTTPClient+HTTPCookie.swift /Users/admin/builder/spi-builder-workspace/.dependencies/checkouts/async-http-client/Sources/AsyncHTTPClient/HTTPClient+Proxy.swift (in target 'AsyncHTTPClient' from project 'async-http-client')
SwiftCompile normal arm64 /Users/admin/builder/spi-builder-workspace/.dependencies/checkouts/async-http-client/Sources/AsyncHTTPClient/ConnectionPool/State\ Machine/HTTPConnectionPool+StateMachine.swift (in target 'AsyncHTTPClient' from project 'async-http-client')
cd /Users/admin/builder/spi-builder-workspace/.swiftpm/xcode
SwiftCompile normal arm64 /Users/admin/builder/spi-builder-workspace/.dependencies/checkouts/async-http-client/Sources/AsyncHTTPClient/ConnectionTarget.swift (in target 'AsyncHTTPClient' from project 'async-http-client')
cd /Users/admin/builder/spi-builder-workspace/.swiftpm/xcode
SwiftCompile normal arm64 /Users/admin/builder/spi-builder-workspace/.dependencies/checkouts/async-http-client/Sources/AsyncHTTPClient/DeconstructedURL.swift (in target 'AsyncHTTPClient' from project 'async-http-client')
cd /Users/admin/builder/spi-builder-workspace/.swiftpm/xcode
SwiftCompile normal arm64 /Users/admin/builder/spi-builder-workspace/.dependencies/checkouts/async-http-client/Sources/AsyncHTTPClient/FileDownloadDelegate.swift (in target 'AsyncHTTPClient' from project 'async-http-client')
cd /Users/admin/builder/spi-builder-workspace/.swiftpm/xcode
SwiftCompile normal arm64 /Users/admin/builder/spi-builder-workspace/.dependencies/checkouts/async-http-client/Sources/AsyncHTTPClient/FoundationExtensions.swift (in target 'AsyncHTTPClient' from project 'async-http-client')
cd /Users/admin/builder/spi-builder-workspace/.swiftpm/xcode
SwiftCompile normal arm64 /Users/admin/builder/spi-builder-workspace/.dependencies/checkouts/async-http-client/Sources/AsyncHTTPClient/HTTPClient+HTTPCookie.swift (in target 'AsyncHTTPClient' from project 'async-http-client')
cd /Users/admin/builder/spi-builder-workspace/.swiftpm/xcode
SwiftCompile normal arm64 /Users/admin/builder/spi-builder-workspace/.dependencies/checkouts/async-http-client/Sources/AsyncHTTPClient/HTTPClient+Proxy.swift (in target 'AsyncHTTPClient' from project 'async-http-client')
cd /Users/admin/builder/spi-builder-workspace/.swiftpm/xcode
SwiftDriverJobDiscovery normal armv7k Compiling HTTPClientRequest.swift, HTTPClientResponse.swift, SingleIteratorPrecondition.swift, Transaction+StateMachine.swift, Transaction.swift, Base64.swift, BasicAuth.swift (in target 'AsyncHTTPClient' from project 'async-http-client')
SwiftCompile normal arm64 Compiling\ BestEffortHashableTLSConfiguration.swift,\ Configuration+BrowserLike.swift,\ ConnectionPool.swift,\ HTTP1ProxyConnectHandler.swift,\ SOCKSEventsHandler.swift,\ TLSEventsHandler.swift,\ HTTP1ClientChannelHandler.swift /Users/admin/builder/spi-builder-workspace/.dependencies/checkouts/async-http-client/Sources/AsyncHTTPClient/BestEffortHashableTLSConfiguration.swift /Users/admin/builder/spi-builder-workspace/.dependencies/checkouts/async-http-client/Sources/AsyncHTTPClient/Configuration+BrowserLike.swift /Users/admin/builder/spi-builder-workspace/.dependencies/checkouts/async-http-client/Sources/AsyncHTTPClient/ConnectionPool.swift /Users/admin/builder/spi-builder-workspace/.dependencies/checkouts/async-http-client/Sources/AsyncHTTPClient/ConnectionPool/ChannelHandler/HTTP1ProxyConnectHandler.swift /Users/admin/builder/spi-builder-workspace/.dependencies/checkouts/async-http-client/Sources/AsyncHTTPClient/ConnectionPool/ChannelHandler/SOCKSEventsHandler.swift /Users/admin/builder/spi-builder-workspace/.dependencies/checkouts/async-http-client/Sources/AsyncHTTPClient/ConnectionPool/ChannelHandler/TLSEventsHandler.swift /Users/admin/builder/spi-builder-workspace/.dependencies/checkouts/async-http-client/Sources/AsyncHTTPClient/ConnectionPool/HTTP1/HTTP1ClientChannelHandler.swift (in target 'AsyncHTTPClient' from project 'async-http-client')
SwiftCompile normal arm64 /Users/admin/builder/spi-builder-workspace/.dependencies/checkouts/async-http-client/Sources/AsyncHTTPClient/BestEffortHashableTLSConfiguration.swift (in target 'AsyncHTTPClient' from project 'async-http-client')
cd /Users/admin/builder/spi-builder-workspace/.swiftpm/xcode
SwiftCompile normal arm64 /Users/admin/builder/spi-builder-workspace/.dependencies/checkouts/async-http-client/Sources/AsyncHTTPClient/Configuration+BrowserLike.swift (in target 'AsyncHTTPClient' from project 'async-http-client')
cd /Users/admin/builder/spi-builder-workspace/.swiftpm/xcode
SwiftCompile normal arm64 /Users/admin/builder/spi-builder-workspace/.dependencies/checkouts/async-http-client/Sources/AsyncHTTPClient/ConnectionPool.swift (in target 'AsyncHTTPClient' from project 'async-http-client')
cd /Users/admin/builder/spi-builder-workspace/.swiftpm/xcode
SwiftCompile normal arm64 /Users/admin/builder/spi-builder-workspace/.dependencies/checkouts/async-http-client/Sources/AsyncHTTPClient/ConnectionPool/ChannelHandler/HTTP1ProxyConnectHandler.swift (in target 'AsyncHTTPClient' from project 'async-http-client')
cd /Users/admin/builder/spi-builder-workspace/.swiftpm/xcode
SwiftCompile normal arm64 /Users/admin/builder/spi-builder-workspace/.dependencies/checkouts/async-http-client/Sources/AsyncHTTPClient/ConnectionPool/ChannelHandler/SOCKSEventsHandler.swift (in target 'AsyncHTTPClient' from project 'async-http-client')
cd /Users/admin/builder/spi-builder-workspace/.swiftpm/xcode
SwiftCompile normal arm64 /Users/admin/builder/spi-builder-workspace/.dependencies/checkouts/async-http-client/Sources/AsyncHTTPClient/ConnectionPool/ChannelHandler/TLSEventsHandler.swift (in target 'AsyncHTTPClient' from project 'async-http-client')
cd /Users/admin/builder/spi-builder-workspace/.swiftpm/xcode
SwiftCompile normal arm64 /Users/admin/builder/spi-builder-workspace/.dependencies/checkouts/async-http-client/Sources/AsyncHTTPClient/ConnectionPool/HTTP1/HTTP1ClientChannelHandler.swift (in target 'AsyncHTTPClient' from project 'async-http-client')
cd /Users/admin/builder/spi-builder-workspace/.swiftpm/xcode
SwiftDriverJobDiscovery normal armv7k Compiling NWWaitingHandler.swift, TLSConfiguration.swift, RedirectState.swift, RequestBag+StateMachine.swift, RequestBag+Tracing.swift, RequestBag.swift, RequestValidation.swift (in target 'AsyncHTTPClient' from project 'async-http-client')
SwiftCompile normal arm64_32 Compiling\ HTTPConnectionPool+Manager.swift,\ HTTPConnectionPool.swift,\ HTTPExecutableRequest.swift,\ HTTPRequestStateMachine+Demand.swift,\ HTTPRequestStateMachine.swift,\ RequestBodyLength.swift,\ RequestFramingMetadata.swift /Users/admin/builder/spi-builder-workspace/.dependencies/checkouts/async-http-client/Sources/AsyncHTTPClient/ConnectionPool/HTTPConnectionPool+Manager.swift /Users/admin/builder/spi-builder-workspace/.dependencies/checkouts/async-http-client/Sources/AsyncHTTPClient/ConnectionPool/HTTPConnectionPool.swift /Users/admin/builder/spi-builder-workspace/.dependencies/checkouts/async-http-client/Sources/AsyncHTTPClient/ConnectionPool/HTTPExecutableRequest.swift /Users/admin/builder/spi-builder-workspace/.dependencies/checkouts/async-http-client/Sources/AsyncHTTPClient/ConnectionPool/HTTPRequestStateMachine+Demand.swift /Users/admin/builder/spi-builder-workspace/.dependencies/checkouts/async-http-client/Sources/AsyncHTTPClient/ConnectionPool/HTTPRequestStateMachine.swift /Users/admin/builder/spi-builder-workspace/.dependencies/checkouts/async-http-client/Sources/AsyncHTTPClient/ConnectionPool/RequestBodyLength.swift /Users/admin/builder/spi-builder-workspace/.dependencies/checkouts/async-http-client/Sources/AsyncHTTPClient/ConnectionPool/RequestFramingMetadata.swift (in target 'AsyncHTTPClient' from project 'async-http-client')
SwiftCompile normal arm64_32 /Users/admin/builder/spi-builder-workspace/.dependencies/checkouts/async-http-client/Sources/AsyncHTTPClient/ConnectionPool/HTTPConnectionPool+Manager.swift (in target 'AsyncHTTPClient' from project 'async-http-client')
cd /Users/admin/builder/spi-builder-workspace/.swiftpm/xcode
SwiftCompile normal arm64_32 /Users/admin/builder/spi-builder-workspace/.dependencies/checkouts/async-http-client/Sources/AsyncHTTPClient/ConnectionPool/HTTPConnectionPool.swift (in target 'AsyncHTTPClient' from project 'async-http-client')
cd /Users/admin/builder/spi-builder-workspace/.swiftpm/xcode
SwiftCompile normal arm64_32 /Users/admin/builder/spi-builder-workspace/.dependencies/checkouts/async-http-client/Sources/AsyncHTTPClient/ConnectionPool/HTTPExecutableRequest.swift (in target 'AsyncHTTPClient' from project 'async-http-client')
cd /Users/admin/builder/spi-builder-workspace/.swiftpm/xcode
SwiftCompile normal arm64_32 /Users/admin/builder/spi-builder-workspace/.dependencies/checkouts/async-http-client/Sources/AsyncHTTPClient/ConnectionPool/HTTPRequestStateMachine+Demand.swift (in target 'AsyncHTTPClient' from project 'async-http-client')
cd /Users/admin/builder/spi-builder-workspace/.swiftpm/xcode
SwiftCompile normal arm64_32 /Users/admin/builder/spi-builder-workspace/.dependencies/checkouts/async-http-client/Sources/AsyncHTTPClient/ConnectionPool/HTTPRequestStateMachine.swift (in target 'AsyncHTTPClient' from project 'async-http-client')
cd /Users/admin/builder/spi-builder-workspace/.swiftpm/xcode
SwiftCompile normal arm64_32 /Users/admin/builder/spi-builder-workspace/.dependencies/checkouts/async-http-client/Sources/AsyncHTTPClient/ConnectionPool/RequestBodyLength.swift (in target 'AsyncHTTPClient' from project 'async-http-client')
cd /Users/admin/builder/spi-builder-workspace/.swiftpm/xcode
SwiftCompile normal arm64_32 /Users/admin/builder/spi-builder-workspace/.dependencies/checkouts/async-http-client/Sources/AsyncHTTPClient/ConnectionPool/RequestFramingMetadata.swift (in target 'AsyncHTTPClient' from project 'async-http-client')
cd /Users/admin/builder/spi-builder-workspace/.swiftpm/xcode
SwiftDriverJobDiscovery normal armv7k Compiling HTTPClient+StructuredConcurrency.swift, HTTPClient.swift, HTTPClientConfiguration+SwiftConfiguration.swift, HTTPHandler.swift, LRUCache.swift, NIOLoopBound+Execute.swift, NWErrorHandler.swift (in target 'AsyncHTTPClient' from project 'async-http-client')
SwiftCompile normal arm64_32 Compiling\ SSLContextCache.swift,\ Scheme.swift,\ Singleton.swift,\ StringConvertibleInstances.swift,\ StructuredConcurrencyHelpers.swift,\ TracingSupport.swift,\ Utils.swift /Users/admin/builder/spi-builder-workspace/.dependencies/checkouts/async-http-client/Sources/AsyncHTTPClient/SSLContextCache.swift /Users/admin/builder/spi-builder-workspace/.dependencies/checkouts/async-http-client/Sources/AsyncHTTPClient/Scheme.swift /Users/admin/builder/spi-builder-workspace/.dependencies/checkouts/async-http-client/Sources/AsyncHTTPClient/Singleton.swift /Users/admin/builder/spi-builder-workspace/.dependencies/checkouts/async-http-client/Sources/AsyncHTTPClient/StringConvertibleInstances.swift /Users/admin/builder/spi-builder-workspace/.dependencies/checkouts/async-http-client/Sources/AsyncHTTPClient/StructuredConcurrencyHelpers.swift /Users/admin/builder/spi-builder-workspace/.dependencies/checkouts/async-http-client/Sources/AsyncHTTPClient/TracingSupport.swift /Users/admin/builder/spi-builder-workspace/.dependencies/checkouts/async-http-client/Sources/AsyncHTTPClient/Utils.swift (in target 'AsyncHTTPClient' from project 'async-http-client')
SwiftCompile normal arm64_32 /Users/admin/builder/spi-builder-workspace/.dependencies/checkouts/async-http-client/Sources/AsyncHTTPClient/SSLContextCache.swift (in target 'AsyncHTTPClient' from project 'async-http-client')
cd /Users/admin/builder/spi-builder-workspace/.swiftpm/xcode
SwiftCompile normal arm64_32 /Users/admin/builder/spi-builder-workspace/.dependencies/checkouts/async-http-client/Sources/AsyncHTTPClient/Scheme.swift (in target 'AsyncHTTPClient' from project 'async-http-client')
cd /Users/admin/builder/spi-builder-workspace/.swiftpm/xcode
SwiftCompile normal arm64_32 /Users/admin/builder/spi-builder-workspace/.dependencies/checkouts/async-http-client/Sources/AsyncHTTPClient/Singleton.swift (in target 'AsyncHTTPClient' from project 'async-http-client')
cd /Users/admin/builder/spi-builder-workspace/.swiftpm/xcode
SwiftCompile normal arm64_32 /Users/admin/builder/spi-builder-workspace/.dependencies/checkouts/async-http-client/Sources/AsyncHTTPClient/StringConvertibleInstances.swift (in target 'AsyncHTTPClient' from project 'async-http-client')
cd /Users/admin/builder/spi-builder-workspace/.swiftpm/xcode
SwiftCompile normal arm64_32 /Users/admin/builder/spi-builder-workspace/.dependencies/checkouts/async-http-client/Sources/AsyncHTTPClient/StructuredConcurrencyHelpers.swift (in target 'AsyncHTTPClient' from project 'async-http-client')
cd /Users/admin/builder/spi-builder-workspace/.swiftpm/xcode
SwiftCompile normal arm64_32 /Users/admin/builder/spi-builder-workspace/.dependencies/checkouts/async-http-client/Sources/AsyncHTTPClient/TracingSupport.swift (in target 'AsyncHTTPClient' from project 'async-http-client')
cd /Users/admin/builder/spi-builder-workspace/.swiftpm/xcode
SwiftCompile normal arm64_32 /Users/admin/builder/spi-builder-workspace/.dependencies/checkouts/async-http-client/Sources/AsyncHTTPClient/Utils.swift (in target 'AsyncHTTPClient' from project 'async-http-client')
cd /Users/admin/builder/spi-builder-workspace/.swiftpm/xcode
SwiftDriverJobDiscovery normal arm64_32 Compiling AnyAsyncSequence.swift, AnyAsyncSequenceProucerDelete.swift, AsyncLazySequence.swift, HTTPClient+execute.swift, HTTPClient+shutdown.swift, HTTPClient+tracing.swift, HTTPClientRequest+Prepared.swift, HTTPClientRequest+auth.swift (in target 'AsyncHTTPClient' from project 'async-http-client')
SwiftCompile normal armv7k Compiling\ SSLContextCache.swift,\ Scheme.swift,\ Singleton.swift,\ StringConvertibleInstances.swift,\ StructuredConcurrencyHelpers.swift,\ TracingSupport.swift,\ Utils.swift /Users/admin/builder/spi-builder-workspace/.dependencies/checkouts/async-http-client/Sources/AsyncHTTPClient/SSLContextCache.swift /Users/admin/builder/spi-builder-workspace/.dependencies/checkouts/async-http-client/Sources/AsyncHTTPClient/Scheme.swift /Users/admin/builder/spi-builder-workspace/.dependencies/checkouts/async-http-client/Sources/AsyncHTTPClient/Singleton.swift /Users/admin/builder/spi-builder-workspace/.dependencies/checkouts/async-http-client/Sources/AsyncHTTPClient/StringConvertibleInstances.swift /Users/admin/builder/spi-builder-workspace/.dependencies/checkouts/async-http-client/Sources/AsyncHTTPClient/StructuredConcurrencyHelpers.swift /Users/admin/builder/spi-builder-workspace/.dependencies/checkouts/async-http-client/Sources/AsyncHTTPClient/TracingSupport.swift /Users/admin/builder/spi-builder-workspace/.dependencies/checkouts/async-http-client/Sources/AsyncHTTPClient/Utils.swift (in target 'AsyncHTTPClient' from project 'async-http-client')
SwiftCompile normal armv7k /Users/admin/builder/spi-builder-workspace/.dependencies/checkouts/async-http-client/Sources/AsyncHTTPClient/SSLContextCache.swift (in target 'AsyncHTTPClient' from project 'async-http-client')
cd /Users/admin/builder/spi-builder-workspace/.swiftpm/xcode
SwiftCompile normal armv7k /Users/admin/builder/spi-builder-workspace/.dependencies/checkouts/async-http-client/Sources/AsyncHTTPClient/Scheme.swift (in target 'AsyncHTTPClient' from project 'async-http-client')
cd /Users/admin/builder/spi-builder-workspace/.swiftpm/xcode
SwiftCompile normal armv7k /Users/admin/builder/spi-builder-workspace/.dependencies/checkouts/async-http-client/Sources/AsyncHTTPClient/Singleton.swift (in target 'AsyncHTTPClient' from project 'async-http-client')
cd /Users/admin/builder/spi-builder-workspace/.swiftpm/xcode
SwiftCompile normal armv7k /Users/admin/builder/spi-builder-workspace/.dependencies/checkouts/async-http-client/Sources/AsyncHTTPClient/StringConvertibleInstances.swift (in target 'AsyncHTTPClient' from project 'async-http-client')
cd /Users/admin/builder/spi-builder-workspace/.swiftpm/xcode
SwiftCompile normal armv7k /Users/admin/builder/spi-builder-workspace/.dependencies/checkouts/async-http-client/Sources/AsyncHTTPClient/StructuredConcurrencyHelpers.swift (in target 'AsyncHTTPClient' from project 'async-http-client')
cd /Users/admin/builder/spi-builder-workspace/.swiftpm/xcode
SwiftCompile normal armv7k /Users/admin/builder/spi-builder-workspace/.dependencies/checkouts/async-http-client/Sources/AsyncHTTPClient/TracingSupport.swift (in target 'AsyncHTTPClient' from project 'async-http-client')
cd /Users/admin/builder/spi-builder-workspace/.swiftpm/xcode
SwiftCompile normal armv7k /Users/admin/builder/spi-builder-workspace/.dependencies/checkouts/async-http-client/Sources/AsyncHTTPClient/Utils.swift (in target 'AsyncHTTPClient' from project 'async-http-client')
cd /Users/admin/builder/spi-builder-workspace/.swiftpm/xcode
SwiftDriverJobDiscovery normal arm64 Compiling HTTPConnectionPool+Manager.swift, HTTPConnectionPool.swift, HTTPExecutableRequest.swift, HTTPRequestStateMachine+Demand.swift, HTTPRequestStateMachine.swift, RequestBodyLength.swift, RequestFramingMetadata.swift (in target 'AsyncHTTPClient' from project 'async-http-client')
SwiftCompile normal arm64 Compiling\ SSLContextCache.swift,\ Scheme.swift,\ Singleton.swift,\ StringConvertibleInstances.swift,\ StructuredConcurrencyHelpers.swift,\ TracingSupport.swift,\ Utils.swift /Users/admin/builder/spi-builder-workspace/.dependencies/checkouts/async-http-client/Sources/AsyncHTTPClient/SSLContextCache.swift /Users/admin/builder/spi-builder-workspace/.dependencies/checkouts/async-http-client/Sources/AsyncHTTPClient/Scheme.swift /Users/admin/builder/spi-builder-workspace/.dependencies/checkouts/async-http-client/Sources/AsyncHTTPClient/Singleton.swift /Users/admin/builder/spi-builder-workspace/.dependencies/checkouts/async-http-client/Sources/AsyncHTTPClient/StringConvertibleInstances.swift /Users/admin/builder/spi-builder-workspace/.dependencies/checkouts/async-http-client/Sources/AsyncHTTPClient/StructuredConcurrencyHelpers.swift /Users/admin/builder/spi-builder-workspace/.dependencies/checkouts/async-http-client/Sources/AsyncHTTPClient/TracingSupport.swift /Users/admin/builder/spi-builder-workspace/.dependencies/checkouts/async-http-client/Sources/AsyncHTTPClient/Utils.swift (in target 'AsyncHTTPClient' from project 'async-http-client')
SwiftCompile normal arm64 /Users/admin/builder/spi-builder-workspace/.dependencies/checkouts/async-http-client/Sources/AsyncHTTPClient/SSLContextCache.swift (in target 'AsyncHTTPClient' from project 'async-http-client')
cd /Users/admin/builder/spi-builder-workspace/.swiftpm/xcode
SwiftCompile normal arm64 /Users/admin/builder/spi-builder-workspace/.dependencies/checkouts/async-http-client/Sources/AsyncHTTPClient/Scheme.swift (in target 'AsyncHTTPClient' from project 'async-http-client')
cd /Users/admin/builder/spi-builder-workspace/.swiftpm/xcode
SwiftCompile normal arm64 /Users/admin/builder/spi-builder-workspace/.dependencies/checkouts/async-http-client/Sources/AsyncHTTPClient/Singleton.swift (in target 'AsyncHTTPClient' from project 'async-http-client')
cd /Users/admin/builder/spi-builder-workspace/.swiftpm/xcode
SwiftCompile normal arm64 /Users/admin/builder/spi-builder-workspace/.dependencies/checkouts/async-http-client/Sources/AsyncHTTPClient/StringConvertibleInstances.swift (in target 'AsyncHTTPClient' from project 'async-http-client')
cd /Users/admin/builder/spi-builder-workspace/.swiftpm/xcode
SwiftCompile normal arm64 /Users/admin/builder/spi-builder-workspace/.dependencies/checkouts/async-http-client/Sources/AsyncHTTPClient/StructuredConcurrencyHelpers.swift (in target 'AsyncHTTPClient' from project 'async-http-client')
cd /Users/admin/builder/spi-builder-workspace/.swiftpm/xcode
SwiftCompile normal arm64 /Users/admin/builder/spi-builder-workspace/.dependencies/checkouts/async-http-client/Sources/AsyncHTTPClient/TracingSupport.swift (in target 'AsyncHTTPClient' from project 'async-http-client')
cd /Users/admin/builder/spi-builder-workspace/.swiftpm/xcode
SwiftCompile normal arm64 /Users/admin/builder/spi-builder-workspace/.dependencies/checkouts/async-http-client/Sources/AsyncHTTPClient/Utils.swift (in target 'AsyncHTTPClient' from project 'async-http-client')
cd /Users/admin/builder/spi-builder-workspace/.swiftpm/xcode
SwiftDriverJobDiscovery normal arm64_32 Compiling HTTPClientRequest.swift, HTTPClientResponse.swift, SingleIteratorPrecondition.swift, Transaction+StateMachine.swift, Transaction.swift, Base64.swift, BasicAuth.swift (in target 'AsyncHTTPClient' from project 'async-http-client')
SwiftCompile normal armv7k Compiling\ HTTPConnectionPool+StateMachine.swift,\ ConnectionTarget.swift,\ DeconstructedURL.swift,\ FileDownloadDelegate.swift,\ FoundationExtensions.swift,\ HTTPClient+HTTPCookie.swift,\ HTTPClient+Proxy.swift /Users/admin/builder/spi-builder-workspace/.dependencies/checkouts/async-http-client/Sources/AsyncHTTPClient/ConnectionPool/State\ Machine/HTTPConnectionPool+StateMachine.swift /Users/admin/builder/spi-builder-workspace/.dependencies/checkouts/async-http-client/Sources/AsyncHTTPClient/ConnectionTarget.swift /Users/admin/builder/spi-builder-workspace/.dependencies/checkouts/async-http-client/Sources/AsyncHTTPClient/DeconstructedURL.swift /Users/admin/builder/spi-builder-workspace/.dependencies/checkouts/async-http-client/Sources/AsyncHTTPClient/FileDownloadDelegate.swift /Users/admin/builder/spi-builder-workspace/.dependencies/checkouts/async-http-client/Sources/AsyncHTTPClient/FoundationExtensions.swift /Users/admin/builder/spi-builder-workspace/.dependencies/checkouts/async-http-client/Sources/AsyncHTTPClient/HTTPClient+HTTPCookie.swift /Users/admin/builder/spi-builder-workspace/.dependencies/checkouts/async-http-client/Sources/AsyncHTTPClient/HTTPClient+Proxy.swift (in target 'AsyncHTTPClient' from project 'async-http-client')
SwiftCompile normal armv7k /Users/admin/builder/spi-builder-workspace/.dependencies/checkouts/async-http-client/Sources/AsyncHTTPClient/ConnectionPool/State\ Machine/HTTPConnectionPool+StateMachine.swift (in target 'AsyncHTTPClient' from project 'async-http-client')
cd /Users/admin/builder/spi-builder-workspace/.swiftpm/xcode
SwiftCompile normal armv7k /Users/admin/builder/spi-builder-workspace/.dependencies/checkouts/async-http-client/Sources/AsyncHTTPClient/ConnectionTarget.swift (in target 'AsyncHTTPClient' from project 'async-http-client')
cd /Users/admin/builder/spi-builder-workspace/.swiftpm/xcode
SwiftCompile normal armv7k /Users/admin/builder/spi-builder-workspace/.dependencies/checkouts/async-http-client/Sources/AsyncHTTPClient/DeconstructedURL.swift (in target 'AsyncHTTPClient' from project 'async-http-client')
cd /Users/admin/builder/spi-builder-workspace/.swiftpm/xcode
SwiftCompile normal armv7k /Users/admin/builder/spi-builder-workspace/.dependencies/checkouts/async-http-client/Sources/AsyncHTTPClient/FileDownloadDelegate.swift (in target 'AsyncHTTPClient' from project 'async-http-client')
cd /Users/admin/builder/spi-builder-workspace/.swiftpm/xcode
SwiftCompile normal armv7k /Users/admin/builder/spi-builder-workspace/.dependencies/checkouts/async-http-client/Sources/AsyncHTTPClient/FoundationExtensions.swift (in target 'AsyncHTTPClient' from project 'async-http-client')
cd /Users/admin/builder/spi-builder-workspace/.swiftpm/xcode
SwiftCompile normal armv7k /Users/admin/builder/spi-builder-workspace/.dependencies/checkouts/async-http-client/Sources/AsyncHTTPClient/HTTPClient+HTTPCookie.swift (in target 'AsyncHTTPClient' from project 'async-http-client')
cd /Users/admin/builder/spi-builder-workspace/.swiftpm/xcode
SwiftCompile normal armv7k /Users/admin/builder/spi-builder-workspace/.dependencies/checkouts/async-http-client/Sources/AsyncHTTPClient/HTTPClient+Proxy.swift (in target 'AsyncHTTPClient' from project 'async-http-client')
cd /Users/admin/builder/spi-builder-workspace/.swiftpm/xcode
SwiftDriverJobDiscovery normal arm64 Compiling RequestOptions.swift, HTTPConnectionPool+Backoff.swift, HTTPConnectionPool+HTTP1Connections.swift, HTTPConnectionPool+HTTP1StateMachine.swift, HTTPConnectionPool+HTTP2Connections.swift, HTTPConnectionPool+HTTP2StateMachine.swift, HTTPConnectionPool+RequestQueue.swift (in target 'AsyncHTTPClient' from project 'async-http-client')
SwiftCompile normal arm64_32 Compiling\ HTTPConnectionPool+StateMachine.swift,\ ConnectionTarget.swift,\ DeconstructedURL.swift,\ FileDownloadDelegate.swift,\ FoundationExtensions.swift,\ HTTPClient+HTTPCookie.swift,\ HTTPClient+Proxy.swift /Users/admin/builder/spi-builder-workspace/.dependencies/checkouts/async-http-client/Sources/AsyncHTTPClient/ConnectionPool/State\ Machine/HTTPConnectionPool+StateMachine.swift /Users/admin/builder/spi-builder-workspace/.dependencies/checkouts/async-http-client/Sources/AsyncHTTPClient/ConnectionTarget.swift /Users/admin/builder/spi-builder-workspace/.dependencies/checkouts/async-http-client/Sources/AsyncHTTPClient/DeconstructedURL.swift /Users/admin/builder/spi-builder-workspace/.dependencies/checkouts/async-http-client/Sources/AsyncHTTPClient/FileDownloadDelegate.swift /Users/admin/builder/spi-builder-workspace/.dependencies/checkouts/async-http-client/Sources/AsyncHTTPClient/FoundationExtensions.swift /Users/admin/builder/spi-builder-workspace/.dependencies/checkouts/async-http-client/Sources/AsyncHTTPClient/HTTPClient+HTTPCookie.swift /Users/admin/builder/spi-builder-workspace/.dependencies/checkouts/async-http-client/Sources/AsyncHTTPClient/HTTPClient+Proxy.swift (in target 'AsyncHTTPClient' from project 'async-http-client')
SwiftCompile normal arm64_32 /Users/admin/builder/spi-builder-workspace/.dependencies/checkouts/async-http-client/Sources/AsyncHTTPClient/ConnectionPool/State\ Machine/HTTPConnectionPool+StateMachine.swift (in target 'AsyncHTTPClient' from project 'async-http-client')
cd /Users/admin/builder/spi-builder-workspace/.swiftpm/xcode
SwiftCompile normal arm64_32 /Users/admin/builder/spi-builder-workspace/.dependencies/checkouts/async-http-client/Sources/AsyncHTTPClient/ConnectionTarget.swift (in target 'AsyncHTTPClient' from project 'async-http-client')
cd /Users/admin/builder/spi-builder-workspace/.swiftpm/xcode
SwiftCompile normal arm64_32 /Users/admin/builder/spi-builder-workspace/.dependencies/checkouts/async-http-client/Sources/AsyncHTTPClient/DeconstructedURL.swift (in target 'AsyncHTTPClient' from project 'async-http-client')
cd /Users/admin/builder/spi-builder-workspace/.swiftpm/xcode
SwiftCompile normal arm64_32 /Users/admin/builder/spi-builder-workspace/.dependencies/checkouts/async-http-client/Sources/AsyncHTTPClient/FileDownloadDelegate.swift (in target 'AsyncHTTPClient' from project 'async-http-client')
cd /Users/admin/builder/spi-builder-workspace/.swiftpm/xcode
SwiftCompile normal arm64_32 /Users/admin/builder/spi-builder-workspace/.dependencies/checkouts/async-http-client/Sources/AsyncHTTPClient/FoundationExtensions.swift (in target 'AsyncHTTPClient' from project 'async-http-client')
cd /Users/admin/builder/spi-builder-workspace/.swiftpm/xcode
SwiftCompile normal arm64_32 /Users/admin/builder/spi-builder-workspace/.dependencies/checkouts/async-http-client/Sources/AsyncHTTPClient/HTTPClient+HTTPCookie.swift (in target 'AsyncHTTPClient' from project 'async-http-client')
cd /Users/admin/builder/spi-builder-workspace/.swiftpm/xcode
SwiftCompile normal arm64_32 /Users/admin/builder/spi-builder-workspace/.dependencies/checkouts/async-http-client/Sources/AsyncHTTPClient/HTTPClient+Proxy.swift (in target 'AsyncHTTPClient' from project 'async-http-client')
cd /Users/admin/builder/spi-builder-workspace/.swiftpm/xcode
SwiftDriverJobDiscovery normal arm64_32 Compiling HTTPClient+StructuredConcurrency.swift, HTTPClient.swift, HTTPClientConfiguration+SwiftConfiguration.swift, HTTPHandler.swift, LRUCache.swift, NIOLoopBound+Execute.swift, NWErrorHandler.swift (in target 'AsyncHTTPClient' from project 'async-http-client')
SwiftCompile normal arm64 Compiling\ NWWaitingHandler.swift,\ TLSConfiguration.swift,\ RedirectState.swift,\ RequestBag+StateMachine.swift,\ RequestBag+Tracing.swift,\ RequestBag.swift,\ RequestValidation.swift /Users/admin/builder/spi-builder-workspace/.dependencies/checkouts/async-http-client/Sources/AsyncHTTPClient/NIOTransportServices/NWWaitingHandler.swift /Users/admin/builder/spi-builder-workspace/.dependencies/checkouts/async-http-client/Sources/AsyncHTTPClient/NIOTransportServices/TLSConfiguration.swift /Users/admin/builder/spi-builder-workspace/.dependencies/checkouts/async-http-client/Sources/AsyncHTTPClient/RedirectState.swift /Users/admin/builder/spi-builder-workspace/.dependencies/checkouts/async-http-client/Sources/AsyncHTTPClient/RequestBag+StateMachine.swift /Users/admin/builder/spi-builder-workspace/.dependencies/checkouts/async-http-client/Sources/AsyncHTTPClient/RequestBag+Tracing.swift /Users/admin/builder/spi-builder-workspace/.dependencies/checkouts/async-http-client/Sources/AsyncHTTPClient/RequestBag.swift /Users/admin/builder/spi-builder-workspace/.dependencies/checkouts/async-http-client/Sources/AsyncHTTPClient/RequestValidation.swift (in target 'AsyncHTTPClient' from project 'async-http-client')
SwiftCompile normal arm64 /Users/admin/builder/spi-builder-workspace/.dependencies/checkouts/async-http-client/Sources/AsyncHTTPClient/NIOTransportServices/NWWaitingHandler.swift (in target 'AsyncHTTPClient' from project 'async-http-client')
cd /Users/admin/builder/spi-builder-workspace/.swiftpm/xcode
SwiftCompile normal arm64 /Users/admin/builder/spi-builder-workspace/.dependencies/checkouts/async-http-client/Sources/AsyncHTTPClient/NIOTransportServices/TLSConfiguration.swift (in target 'AsyncHTTPClient' from project 'async-http-client')
cd /Users/admin/builder/spi-builder-workspace/.swiftpm/xcode
SwiftCompile normal arm64 /Users/admin/builder/spi-builder-workspace/.dependencies/checkouts/async-http-client/Sources/AsyncHTTPClient/RedirectState.swift (in target 'AsyncHTTPClient' from project 'async-http-client')
cd /Users/admin/builder/spi-builder-workspace/.swiftpm/xcode
SwiftCompile normal arm64 /Users/admin/builder/spi-builder-workspace/.dependencies/checkouts/async-http-client/Sources/AsyncHTTPClient/RequestBag+StateMachine.swift (in target 'AsyncHTTPClient' from project 'async-http-client')
cd /Users/admin/builder/spi-builder-workspace/.swiftpm/xcode
SwiftCompile normal arm64 /Users/admin/builder/spi-builder-workspace/.dependencies/checkouts/async-http-client/Sources/AsyncHTTPClient/RequestBag+Tracing.swift (in target 'AsyncHTTPClient' from project 'async-http-client')
cd /Users/admin/builder/spi-builder-workspace/.swiftpm/xcode
SwiftCompile normal arm64 /Users/admin/builder/spi-builder-workspace/.dependencies/checkouts/async-http-client/Sources/AsyncHTTPClient/RequestBag.swift (in target 'AsyncHTTPClient' from project 'async-http-client')
cd /Users/admin/builder/spi-builder-workspace/.swiftpm/xcode
SwiftCompile normal arm64 /Users/admin/builder/spi-builder-workspace/.dependencies/checkouts/async-http-client/Sources/AsyncHTTPClient/RequestValidation.swift (in target 'AsyncHTTPClient' from project 'async-http-client')
cd /Users/admin/builder/spi-builder-workspace/.swiftpm/xcode
SwiftDriverJobDiscovery normal arm64_32 Compiling SSLContextCache.swift, Scheme.swift, Singleton.swift, StringConvertibleInstances.swift, StructuredConcurrencyHelpers.swift, TracingSupport.swift, Utils.swift (in target 'AsyncHTTPClient' from project 'async-http-client')
SwiftCompile normal armv7k Compiling\ HTTPConnectionPool+Manager.swift,\ HTTPConnectionPool.swift,\ HTTPExecutableRequest.swift,\ HTTPRequestStateMachine+Demand.swift,\ HTTPRequestStateMachine.swift,\ RequestBodyLength.swift,\ RequestFramingMetadata.swift /Users/admin/builder/spi-builder-workspace/.dependencies/checkouts/async-http-client/Sources/AsyncHTTPClient/ConnectionPool/HTTPConnectionPool+Manager.swift /Users/admin/builder/spi-builder-workspace/.dependencies/checkouts/async-http-client/Sources/AsyncHTTPClient/ConnectionPool/HTTPConnectionPool.swift /Users/admin/builder/spi-builder-workspace/.dependencies/checkouts/async-http-client/Sources/AsyncHTTPClient/ConnectionPool/HTTPExecutableRequest.swift /Users/admin/builder/spi-builder-workspace/.dependencies/checkouts/async-http-client/Sources/AsyncHTTPClient/ConnectionPool/HTTPRequestStateMachine+Demand.swift /Users/admin/builder/spi-builder-workspace/.dependencies/checkouts/async-http-client/Sources/AsyncHTTPClient/ConnectionPool/HTTPRequestStateMachine.swift /Users/admin/builder/spi-builder-workspace/.dependencies/checkouts/async-http-client/Sources/AsyncHTTPClient/ConnectionPool/RequestBodyLength.swift /Users/admin/builder/spi-builder-workspace/.dependencies/checkouts/async-http-client/Sources/AsyncHTTPClient/ConnectionPool/RequestFramingMetadata.swift (in target 'AsyncHTTPClient' from project 'async-http-client')
SwiftCompile normal armv7k /Users/admin/builder/spi-builder-workspace/.dependencies/checkouts/async-http-client/Sources/AsyncHTTPClient/ConnectionPool/HTTPConnectionPool+Manager.swift (in target 'AsyncHTTPClient' from project 'async-http-client')
cd /Users/admin/builder/spi-builder-workspace/.swiftpm/xcode
SwiftCompile normal armv7k /Users/admin/builder/spi-builder-workspace/.dependencies/checkouts/async-http-client/Sources/AsyncHTTPClient/ConnectionPool/HTTPConnectionPool.swift (in target 'AsyncHTTPClient' from project 'async-http-client')
cd /Users/admin/builder/spi-builder-workspace/.swiftpm/xcode
SwiftCompile normal armv7k /Users/admin/builder/spi-builder-workspace/.dependencies/checkouts/async-http-client/Sources/AsyncHTTPClient/ConnectionPool/HTTPExecutableRequest.swift (in target 'AsyncHTTPClient' from project 'async-http-client')
cd /Users/admin/builder/spi-builder-workspace/.swiftpm/xcode
SwiftCompile normal armv7k /Users/admin/builder/spi-builder-workspace/.dependencies/checkouts/async-http-client/Sources/AsyncHTTPClient/ConnectionPool/HTTPRequestStateMachine+Demand.swift (in target 'AsyncHTTPClient' from project 'async-http-client')
cd /Users/admin/builder/spi-builder-workspace/.swiftpm/xcode
SwiftCompile normal armv7k /Users/admin/builder/spi-builder-workspace/.dependencies/checkouts/async-http-client/Sources/AsyncHTTPClient/ConnectionPool/HTTPRequestStateMachine.swift (in target 'AsyncHTTPClient' from project 'async-http-client')
cd /Users/admin/builder/spi-builder-workspace/.swiftpm/xcode
SwiftCompile normal armv7k /Users/admin/builder/spi-builder-workspace/.dependencies/checkouts/async-http-client/Sources/AsyncHTTPClient/ConnectionPool/RequestBodyLength.swift (in target 'AsyncHTTPClient' from project 'async-http-client')
cd /Users/admin/builder/spi-builder-workspace/.swiftpm/xcode
SwiftCompile normal armv7k /Users/admin/builder/spi-builder-workspace/.dependencies/checkouts/async-http-client/Sources/AsyncHTTPClient/ConnectionPool/RequestFramingMetadata.swift (in target 'AsyncHTTPClient' from project 'async-http-client')
cd /Users/admin/builder/spi-builder-workspace/.swiftpm/xcode
SwiftDriverJobDiscovery normal armv7k Compiling SSLContextCache.swift, Scheme.swift, Singleton.swift, StringConvertibleInstances.swift, StructuredConcurrencyHelpers.swift, TracingSupport.swift, Utils.swift (in target 'AsyncHTTPClient' from project 'async-http-client')
SwiftCompile normal armv7k Compiling\ AnyAsyncSequence.swift,\ AnyAsyncSequenceProucerDelete.swift,\ AsyncLazySequence.swift,\ HTTPClient+execute.swift,\ HTTPClient+shutdown.swift,\ HTTPClient+tracing.swift,\ HTTPClientRequest+Prepared.swift,\ HTTPClientRequest+auth.swift /Users/admin/builder/spi-builder-workspace/.dependencies/checkouts/async-http-client/Sources/AsyncHTTPClient/AsyncAwait/AnyAsyncSequence.swift /Users/admin/builder/spi-builder-workspace/.dependencies/checkouts/async-http-client/Sources/AsyncHTTPClient/AsyncAwait/AnyAsyncSequenceProucerDelete.swift /Users/admin/builder/spi-builder-workspace/.dependencies/checkouts/async-http-client/Sources/AsyncHTTPClient/AsyncAwait/AsyncLazySequence.swift /Users/admin/builder/spi-builder-workspace/.dependencies/checkouts/async-http-client/Sources/AsyncHTTPClient/AsyncAwait/HTTPClient+execute.swift /Users/admin/builder/spi-builder-workspace/.dependencies/checkouts/async-http-client/Sources/AsyncHTTPClient/AsyncAwait/HTTPClient+shutdown.swift /Users/admin/builder/spi-builder-workspace/.dependencies/checkouts/async-http-client/Sources/AsyncHTTPClient/AsyncAwait/HTTPClient+tracing.swift /Users/admin/builder/spi-builder-workspace/.dependencies/checkouts/async-http-client/Sources/AsyncHTTPClient/AsyncAwait/HTTPClientRequest+Prepared.swift /Users/admin/builder/spi-builder-workspace/.dependencies/checkouts/async-http-client/Sources/AsyncHTTPClient/AsyncAwait/HTTPClientRequest+auth.swift (in target 'AsyncHTTPClient' from project 'async-http-client')
SwiftCompile normal armv7k /Users/admin/builder/spi-builder-workspace/.dependencies/checkouts/async-http-client/Sources/AsyncHTTPClient/AsyncAwait/AnyAsyncSequence.swift (in target 'AsyncHTTPClient' from project 'async-http-client')
cd /Users/admin/builder/spi-builder-workspace/.swiftpm/xcode
SwiftCompile normal armv7k /Users/admin/builder/spi-builder-workspace/.dependencies/checkouts/async-http-client/Sources/AsyncHTTPClient/AsyncAwait/AnyAsyncSequenceProucerDelete.swift (in target 'AsyncHTTPClient' from project 'async-http-client')
cd /Users/admin/builder/spi-builder-workspace/.swiftpm/xcode
SwiftCompile normal armv7k /Users/admin/builder/spi-builder-workspace/.dependencies/checkouts/async-http-client/Sources/AsyncHTTPClient/AsyncAwait/AsyncLazySequence.swift (in target 'AsyncHTTPClient' from project 'async-http-client')
cd /Users/admin/builder/spi-builder-workspace/.swiftpm/xcode
SwiftCompile normal armv7k /Users/admin/builder/spi-builder-workspace/.dependencies/checkouts/async-http-client/Sources/AsyncHTTPClient/AsyncAwait/HTTPClient+execute.swift (in target 'AsyncHTTPClient' from project 'async-http-client')
cd /Users/admin/builder/spi-builder-workspace/.swiftpm/xcode
SwiftCompile normal armv7k /Users/admin/builder/spi-builder-workspace/.dependencies/checkouts/async-http-client/Sources/AsyncHTTPClient/AsyncAwait/HTTPClient+shutdown.swift (in target 'AsyncHTTPClient' from project 'async-http-client')
cd /Users/admin/builder/spi-builder-workspace/.swiftpm/xcode
SwiftCompile normal armv7k /Users/admin/builder/spi-builder-workspace/.dependencies/checkouts/async-http-client/Sources/AsyncHTTPClient/AsyncAwait/HTTPClient+tracing.swift (in target 'AsyncHTTPClient' from project 'async-http-client')
cd /Users/admin/builder/spi-builder-workspace/.swiftpm/xcode
SwiftCompile normal armv7k /Users/admin/builder/spi-builder-workspace/.dependencies/checkouts/async-http-client/Sources/AsyncHTTPClient/AsyncAwait/HTTPClientRequest+Prepared.swift (in target 'AsyncHTTPClient' from project 'async-http-client')
cd /Users/admin/builder/spi-builder-workspace/.swiftpm/xcode
SwiftCompile normal armv7k /Users/admin/builder/spi-builder-workspace/.dependencies/checkouts/async-http-client/Sources/AsyncHTTPClient/AsyncAwait/HTTPClientRequest+auth.swift (in target 'AsyncHTTPClient' from project 'async-http-client')
cd /Users/admin/builder/spi-builder-workspace/.swiftpm/xcode
SwiftDriverJobDiscovery normal arm64 Compiling BestEffortHashableTLSConfiguration.swift, Configuration+BrowserLike.swift, ConnectionPool.swift, HTTP1ProxyConnectHandler.swift, SOCKSEventsHandler.swift, TLSEventsHandler.swift, HTTP1ClientChannelHandler.swift (in target 'AsyncHTTPClient' from project 'async-http-client')
SwiftCompile normal armv7k Compiling\ RequestOptions.swift,\ HTTPConnectionPool+Backoff.swift,\ HTTPConnectionPool+HTTP1Connections.swift,\ HTTPConnectionPool+HTTP1StateMachine.swift,\ HTTPConnectionPool+HTTP2Connections.swift,\ HTTPConnectionPool+HTTP2StateMachine.swift,\ HTTPConnectionPool+RequestQueue.swift /Users/admin/builder/spi-builder-workspace/.dependencies/checkouts/async-http-client/Sources/AsyncHTTPClient/ConnectionPool/RequestOptions.swift /Users/admin/builder/spi-builder-workspace/.dependencies/checkouts/async-http-client/Sources/AsyncHTTPClient/ConnectionPool/State\ Machine/HTTPConnectionPool+Backoff.swift /Users/admin/builder/spi-builder-workspace/.dependencies/checkouts/async-http-client/Sources/AsyncHTTPClient/ConnectionPool/State\ Machine/HTTPConnectionPool+HTTP1Connections.swift /Users/admin/builder/spi-builder-workspace/.dependencies/checkouts/async-http-client/Sources/AsyncHTTPClient/ConnectionPool/State\ Machine/HTTPConnectionPool+HTTP1StateMachine.swift /Users/admin/builder/spi-builder-workspace/.dependencies/checkouts/async-http-client/Sources/AsyncHTTPClient/ConnectionPool/State\ Machine/HTTPConnectionPool+HTTP2Connections.swift /Users/admin/builder/spi-builder-workspace/.dependencies/checkouts/async-http-client/Sources/AsyncHTTPClient/ConnectionPool/State\ Machine/HTTPConnectionPool+HTTP2StateMachine.swift /Users/admin/builder/spi-builder-workspace/.dependencies/checkouts/async-http-client/Sources/AsyncHTTPClient/ConnectionPool/State\ Machine/HTTPConnectionPool+RequestQueue.swift (in target 'AsyncHTTPClient' from project 'async-http-client')
SwiftCompile normal armv7k /Users/admin/builder/spi-builder-workspace/.dependencies/checkouts/async-http-client/Sources/AsyncHTTPClient/ConnectionPool/RequestOptions.swift (in target 'AsyncHTTPClient' from project 'async-http-client')
cd /Users/admin/builder/spi-builder-workspace/.swiftpm/xcode
SwiftCompile normal armv7k /Users/admin/builder/spi-builder-workspace/.dependencies/checkouts/async-http-client/Sources/AsyncHTTPClient/ConnectionPool/State\ Machine/HTTPConnectionPool+Backoff.swift (in target 'AsyncHTTPClient' from project 'async-http-client')
cd /Users/admin/builder/spi-builder-workspace/.swiftpm/xcode
SwiftCompile normal armv7k /Users/admin/builder/spi-builder-workspace/.dependencies/checkouts/async-http-client/Sources/AsyncHTTPClient/ConnectionPool/State\ Machine/HTTPConnectionPool+HTTP1Connections.swift (in target 'AsyncHTTPClient' from project 'async-http-client')
cd /Users/admin/builder/spi-builder-workspace/.swiftpm/xcode
SwiftCompile normal armv7k /Users/admin/builder/spi-builder-workspace/.dependencies/checkouts/async-http-client/Sources/AsyncHTTPClient/ConnectionPool/State\ Machine/HTTPConnectionPool+HTTP1StateMachine.swift (in target 'AsyncHTTPClient' from project 'async-http-client')
cd /Users/admin/builder/spi-builder-workspace/.swiftpm/xcode
SwiftCompile normal armv7k /Users/admin/builder/spi-builder-workspace/.dependencies/checkouts/async-http-client/Sources/AsyncHTTPClient/ConnectionPool/State\ Machine/HTTPConnectionPool+HTTP2Connections.swift (in target 'AsyncHTTPClient' from project 'async-http-client')
cd /Users/admin/builder/spi-builder-workspace/.swiftpm/xcode
SwiftCompile normal armv7k /Users/admin/builder/spi-builder-workspace/.dependencies/checkouts/async-http-client/Sources/AsyncHTTPClient/ConnectionPool/State\ Machine/HTTPConnectionPool+HTTP2StateMachine.swift (in target 'AsyncHTTPClient' from project 'async-http-client')
cd /Users/admin/builder/spi-builder-workspace/.swiftpm/xcode
SwiftCompile normal armv7k /Users/admin/builder/spi-builder-workspace/.dependencies/checkouts/async-http-client/Sources/AsyncHTTPClient/ConnectionPool/State\ Machine/HTTPConnectionPool+RequestQueue.swift (in target 'AsyncHTTPClient' from project 'async-http-client')
cd /Users/admin/builder/spi-builder-workspace/.swiftpm/xcode
SwiftDriverJobDiscovery normal arm64_32 Compiling NWWaitingHandler.swift, TLSConfiguration.swift, RedirectState.swift, RequestBag+StateMachine.swift, RequestBag+Tracing.swift, RequestBag.swift, RequestValidation.swift (in target 'AsyncHTTPClient' from project 'async-http-client')
SwiftCompile normal arm64_32 Compiling\ BestEffortHashableTLSConfiguration.swift,\ Configuration+BrowserLike.swift,\ ConnectionPool.swift,\ HTTP1ProxyConnectHandler.swift,\ SOCKSEventsHandler.swift,\ TLSEventsHandler.swift,\ HTTP1ClientChannelHandler.swift /Users/admin/builder/spi-builder-workspace/.dependencies/checkouts/async-http-client/Sources/AsyncHTTPClient/BestEffortHashableTLSConfiguration.swift /Users/admin/builder/spi-builder-workspace/.dependencies/checkouts/async-http-client/Sources/AsyncHTTPClient/Configuration+BrowserLike.swift /Users/admin/builder/spi-builder-workspace/.dependencies/checkouts/async-http-client/Sources/AsyncHTTPClient/ConnectionPool.swift /Users/admin/builder/spi-builder-workspace/.dependencies/checkouts/async-http-client/Sources/AsyncHTTPClient/ConnectionPool/ChannelHandler/HTTP1ProxyConnectHandler.swift /Users/admin/builder/spi-builder-workspace/.dependencies/checkouts/async-http-client/Sources/AsyncHTTPClient/ConnectionPool/ChannelHandler/SOCKSEventsHandler.swift /Users/admin/builder/spi-builder-workspace/.dependencies/checkouts/async-http-client/Sources/AsyncHTTPClient/ConnectionPool/ChannelHandler/TLSEventsHandler.swift /Users/admin/builder/spi-builder-workspace/.dependencies/checkouts/async-http-client/Sources/AsyncHTTPClient/ConnectionPool/HTTP1/HTTP1ClientChannelHandler.swift (in target 'AsyncHTTPClient' from project 'async-http-client')
SwiftCompile normal arm64_32 /Users/admin/builder/spi-builder-workspace/.dependencies/checkouts/async-http-client/Sources/AsyncHTTPClient/BestEffortHashableTLSConfiguration.swift (in target 'AsyncHTTPClient' from project 'async-http-client')
cd /Users/admin/builder/spi-builder-workspace/.swiftpm/xcode
SwiftCompile normal arm64_32 /Users/admin/builder/spi-builder-workspace/.dependencies/checkouts/async-http-client/Sources/AsyncHTTPClient/Configuration+BrowserLike.swift (in target 'AsyncHTTPClient' from project 'async-http-client')
cd /Users/admin/builder/spi-builder-workspace/.swiftpm/xcode
SwiftCompile normal arm64_32 /Users/admin/builder/spi-builder-workspace/.dependencies/checkouts/async-http-client/Sources/AsyncHTTPClient/ConnectionPool.swift (in target 'AsyncHTTPClient' from project 'async-http-client')
cd /Users/admin/builder/spi-builder-workspace/.swiftpm/xcode
SwiftCompile normal arm64_32 /Users/admin/builder/spi-builder-workspace/.dependencies/checkouts/async-http-client/Sources/AsyncHTTPClient/ConnectionPool/ChannelHandler/HTTP1ProxyConnectHandler.swift (in target 'AsyncHTTPClient' from project 'async-http-client')
cd /Users/admin/builder/spi-builder-workspace/.swiftpm/xcode
SwiftCompile normal arm64_32 /Users/admin/builder/spi-builder-workspace/.dependencies/checkouts/async-http-client/Sources/AsyncHTTPClient/ConnectionPool/ChannelHandler/SOCKSEventsHandler.swift (in target 'AsyncHTTPClient' from project 'async-http-client')
cd /Users/admin/builder/spi-builder-workspace/.swiftpm/xcode
SwiftCompile normal arm64_32 /Users/admin/builder/spi-builder-workspace/.dependencies/checkouts/async-http-client/Sources/AsyncHTTPClient/ConnectionPool/ChannelHandler/TLSEventsHandler.swift (in target 'AsyncHTTPClient' from project 'async-http-client')
cd /Users/admin/builder/spi-builder-workspace/.swiftpm/xcode
SwiftCompile normal arm64_32 /Users/admin/builder/spi-builder-workspace/.dependencies/checkouts/async-http-client/Sources/AsyncHTTPClient/ConnectionPool/HTTP1/HTTP1ClientChannelHandler.swift (in target 'AsyncHTTPClient' from project 'async-http-client')
cd /Users/admin/builder/spi-builder-workspace/.swiftpm/xcode
SwiftDriverJobDiscovery normal arm64 Compiling SSLContextCache.swift, Scheme.swift, Singleton.swift, StringConvertibleInstances.swift, StructuredConcurrencyHelpers.swift, TracingSupport.swift, Utils.swift (in target 'AsyncHTTPClient' from project 'async-http-client')
SwiftDriverJobDiscovery normal arm64 Compiling HTTPConnectionPool+StateMachine.swift, ConnectionTarget.swift, DeconstructedURL.swift, FileDownloadDelegate.swift, FoundationExtensions.swift, HTTPClient+HTTPCookie.swift, HTTPClient+Proxy.swift (in target 'AsyncHTTPClient' from project 'async-http-client')
ExtractAppIntentsMetadata (in target 'NIOPosix' from project 'swift-nio')
cd /Users/admin/builder/spi-builder-workspace/.dependencies/checkouts/swift-nio
/Applications/Xcode-16.3.0.app/Contents/Developer/Toolchains/XcodeDefault.xctoolchain/usr/bin/appintentsmetadataprocessor --toolchain-dir /Applications/Xcode-16.3.0.app/Contents/Developer/Toolchains/XcodeDefault.xctoolchain --module-name NIOPosix --sdk-root /Applications/Xcode-16.3.0.app/Contents/Developer/Platforms/WatchOS.platform/Developer/SDKs/WatchOS11.4.sdk --xcode-version 16E140 --platform-family watchOS --deployment-target 5.0 --bundle-identifier swift-nio.NIOPosix --output /Users/admin/builder/spi-builder-workspace/.derivedData/Build/Products/Debug-watchos/NIOPosix.appintents --target-triple arm64-apple-watchos5.0 --target-triple armv7k-apple-watchos5.0 --target-triple arm64_32-apple-watchos5.0 --binary-file /Users/admin/builder/spi-builder-workspace/.derivedData/Build/Products/Debug-watchos/NIOPosix.o --dependency-file /Users/admin/builder/spi-builder-workspace/.derivedData/Build/Intermediates.noindex/swift-nio.build/Debug-watchos/NIOPosix.build/Objects-normal/arm64/NIOPosix_dependency_info.dat --dependency-file /Users/admin/builder/spi-builder-workspace/.derivedData/Build/Intermediates.noindex/swift-nio.build/Debug-watchos/NIOPosix.build/Objects-normal/armv7k/NIOPosix_dependency_info.dat --dependency-file /Users/admin/builder/spi-builder-workspace/.derivedData/Build/Intermediates.noindex/swift-nio.build/Debug-watchos/NIOPosix.build/Objects-normal/arm64_32/NIOPosix_dependency_info.dat --stringsdata-file /Users/admin/builder/spi-builder-workspace/.derivedData/Build/Intermediates.noindex/swift-nio.build/Debug-watchos/NIOPosix.build/Objects-normal/arm64/ExtractedAppShortcutsMetadata.stringsdata --stringsdata-file /Users/admin/builder/spi-builder-workspace/.derivedData/Build/Intermediates.noindex/swift-nio.build/Debug-watchos/NIOPosix.build/Objects-normal/armv7k/ExtractedAppShortcutsMetadata.stringsdata --stringsdata-file /Users/admin/builder/spi-builder-workspace/.derivedData/Build/Intermediates.noindex/swift-nio.build/Debug-watchos/NIOPosix.build/Objects-normal/arm64_32/ExtractedAppShortcutsMetadata.stringsdata --source-file-list /Users/admin/builder/spi-builder-workspace/.derivedData/Build/Intermediates.noindex/swift-nio.build/Debug-watchos/NIOPosix.build/Objects-normal/arm64/NIOPosix.SwiftFileList --source-file-list /Users/admin/builder/spi-builder-workspace/.derivedData/Build/Intermediates.noindex/swift-nio.build/Debug-watchos/NIOPosix.build/Objects-normal/armv7k/NIOPosix.SwiftFileList --source-file-list /Users/admin/builder/spi-builder-workspace/.derivedData/Build/Intermediates.noindex/swift-nio.build/Debug-watchos/NIOPosix.build/Objects-normal/arm64_32/NIOPosix.SwiftFileList --metadata-file-list /Users/admin/builder/spi-builder-workspace/.derivedData/Build/Intermediates.noindex/swift-nio.build/Debug-watchos/NIOPosix.build/NIOPosix.DependencyMetadataFileList --static-metadata-file-list /Users/admin/builder/spi-builder-workspace/.derivedData/Build/Intermediates.noindex/swift-nio.build/Debug-watchos/NIOPosix.build/NIOPosix.DependencyStaticMetadataFileList --swift-const-vals-list /Users/admin/builder/spi-builder-workspace/.derivedData/Build/Intermediates.noindex/swift-nio.build/Debug-watchos/NIOPosix.build/Objects-normal/arm64/NIOPosix.SwiftConstValuesFileList --swift-const-vals-list /Users/admin/builder/spi-builder-workspace/.derivedData/Build/Intermediates.noindex/swift-nio.build/Debug-watchos/NIOPosix.build/Objects-normal/armv7k/NIOPosix.SwiftConstValuesFileList --swift-const-vals-list /Users/admin/builder/spi-builder-workspace/.derivedData/Build/Intermediates.noindex/swift-nio.build/Debug-watchos/NIOPosix.build/Objects-normal/arm64_32/NIOPosix.SwiftConstValuesFileList --force --compile-time-extraction --deployment-aware-processing --validate-assistant-intents --no-app-shortcuts-localization
2026-06-25 02:19:24.291 appintentsmetadataprocessor[6518:19060] Starting appintentsmetadataprocessor export
2026-06-25 02:19:24.330 appintentsmetadataprocessor[6518:19060] Extracted no relevant App Intents symbols, skipping writing output
ExtractAppIntentsMetadata (in target 'NIOFoundationEssentialsCompat' from project 'swift-nio')
cd /Users/admin/builder/spi-builder-workspace/.dependencies/checkouts/swift-nio
/Applications/Xcode-16.3.0.app/Contents/Developer/Toolchains/XcodeDefault.xctoolchain/usr/bin/appintentsmetadataprocessor --toolchain-dir /Applications/Xcode-16.3.0.app/Contents/Developer/Toolchains/XcodeDefault.xctoolchain --module-name NIOFoundationEssentialsCompat --sdk-root /Applications/Xcode-16.3.0.app/Contents/Developer/Platforms/WatchOS.platform/Developer/SDKs/WatchOS11.4.sdk --xcode-version 16E140 --platform-family watchOS --deployment-target 5.0 --bundle-identifier swift-nio.NIOFoundationEssentialsCompat --output /Users/admin/builder/spi-builder-workspace/.derivedData/Build/Products/Debug-watchos/NIOFoundationEssentialsCompat.appintents --target-triple arm64-apple-watchos5.0 --target-triple armv7k-apple-watchos5.0 --target-triple arm64_32-apple-watchos5.0 --binary-file /Users/admin/builder/spi-builder-workspace/.derivedData/Build/Products/Debug-watchos/NIOFoundationEssentialsCompat.o --dependency-file /Users/admin/builder/spi-builder-workspace/.derivedData/Build/Intermediates.noindex/swift-nio.build/Debug-watchos/NIOFoundationEssentialsCompat.build/Objects-normal/arm64/NIOFoundationEssentialsCompat_dependency_info.dat --dependency-file /Users/admin/builder/spi-builder-workspace/.derivedData/Build/Intermediates.noindex/swift-nio.build/Debug-watchos/NIOFoundationEssentialsCompat.build/Objects-normal/armv7k/NIOFoundationEssentialsCompat_dependency_info.dat --dependency-file /Users/admin/builder/spi-builder-workspace/.derivedData/Build/Intermediates.noindex/swift-nio.build/Debug-watchos/NIOFoundationEssentialsCompat.build/Objects-normal/arm64_32/NIOFoundationEssentialsCompat_dependency_info.dat --stringsdata-file /Users/admin/builder/spi-builder-workspace/.derivedData/Build/Intermediates.noindex/swift-nio.build/Debug-watchos/NIOFoundationEssentialsCompat.build/Objects-normal/arm64/ExtractedAppShortcutsMetadata.stringsdata --stringsdata-file /Users/admin/builder/spi-builder-workspace/.derivedData/Build/Intermediates.noindex/swift-nio.build/Debug-watchos/NIOFoundationEssentialsCompat.build/Objects-normal/armv7k/ExtractedAppShortcutsMetadata.stringsdata --stringsdata-file /Users/admin/builder/spi-builder-workspace/.derivedData/Build/Intermediates.noindex/swift-nio.build/Debug-watchos/NIOFoundationEssentialsCompat.build/Objects-normal/arm64_32/ExtractedAppShortcutsMetadata.stringsdata --source-file-list /Users/admin/builder/spi-builder-workspace/.derivedData/Build/Intermediates.noindex/swift-nio.build/Debug-watchos/NIOFoundationEssentialsCompat.build/Objects-normal/arm64/NIOFoundationEssentialsCompat.SwiftFileList --source-file-list /Users/admin/builder/spi-builder-workspace/.derivedData/Build/Intermediates.noindex/swift-nio.build/Debug-watchos/NIOFoundationEssentialsCompat.build/Objects-normal/armv7k/NIOFoundationEssentialsCompat.SwiftFileList --source-file-list /Users/admin/builder/spi-builder-workspace/.derivedData/Build/Intermediates.noindex/swift-nio.build/Debug-watchos/NIOFoundationEssentialsCompat.build/Objects-normal/arm64_32/NIOFoundationEssentialsCompat.SwiftFileList --metadata-file-list /Users/admin/builder/spi-builder-workspace/.derivedData/Build/Intermediates.noindex/swift-nio.build/Debug-watchos/NIOFoundationEssentialsCompat.build/NIOFoundationEssentialsCompat.DependencyMetadataFileList --static-metadata-file-list /Users/admin/builder/spi-builder-workspace/.derivedData/Build/Intermediates.noindex/swift-nio.build/Debug-watchos/NIOFoundationEssentialsCompat.build/NIOFoundationEssentialsCompat.DependencyStaticMetadataFileList --swift-const-vals-list /Users/admin/builder/spi-builder-workspace/.derivedData/Build/Intermediates.noindex/swift-nio.build/Debug-watchos/NIOFoundationEssentialsCompat.build/Objects-normal/arm64/NIOFoundationEssentialsCompat.SwiftConstValuesFileList --swift-const-vals-list /Users/admin/builder/spi-builder-workspace/.derivedData/Build/Intermediates.noindex/swift-nio.build/Debug-watchos/NIOFoundationEssentialsCompat.build/Objects-normal/armv7k/NIOFoundationEssentialsCompat.SwiftConstValuesFileList --swift-const-vals-list /Users/admin/builder/spi-builder-workspace/.derivedData/Build/Intermediates.noindex/swift-nio.build/Debug-watchos/NIOFoundationEssentialsCompat.build/Objects-normal/arm64_32/NIOFoundationEssentialsCompat.SwiftConstValuesFileList --force --compile-time-extraction --deployment-aware-processing --validate-assistant-intents --no-app-shortcuts-localization
2026-06-25 02:19:24.305 appintentsmetadataprocessor[6519:19061] Starting appintentsmetadataprocessor export
2026-06-25 02:19:24.341 appintentsmetadataprocessor[6519:19061] Extracted no relevant App Intents symbols, skipping writing output
SwiftDriverJobDiscovery normal arm64 Compiling HTTPClient+StructuredConcurrency.swift, HTTPClient.swift, HTTPClientConfiguration+SwiftConfiguration.swift, HTTPHandler.swift, LRUCache.swift, NIOLoopBound+Execute.swift, NWErrorHandler.swift (in target 'AsyncHTTPClient' from project 'async-http-client')
ExtractAppIntentsMetadata (in target 'NIOEmbedded' from project 'swift-nio')
cd /Users/admin/builder/spi-builder-workspace/.dependencies/checkouts/swift-nio
/Applications/Xcode-16.3.0.app/Contents/Developer/Toolchains/XcodeDefault.xctoolchain/usr/bin/appintentsmetadataprocessor --toolchain-dir /Applications/Xcode-16.3.0.app/Contents/Developer/Toolchains/XcodeDefault.xctoolchain --module-name NIOEmbedded --sdk-root /Applications/Xcode-16.3.0.app/Contents/Developer/Platforms/WatchOS.platform/Developer/SDKs/WatchOS11.4.sdk --xcode-version 16E140 --platform-family watchOS --deployment-target 5.0 --bundle-identifier swift-nio.NIOEmbedded --output /Users/admin/builder/spi-builder-workspace/.derivedData/Build/Products/Debug-watchos/NIOEmbedded.appintents --target-triple arm64-apple-watchos5.0 --target-triple armv7k-apple-watchos5.0 --target-triple arm64_32-apple-watchos5.0 --binary-file /Users/admin/builder/spi-builder-workspace/.derivedData/Build/Products/Debug-watchos/NIOEmbedded.o --dependency-file /Users/admin/builder/spi-builder-workspace/.derivedData/Build/Intermediates.noindex/swift-nio.build/Debug-watchos/NIOEmbedded.build/Objects-normal/arm64/NIOEmbedded_dependency_info.dat --dependency-file /Users/admin/builder/spi-builder-workspace/.derivedData/Build/Intermediates.noindex/swift-nio.build/Debug-watchos/NIOEmbedded.build/Objects-normal/armv7k/NIOEmbedded_dependency_info.dat --dependency-file /Users/admin/builder/spi-builder-workspace/.derivedData/Build/Intermediates.noindex/swift-nio.build/Debug-watchos/NIOEmbedded.build/Objects-normal/arm64_32/NIOEmbedded_dependency_info.dat --stringsdata-file /Users/admin/builder/spi-builder-workspace/.derivedData/Build/Intermediates.noindex/swift-nio.build/Debug-watchos/NIOEmbedded.build/Objects-normal/arm64/ExtractedAppShortcutsMetadata.stringsdata --stringsdata-file /Users/admin/builder/spi-builder-workspace/.derivedData/Build/Intermediates.noindex/swift-nio.build/Debug-watchos/NIOEmbedded.build/Objects-normal/armv7k/ExtractedAppShortcutsMetadata.stringsdata --stringsdata-file /Users/admin/builder/spi-builder-workspace/.derivedData/Build/Intermediates.noindex/swift-nio.build/Debug-watchos/NIOEmbedded.build/Objects-normal/arm64_32/ExtractedAppShortcutsMetadata.stringsdata --source-file-list /Users/admin/builder/spi-builder-workspace/.derivedData/Build/Intermediates.noindex/swift-nio.build/Debug-watchos/NIOEmbedded.build/Objects-normal/arm64/NIOEmbedded.SwiftFileList --source-file-list /Users/admin/builder/spi-builder-workspace/.derivedData/Build/Intermediates.noindex/swift-nio.build/Debug-watchos/NIOEmbedded.build/Objects-normal/armv7k/NIOEmbedded.SwiftFileList --source-file-list /Users/admin/builder/spi-builder-workspace/.derivedData/Build/Intermediates.noindex/swift-nio.build/Debug-watchos/NIOEmbedded.build/Objects-normal/arm64_32/NIOEmbedded.SwiftFileList --metadata-file-list /Users/admin/builder/spi-builder-workspace/.derivedData/Build/Intermediates.noindex/swift-nio.build/Debug-watchos/NIOEmbedded.build/NIOEmbedded.DependencyMetadataFileList --static-metadata-file-list /Users/admin/builder/spi-builder-workspace/.derivedData/Build/Intermediates.noindex/swift-nio.build/Debug-watchos/NIOEmbedded.build/NIOEmbedded.DependencyStaticMetadataFileList --swift-const-vals-list /Users/admin/builder/spi-builder-workspace/.derivedData/Build/Intermediates.noindex/swift-nio.build/Debug-watchos/NIOEmbedded.build/Objects-normal/arm64/NIOEmbedded.SwiftConstValuesFileList --swift-const-vals-list /Users/admin/builder/spi-builder-workspace/.derivedData/Build/Intermediates.noindex/swift-nio.build/Debug-watchos/NIOEmbedded.build/Objects-normal/armv7k/NIOEmbedded.SwiftConstValuesFileList --swift-const-vals-list /Users/admin/builder/spi-builder-workspace/.derivedData/Build/Intermediates.noindex/swift-nio.build/Debug-watchos/NIOEmbedded.build/Objects-normal/arm64_32/NIOEmbedded.SwiftConstValuesFileList --force --compile-time-extraction --deployment-aware-processing --validate-assistant-intents --no-app-shortcuts-localization
2026-06-25 02:19:24.347 appintentsmetadataprocessor[6520:19070] Starting appintentsmetadataprocessor export
2026-06-25 02:19:24.383 appintentsmetadataprocessor[6520:19070] Extracted no relevant App Intents symbols, skipping writing output
SwiftDriver GotenbergKit normal armv7k com.apple.xcode.tools.swift.compiler (in target 'GotenbergKit' from project 'gotenberg-kit')
cd /Users/admin/builder/spi-builder-workspace/.swiftpm/xcode
builtin-SwiftDriver -- /Applications/Xcode-16.3.0.app/Contents/Developer/Toolchains/XcodeDefault.xctoolchain/usr/bin/swiftc -module-name GotenbergKit -Onone -enforce-exclusivity\=checked @/Users/admin/builder/spi-builder-workspace/.derivedData/Build/Intermediates.noindex/gotenberg-kit.build/Debug-watchos/GotenbergKit.build/Objects-normal/armv7k/GotenbergKit.SwiftFileList -DSWIFT_PACKAGE -DDEBUG -Xcc -fmodule-map-file\=/Users/admin/builder/spi-builder-workspace/.derivedData/Build/Intermediates.noindex/GeneratedModuleMaps-watchos/CNIOBoringSSLShims.modulemap -Xcc -fmodule-map-file\=/Users/admin/builder/spi-builder-workspace/.derivedData/Build/Intermediates.noindex/GeneratedModuleMaps-watchos/CNIOExtrasZlib.modulemap -Xcc -fmodule-map-file\=/Users/admin/builder/spi-builder-workspace/.derivedData/Build/Intermediates.noindex/GeneratedModuleMaps-watchos/CAsyncHTTPClient.modulemap -Xcc -fmodule-map-file\=/Users/admin/builder/spi-builder-workspace/.derivedData/Build/Intermediates.noindex/GeneratedModuleMaps-watchos/CNIOLLHTTP.modulemap -Xcc -fmodule-map-file\=/Users/admin/builder/spi-builder-workspace/.derivedData/Build/Intermediates.noindex/GeneratedModuleMaps-watchos/CNIOPosix.modulemap -Xcc -fmodule-map-file\=/Users/admin/builder/spi-builder-workspace/.derivedData/Build/Intermediates.noindex/GeneratedModuleMaps-watchos/CNIOWASI.modulemap -Xcc -fmodule-map-file\=/Users/admin/builder/spi-builder-workspace/.derivedData/Build/Intermediates.noindex/GeneratedModuleMaps-watchos/CNIOLinux.modulemap -Xcc -fmodule-map-file\=/Users/admin/builder/spi-builder-workspace/.derivedData/Build/Intermediates.noindex/GeneratedModuleMaps-watchos/CNIODarwin.modulemap -Xcc -fmodule-map-file\=/Users/admin/builder/spi-builder-workspace/.derivedData/Build/Intermediates.noindex/GeneratedModuleMaps-watchos/CNIOFreeBSD.modulemap -Xcc -fmodule-map-file\=/Users/admin/builder/spi-builder-workspace/.derivedData/Build/Intermediates.noindex/GeneratedModuleMaps-watchos/CNIOOpenBSD.modulemap -Xcc -fmodule-map-file\=/Users/admin/builder/spi-builder-workspace/.derivedData/Build/Intermediates.noindex/GeneratedModuleMaps-watchos/CNIOAtomics.modulemap -DXcode -plugin-path /Applications/Xcode-16.3.0.app/Contents/Developer/Toolchains/XcodeDefault.xctoolchain/usr/lib/swift/host/plugins/testing -enable-experimental-feature DebugDescriptionMacro -sdk /Applications/Xcode-16.3.0.app/Contents/Developer/Platforms/WatchOS.platform/Developer/SDKs/WatchOS11.4.sdk -target armv7k-apple-watchos5.0 -g -module-cache-path /Users/admin/builder/spi-builder-workspace/.derivedData/ModuleCache.noindex -Xfrontend -serialize-debugging-options -profile-coverage-mapping -profile-generate -enable-testing -index-store-path /Users/admin/builder/spi-builder-workspace/.derivedData/Index.noindex/DataStore -swift-version 6 -I /Users/admin/builder/spi-builder-workspace/.derivedData/Build/Products/Debug-watchos -I /Applications/Xcode-16.3.0.app/Contents/Developer/Platforms/WatchOS.platform/Developer/usr/lib -F /Users/admin/builder/spi-builder-workspace/.derivedData/Build/Products/Debug-watchos/PackageFrameworks -F /Users/admin/builder/spi-builder-workspace/.derivedData/Build/Products/Debug-watchos/PackageFrameworks -F /Users/admin/builder/spi-builder-workspace/.derivedData/Build/Products/Debug-watchos/PackageFrameworks -F /Users/admin/builder/spi-builder-workspace/.derivedData/Build/Products/Debug-watchos/PackageFrameworks -F /Users/admin/builder/spi-builder-workspace/.derivedData/Build/Products/Debug-watchos/PackageFrameworks -F /Users/admin/builder/spi-builder-workspace/.derivedData/Build/Products/Debug-watchos/PackageFrameworks -F /Users/admin/builder/spi-builder-workspace/.derivedData/Build/Products/Debug-watchos/PackageFrameworks -F /Users/admin/builder/spi-builder-workspace/.derivedData/Build/Products/Debug-watchos/PackageFrameworks -F /Users/admin/builder/spi-builder-workspace/.derivedData/Build/Products/Debug-watchos/PackageFrameworks -F /Users/admin/builder/spi-builder-workspace/.derivedData/Build/Products/Debug-watchos/PackageFrameworks -F /Users/admin/builder/spi-builder-workspace/.derivedData/Build/Products/Debug-watchos/PackageFrameworks -F /Users/admin/builder/spi-builder-workspace/.derivedData/Build/Products/Debug-watchos/PackageFrameworks -F /Users/admin/builder/spi-builder-workspace/.derivedData/Build/Products/Debug-watchos/PackageFrameworks -F /Users/admin/builder/spi-builder-workspace/.derivedData/Build/Products/Debug-watchos/PackageFrameworks -F /Users/admin/builder/spi-builder-workspace/.derivedData/Build/Products/Debug-watchos/PackageFrameworks -F /Users/admin/builder/spi-builder-workspace/.derivedData/Build/Products/Debug-watchos/PackageFrameworks -F /Users/admin/builder/spi-builder-workspace/.derivedData/Build/Products/Debug-watchos/PackageFrameworks -F /Users/admin/builder/spi-builder-workspace/.derivedData/Build/Products/Debug-watchos/PackageFrameworks -F /Users/admin/builder/spi-builder-workspace/.derivedData/Build/Products/Debug-watchos/PackageFrameworks -F /Users/admin/builder/spi-builder-workspace/.derivedData/Build/Products/Debug-watchos/PackageFrameworks -F /Users/admin/builder/spi-builder-workspace/.derivedData/Build/Products/Debug-watchos/PackageFrameworks -F /Users/admin/builder/spi-builder-workspace/.derivedData/Build/Products/Debug-watchos/PackageFrameworks -F /Users/admin/builder/spi-builder-workspace/.derivedData/Build/Products/Debug-watchos/PackageFrameworks -F /Users/admin/builder/spi-builder-workspace/.derivedData/Build/Products/Debug-watchos/PackageFrameworks -F /Users/admin/builder/spi-builder-workspace/.derivedData/Build/Products/Debug-watchos/PackageFrameworks -F /Users/admin/builder/spi-builder-workspace/.derivedData/Build/Products/Debug-watchos/PackageFrameworks -F /Users/admin/builder/spi-builder-workspace/.derivedData/Build/Products/Debug-watchos/PackageFrameworks -F /Users/admin/builder/spi-builder-workspace/.derivedData/Build/Products/Debug-watchos/PackageFrameworks -F /Users/admin/builder/spi-builder-workspace/.derivedData/Build/Products/Debug-watchos/PackageFrameworks -F /Users/admin/builder/spi-builder-workspace/.derivedData/Build/Products/Debug-watchos/PackageFrameworks -F /Users/admin/builder/spi-builder-workspace/.derivedData/Build/Products/Debug-watchos/PackageFrameworks -F /Users/admin/builder/spi-builder-workspace/.derivedData/Build/Products/Debug-watchos/PackageFrameworks -F /Users/admin/builder/spi-builder-workspace/.derivedData/Build/Products/Debug-watchos/PackageFrameworks -F /Users/admin/builder/spi-builder-workspace/.derivedData/Build/Products/Debug-watchos/PackageFrameworks -F /Users/admin/builder/spi-builder-workspace/.derivedData/Build/Products/Debug-watchos/PackageFrameworks -F /Users/admin/builder/spi-builder-workspace/.derivedData/Build/Products/Debug-watchos/PackageFrameworks -F /Users/admin/builder/spi-builder-workspace/.derivedData/Build/Products/Debug-watchos/PackageFrameworks -F /Users/admin/builder/spi-builder-workspace/.derivedData/Build/Products/Debug-watchos/PackageFrameworks -F /Users/admin/builder/spi-builder-workspace/.derivedData/Build/Products/Debug-watchos/PackageFrameworks -F /Users/admin/builder/spi-builder-workspace/.derivedData/Build/Products/Debug-watchos/PackageFrameworks -F /Users/admin/builder/spi-builder-workspace/.derivedData/Build/Products/Debug-watchos/PackageFrameworks -F /Users/admin/builder/spi-builder-workspace/.derivedData/Build/Products/Debug-watchos/PackageFrameworks -F /Users/admin/builder/spi-builder-workspace/.derivedData/Build/Products/Debug-watchos/PackageFrameworks -F /Users/admin/builder/spi-builder-workspace/.derivedData/Build/Products/Debug-watchos -F /Applications/Xcode-16.3.0.app/Contents/Developer/Platforms/WatchOS.platform/Developer/Library/Frameworks -F /Applications/Xcode-16.3.0.app/Contents/Developer/Platforms/WatchOS.platform/Developer/SDKs/WatchOS11.4.sdk/Developer/Library/Frameworks -c -j10 -enable-batch-mode -incremental -Xcc -ivfsstatcache -Xcc /Users/admin/builder/spi-builder-workspace/.derivedData/SDKStatCaches.noindex/watchos11.4-22T246-43efb940ff07ba2497b70ec94253f576.sdkstatcache -output-file-map /Users/admin/builder/spi-builder-workspace/.derivedData/Build/Intermediates.noindex/gotenberg-kit.build/Debug-watchos/GotenbergKit.build/Objects-normal/armv7k/GotenbergKit-OutputFileMap.json -use-frontend-parseable-output -save-temps -no-color-diagnostics -serialize-diagnostics -emit-dependencies -emit-module -emit-module-path /Users/admin/builder/spi-builder-workspace/.derivedData/Build/Intermediates.noindex/gotenberg-kit.build/Debug-watchos/GotenbergKit.build/Objects-normal/armv7k/GotenbergKit.swiftmodule -validate-clang-modules-once -clang-build-session-file /Users/admin/builder/spi-builder-workspace/.derivedData/ModuleCache.noindex/Session.modulevalidation -package-name spi_builder_workspace -Xcc -I/Users/admin/builder/spi-builder-workspace/.derivedData/Build/Intermediates.noindex/gotenberg-kit.build/Debug-watchos/GotenbergKit.build/swift-overrides.hmap -emit-const-values -Xfrontend -const-gather-protocols-file -Xfrontend /Users/admin/builder/spi-builder-workspace/.derivedData/Build/Intermediates.noindex/gotenberg-kit.build/Debug-watchos/GotenbergKit.build/Objects-normal/armv7k/GotenbergKit_const_extract_protocols.json -Xcc -I/Users/admin/builder/spi-builder-workspace/.dependencies/checkouts/swift-nio-ssl/Sources/CNIOBoringSSLShims/include -Xcc -I/Users/admin/builder/spi-builder-workspace/.dependencies/checkouts/swift-nio-ssl/Sources/CNIOBoringSSL/include -Xcc -I/Users/admin/builder/spi-builder-workspace/.dependencies/checkouts/swift-nio-extras/Sources/CNIOExtrasZlib/include -Xcc -I/Users/admin/builder/spi-builder-workspace/.dependencies/checkouts/swift-numerics/Sources/_NumericsShims/include -Xcc -I/Users/admin/builder/spi-builder-workspace/.dependencies/checkouts/async-http-client/Sources/CAsyncHTTPClient/include -Xcc -I/Users/admin/builder/spi-builder-workspace/.dependencies/checkouts/swift-nio/Sources/CNIOLLHTTP/include -Xcc -I/Users/admin/builder/spi-builder-workspace/.dependencies/checkouts/swift-atomics/Sources/_AtomicsShims/include -Xcc -I/Users/admin/builder/spi-builder-workspace/.dependencies/checkouts/swift-nio/Sources/CNIOPosix/include -Xcc -I/Users/admin/builder/spi-builder-workspace/.dependencies/checkouts/swift-nio/Sources/CNIOWASI/include -Xcc -I/Users/admin/builder/spi-builder-workspace/.dependencies/checkouts/swift-nio/Sources/CNIOWindows/include -Xcc -I/Users/admin/builder/spi-builder-workspace/.dependencies/checkouts/swift-nio/Sources/CNIOLinux/include -Xcc -I/Users/admin/builder/spi-builder-workspace/.dependencies/checkouts/swift-nio/Sources/CNIODarwin/include -Xcc -I/Users/admin/builder/spi-builder-workspace/.dependencies/checkouts/swift-nio/Sources/CNIOFreeBSD/include -Xcc -I/Users/admin/builder/spi-builder-workspace/.dependencies/checkouts/swift-nio/Sources/CNIOOpenBSD/include -Xcc -I/Users/admin/builder/spi-builder-workspace/.dependencies/checkouts/swift-nio/Sources/CNIOAtomics/include -Xcc -I/Users/admin/builder/spi-builder-workspace/.derivedData/Build/Products/Debug-watchos/include -Xcc -I/Users/admin/builder/spi-builder-workspace/.derivedData/Build/Intermediates.noindex/gotenberg-kit.build/Debug-watchos/GotenbergKit.build/DerivedSources-normal/armv7k -Xcc -I/Users/admin/builder/spi-builder-workspace/.derivedData/Build/Intermediates.noindex/gotenberg-kit.build/Debug-watchos/GotenbergKit.build/DerivedSources/armv7k -Xcc -I/Users/admin/builder/spi-builder-workspace/.derivedData/Build/Intermediates.noindex/gotenberg-kit.build/Debug-watchos/GotenbergKit.build/DerivedSources -Xcc -DSWIFT_PACKAGE -Xcc -DDEBUG\=1 -emit-objc-header -emit-objc-header-path /Users/admin/builder/spi-builder-workspace/.derivedData/Build/Intermediates.noindex/gotenberg-kit.build/Debug-watchos/GotenbergKit.build/Objects-normal/armv7k/GotenbergKit-Swift.h -working-directory /Users/admin/builder/spi-builder-workspace/.swiftpm/xcode -experimental-emit-module-separately -disable-cmo
SwiftDriver GotenbergKit normal arm64_32 com.apple.xcode.tools.swift.compiler (in target 'GotenbergKit' from project 'gotenberg-kit')
cd /Users/admin/builder/spi-builder-workspace/.swiftpm/xcode
builtin-SwiftDriver -- /Applications/Xcode-16.3.0.app/Contents/Developer/Toolchains/XcodeDefault.xctoolchain/usr/bin/swiftc -module-name GotenbergKit -Onone -enforce-exclusivity\=checked @/Users/admin/builder/spi-builder-workspace/.derivedData/Build/Intermediates.noindex/gotenberg-kit.build/Debug-watchos/GotenbergKit.build/Objects-normal/arm64_32/GotenbergKit.SwiftFileList -DSWIFT_PACKAGE -DDEBUG -Xcc -fmodule-map-file\=/Users/admin/builder/spi-builder-workspace/.derivedData/Build/Intermediates.noindex/GeneratedModuleMaps-watchos/CNIOBoringSSLShims.modulemap -Xcc -fmodule-map-file\=/Users/admin/builder/spi-builder-workspace/.derivedData/Build/Intermediates.noindex/GeneratedModuleMaps-watchos/CNIOExtrasZlib.modulemap -Xcc -fmodule-map-file\=/Users/admin/builder/spi-builder-workspace/.derivedData/Build/Intermediates.noindex/GeneratedModuleMaps-watchos/CAsyncHTTPClient.modulemap -Xcc -fmodule-map-file\=/Users/admin/builder/spi-builder-workspace/.derivedData/Build/Intermediates.noindex/GeneratedModuleMaps-watchos/CNIOLLHTTP.modulemap -Xcc -fmodule-map-file\=/Users/admin/builder/spi-builder-workspace/.derivedData/Build/Intermediates.noindex/GeneratedModuleMaps-watchos/CNIOPosix.modulemap -Xcc -fmodule-map-file\=/Users/admin/builder/spi-builder-workspace/.derivedData/Build/Intermediates.noindex/GeneratedModuleMaps-watchos/CNIOWASI.modulemap -Xcc -fmodule-map-file\=/Users/admin/builder/spi-builder-workspace/.derivedData/Build/Intermediates.noindex/GeneratedModuleMaps-watchos/CNIOLinux.modulemap -Xcc -fmodule-map-file\=/Users/admin/builder/spi-builder-workspace/.derivedData/Build/Intermediates.noindex/GeneratedModuleMaps-watchos/CNIODarwin.modulemap -Xcc -fmodule-map-file\=/Users/admin/builder/spi-builder-workspace/.derivedData/Build/Intermediates.noindex/GeneratedModuleMaps-watchos/CNIOFreeBSD.modulemap -Xcc -fmodule-map-file\=/Users/admin/builder/spi-builder-workspace/.derivedData/Build/Intermediates.noindex/GeneratedModuleMaps-watchos/CNIOOpenBSD.modulemap -Xcc -fmodule-map-file\=/Users/admin/builder/spi-builder-workspace/.derivedData/Build/Intermediates.noindex/GeneratedModuleMaps-watchos/CNIOAtomics.modulemap -DXcode -plugin-path /Applications/Xcode-16.3.0.app/Contents/Developer/Toolchains/XcodeDefault.xctoolchain/usr/lib/swift/host/plugins/testing -enable-experimental-feature DebugDescriptionMacro -sdk /Applications/Xcode-16.3.0.app/Contents/Developer/Platforms/WatchOS.platform/Developer/SDKs/WatchOS11.4.sdk -target arm64_32-apple-watchos5.0 -g -module-cache-path /Users/admin/builder/spi-builder-workspace/.derivedData/ModuleCache.noindex -Xfrontend -serialize-debugging-options -profile-coverage-mapping -profile-generate -enable-testing -index-store-path /Users/admin/builder/spi-builder-workspace/.derivedData/Index.noindex/DataStore -swift-version 6 -I /Users/admin/builder/spi-builder-workspace/.derivedData/Build/Products/Debug-watchos -I /Applications/Xcode-16.3.0.app/Contents/Developer/Platforms/WatchOS.platform/Developer/usr/lib -F /Users/admin/builder/spi-builder-workspace/.derivedData/Build/Products/Debug-watchos/PackageFrameworks -F /Users/admin/builder/spi-builder-workspace/.derivedData/Build/Products/Debug-watchos/PackageFrameworks -F /Users/admin/builder/spi-builder-workspace/.derivedData/Build/Products/Debug-watchos/PackageFrameworks -F /Users/admin/builder/spi-builder-workspace/.derivedData/Build/Products/Debug-watchos/PackageFrameworks -F /Users/admin/builder/spi-builder-workspace/.derivedData/Build/Products/Debug-watchos/PackageFrameworks -F /Users/admin/builder/spi-builder-workspace/.derivedData/Build/Products/Debug-watchos/PackageFrameworks -F /Users/admin/builder/spi-builder-workspace/.derivedData/Build/Products/Debug-watchos/PackageFrameworks -F /Users/admin/builder/spi-builder-workspace/.derivedData/Build/Products/Debug-watchos/PackageFrameworks -F /Users/admin/builder/spi-builder-workspace/.derivedData/Build/Products/Debug-watchos/PackageFrameworks -F /Users/admin/builder/spi-builder-workspace/.derivedData/Build/Products/Debug-watchos/PackageFrameworks -F /Users/admin/builder/spi-builder-workspace/.derivedData/Build/Products/Debug-watchos/PackageFrameworks -F /Users/admin/builder/spi-builder-workspace/.derivedData/Build/Products/Debug-watchos/PackageFrameworks -F /Users/admin/builder/spi-builder-workspace/.derivedData/Build/Products/Debug-watchos/PackageFrameworks -F /Users/admin/builder/spi-builder-workspace/.derivedData/Build/Products/Debug-watchos/PackageFrameworks -F /Users/admin/builder/spi-builder-workspace/.derivedData/Build/Products/Debug-watchos/PackageFrameworks -F /Users/admin/builder/spi-builder-workspace/.derivedData/Build/Products/Debug-watchos/PackageFrameworks -F /Users/admin/builder/spi-builder-workspace/.derivedData/Build/Products/Debug-watchos/PackageFrameworks -F /Users/admin/builder/spi-builder-workspace/.derivedData/Build/Products/Debug-watchos/PackageFrameworks -F /Users/admin/builder/spi-builder-workspace/.derivedData/Build/Products/Debug-watchos/PackageFrameworks -F /Users/admin/builder/spi-builder-workspace/.derivedData/Build/Products/Debug-watchos/PackageFrameworks -F /Users/admin/builder/spi-builder-workspace/.derivedData/Build/Products/Debug-watchos/PackageFrameworks -F /Users/admin/builder/spi-builder-workspace/.derivedData/Build/Products/Debug-watchos/PackageFrameworks -F /Users/admin/builder/spi-builder-workspace/.derivedData/Build/Products/Debug-watchos/PackageFrameworks -F /Users/admin/builder/spi-builder-workspace/.derivedData/Build/Products/Debug-watchos/PackageFrameworks -F /Users/admin/builder/spi-builder-workspace/.derivedData/Build/Products/Debug-watchos/PackageFrameworks -F /Users/admin/builder/spi-builder-workspace/.derivedData/Build/Products/Debug-watchos/PackageFrameworks -F /Users/admin/builder/spi-builder-workspace/.derivedData/Build/Products/Debug-watchos/PackageFrameworks -F /Users/admin/builder/spi-builder-workspace/.derivedData/Build/Products/Debug-watchos/PackageFrameworks -F /Users/admin/builder/spi-builder-workspace/.derivedData/Build/Products/Debug-watchos/PackageFrameworks -F /Users/admin/builder/spi-builder-workspace/.derivedData/Build/Products/Debug-watchos/PackageFrameworks -F /Users/admin/builder/spi-builder-workspace/.derivedData/Build/Products/Debug-watchos/PackageFrameworks -F /Users/admin/builder/spi-builder-workspace/.derivedData/Build/Products/Debug-watchos/PackageFrameworks -F /Users/admin/builder/spi-builder-workspace/.derivedData/Build/Products/Debug-watchos/PackageFrameworks -F /Users/admin/builder/spi-builder-workspace/.derivedData/Build/Products/Debug-watchos/PackageFrameworks -F /Users/admin/builder/spi-builder-workspace/.derivedData/Build/Products/Debug-watchos/PackageFrameworks -F /Users/admin/builder/spi-builder-workspace/.derivedData/Build/Products/Debug-watchos/PackageFrameworks -F /Users/admin/builder/spi-builder-workspace/.derivedData/Build/Products/Debug-watchos/PackageFrameworks -F /Users/admin/builder/spi-builder-workspace/.derivedData/Build/Products/Debug-watchos/PackageFrameworks -F /Users/admin/builder/spi-builder-workspace/.derivedData/Build/Products/Debug-watchos/PackageFrameworks -F /Users/admin/builder/spi-builder-workspace/.derivedData/Build/Products/Debug-watchos/PackageFrameworks -F /Users/admin/builder/spi-builder-workspace/.derivedData/Build/Products/Debug-watchos/PackageFrameworks -F /Users/admin/builder/spi-builder-workspace/.derivedData/Build/Products/Debug-watchos/PackageFrameworks -F /Users/admin/builder/spi-builder-workspace/.derivedData/Build/Products/Debug-watchos/PackageFrameworks -F /Users/admin/builder/spi-builder-workspace/.derivedData/Build/Products/Debug-watchos -F /Applications/Xcode-16.3.0.app/Contents/Developer/Platforms/WatchOS.platform/Developer/Library/Frameworks -F /Applications/Xcode-16.3.0.app/Contents/Developer/Platforms/WatchOS.platform/Developer/SDKs/WatchOS11.4.sdk/Developer/Library/Frameworks -c -j10 -enable-batch-mode -incremental -Xcc -ivfsstatcache -Xcc /Users/admin/builder/spi-builder-workspace/.derivedData/SDKStatCaches.noindex/watchos11.4-22T246-43efb940ff07ba2497b70ec94253f576.sdkstatcache -output-file-map /Users/admin/builder/spi-builder-workspace/.derivedData/Build/Intermediates.noindex/gotenberg-kit.build/Debug-watchos/GotenbergKit.build/Objects-normal/arm64_32/GotenbergKit-OutputFileMap.json -use-frontend-parseable-output -save-temps -no-color-diagnostics -serialize-diagnostics -emit-dependencies -emit-module -emit-module-path /Users/admin/builder/spi-builder-workspace/.derivedData/Build/Intermediates.noindex/gotenberg-kit.build/Debug-watchos/GotenbergKit.build/Objects-normal/arm64_32/GotenbergKit.swiftmodule -validate-clang-modules-once -clang-build-session-file /Users/admin/builder/spi-builder-workspace/.derivedData/ModuleCache.noindex/Session.modulevalidation -package-name spi_builder_workspace -Xcc -I/Users/admin/builder/spi-builder-workspace/.derivedData/Build/Intermediates.noindex/gotenberg-kit.build/Debug-watchos/GotenbergKit.build/swift-overrides.hmap -emit-const-values -Xfrontend -const-gather-protocols-file -Xfrontend /Users/admin/builder/spi-builder-workspace/.derivedData/Build/Intermediates.noindex/gotenberg-kit.build/Debug-watchos/GotenbergKit.build/Objects-normal/arm64_32/GotenbergKit_const_extract_protocols.json -Xcc -I/Users/admin/builder/spi-builder-workspace/.dependencies/checkouts/swift-nio-ssl/Sources/CNIOBoringSSLShims/include -Xcc -I/Users/admin/builder/spi-builder-workspace/.dependencies/checkouts/swift-nio-ssl/Sources/CNIOBoringSSL/include -Xcc -I/Users/admin/builder/spi-builder-workspace/.dependencies/checkouts/swift-nio-extras/Sources/CNIOExtrasZlib/include -Xcc -I/Users/admin/builder/spi-builder-workspace/.dependencies/checkouts/swift-numerics/Sources/_NumericsShims/include -Xcc -I/Users/admin/builder/spi-builder-workspace/.dependencies/checkouts/async-http-client/Sources/CAsyncHTTPClient/include -Xcc -I/Users/admin/builder/spi-builder-workspace/.dependencies/checkouts/swift-nio/Sources/CNIOLLHTTP/include -Xcc -I/Users/admin/builder/spi-builder-workspace/.dependencies/checkouts/swift-atomics/Sources/_AtomicsShims/include -Xcc -I/Users/admin/builder/spi-builder-workspace/.dependencies/checkouts/swift-nio/Sources/CNIOPosix/include -Xcc -I/Users/admin/builder/spi-builder-workspace/.dependencies/checkouts/swift-nio/Sources/CNIOWASI/include -Xcc -I/Users/admin/builder/spi-builder-workspace/.dependencies/checkouts/swift-nio/Sources/CNIOWindows/include -Xcc -I/Users/admin/builder/spi-builder-workspace/.dependencies/checkouts/swift-nio/Sources/CNIOLinux/include -Xcc -I/Users/admin/builder/spi-builder-workspace/.dependencies/checkouts/swift-nio/Sources/CNIODarwin/include -Xcc -I/Users/admin/builder/spi-builder-workspace/.dependencies/checkouts/swift-nio/Sources/CNIOFreeBSD/include -Xcc -I/Users/admin/builder/spi-builder-workspace/.dependencies/checkouts/swift-nio/Sources/CNIOOpenBSD/include -Xcc -I/Users/admin/builder/spi-builder-workspace/.dependencies/checkouts/swift-nio/Sources/CNIOAtomics/include -Xcc -I/Users/admin/builder/spi-builder-workspace/.derivedData/Build/Products/Debug-watchos/include -Xcc -I/Users/admin/builder/spi-builder-workspace/.derivedData/Build/Intermediates.noindex/gotenberg-kit.build/Debug-watchos/GotenbergKit.build/DerivedSources-normal/arm64_32 -Xcc -I/Users/admin/builder/spi-builder-workspace/.derivedData/Build/Intermediates.noindex/gotenberg-kit.build/Debug-watchos/GotenbergKit.build/DerivedSources/arm64_32 -Xcc -I/Users/admin/builder/spi-builder-workspace/.derivedData/Build/Intermediates.noindex/gotenberg-kit.build/Debug-watchos/GotenbergKit.build/DerivedSources -Xcc -DSWIFT_PACKAGE -Xcc -DDEBUG\=1 -emit-objc-header -emit-objc-header-path /Users/admin/builder/spi-builder-workspace/.derivedData/Build/Intermediates.noindex/gotenberg-kit.build/Debug-watchos/GotenbergKit.build/Objects-normal/arm64_32/GotenbergKit-Swift.h -working-directory /Users/admin/builder/spi-builder-workspace/.swiftpm/xcode -experimental-emit-module-separately -disable-cmo
SwiftDriver GotenbergKit normal arm64 com.apple.xcode.tools.swift.compiler (in target 'GotenbergKit' from project 'gotenberg-kit')
cd /Users/admin/builder/spi-builder-workspace/.swiftpm/xcode
builtin-SwiftDriver -- /Applications/Xcode-16.3.0.app/Contents/Developer/Toolchains/XcodeDefault.xctoolchain/usr/bin/swiftc -module-name GotenbergKit -Onone -enforce-exclusivity\=checked @/Users/admin/builder/spi-builder-workspace/.derivedData/Build/Intermediates.noindex/gotenberg-kit.build/Debug-watchos/GotenbergKit.build/Objects-normal/arm64/GotenbergKit.SwiftFileList -DSWIFT_PACKAGE -DDEBUG -Xcc -fmodule-map-file\=/Users/admin/builder/spi-builder-workspace/.derivedData/Build/Intermediates.noindex/GeneratedModuleMaps-watchos/CNIOBoringSSLShims.modulemap -Xcc -fmodule-map-file\=/Users/admin/builder/spi-builder-workspace/.derivedData/Build/Intermediates.noindex/GeneratedModuleMaps-watchos/CNIOExtrasZlib.modulemap -Xcc -fmodule-map-file\=/Users/admin/builder/spi-builder-workspace/.derivedData/Build/Intermediates.noindex/GeneratedModuleMaps-watchos/CAsyncHTTPClient.modulemap -Xcc -fmodule-map-file\=/Users/admin/builder/spi-builder-workspace/.derivedData/Build/Intermediates.noindex/GeneratedModuleMaps-watchos/CNIOLLHTTP.modulemap -Xcc -fmodule-map-file\=/Users/admin/builder/spi-builder-workspace/.derivedData/Build/Intermediates.noindex/GeneratedModuleMaps-watchos/CNIOPosix.modulemap -Xcc -fmodule-map-file\=/Users/admin/builder/spi-builder-workspace/.derivedData/Build/Intermediates.noindex/GeneratedModuleMaps-watchos/CNIOWASI.modulemap -Xcc -fmodule-map-file\=/Users/admin/builder/spi-builder-workspace/.derivedData/Build/Intermediates.noindex/GeneratedModuleMaps-watchos/CNIOLinux.modulemap -Xcc -fmodule-map-file\=/Users/admin/builder/spi-builder-workspace/.derivedData/Build/Intermediates.noindex/GeneratedModuleMaps-watchos/CNIODarwin.modulemap -Xcc -fmodule-map-file\=/Users/admin/builder/spi-builder-workspace/.derivedData/Build/Intermediates.noindex/GeneratedModuleMaps-watchos/CNIOFreeBSD.modulemap -Xcc -fmodule-map-file\=/Users/admin/builder/spi-builder-workspace/.derivedData/Build/Intermediates.noindex/GeneratedModuleMaps-watchos/CNIOOpenBSD.modulemap -Xcc -fmodule-map-file\=/Users/admin/builder/spi-builder-workspace/.derivedData/Build/Intermediates.noindex/GeneratedModuleMaps-watchos/CNIOAtomics.modulemap -DXcode -plugin-path /Applications/Xcode-16.3.0.app/Contents/Developer/Toolchains/XcodeDefault.xctoolchain/usr/lib/swift/host/plugins/testing -enable-experimental-feature DebugDescriptionMacro -sdk /Applications/Xcode-16.3.0.app/Contents/Developer/Platforms/WatchOS.platform/Developer/SDKs/WatchOS11.4.sdk -target arm64-apple-watchos5.0 -g -module-cache-path /Users/admin/builder/spi-builder-workspace/.derivedData/ModuleCache.noindex -Xfrontend -serialize-debugging-options -profile-coverage-mapping -profile-generate -enable-testing -index-store-path /Users/admin/builder/spi-builder-workspace/.derivedData/Index.noindex/DataStore -swift-version 6 -I /Users/admin/builder/spi-builder-workspace/.derivedData/Build/Products/Debug-watchos -I /Applications/Xcode-16.3.0.app/Contents/Developer/Platforms/WatchOS.platform/Developer/usr/lib -F /Users/admin/builder/spi-builder-workspace/.derivedData/Build/Products/Debug-watchos/PackageFrameworks -F /Users/admin/builder/spi-builder-workspace/.derivedData/Build/Products/Debug-watchos/PackageFrameworks -F /Users/admin/builder/spi-builder-workspace/.derivedData/Build/Products/Debug-watchos/PackageFrameworks -F /Users/admin/builder/spi-builder-workspace/.derivedData/Build/Products/Debug-watchos/PackageFrameworks -F /Users/admin/builder/spi-builder-workspace/.derivedData/Build/Products/Debug-watchos/PackageFrameworks -F /Users/admin/builder/spi-builder-workspace/.derivedData/Build/Products/Debug-watchos/PackageFrameworks -F /Users/admin/builder/spi-builder-workspace/.derivedData/Build/Products/Debug-watchos/PackageFrameworks -F /Users/admin/builder/spi-builder-workspace/.derivedData/Build/Products/Debug-watchos/PackageFrameworks -F /Users/admin/builder/spi-builder-workspace/.derivedData/Build/Products/Debug-watchos/PackageFrameworks -F /Users/admin/builder/spi-builder-workspace/.derivedData/Build/Products/Debug-watchos/PackageFrameworks -F /Users/admin/builder/spi-builder-workspace/.derivedData/Build/Products/Debug-watchos/PackageFrameworks -F /Users/admin/builder/spi-builder-workspace/.derivedData/Build/Products/Debug-watchos/PackageFrameworks -F /Users/admin/builder/spi-builder-workspace/.derivedData/Build/Products/Debug-watchos/PackageFrameworks -F /Users/admin/builder/spi-builder-workspace/.derivedData/Build/Products/Debug-watchos/PackageFrameworks -F /Users/admin/builder/spi-builder-workspace/.derivedData/Build/Products/Debug-watchos/PackageFrameworks -F /Users/admin/builder/spi-builder-workspace/.derivedData/Build/Products/Debug-watchos/PackageFrameworks -F /Users/admin/builder/spi-builder-workspace/.derivedData/Build/Products/Debug-watchos/PackageFrameworks -F /Users/admin/builder/spi-builder-workspace/.derivedData/Build/Products/Debug-watchos/PackageFrameworks -F /Users/admin/builder/spi-builder-workspace/.derivedData/Build/Products/Debug-watchos/PackageFrameworks -F /Users/admin/builder/spi-builder-workspace/.derivedData/Build/Products/Debug-watchos/PackageFrameworks -F /Users/admin/builder/spi-builder-workspace/.derivedData/Build/Products/Debug-watchos/PackageFrameworks -F /Users/admin/builder/spi-builder-workspace/.derivedData/Build/Products/Debug-watchos/PackageFrameworks -F /Users/admin/builder/spi-builder-workspace/.derivedData/Build/Products/Debug-watchos/PackageFrameworks -F /Users/admin/builder/spi-builder-workspace/.derivedData/Build/Products/Debug-watchos/PackageFrameworks -F /Users/admin/builder/spi-builder-workspace/.derivedData/Build/Products/Debug-watchos/PackageFrameworks -F /Users/admin/builder/spi-builder-workspace/.derivedData/Build/Products/Debug-watchos/PackageFrameworks -F /Users/admin/builder/spi-builder-workspace/.derivedData/Build/Products/Debug-watchos/PackageFrameworks -F /Users/admin/builder/spi-builder-workspace/.derivedData/Build/Products/Debug-watchos/PackageFrameworks -F /Users/admin/builder/spi-builder-workspace/.derivedData/Build/Products/Debug-watchos/PackageFrameworks -F /Users/admin/builder/spi-builder-workspace/.derivedData/Build/Products/Debug-watchos/PackageFrameworks -F /Users/admin/builder/spi-builder-workspace/.derivedData/Build/Products/Debug-watchos/PackageFrameworks -F /Users/admin/builder/spi-builder-workspace/.derivedData/Build/Products/Debug-watchos/PackageFrameworks -F /Users/admin/builder/spi-builder-workspace/.derivedData/Build/Products/Debug-watchos/PackageFrameworks -F /Users/admin/builder/spi-builder-workspace/.derivedData/Build/Products/Debug-watchos/PackageFrameworks -F /Users/admin/builder/spi-builder-workspace/.derivedData/Build/Products/Debug-watchos/PackageFrameworks -F /Users/admin/builder/spi-builder-workspace/.derivedData/Build/Products/Debug-watchos/PackageFrameworks -F /Users/admin/builder/spi-builder-workspace/.derivedData/Build/Products/Debug-watchos/PackageFrameworks -F /Users/admin/builder/spi-builder-workspace/.derivedData/Build/Products/Debug-watchos/PackageFrameworks -F /Users/admin/builder/spi-builder-workspace/.derivedData/Build/Products/Debug-watchos/PackageFrameworks -F /Users/admin/builder/spi-builder-workspace/.derivedData/Build/Products/Debug-watchos/PackageFrameworks -F /Users/admin/builder/spi-builder-workspace/.derivedData/Build/Products/Debug-watchos/PackageFrameworks -F /Users/admin/builder/spi-builder-workspace/.derivedData/Build/Products/Debug-watchos/PackageFrameworks -F /Users/admin/builder/spi-builder-workspace/.derivedData/Build/Products/Debug-watchos/PackageFrameworks -F /Users/admin/builder/spi-builder-workspace/.derivedData/Build/Products/Debug-watchos -F /Applications/Xcode-16.3.0.app/Contents/Developer/Platforms/WatchOS.platform/Developer/Library/Frameworks -F /Applications/Xcode-16.3.0.app/Contents/Developer/Platforms/WatchOS.platform/Developer/SDKs/WatchOS11.4.sdk/Developer/Library/Frameworks -c -j10 -enable-batch-mode -incremental -Xcc -ivfsstatcache -Xcc /Users/admin/builder/spi-builder-workspace/.derivedData/SDKStatCaches.noindex/watchos11.4-22T246-43efb940ff07ba2497b70ec94253f576.sdkstatcache -output-file-map /Users/admin/builder/spi-builder-workspace/.derivedData/Build/Intermediates.noindex/gotenberg-kit.build/Debug-watchos/GotenbergKit.build/Objects-normal/arm64/GotenbergKit-OutputFileMap.json -use-frontend-parseable-output -save-temps -no-color-diagnostics -serialize-diagnostics -emit-dependencies -emit-module -emit-module-path /Users/admin/builder/spi-builder-workspace/.derivedData/Build/Intermediates.noindex/gotenberg-kit.build/Debug-watchos/GotenbergKit.build/Objects-normal/arm64/GotenbergKit.swiftmodule -validate-clang-modules-once -clang-build-session-file /Users/admin/builder/spi-builder-workspace/.derivedData/ModuleCache.noindex/Session.modulevalidation -package-name spi_builder_workspace -Xcc -I/Users/admin/builder/spi-builder-workspace/.derivedData/Build/Intermediates.noindex/gotenberg-kit.build/Debug-watchos/GotenbergKit.build/swift-overrides.hmap -emit-const-values -Xfrontend -const-gather-protocols-file -Xfrontend /Users/admin/builder/spi-builder-workspace/.derivedData/Build/Intermediates.noindex/gotenberg-kit.build/Debug-watchos/GotenbergKit.build/Objects-normal/arm64/GotenbergKit_const_extract_protocols.json -Xcc -I/Users/admin/builder/spi-builder-workspace/.dependencies/checkouts/swift-nio-ssl/Sources/CNIOBoringSSLShims/include -Xcc -I/Users/admin/builder/spi-builder-workspace/.dependencies/checkouts/swift-nio-ssl/Sources/CNIOBoringSSL/include -Xcc -I/Users/admin/builder/spi-builder-workspace/.dependencies/checkouts/swift-nio-extras/Sources/CNIOExtrasZlib/include -Xcc -I/Users/admin/builder/spi-builder-workspace/.dependencies/checkouts/swift-numerics/Sources/_NumericsShims/include -Xcc -I/Users/admin/builder/spi-builder-workspace/.dependencies/checkouts/async-http-client/Sources/CAsyncHTTPClient/include -Xcc -I/Users/admin/builder/spi-builder-workspace/.dependencies/checkouts/swift-nio/Sources/CNIOLLHTTP/include -Xcc -I/Users/admin/builder/spi-builder-workspace/.dependencies/checkouts/swift-atomics/Sources/_AtomicsShims/include -Xcc -I/Users/admin/builder/spi-builder-workspace/.dependencies/checkouts/swift-nio/Sources/CNIOPosix/include -Xcc -I/Users/admin/builder/spi-builder-workspace/.dependencies/checkouts/swift-nio/Sources/CNIOWASI/include -Xcc -I/Users/admin/builder/spi-builder-workspace/.dependencies/checkouts/swift-nio/Sources/CNIOWindows/include -Xcc -I/Users/admin/builder/spi-builder-workspace/.dependencies/checkouts/swift-nio/Sources/CNIOLinux/include -Xcc -I/Users/admin/builder/spi-builder-workspace/.dependencies/checkouts/swift-nio/Sources/CNIODarwin/include -Xcc -I/Users/admin/builder/spi-builder-workspace/.dependencies/checkouts/swift-nio/Sources/CNIOFreeBSD/include -Xcc -I/Users/admin/builder/spi-builder-workspace/.dependencies/checkouts/swift-nio/Sources/CNIOOpenBSD/include -Xcc -I/Users/admin/builder/spi-builder-workspace/.dependencies/checkouts/swift-nio/Sources/CNIOAtomics/include -Xcc -I/Users/admin/builder/spi-builder-workspace/.derivedData/Build/Products/Debug-watchos/include -Xcc -I/Users/admin/builder/spi-builder-workspace/.derivedData/Build/Intermediates.noindex/gotenberg-kit.build/Debug-watchos/GotenbergKit.build/DerivedSources-normal/arm64 -Xcc -I/Users/admin/builder/spi-builder-workspace/.derivedData/Build/Intermediates.noindex/gotenberg-kit.build/Debug-watchos/GotenbergKit.build/DerivedSources/arm64 -Xcc -I/Users/admin/builder/spi-builder-workspace/.derivedData/Build/Intermediates.noindex/gotenberg-kit.build/Debug-watchos/GotenbergKit.build/DerivedSources -Xcc -DSWIFT_PACKAGE -Xcc -DDEBUG\=1 -emit-objc-header -emit-objc-header-path /Users/admin/builder/spi-builder-workspace/.derivedData/Build/Intermediates.noindex/gotenberg-kit.build/Debug-watchos/GotenbergKit.build/Objects-normal/arm64/GotenbergKit-Swift.h -working-directory /Users/admin/builder/spi-builder-workspace/.swiftpm/xcode -experimental-emit-module-separately -disable-cmo
SwiftEmitModule normal armv7k Emitting\ module\ for\ GotenbergKit (in target 'GotenbergKit' from project 'gotenberg-kit')
Failed frontend command:
/Applications/Xcode-16.3.0.app/Contents/Developer/Toolchains/XcodeDefault.xctoolchain/usr/bin/swift-frontend -frontend -emit-module -experimental-skip-non-inlinable-function-bodies-without-types /Users/admin/builder/spi-builder-workspace/Sources/GotenbergKit/Chromium/ChromiumOptions.swift /Users/admin/builder/spi-builder-workspace/Sources/GotenbergKit/Chromium/GotenbergClient+Chromium+Screenshots.swift /Users/admin/builder/spi-builder-workspace/Sources/GotenbergKit/Chromium/GotenbergClient+Chromium.swift /Users/admin/builder/spi-builder-workspace/Sources/GotenbergKit/Chromium/ScreenshotOptions.swift /Users/admin/builder/spi-builder-workspace/Sources/GotenbergKit/Common/Cookie.swift /Users/admin/builder/spi-builder-workspace/Sources/GotenbergKit/Common/DownloadFrom.swift /Users/admin/builder/spi-builder-workspace/Sources/GotenbergKit/Common/EmbedAttachmentMetadata.swift /Users/admin/builder/spi-builder-workspace/Sources/GotenbergKit/Common/EmulatedMediaFeature.swift /Users/admin/builder/spi-builder-workspace/Sources/GotenbergKit/Common/EmulatedMediaType.swift /Users/admin/builder/spi-builder-workspace/Sources/GotenbergKit/Common/FormFile.swift /Users/admin/builder/spi-builder-workspace/Sources/GotenbergKit/Common/GotenbergError.swift /Users/admin/builder/spi-builder-workspace/Sources/GotenbergKit/Common/GotenbergHealth.swift /Users/admin/builder/spi-builder-workspace/Sources/GotenbergKit/Common/Metadata.swift /Users/admin/builder/spi-builder-workspace/Sources/GotenbergKit/Common/PDFFormat.swift /Users/admin/builder/spi-builder-workspace/Sources/GotenbergKit/GotenbergClient+Health.swift /Users/admin/builder/spi-builder-workspace/Sources/GotenbergKit/GotenbergClient+Version.swift /Users/admin/builder/spi-builder-workspace/Sources/GotenbergKit/GotenbergClient.swift /Users/admin/builder/spi-builder-workspace/Sources/GotenbergKit/LibreOffice/GotenberClient+LibreOffice.swift /Users/admin/builder/spi-builder-workspace/Sources/GotenbergKit/LibreOffice/LibreOfficeConversionOptions.swift /Users/admin/builder/spi-builder-workspace/Sources/GotenbergKit/PDFEngines/BookmarkTypes.swift /Users/admin/builder/spi-builder-workspace/Sources/GotenbergKit/PDFEngines/GotenbergClient+PDF.swift /Users/admin/builder/spi-builder-workspace/Sources/GotenbergKit/PDFEngines/OverlayOptions.swift /Users/admin/builder/spi-builder-workspace/Sources/GotenbergKit/PDFEngines/PDFEngineOptions.swift /Users/admin/builder/spi-builder-workspace/Sources/GotenbergKit/PDFEngines/RotatePDFOptions.swift /Users/admin/builder/spi-builder-workspace/Sources/GotenbergKit/PDFEngines/SplitPDFOptions.swift /Users/admin/builder/spi-builder-workspace/Sources/GotenbergKit/Webhook/WebhookConfiguration.swift /Users/admin/builder/spi-builder-workspace/Sources/GotenbergKit/Webhook/WebhookEvents.swift -target armv7k-apple-watchos5.0 -enable-objc-interop -sdk /Applications/Xcode-16.3.0.app/Contents/Developer/Platforms/WatchOS.platform/Developer/SDKs/WatchOS11.4.sdk -I /Users/admin/builder/spi-builder-workspace/.derivedData/Build/Products/Debug-watchos -I /Applications/Xcode-16.3.0.app/Contents/Developer/Platforms/WatchOS.platform/Developer/usr/lib -F /Users/admin/builder/spi-builder-workspace/.derivedData/Build/Products/Debug-watchos/PackageFrameworks -F /Users/admin/builder/spi-builder-workspace/.derivedData/Build/Products/Debug-watchos/PackageFrameworks -F /Users/admin/builder/spi-builder-workspace/.derivedData/Build/Products/Debug-watchos/PackageFrameworks -F /Users/admin/builder/spi-builder-workspace/.derivedData/Build/Products/Debug-watchos/PackageFrameworks -F /Users/admin/builder/spi-builder-workspace/.derivedData/Build/Products/Debug-watchos/PackageFrameworks -F /Users/admin/builder/spi-builder-workspace/.derivedData/Build/Products/Debug-watchos/PackageFrameworks -F /Users/admin/builder/spi-builder-workspace/.derivedData/Build/Products/Debug-watchos/PackageFrameworks -F /Users/admin/builder/spi-builder-workspace/.derivedData/Build/Products/Debug-watchos/PackageFrameworks -F /Users/admin/builder/spi-builder-workspace/.derivedData/Build/Products/Debug-watchos/PackageFrameworks -F /Users/admin/builder/spi-builder-workspace/.derivedData/Build/Products/Debug-watchos/PackageFrameworks -F /Users/admin/builder/spi-builder-workspace/.derivedData/Build/Products/Debug-watchos/PackageFrameworks -F /Users/admin/builder/spi-builder-workspace/.derivedData/Build/Products/Debug-watchos/PackageFrameworks -F /Users/admin/builder/spi-builder-workspace/.derivedData/Build/Products/Debug-watchos/PackageFrameworks -F /Users/admin/builder/spi-builder-workspace/.derivedData/Build/Products/Debug-watchos/PackageFrameworks -F /Users/admin/builder/spi-builder-workspace/.derivedData/Build/Products/Debug-watchos/PackageFrameworks -F /Users/admin/builder/spi-builder-workspace/.derivedData/Build/Products/Debug-watchos/PackageFrameworks -F /Users/admin/builder/spi-builder-workspace/.derivedData/Build/Products/Debug-watchos/PackageFrameworks -F /Users/admin/builder/spi-builder-workspace/.derivedData/Build/Products/Debug-watchos/PackageFrameworks -F /Users/admin/builder/spi-builder-workspace/.derivedData/Build/Products/Debug-watchos/PackageFrameworks -F /Users/admin/builder/spi-builder-workspace/.derivedData/Build/Products/Debug-watchos/PackageFrameworks -F /Users/admin/builder/spi-builder-workspace/.derivedData/Build/Products/Debug-watchos/PackageFrameworks -F /Users/admin/builder/spi-builder-workspace/.derivedData/Build/Products/Debug-watchos/PackageFrameworks -F /Users/admin/builder/spi-builder-workspace/.derivedData/Build/Products/Debug-watchos/PackageFrameworks -F /Users/admin/builder/spi-builder-workspace/.derivedData/Build/Products/Debug-watchos/PackageFrameworks -F /Users/admin/builder/spi-builder-workspace/.derivedData/Build/Products/Debug-watchos/PackageFrameworks -F /Users/admin/builder/spi-builder-workspace/.derivedData/Build/Products/Debug-watchos/PackageFrameworks -F /Users/admin/builder/spi-builder-workspace/.derivedData/Build/Products/Debug-watchos/PackageFrameworks -F /Users/admin/builder/spi-builder-workspace/.derivedData/Build/Products/Debug-watchos/PackageFrameworks -F /Users/admin/builder/spi-builder-workspace/.derivedData/Build/Products/Debug-watchos/PackageFrameworks -F /Users/admin/builder/spi-builder-workspace/.derivedData/Build/Products/Debug-watchos/PackageFrameworks -F /Users/admin/builder/spi-builder-workspace/.derivedData/Build/Products/Debug-watchos/PackageFrameworks -F /Users/admin/builder/spi-builder-workspace/.derivedData/Build/Products/Debug-watchos/PackageFrameworks -F /Users/admin/builder/spi-builder-workspace/.derivedData/Build/Products/Debug-watchos/PackageFrameworks -F /Users/admin/builder/spi-builder-workspace/.derivedData/Build/Products/Debug-watchos/PackageFrameworks -F /Users/admin/builder/spi-builder-workspace/.derivedData/Build/Products/Debug-watchos/PackageFrameworks -F /Users/admin/builder/spi-builder-workspace/.derivedData/Build/Products/Debug-watchos/PackageFrameworks -F /Users/admin/builder/spi-builder-workspace/.derivedData/Build/Products/Debug-watchos/PackageFrameworks -F /Users/admin/builder/spi-builder-workspace/.derivedData/Build/Products/Debug-watchos/PackageFrameworks -F /Users/admin/builder/spi-builder-workspace/.derivedData/Build/Products/Debug-watchos/PackageFrameworks -F /Users/admin/builder/spi-builder-workspace/.derivedData/Build/Products/Debug-watchos/PackageFrameworks -F /Users/admin/builder/spi-builder-workspace/.derivedData/Build/Products/Debug-watchos/PackageFrameworks -F /Users/admin/builder/spi-builder-workspace/.derivedData/Build/Products/Debug-watchos/PackageFrameworks -F /Users/admin/builder/spi-builder-workspace/.derivedData/Build/Products/Debug-watchos/PackageFrameworks -F /Users/admin/builder/spi-builder-workspace/.derivedData/Build/Products/Debug-watchos -F /Applications/Xcode-16.3.0.app/Contents/Developer/Platforms/WatchOS.platform/Developer/Library/Frameworks -F /Applications/Xcode-16.3.0.app/Contents/Developer/Platforms/WatchOS.platform/Developer/SDKs/WatchOS11.4.sdk/Developer/Library/Frameworks -no-color-diagnostics -enable-testing -g -debug-info-format\=dwarf -dwarf-version\=4 -module-cache-path /Users/admin/builder/spi-builder-workspace/.derivedData/ModuleCache.noindex -profile-generate -profile-coverage-mapping -swift-version 6 -enforce-exclusivity\=checked -Onone -D SWIFT_PACKAGE -D DEBUG -D Xcode -serialize-debugging-options -const-gather-protocols-file /Users/admin/builder/spi-builder-workspace/.derivedData/Build/Intermediates.noindex/gotenberg-kit.build/Debug-watchos/GotenbergKit.build/Objects-normal/armv7k/GotenbergKit_const_extract_protocols.json -enable-experimental-feature DebugDescriptionMacro -empty-abi-descriptor -plugin-path /Applications/Xcode-16.3.0.app/Contents/Developer/Toolchains/XcodeDefault.xctoolchain/usr/lib/swift/host/plugins/testing -validate-clang-modules-once -clang-build-session-file /Users/admin/builder/spi-builder-workspace/.derivedData/ModuleCache.noindex/Session.modulevalidation -Xcc -working-directory -Xcc /Users/admin/builder/spi-builder-workspace/.swiftpm/xcode -resource-dir /Applications/Xcode-16.3.0.app/Contents/Developer/Toolchains/XcodeDefault.xctoolchain/usr/lib/swift -enable-anonymous-context-mangled-names -file-compilation-dir /Users/admin/builder/spi-builder-workspace/.swiftpm/xcode -Xcc -fmodule-map-file\=/Users/admin/builder/spi-builder-workspace/.derivedData/Build/Intermediates.noindex/GeneratedModuleMaps-watchos/CNIOBoringSSLShims.modulemap -Xcc -fmodule-map-file\=/Users/admin/builder/spi-builder-workspace/.derivedData/Build/Intermediates.noindex/GeneratedModuleMaps-watchos/CNIOExtrasZlib.modulemap -Xcc -fmodule-map-file\=/Users/admin/builder/spi-builder-workspace/.derivedData/Build/Intermediates.noindex/GeneratedModuleMaps-watchos/CAsyncHTTPClient.modulemap -Xcc -fmodule-map-file\=/Users/admin/builder/spi-builder-workspace/.derivedData/Build/Intermediates.noindex/GeneratedModuleMaps-watchos/CNIOLLHTTP.modulemap -Xcc -fmodule-map-file\=/Users/admin/builder/spi-builder-workspace/.derivedData/Build/Intermediates.noindex/GeneratedModuleMaps-watchos/CNIOPosix.modulemap -Xcc -fmodule-map-file\=/Users/admin/builder/spi-builder-workspace/.derivedData/Build/Intermediates.noindex/GeneratedModuleMaps-watchos/CNIOWASI.modulemap -Xcc -fmodule-map-file\=/Users/admin/builder/spi-builder-workspace/.derivedData/Build/Intermediates.noindex/GeneratedModuleMaps-watchos/CNIOLinux.modulemap -Xcc -fmodule-map-file\=/Users/admin/builder/spi-builder-workspace/.derivedData/Build/Intermediates.noindex/GeneratedModuleMaps-watchos/CNIODarwin.modulemap -Xcc -fmodule-map-file\=/Users/admin/builder/spi-builder-workspace/.derivedData/Build/Intermediates.noindex/GeneratedModuleMaps-watchos/CNIOFreeBSD.modulemap -Xcc -fmodule-map-file\=/Users/admin/builder/spi-builder-workspace/.derivedData/Build/Intermediates.noindex/GeneratedModuleMaps-watchos/CNIOOpenBSD.modulemap -Xcc -fmodule-map-file\=/Users/admin/builder/spi-builder-workspace/.derivedData/Build/Intermediates.noindex/GeneratedModuleMaps-watchos/CNIOAtomics.modulemap -Xcc -ivfsstatcache -Xcc /Users/admin/builder/spi-builder-workspace/.derivedData/SDKStatCaches.noindex/watchos11.4-22T246-43efb940ff07ba2497b70ec94253f576.sdkstatcache -Xcc -I/Users/admin/builder/spi-builder-workspace/.derivedData/Build/Intermediates.noindex/gotenberg-kit.build/Debug-watchos/GotenbergKit.build/swift-overrides.hmap -Xcc -I/Users/admin/builder/spi-builder-workspace/.dependencies/checkouts/swift-nio-ssl/Sources/CNIOBoringSSLShims/include -Xcc -I/Users/admin/builder/spi-builder-workspace/.dependencies/checkouts/swift-nio-ssl/Sources/CNIOBoringSSL/include -Xcc -I/Users/admin/builder/spi-builder-workspace/.dependencies/checkouts/swift-nio-extras/Sources/CNIOExtrasZlib/include -Xcc -I/Users/admin/builder/spi-builder-workspace/.dependencies/checkouts/swift-numerics/Sources/_NumericsShims/include -Xcc -I/Users/admin/builder/spi-builder-workspace/.dependencies/checkouts/async-http-client/Sources/CAsyncHTTPClient/include -Xcc -I/Users/admin/builder/spi-builder-workspace/.dependencies/checkouts/swift-nio/Sources/CNIOLLHTTP/include -Xcc -I/Users/admin/builder/spi-builder-workspace/.dependencies/checkouts/swift-atomics/Sources/_AtomicsShims/include -Xcc -I/Users/admin/builder/spi-builder-workspace/.dependencies/checkouts/swift-nio/Sources/CNIOPosix/include -Xcc -I/Users/admin/builder/spi-builder-workspace/.dependencies/checkouts/swift-nio/Sources/CNIOWASI/include -Xcc -I/Users/admin/builder/spi-builder-workspace/.dependencies/checkouts/swift-nio/Sources/CNIOWindows/include -Xcc -I/Users/admin/builder/spi-builder-workspace/.dependencies/checkouts/swift-nio/Sources/CNIOLinux/include -Xcc -I/Users/admin/builder/spi-builder-workspace/.dependencies/checkouts/swift-nio/Sources/CNIODarwin/include -Xcc -I/Users/admin/builder/spi-builder-workspace/.dependencies/checkouts/swift-nio/Sources/CNIOFreeBSD/include -Xcc -I/Users/admin/builder/spi-builder-workspace/.dependencies/checkouts/swift-nio/Sources/CNIOOpenBSD/include -Xcc -I/Users/admin/builder/spi-builder-workspace/.dependencies/checkouts/swift-nio/Sources/CNIOAtomics/include -Xcc -I/Users/admin/builder/spi-builder-workspace/.derivedData/Build/Products/Debug-watchos/include -Xcc -I/Users/admin/builder/spi-builder-workspace/.derivedData/Build/Intermediates.noindex/gotenberg-kit.build/Debug-watchos/GotenbergKit.build/DerivedSources-normal/armv7k -Xcc -I/Users/admin/builder/spi-builder-workspace/.derivedData/Build/Intermediates.noindex/gotenberg-kit.build/Debug-watchos/GotenbergKit.build/DerivedSources/armv7k -Xcc -I/Users/admin/builder/spi-builder-workspace/.derivedData/Build/Intermediates.noindex/gotenberg-kit.build/Debug-watchos/GotenbergKit.build/DerivedSources -Xcc -DSWIFT_PACKAGE -Xcc -DDEBUG\=1 -module-name GotenbergKit -package-name spi_builder_workspace -frontend-parseable-output -disable-clang-spi -target-sdk-version 11.4 -target-sdk-name watchos11.4 -external-plugin-path /Applications/Xcode-16.3.0.app/Contents/Developer/Platforms/WatchOS.platform/Developer/usr/lib/swift/host/plugins\#/Applications/Xcode-16.3.0.app/Contents/Developer/Platforms/WatchOS.platform/Developer/usr/bin/swift-plugin-server -external-plugin-path /Applications/Xcode-16.3.0.app/Contents/Developer/Platforms/WatchOS.platform/Developer/usr/local/lib/swift/host/plugins\#/Applications/Xcode-16.3.0.app/Contents/Developer/Platforms/WatchOS.platform/Developer/usr/bin/swift-plugin-server -in-process-plugin-server-path /Applications/Xcode-16.3.0.app/Contents/Developer/Toolchains/XcodeDefault.xctoolchain/usr/lib/swift/host/libSwiftInProcPluginServer.dylib -plugin-path /Applications/Xcode-16.3.0.app/Contents/Developer/Toolchains/XcodeDefault.xctoolchain/usr/lib/swift/host/plugins -plugin-path /Applications/Xcode-16.3.0.app/Contents/Developer/Toolchains/XcodeDefault.xctoolchain/usr/local/lib/swift/host/plugins -emit-module-doc-path /Users/admin/builder/spi-builder-workspace/.derivedData/Build/Intermediates.noindex/gotenberg-kit.build/Debug-watchos/GotenbergKit.build/Objects-normal/armv7k/GotenbergKit.swiftdoc -emit-module-source-info-path /Users/admin/builder/spi-builder-workspace/.derivedData/Build/Intermediates.noindex/gotenberg-kit.build/Debug-watchos/GotenbergKit.build/Objects-normal/armv7k/GotenbergKit.swiftsourceinfo -emit-objc-header-path /Users/admin/builder/spi-builder-workspace/.derivedData/Build/Intermediates.noindex/gotenberg-kit.build/Debug-watchos/GotenbergKit.build/Objects-normal/armv7k/GotenbergKit-Swift.h -serialize-diagnostics-path /Users/admin/builder/spi-builder-workspace/.derivedData/Build/Intermediates.noindex/gotenberg-kit.build/Debug-watchos/GotenbergKit.build/Objects-normal/armv7k/GotenbergKit-master-emit-module.dia -emit-dependencies-path /Users/admin/builder/spi-builder-workspace/.derivedData/Build/Intermediates.noindex/gotenberg-kit.build/Debug-watchos/GotenbergKit.build/Objects-normal/armv7k/GotenbergKit-master-emit-module.d -o /Users/admin/builder/spi-builder-workspace/.derivedData/Build/Intermediates.noindex/gotenberg-kit.build/Debug-watchos/GotenbergKit.build/Objects-normal/armv7k/GotenbergKit.swiftmodule -emit-abi-descriptor-path /Users/admin/builder/spi-builder-workspace/.derivedData/Build/Intermediates.noindex/gotenberg-kit.build/Debug-watchos/GotenbergKit.build/Objects-normal/armv7k/GotenbergKit.abi.json
EmitSwiftModule normal armv7k (in target 'GotenbergKit' from project 'gotenberg-kit')
cd /Users/admin/builder/spi-builder-workspace/.swiftpm/xcode
/Users/admin/builder/spi-builder-workspace/Sources/GotenbergKit/Chromium/GotenbergClient+Chromium+Screenshots.swift:29:7: error: concurrency is only available in watchOS 6.0.0 or newer
) async throws -> GotenbergResponse {
^
/Users/admin/builder/spi-builder-workspace/Sources/GotenbergKit/Chromium/GotenbergClient+Chromium+Screenshots.swift:23:17: note: add @available attribute to enclosing instance method
public func capture(
^
/Users/admin/builder/spi-builder-workspace/Sources/GotenbergKit/Chromium/GotenbergClient+Chromium+Screenshots.swift:13:1: note: add @available attribute to enclosing extension
extension GotenbergClient {
^
/Users/admin/builder/spi-builder-workspace/Sources/GotenbergKit/Chromium/GotenbergClient+Chromium+Screenshots.swift:79:7: error: concurrency is only available in watchOS 6.0.0 or newer
) async throws -> GotenbergResponse {
^
/Users/admin/builder/spi-builder-workspace/Sources/GotenbergKit/Chromium/GotenbergClient+Chromium+Screenshots.swift:73:17: note: add @available attribute to enclosing instance method
public func capture(
^
/Users/admin/builder/spi-builder-workspace/Sources/GotenbergKit/Chromium/GotenbergClient+Chromium+Screenshots.swift:13:1: note: add @available attribute to enclosing extension
extension GotenbergClient {
^
/Users/admin/builder/spi-builder-workspace/Sources/GotenbergKit/Chromium/GotenbergClient+Chromium+Screenshots.swift:120:7: error: concurrency is only available in watchOS 6.0.0 or newer
) async throws -> GotenbergResponse {
^
/Users/admin/builder/spi-builder-workspace/Sources/GotenbergKit/Chromium/GotenbergClient+Chromium+Screenshots.swift:114:17: note: add @available attribute to enclosing instance method
public func capture(
^
/Users/admin/builder/spi-builder-workspace/Sources/GotenbergKit/Chromium/GotenbergClient+Chromium+Screenshots.swift:13:1: note: add @available attribute to enclosing extension
extension GotenbergClient {
^
/Users/admin/builder/spi-builder-workspace/Sources/GotenbergKit/Chromium/GotenbergClient+Chromium+Screenshots.swift:144:7: error: concurrency is only available in watchOS 6.0.0 or newer
) async throws -> GotenbergResponse {
^
/Users/admin/builder/spi-builder-workspace/Sources/GotenbergKit/Chromium/GotenbergClient+Chromium+Screenshots.swift:139:17: note: add @available attribute to enclosing instance method
public func capture(
^
/Users/admin/builder/spi-builder-workspace/Sources/GotenbergKit/Chromium/GotenbergClient+Chromium+Screenshots.swift:13:1: note: add @available attribute to enclosing extension
extension GotenbergClient {
^
/Users/admin/builder/spi-builder-workspace/Sources/GotenbergKit/Chromium/GotenbergClient+Chromium+Screenshots.swift:173:7: error: concurrency is only available in watchOS 6.0.0 or newer
) async throws -> [URL: GotenbergResponse] {
^
/Users/admin/builder/spi-builder-workspace/Sources/GotenbergKit/Chromium/GotenbergClient+Chromium+Screenshots.swift:168:17: note: add @available attribute to enclosing instance method
public func capture(
^
/Users/admin/builder/spi-builder-workspace/Sources/GotenbergKit/Chromium/GotenbergClient+Chromium+Screenshots.swift:13:1: note: add @available attribute to enclosing extension
extension GotenbergClient {
^
/Users/admin/builder/spi-builder-workspace/Sources/GotenbergKit/Chromium/GotenbergClient+Chromium.swift:34:7: error: concurrency is only available in watchOS 6.0.0 or newer
) async throws -> GotenbergResponse {
^
/Users/admin/builder/spi-builder-workspace/Sources/GotenbergKit/Chromium/GotenbergClient+Chromium.swift:26:17: note: add @available attribute to enclosing instance method
public func convert(
^
/Users/admin/builder/spi-builder-workspace/Sources/GotenbergKit/Chromium/GotenbergClient+Chromium.swift:14:1: note: add @available attribute to enclosing extension
extension GotenbergClient {
^
/Users/admin/builder/spi-builder-workspace/Sources/GotenbergKit/Chromium/GotenbergClient+Chromium.swift:114:7: error: concurrency is only available in watchOS 6.0.0 or newer
) async throws -> GotenbergResponse {
^
/Users/admin/builder/spi-builder-workspace/Sources/GotenbergKit/Chromium/GotenbergClient+Chromium.swift:107:17: note: add @available attribute to enclosing instance method
public func convert(
^
/Users/admin/builder/spi-builder-workspace/Sources/GotenbergKit/Chromium/GotenbergClient+Chromium.swift:14:1: note: add @available attribute to enclosing extension
extension GotenbergClient {
^
/Users/admin/builder/spi-builder-workspace/Sources/GotenbergKit/Chromium/GotenbergClient+Chromium.swift:176:7: error: concurrency is only available in watchOS 6.0.0 or newer
) async throws -> GotenbergResponse {
^
/Users/admin/builder/spi-builder-workspace/Sources/GotenbergKit/Chromium/GotenbergClient+Chromium.swift:169:17: note: add @available attribute to enclosing instance method
public func convert(
^
/Users/admin/builder/spi-builder-workspace/Sources/GotenbergKit/Chromium/GotenbergClient+Chromium.swift:14:1: note: add @available attribute to enclosing extension
extension GotenbergClient {
^
/Users/admin/builder/spi-builder-workspace/Sources/GotenbergKit/Chromium/GotenbergClient+Chromium.swift:242:7: error: concurrency is only available in watchOS 6.0.0 or newer
) async throws -> GotenbergResponse {
^
/Users/admin/builder/spi-builder-workspace/Sources/GotenbergKit/Chromium/GotenbergClient+Chromium.swift:235:17: note: add @available attribute to enclosing instance method
public func convert(
^
/Users/admin/builder/spi-builder-workspace/Sources/GotenbergKit/Chromium/GotenbergClient+Chromium.swift:14:1: note: add @available attribute to enclosing extension
extension GotenbergClient {
^
/Users/admin/builder/spi-builder-workspace/Sources/GotenbergKit/Chromium/GotenbergClient+Chromium.swift:308:7: error: concurrency is only available in watchOS 6.0.0 or newer
) async throws -> GotenbergResponse {
^
/Users/admin/builder/spi-builder-workspace/Sources/GotenbergKit/Chromium/GotenbergClient+Chromium.swift:302:17: note: add @available attribute to enclosing instance method
public func convertMarkdown(
^
/Users/admin/builder/spi-builder-workspace/Sources/GotenbergKit/Chromium/GotenbergClient+Chromium.swift:14:1: note: add @available attribute to enclosing extension
extension GotenbergClient {
^
/Users/admin/builder/spi-builder-workspace/Sources/GotenbergKit/Chromium/GotenbergClient+Chromium.swift:369:7: error: concurrency is only available in watchOS 6.0.0 or newer
) async throws -> GotenbergResponse {
^
/Users/admin/builder/spi-builder-workspace/Sources/GotenbergKit/Chromium/GotenbergClient+Chromium.swift:364:17: note: add @available attribute to enclosing instance method
public func convertAndMerge(
^
/Users/admin/builder/spi-builder-workspace/Sources/GotenbergKit/Chromium/GotenbergClient+Chromium.swift:14:1: note: add @available attribute to enclosing extension
extension GotenbergClient {
^
/Users/admin/builder/spi-builder-workspace/Sources/GotenbergKit/GotenbergClient+Health.swift:21:7: error: concurrency is only available in watchOS 6.0.0 or newer
) async throws -> GotenbergHealth {
^
/Users/admin/builder/spi-builder-workspace/Sources/GotenbergKit/GotenbergClient+Health.swift:18:17: note: add @available attribute to enclosing instance method
public func health(
^
/Users/admin/builder/spi-builder-workspace/Sources/GotenbergKit/GotenbergClient+Health.swift:12:1: note: add @available attribute to enclosing extension
extension GotenbergClient {
^
/Users/admin/builder/spi-builder-workspace/Sources/GotenbergKit/GotenbergClient+Version.swift:19:7: error: concurrency is only available in watchOS 6.0.0 or newer
) async throws -> String {
^
/Users/admin/builder/spi-builder-workspace/Sources/GotenbergKit/GotenbergClient+Version.swift:16:17: note: add @available attribute to enclosing instance method
public func version(
^
/Users/admin/builder/spi-builder-workspace/Sources/GotenbergKit/GotenbergClient+Version.swift:10:1: note: add @available attribute to enclosing extension
extension GotenbergClient {
^
/Users/admin/builder/spi-builder-workspace/Sources/GotenbergKit/GotenbergClient.swift:26:42: error: 'HTTPClientResponse' is only available in watchOS 6.0 or newer
public typealias GotenbergResponse = HTTPClientResponse
^
/Users/admin/builder/spi-builder-workspace/Sources/GotenbergKit/GotenbergClient.swift:26:22: note: add @available attribute to enclosing type alias
public typealias GotenbergResponse = HTTPClientResponse
^
/Users/admin/builder/spi-builder-workspace/Sources/GotenbergKit/GotenbergClient.swift:16:15: note: add @available attribute to enclosing struct
public struct GotenbergClient: Sendable {
^
/Users/admin/builder/spi-builder-workspace/Sources/GotenbergKit/GotenbergClient.swift:99:7: error: concurrency is only available in watchOS 6.0.0 or newer
) async throws -> GotenbergResponse {
^
/Users/admin/builder/spi-builder-workspace/Sources/GotenbergKit/GotenbergClient.swift:93:19: note: add @available attribute to enclosing instance method
internal func sendFormRequest(
^
/Users/admin/builder/spi-builder-workspace/Sources/GotenbergKit/GotenbergClient.swift:16:15: note: add @available attribute to enclosing struct
public struct GotenbergClient: Sendable {
^
/Users/admin/builder/spi-builder-workspace/Sources/GotenbergKit/GotenbergClient.swift:117:7: error: concurrency is only available in watchOS 6.0.0 or newer
) async throws -> GotenbergResponse {
^
/Users/admin/builder/spi-builder-workspace/Sources/GotenbergKit/GotenbergClient.swift:111:18: note: add @available attribute to enclosing instance method
private func sendPOSTRequest(
^
/Users/admin/builder/spi-builder-workspace/Sources/GotenbergKit/GotenbergClient.swift:16:15: note: add @available attribute to enclosing struct
public struct GotenbergClient: Sendable {
^
/Users/admin/builder/spi-builder-workspace/Sources/GotenbergKit/GotenbergClient.swift:157:119: error: 'HTTPClientRequest' is only available in watchOS 6.0 or newer
internal func makeRequest(method: HTTPMethod, route: String, timeoutSeconds: Int64, headers: [String: String]) -> HTTPClientRequest {
^
/Users/admin/builder/spi-builder-workspace/Sources/GotenbergKit/GotenbergClient.swift:157:19: note: add @available attribute to enclosing instance method
internal func makeRequest(method: HTTPMethod, route: String, timeoutSeconds: Int64, headers: [String: String]) -> HTTPClientRequest {
^
/Users/admin/builder/spi-builder-workspace/Sources/GotenbergKit/GotenbergClient.swift:16:15: note: add @available attribute to enclosing struct
public struct GotenbergClient: Sendable {
^
/Users/admin/builder/spi-builder-workspace/Sources/GotenbergKit/GotenbergClient.swift:236:20: error: 'HTTPClientRequest' is only available in watchOS 6.0 or newer
_ request: HTTPClientRequest,
^
/Users/admin/builder/spi-builder-workspace/Sources/GotenbergKit/GotenbergClient.swift:235:19: note: add @available attribute to enclosing instance method
internal func sendRequestWithRetry(
^
/Users/admin/builder/spi-builder-workspace/Sources/GotenbergKit/GotenbergClient.swift:16:15: note: add @available attribute to enclosing struct
public struct GotenbergClient: Sendable {
^
/Users/admin/builder/spi-builder-workspace/Sources/GotenbergKit/GotenbergClient.swift:239:7: error: concurrency is only available in watchOS 6.0.0 or newer
) async throws -> GotenbergResponse {
^
/Users/admin/builder/spi-builder-workspace/Sources/GotenbergKit/GotenbergClient.swift:235:19: note: add @available attribute to enclosing instance method
internal func sendRequestWithRetry(
^
/Users/admin/builder/spi-builder-workspace/Sources/GotenbergKit/GotenbergClient.swift:16:15: note: add @available attribute to enclosing struct
public struct GotenbergClient: Sendable {
^
/Users/admin/builder/spi-builder-workspace/Sources/GotenbergKit/GotenbergClient.swift:333:57: error: concurrency is only available in watchOS 6.0.0 or newer
internal func toData(_ response: GotenbergResponse) async throws -> Data {
^
/Users/admin/builder/spi-builder-workspace/Sources/GotenbergKit/GotenbergClient.swift:333:19: note: add @available attribute to enclosing instance method
internal func toData(_ response: GotenbergResponse) async throws -> Data {
^
/Users/admin/builder/spi-builder-workspace/Sources/GotenbergKit/GotenbergClient.swift:16:15: note: add @available attribute to enclosing struct
public struct GotenbergClient: Sendable {
^
/Users/admin/builder/spi-builder-workspace/Sources/GotenbergKit/GotenbergClient.swift:346:112: error: concurrency is only available in watchOS 6.0.0 or newer
public func writeToFile(_ response: GotenbergResponse, at path: String, options: Data.WritingOptions = []) async throws {
^
/Users/admin/builder/spi-builder-workspace/Sources/GotenbergKit/GotenbergClient.swift:346:17: note: add @available attribute to enclosing instance method
public func writeToFile(_ response: GotenbergResponse, at path: String, options: Data.WritingOptions = []) async throws {
^
/Users/admin/builder/spi-builder-workspace/Sources/GotenbergKit/GotenbergClient.swift:16:15: note: add @available attribute to enclosing struct
public struct GotenbergClient: Sendable {
^
/Users/admin/builder/spi-builder-workspace/Sources/GotenbergKit/LibreOffice/GotenberClient+LibreOffice.swift:29:7: error: concurrency is only available in watchOS 6.0.0 or newer
) async throws -> GotenbergResponse {
^
/Users/admin/builder/spi-builder-workspace/Sources/GotenbergKit/LibreOffice/GotenberClient+LibreOffice.swift:24:17: note: add @available attribute to enclosing instance method
public func convertWithLibreOffice(
^
/Users/admin/builder/spi-builder-workspace/Sources/GotenbergKit/LibreOffice/GotenberClient+LibreOffice.swift:14:1: note: add @available attribute to enclosing extension
extension GotenbergClient {
^
/Users/admin/builder/spi-builder-workspace/Sources/GotenbergKit/LibreOffice/GotenberClient+LibreOffice.swift:83:7: error: concurrency is only available in watchOS 6.0.0 or newer
) async throws -> GotenbergResponse {
^
/Users/admin/builder/spi-builder-workspace/Sources/GotenbergKit/LibreOffice/GotenberClient+LibreOffice.swift:78:17: note: add @available attribute to enclosing instance method
public func convertWithLibreOffice(
^
/Users/admin/builder/spi-builder-workspace/Sources/GotenbergKit/LibreOffice/GotenberClient+LibreOffice.swift:14:1: note: add @available attribute to enclosing extension
extension GotenbergClient {
^
/Users/admin/builder/spi-builder-workspace/Sources/GotenbergKit/PDFEngines/GotenbergClient+PDF.swift:27:7: error: concurrency is only available in watchOS 6.0.0 or newer
) async throws -> GotenbergResponse {
^
/Users/admin/builder/spi-builder-workspace/Sources/GotenbergKit/PDFEngines/GotenbergClient+PDF.swift:22:17: note: add @available attribute to enclosing instance method
public func mergeWithPDFEngines(
^
/Users/admin/builder/spi-builder-workspace/Sources/GotenbergKit/PDFEngines/GotenbergClient+PDF.swift:14:1: note: add @available attribute to enclosing extension
extension GotenbergClient {
^
/Users/admin/builder/spi-builder-workspace/Sources/GotenbergKit/PDFEngines/GotenbergClient+PDF.swift:76:7: error: concurrency is only available in watchOS 6.0.0 or newer
) async throws -> GotenbergResponse {
^
/Users/admin/builder/spi-builder-workspace/Sources/GotenbergKit/PDFEngines/GotenbergClient+PDF.swift:71:17: note: add @available attribute to enclosing instance method
public func mergeWithPDFEngines(
^
/Users/admin/builder/spi-builder-workspace/Sources/GotenbergKit/PDFEngines/GotenbergClient+PDF.swift:14:1: note: add @available attribute to enclosing extension
extension GotenbergClient {
^
/Users/admin/builder/spi-builder-workspace/Sources/GotenbergKit/PDFEngines/GotenbergClient+PDF.swift:104:7: error: concurrency is only available in watchOS 6.0.0 or newer
) async throws -> GotenbergResponse {
^
/Users/admin/builder/spi-builder-workspace/Sources/GotenbergKit/PDFEngines/GotenbergClient+PDF.swift:99:17: note: add @available attribute to enclosing instance method
public func mergeWithPDFEngines(
^
/Users/admin/builder/spi-builder-workspace/Sources/GotenbergKit/PDFEngines/GotenbergClient+PDF.swift:14:1: note: add @available attribute to enclosing extension
extension GotenbergClient {
^
/Users/admin/builder/spi-builder-workspace/Sources/GotenbergKit/PDFEngines/GotenbergClient+PDF.swift:144:7: error: concurrency is only available in watchOS 6.0.0 or newer
) async throws -> GotenbergResponse {
^
/Users/admin/builder/spi-builder-workspace/Sources/GotenbergKit/PDFEngines/GotenbergClient+PDF.swift:139:17: note: add @available attribute to enclosing instance method
public func convertWithPDFEngines(
^
/Users/admin/builder/spi-builder-workspace/Sources/GotenbergKit/PDFEngines/GotenbergClient+PDF.swift:14:1: note: add @available attribute to enclosing extension
extension GotenbergClient {
^
/Users/admin/builder/spi-builder-workspace/Sources/GotenbergKit/PDFEngines/GotenbergClient+PDF.swift:184:7: error: concurrency is only available in watchOS 6.0.0 or newer
) async throws -> GotenbergResponse {
^
/Users/admin/builder/spi-builder-workspace/Sources/GotenbergKit/PDFEngines/GotenbergClient+PDF.swift:179:17: note: add @available attribute to enclosing instance method
public func convertWithPDFEngines(
^
/Users/admin/builder/spi-builder-workspace/Sources/GotenbergKit/PDFEngines/GotenbergClient+PDF.swift:14:1: note: add @available attribute to enclosing extension
extension GotenbergClient {
^
/Users/admin/builder/spi-builder-workspace/Sources/GotenbergKit/PDFEngines/GotenbergClient+PDF.swift:236:7: error: concurrency is only available in watchOS 6.0.0 or newer
) async throws -> GotenbergResponse {
^
/Users/admin/builder/spi-builder-workspace/Sources/GotenbergKit/PDFEngines/GotenbergClient+PDF.swift:228:17: note: add @available attribute to enclosing instance method
public func splitPDF(
^
/Users/admin/builder/spi-builder-workspace/Sources/GotenbergKit/PDFEngines/GotenbergClient+PDF.swift:14:1: note: add @available attribute to enclosing extension
extension GotenbergClient {
^
/Users/admin/builder/spi-builder-workspace/Sources/GotenbergKit/PDFEngines/GotenbergClient+PDF.swift:288:7: error: concurrency is only available in watchOS 6.0.0 or newer
) async throws -> GotenbergResponse {
^
/Users/admin/builder/spi-builder-workspace/Sources/GotenbergKit/PDFEngines/GotenbergClient+PDF.swift:280:17: note: add @available attribute to enclosing instance method
public func splitPDF(
^
/Users/admin/builder/spi-builder-workspace/Sources/GotenbergKit/PDFEngines/GotenbergClient+PDF.swift:14:1: note: add @available attribute to enclosing extension
extension GotenbergClient {
^
/Users/admin/builder/spi-builder-workspace/Sources/GotenbergKit/PDFEngines/GotenbergClient+PDF.swift:321:7: error: concurrency is only available in watchOS 6.0.0 or newer
) async throws -> GotenbergResponse {
^
/Users/admin/builder/spi-builder-workspace/Sources/GotenbergKit/PDFEngines/GotenbergClient+PDF.swift:317:17: note: add @available attribute to enclosing instance method
public func flattenPDF(
^
/Users/admin/builder/spi-builder-workspace/Sources/GotenbergKit/PDFEngines/GotenbergClient+PDF.swift:14:1: note: add @available attribute to enclosing extension
extension GotenbergClient {
^
/Users/admin/builder/spi-builder-workspace/Sources/GotenbergKit/PDFEngines/GotenbergClient+PDF.swift:364:7: error: concurrency is only available in watchOS 6.0.0 or newer
) async throws -> GotenbergResponse {
^
/Users/admin/builder/spi-builder-workspace/Sources/GotenbergKit/PDFEngines/GotenbergClient+PDF.swift:360:17: note: add @available attribute to enclosing instance method
public func flattenPDF(
^
/Users/admin/builder/spi-builder-workspace/Sources/GotenbergKit/PDFEngines/GotenbergClient+PDF.swift:14:1: note: add @available attribute to enclosing extension
extension GotenbergClient {
^
/Users/admin/builder/spi-builder-workspace/Sources/GotenbergKit/PDFEngines/GotenbergClient+PDF.swift:400:7: error: concurrency is only available in watchOS 6.0.0 or newer
) async throws -> GotenbergResponse {
^
/Users/admin/builder/spi-builder-workspace/Sources/GotenbergKit/PDFEngines/GotenbergClient+PDF.swift:395:17: note: add @available attribute to enclosing instance method
public func writePDFMetadata(
^
/Users/admin/builder/spi-builder-workspace/Sources/GotenbergKit/PDFEngines/GotenbergClient+PDF.swift:14:1: note: add @available attribute to enclosing extension
extension GotenbergClient {
^
/Users/admin/builder/spi-builder-workspace/Sources/GotenbergKit/PDFEngines/GotenbergClient+PDF.swift:451:7: error: concurrency is only available in watchOS 6.0.0 or newer
) async throws -> GotenbergResponse {
^
/Users/admin/builder/spi-builder-workspace/Sources/GotenbergKit/PDFEngines/GotenbergClient+PDF.swift:446:17: note: add @available attribute to enclosing instance method
public func writePDFMetadata(
^
/Users/admin/builder/spi-builder-workspace/Sources/GotenbergKit/PDFEngines/GotenbergClient+PDF.swift:14:1: note: add @available attribute to enclosing extension
extension GotenbergClient {
^
/Users/admin/builder/spi-builder-workspace/Sources/GotenbergKit/PDFEngines/GotenbergClient+PDF.swift:489:7: error: concurrency is only available in watchOS 6.0.0 or newer
) async throws -> GotenbergResponse {
^
/Users/admin/builder/spi-builder-workspace/Sources/GotenbergKit/PDFEngines/GotenbergClient+PDF.swift:485:17: note: add @available attribute to enclosing instance method
public func readPDFMetadata(
^
/Users/admin/builder/spi-builder-workspace/Sources/GotenbergKit/PDFEngines/GotenbergClient+PDF.swift:14:1: note: add @available attribute to enclosing extension
extension GotenbergClient {
^
/Users/admin/builder/spi-builder-workspace/Sources/GotenbergKit/PDFEngines/GotenbergClient+PDF.swift:515:7: error: concurrency is only available in watchOS 6.0.0 or newer
) async throws -> GotenbergResponse {
^
/Users/admin/builder/spi-builder-workspace/Sources/GotenbergKit/PDFEngines/GotenbergClient+PDF.swift:511:17: note: add @available attribute to enclosing instance method
public func readPDFMetadata(
^
/Users/admin/builder/spi-builder-workspace/Sources/GotenbergKit/PDFEngines/GotenbergClient+PDF.swift:14:1: note: add @available attribute to enclosing extension
extension GotenbergClient {
^
/Users/admin/builder/spi-builder-workspace/Sources/GotenbergKit/PDFEngines/GotenbergClient+PDF.swift:560:7: error: concurrency is only available in watchOS 6.0.0 or newer
) async throws -> GotenbergResponse {
^
/Users/admin/builder/spi-builder-workspace/Sources/GotenbergKit/PDFEngines/GotenbergClient+PDF.swift:555:17: note: add @available attribute to enclosing instance method
public func encryptPDFs(
^
/Users/admin/builder/spi-builder-workspace/Sources/GotenbergKit/PDFEngines/GotenbergClient+PDF.swift:14:1: note: add @available attribute to enclosing extension
extension GotenbergClient {
^
/Users/admin/builder/spi-builder-workspace/Sources/GotenbergKit/PDFEngines/GotenbergClient+PDF.swift:615:7: error: concurrency is only available in watchOS 6.0.0 or newer
) async throws -> GotenbergResponse {
^
/Users/admin/builder/spi-builder-workspace/Sources/GotenbergKit/PDFEngines/GotenbergClient+PDF.swift:610:17: note: add @available attribute to enclosing instance method
public func encryptPDFs(
^
/Users/admin/builder/spi-builder-workspace/Sources/GotenbergKit/PDFEngines/GotenbergClient+PDF.swift:14:1: note: add @available attribute to enclosing extension
extension GotenbergClient {
^
/Users/admin/builder/spi-builder-workspace/Sources/GotenbergKit/PDFEngines/GotenbergClient+PDF.swift:665:7: error: concurrency is only available in watchOS 6.0.0 or newer
) async throws -> GotenbergResponse {
^
/Users/admin/builder/spi-builder-workspace/Sources/GotenbergKit/PDFEngines/GotenbergClient+PDF.swift:660:17: note: add @available attribute to enclosing instance method
public func embedFiles(
^
/Users/admin/builder/spi-builder-workspace/Sources/GotenbergKit/PDFEngines/GotenbergClient+PDF.swift:14:1: note: add @available attribute to enclosing extension
extension GotenbergClient {
^
/Users/admin/builder/spi-builder-workspace/Sources/GotenbergKit/PDFEngines/GotenbergClient+PDF.swift:720:7: error: concurrency is only available in watchOS 6.0.0 or newer
) async throws -> GotenbergResponse {
^
/Users/admin/builder/spi-builder-workspace/Sources/GotenbergKit/PDFEngines/GotenbergClient+PDF.swift:715:17: note: add @available attribute to enclosing instance method
public func embedFiles(
^
/Users/admin/builder/spi-builder-workspace/Sources/GotenbergKit/PDFEngines/GotenbergClient+PDF.swift:14:1: note: add @available attribute to enclosing extension
extension GotenbergClient {
^
/Users/admin/builder/spi-builder-workspace/Sources/GotenbergKit/PDFEngines/GotenbergClient+PDF.swift:781:7: error: concurrency is only available in watchOS 6.0.0 or newer
) async throws -> GotenbergResponse {
^
/Users/admin/builder/spi-builder-workspace/Sources/GotenbergKit/PDFEngines/GotenbergClient+PDF.swift:776:17: note: add @available attribute to enclosing instance method
public func writeBookmarks(
^
/Users/admin/builder/spi-builder-workspace/Sources/GotenbergKit/PDFEngines/GotenbergClient+PDF.swift:760:1: note: add @available attribute to enclosing extension
extension GotenbergClient {
^
/Users/admin/builder/spi-builder-workspace/Sources/GotenbergKit/PDFEngines/GotenbergClient+PDF.swift:820:7: error: concurrency is only available in watchOS 6.0.0 or newer
) async throws -> GotenbergResponse {
^
/Users/admin/builder/spi-builder-workspace/Sources/GotenbergKit/PDFEngines/GotenbergClient+PDF.swift:815:17: note: add @available attribute to enclosing instance method
public func writeBookmarks(
^
/Users/admin/builder/spi-builder-workspace/Sources/GotenbergKit/PDFEngines/GotenbergClient+PDF.swift:760:1: note: add @available attribute to enclosing extension
extension GotenbergClient {
^
/Users/admin/builder/spi-builder-workspace/Sources/GotenbergKit/PDFEngines/GotenbergClient+PDF.swift:849:7: error: concurrency is only available in watchOS 6.0.0 or newer
) async throws -> GotenbergResponse {
^
/Users/admin/builder/spi-builder-workspace/Sources/GotenbergKit/PDFEngines/GotenbergClient+PDF.swift:844:17: note: add @available attribute to enclosing instance method
public func writeBookmarks(
^
/Users/admin/builder/spi-builder-workspace/Sources/GotenbergKit/PDFEngines/GotenbergClient+PDF.swift:760:1: note: add @available attribute to enclosing extension
extension GotenbergClient {
^
/Users/admin/builder/spi-builder-workspace/Sources/GotenbergKit/PDFEngines/GotenbergClient+PDF.swift:886:7: error: concurrency is only available in watchOS 6.0.0 or newer
) async throws -> GotenbergResponse {
^
/Users/admin/builder/spi-builder-workspace/Sources/GotenbergKit/PDFEngines/GotenbergClient+PDF.swift:882:17: note: add @available attribute to enclosing instance method
public func readBookmarks(
^
/Users/admin/builder/spi-builder-workspace/Sources/GotenbergKit/PDFEngines/GotenbergClient+PDF.swift:868:1: note: add @available attribute to enclosing extension
extension GotenbergClient {
^
/Users/admin/builder/spi-builder-workspace/Sources/GotenbergKit/PDFEngines/GotenbergClient+PDF.swift:914:7: error: concurrency is only available in watchOS 6.0.0 or newer
) async throws -> GotenbergResponse {
^
/Users/admin/builder/spi-builder-workspace/Sources/GotenbergKit/PDFEngines/GotenbergClient+PDF.swift:910:17: note: add @available attribute to enclosing instance method
public func readBookmarks(
^
/Users/admin/builder/spi-builder-workspace/Sources/GotenbergKit/PDFEngines/GotenbergClient+PDF.swift:868:1: note: add @available attribute to enclosing extension
extension GotenbergClient {
^
/Users/admin/builder/spi-builder-workspace/Sources/GotenbergKit/PDFEngines/GotenbergClient+PDF.swift:947:7: error: concurrency is only available in watchOS 6.0.0 or newer
) async throws -> GotenbergResponse {
^
/Users/admin/builder/spi-builder-workspace/Sources/GotenbergKit/PDFEngines/GotenbergClient+PDF.swift:942:17: note: add @available attribute to enclosing instance method
public func rotatePDF(
^
/Users/admin/builder/spi-builder-workspace/Sources/GotenbergKit/PDFEngines/GotenbergClient+PDF.swift:930:1: note: add @available attribute to enclosing extension
extension GotenbergClient {
^
/Users/admin/builder/spi-builder-workspace/Sources/GotenbergKit/PDFEngines/GotenbergClient+PDF.swift:974:7: error: concurrency is only available in watchOS 6.0.0 or newer
) async throws -> GotenbergResponse {
^
/Users/admin/builder/spi-builder-workspace/Sources/GotenbergKit/PDFEngines/GotenbergClient+PDF.swift:969:17: note: add @available attribute to enclosing instance method
public func rotatePDF(
^
/Users/admin/builder/spi-builder-workspace/Sources/GotenbergKit/PDFEngines/GotenbergClient+PDF.swift:930:1: note: add @available attribute to enclosing extension
extension GotenbergClient {
^
/Users/admin/builder/spi-builder-workspace/Sources/GotenbergKit/PDFEngines/GotenbergClient+PDF.swift:1009:7: error: concurrency is only available in watchOS 6.0.0 or newer
) async throws -> GotenbergResponse {
^
/Users/admin/builder/spi-builder-workspace/Sources/GotenbergKit/PDFEngines/GotenbergClient+PDF.swift:1004:17: note: add @available attribute to enclosing instance method
public func stampPDF(
^
/Users/admin/builder/spi-builder-workspace/Sources/GotenbergKit/PDFEngines/GotenbergClient+PDF.swift:992:1: note: add @available attribute to enclosing extension
extension GotenbergClient {
^
/Users/admin/builder/spi-builder-workspace/Sources/GotenbergKit/PDFEngines/GotenbergClient+PDF.swift:1046:7: error: concurrency is only available in watchOS 6.0.0 or newer
) async throws -> GotenbergResponse {
^
/Users/admin/builder/spi-builder-workspace/Sources/GotenbergKit/PDFEngines/GotenbergClient+PDF.swift:1041:17: note: add @available attribute to enclosing instance method
public func stampPDF(
^
/Users/admin/builder/spi-builder-workspace/Sources/GotenbergKit/PDFEngines/GotenbergClient+PDF.swift:992:1: note: add @available attribute to enclosing extension
extension GotenbergClient {
^
/Users/admin/builder/spi-builder-workspace/Sources/GotenbergKit/PDFEngines/GotenbergClient+PDF.swift:1094:7: error: concurrency is only available in watchOS 6.0.0 or newer
) async throws -> GotenbergResponse {
^
/Users/admin/builder/spi-builder-workspace/Sources/GotenbergKit/PDFEngines/GotenbergClient+PDF.swift:1089:17: note: add @available attribute to enclosing instance method
public func watermarkPDF(
^
/Users/admin/builder/spi-builder-workspace/Sources/GotenbergKit/PDFEngines/GotenbergClient+PDF.swift:1075:1: note: add @available attribute to enclosing extension
extension GotenbergClient {
^
/Users/admin/builder/spi-builder-workspace/Sources/GotenbergKit/PDFEngines/GotenbergClient+PDF.swift:1131:7: error: concurrency is only available in watchOS 6.0.0 or newer
) async throws -> GotenbergResponse {
^
/Users/admin/builder/spi-builder-workspace/Sources/GotenbergKit/PDFEngines/GotenbergClient+PDF.swift:1126:17: note: add @available attribute to enclosing instance method
public func watermarkPDF(
^
/Users/admin/builder/spi-builder-workspace/Sources/GotenbergKit/PDFEngines/GotenbergClient+PDF.swift:1075:1: note: add @available attribute to enclosing extension
extension GotenbergClient {
^
SwiftEmitModule normal arm64_32 Emitting\ module\ for\ GotenbergKit (in target 'GotenbergKit' from project 'gotenberg-kit')
Failed frontend command:
/Applications/Xcode-16.3.0.app/Contents/Developer/Toolchains/XcodeDefault.xctoolchain/usr/bin/swift-frontend -frontend -emit-module -experimental-skip-non-inlinable-function-bodies-without-types /Users/admin/builder/spi-builder-workspace/Sources/GotenbergKit/Chromium/ChromiumOptions.swift /Users/admin/builder/spi-builder-workspace/Sources/GotenbergKit/Chromium/GotenbergClient+Chromium+Screenshots.swift /Users/admin/builder/spi-builder-workspace/Sources/GotenbergKit/Chromium/GotenbergClient+Chromium.swift /Users/admin/builder/spi-builder-workspace/Sources/GotenbergKit/Chromium/ScreenshotOptions.swift /Users/admin/builder/spi-builder-workspace/Sources/GotenbergKit/Common/Cookie.swift /Users/admin/builder/spi-builder-workspace/Sources/GotenbergKit/Common/DownloadFrom.swift /Users/admin/builder/spi-builder-workspace/Sources/GotenbergKit/Common/EmbedAttachmentMetadata.swift /Users/admin/builder/spi-builder-workspace/Sources/GotenbergKit/Common/EmulatedMediaFeature.swift /Users/admin/builder/spi-builder-workspace/Sources/GotenbergKit/Common/EmulatedMediaType.swift /Users/admin/builder/spi-builder-workspace/Sources/GotenbergKit/Common/FormFile.swift /Users/admin/builder/spi-builder-workspace/Sources/GotenbergKit/Common/GotenbergError.swift /Users/admin/builder/spi-builder-workspace/Sources/GotenbergKit/Common/GotenbergHealth.swift /Users/admin/builder/spi-builder-workspace/Sources/GotenbergKit/Common/Metadata.swift /Users/admin/builder/spi-builder-workspace/Sources/GotenbergKit/Common/PDFFormat.swift /Users/admin/builder/spi-builder-workspace/Sources/GotenbergKit/GotenbergClient+Health.swift /Users/admin/builder/spi-builder-workspace/Sources/GotenbergKit/GotenbergClient+Version.swift /Users/admin/builder/spi-builder-workspace/Sources/GotenbergKit/GotenbergClient.swift /Users/admin/builder/spi-builder-workspace/Sources/GotenbergKit/LibreOffice/GotenberClient+LibreOffice.swift /Users/admin/builder/spi-builder-workspace/Sources/GotenbergKit/LibreOffice/LibreOfficeConversionOptions.swift /Users/admin/builder/spi-builder-workspace/Sources/GotenbergKit/PDFEngines/BookmarkTypes.swift /Users/admin/builder/spi-builder-workspace/Sources/GotenbergKit/PDFEngines/GotenbergClient+PDF.swift /Users/admin/builder/spi-builder-workspace/Sources/GotenbergKit/PDFEngines/OverlayOptions.swift /Users/admin/builder/spi-builder-workspace/Sources/GotenbergKit/PDFEngines/PDFEngineOptions.swift /Users/admin/builder/spi-builder-workspace/Sources/GotenbergKit/PDFEngines/RotatePDFOptions.swift /Users/admin/builder/spi-builder-workspace/Sources/GotenbergKit/PDFEngines/SplitPDFOptions.swift /Users/admin/builder/spi-builder-workspace/Sources/GotenbergKit/Webhook/WebhookConfiguration.swift /Users/admin/builder/spi-builder-workspace/Sources/GotenbergKit/Webhook/WebhookEvents.swift -target arm64_32-apple-watchos5.0 -enable-objc-interop -sdk /Applications/Xcode-16.3.0.app/Contents/Developer/Platforms/WatchOS.platform/Developer/SDKs/WatchOS11.4.sdk -I /Users/admin/builder/spi-builder-workspace/.derivedData/Build/Products/Debug-watchos -I /Applications/Xcode-16.3.0.app/Contents/Developer/Platforms/WatchOS.platform/Developer/usr/lib -F /Users/admin/builder/spi-builder-workspace/.derivedData/Build/Products/Debug-watchos/PackageFrameworks -F /Users/admin/builder/spi-builder-workspace/.derivedData/Build/Products/Debug-watchos/PackageFrameworks -F /Users/admin/builder/spi-builder-workspace/.derivedData/Build/Products/Debug-watchos/PackageFrameworks -F /Users/admin/builder/spi-builder-workspace/.derivedData/Build/Products/Debug-watchos/PackageFrameworks -F /Users/admin/builder/spi-builder-workspace/.derivedData/Build/Products/Debug-watchos/PackageFrameworks -F /Users/admin/builder/spi-builder-workspace/.derivedData/Build/Products/Debug-watchos/PackageFrameworks -F /Users/admin/builder/spi-builder-workspace/.derivedData/Build/Products/Debug-watchos/PackageFrameworks -F /Users/admin/builder/spi-builder-workspace/.derivedData/Build/Products/Debug-watchos/PackageFrameworks -F /Users/admin/builder/spi-builder-workspace/.derivedData/Build/Products/Debug-watchos/PackageFrameworks -F /Users/admin/builder/spi-builder-workspace/.derivedData/Build/Products/Debug-watchos/PackageFrameworks -F /Users/admin/builder/spi-builder-workspace/.derivedData/Build/Products/Debug-watchos/PackageFrameworks -F /Users/admin/builder/spi-builder-workspace/.derivedData/Build/Products/Debug-watchos/PackageFrameworks -F /Users/admin/builder/spi-builder-workspace/.derivedData/Build/Products/Debug-watchos/PackageFrameworks -F /Users/admin/builder/spi-builder-workspace/.derivedData/Build/Products/Debug-watchos/PackageFrameworks -F /Users/admin/builder/spi-builder-workspace/.derivedData/Build/Products/Debug-watchos/PackageFrameworks -F /Users/admin/builder/spi-builder-workspace/.derivedData/Build/Products/Debug-watchos/PackageFrameworks -F /Users/admin/builder/spi-builder-workspace/.derivedData/Build/Products/Debug-watchos/PackageFrameworks -F /Users/admin/builder/spi-builder-workspace/.derivedData/Build/Products/Debug-watchos/PackageFrameworks -F /Users/admin/builder/spi-builder-workspace/.derivedData/Build/Products/Debug-watchos/PackageFrameworks -F /Users/admin/builder/spi-builder-workspace/.derivedData/Build/Products/Debug-watchos/PackageFrameworks -F /Users/admin/builder/spi-builder-workspace/.derivedData/Build/Products/Debug-watchos/PackageFrameworks -F /Users/admin/builder/spi-builder-workspace/.derivedData/Build/Products/Debug-watchos/PackageFrameworks -F /Users/admin/builder/spi-builder-workspace/.derivedData/Build/Products/Debug-watchos/PackageFrameworks -F /Users/admin/builder/spi-builder-workspace/.derivedData/Build/Products/Debug-watchos/PackageFrameworks -F /Users/admin/builder/spi-builder-workspace/.derivedData/Build/Products/Debug-watchos/PackageFrameworks -F /Users/admin/builder/spi-builder-workspace/.derivedData/Build/Products/Debug-watchos/PackageFrameworks -F /Users/admin/builder/spi-builder-workspace/.derivedData/Build/Products/Debug-watchos/PackageFrameworks -F /Users/admin/builder/spi-builder-workspace/.derivedData/Build/Products/Debug-watchos/PackageFrameworks -F /Users/admin/builder/spi-builder-workspace/.derivedData/Build/Products/Debug-watchos/PackageFrameworks -F /Users/admin/builder/spi-builder-workspace/.derivedData/Build/Products/Debug-watchos/PackageFrameworks -F /Users/admin/builder/spi-builder-workspace/.derivedData/Build/Products/Debug-watchos/PackageFrameworks -F /Users/admin/builder/spi-builder-workspace/.derivedData/Build/Products/Debug-watchos/PackageFrameworks -F /Users/admin/builder/spi-builder-workspace/.derivedData/Build/Products/Debug-watchos/PackageFrameworks -F /Users/admin/builder/spi-builder-workspace/.derivedData/Build/Products/Debug-watchos/PackageFrameworks -F /Users/admin/builder/spi-builder-workspace/.derivedData/Build/Products/Debug-watchos/PackageFrameworks -F /Users/admin/builder/spi-builder-workspace/.derivedData/Build/Products/Debug-watchos/PackageFrameworks -F /Users/admin/builder/spi-builder-workspace/.derivedData/Build/Products/Debug-watchos/PackageFrameworks -F /Users/admin/builder/spi-builder-workspace/.derivedData/Build/Products/Debug-watchos/PackageFrameworks -F /Users/admin/builder/spi-builder-workspace/.derivedData/Build/Products/Debug-watchos/PackageFrameworks -F /Users/admin/builder/spi-builder-workspace/.derivedData/Build/Products/Debug-watchos/PackageFrameworks -F /Users/admin/builder/spi-builder-workspace/.derivedData/Build/Products/Debug-watchos/PackageFrameworks -F /Users/admin/builder/spi-builder-workspace/.derivedData/Build/Products/Debug-watchos/PackageFrameworks -F /Users/admin/builder/spi-builder-workspace/.derivedData/Build/Products/Debug-watchos/PackageFrameworks -F /Users/admin/builder/spi-builder-workspace/.derivedData/Build/Products/Debug-watchos -F /Applications/Xcode-16.3.0.app/Contents/Developer/Platforms/WatchOS.platform/Developer/Library/Frameworks -F /Applications/Xcode-16.3.0.app/Contents/Developer/Platforms/WatchOS.platform/Developer/SDKs/WatchOS11.4.sdk/Developer/Library/Frameworks -no-color-diagnostics -enable-testing -g -debug-info-format\=dwarf -dwarf-version\=4 -module-cache-path /Users/admin/builder/spi-builder-workspace/.derivedData/ModuleCache.noindex -profile-generate -profile-coverage-mapping -swift-version 6 -enforce-exclusivity\=checked -Onone -D SWIFT_PACKAGE -D DEBUG -D Xcode -serialize-debugging-options -const-gather-protocols-file /Users/admin/builder/spi-builder-workspace/.derivedData/Build/Intermediates.noindex/gotenberg-kit.build/Debug-watchos/GotenbergKit.build/Objects-normal/arm64_32/GotenbergKit_const_extract_protocols.json -enable-experimental-feature DebugDescriptionMacro -empty-abi-descriptor -plugin-path /Applications/Xcode-16.3.0.app/Contents/Developer/Toolchains/XcodeDefault.xctoolchain/usr/lib/swift/host/plugins/testing -validate-clang-modules-once -clang-build-session-file /Users/admin/builder/spi-builder-workspace/.derivedData/ModuleCache.noindex/Session.modulevalidation -Xcc -working-directory -Xcc /Users/admin/builder/spi-builder-workspace/.swiftpm/xcode -resource-dir /Applications/Xcode-16.3.0.app/Contents/Developer/Toolchains/XcodeDefault.xctoolchain/usr/lib/swift -enable-anonymous-context-mangled-names -file-compilation-dir /Users/admin/builder/spi-builder-workspace/.swiftpm/xcode -Xcc -fmodule-map-file\=/Users/admin/builder/spi-builder-workspace/.derivedData/Build/Intermediates.noindex/GeneratedModuleMaps-watchos/CNIOBoringSSLShims.modulemap -Xcc -fmodule-map-file\=/Users/admin/builder/spi-builder-workspace/.derivedData/Build/Intermediates.noindex/GeneratedModuleMaps-watchos/CNIOExtrasZlib.modulemap -Xcc -fmodule-map-file\=/Users/admin/builder/spi-builder-workspace/.derivedData/Build/Intermediates.noindex/GeneratedModuleMaps-watchos/CAsyncHTTPClient.modulemap -Xcc -fmodule-map-file\=/Users/admin/builder/spi-builder-workspace/.derivedData/Build/Intermediates.noindex/GeneratedModuleMaps-watchos/CNIOLLHTTP.modulemap -Xcc -fmodule-map-file\=/Users/admin/builder/spi-builder-workspace/.derivedData/Build/Intermediates.noindex/GeneratedModuleMaps-watchos/CNIOPosix.modulemap -Xcc -fmodule-map-file\=/Users/admin/builder/spi-builder-workspace/.derivedData/Build/Intermediates.noindex/GeneratedModuleMaps-watchos/CNIOWASI.modulemap -Xcc -fmodule-map-file\=/Users/admin/builder/spi-builder-workspace/.derivedData/Build/Intermediates.noindex/GeneratedModuleMaps-watchos/CNIOLinux.modulemap -Xcc -fmodule-map-file\=/Users/admin/builder/spi-builder-workspace/.derivedData/Build/Intermediates.noindex/GeneratedModuleMaps-watchos/CNIODarwin.modulemap -Xcc -fmodule-map-file\=/Users/admin/builder/spi-builder-workspace/.derivedData/Build/Intermediates.noindex/GeneratedModuleMaps-watchos/CNIOFreeBSD.modulemap -Xcc -fmodule-map-file\=/Users/admin/builder/spi-builder-workspace/.derivedData/Build/Intermediates.noindex/GeneratedModuleMaps-watchos/CNIOOpenBSD.modulemap -Xcc -fmodule-map-file\=/Users/admin/builder/spi-builder-workspace/.derivedData/Build/Intermediates.noindex/GeneratedModuleMaps-watchos/CNIOAtomics.modulemap -Xcc -ivfsstatcache -Xcc /Users/admin/builder/spi-builder-workspace/.derivedData/SDKStatCaches.noindex/watchos11.4-22T246-43efb940ff07ba2497b70ec94253f576.sdkstatcache -Xcc -I/Users/admin/builder/spi-builder-workspace/.derivedData/Build/Intermediates.noindex/gotenberg-kit.build/Debug-watchos/GotenbergKit.build/swift-overrides.hmap -Xcc -I/Users/admin/builder/spi-builder-workspace/.dependencies/checkouts/swift-nio-ssl/Sources/CNIOBoringSSLShims/include -Xcc -I/Users/admin/builder/spi-builder-workspace/.dependencies/checkouts/swift-nio-ssl/Sources/CNIOBoringSSL/include -Xcc -I/Users/admin/builder/spi-builder-workspace/.dependencies/checkouts/swift-nio-extras/Sources/CNIOExtrasZlib/include -Xcc -I/Users/admin/builder/spi-builder-workspace/.dependencies/checkouts/swift-numerics/Sources/_NumericsShims/include -Xcc -I/Users/admin/builder/spi-builder-workspace/.dependencies/checkouts/async-http-client/Sources/CAsyncHTTPClient/include -Xcc -I/Users/admin/builder/spi-builder-workspace/.dependencies/checkouts/swift-nio/Sources/CNIOLLHTTP/include -Xcc -I/Users/admin/builder/spi-builder-workspace/.dependencies/checkouts/swift-atomics/Sources/_AtomicsShims/include -Xcc -I/Users/admin/builder/spi-builder-workspace/.dependencies/checkouts/swift-nio/Sources/CNIOPosix/include -Xcc -I/Users/admin/builder/spi-builder-workspace/.dependencies/checkouts/swift-nio/Sources/CNIOWASI/include -Xcc -I/Users/admin/builder/spi-builder-workspace/.dependencies/checkouts/swift-nio/Sources/CNIOWindows/include -Xcc -I/Users/admin/builder/spi-builder-workspace/.dependencies/checkouts/swift-nio/Sources/CNIOLinux/include -Xcc -I/Users/admin/builder/spi-builder-workspace/.dependencies/checkouts/swift-nio/Sources/CNIODarwin/include -Xcc -I/Users/admin/builder/spi-builder-workspace/.dependencies/checkouts/swift-nio/Sources/CNIOFreeBSD/include -Xcc -I/Users/admin/builder/spi-builder-workspace/.dependencies/checkouts/swift-nio/Sources/CNIOOpenBSD/include -Xcc -I/Users/admin/builder/spi-builder-workspace/.dependencies/checkouts/swift-nio/Sources/CNIOAtomics/include -Xcc -I/Users/admin/builder/spi-builder-workspace/.derivedData/Build/Products/Debug-watchos/include -Xcc -I/Users/admin/builder/spi-builder-workspace/.derivedData/Build/Intermediates.noindex/gotenberg-kit.build/Debug-watchos/GotenbergKit.build/DerivedSources-normal/arm64_32 -Xcc -I/Users/admin/builder/spi-builder-workspace/.derivedData/Build/Intermediates.noindex/gotenberg-kit.build/Debug-watchos/GotenbergKit.build/DerivedSources/arm64_32 -Xcc -I/Users/admin/builder/spi-builder-workspace/.derivedData/Build/Intermediates.noindex/gotenberg-kit.build/Debug-watchos/GotenbergKit.build/DerivedSources -Xcc -DSWIFT_PACKAGE -Xcc -DDEBUG\=1 -module-name GotenbergKit -package-name spi_builder_workspace -frontend-parseable-output -disable-clang-spi -target-sdk-version 11.4 -target-sdk-name watchos11.4 -external-plugin-path /Applications/Xcode-16.3.0.app/Contents/Developer/Platforms/WatchOS.platform/Developer/usr/lib/swift/host/plugins\#/Applications/Xcode-16.3.0.app/Contents/Developer/Platforms/WatchOS.platform/Developer/usr/bin/swift-plugin-server -external-plugin-path /Applications/Xcode-16.3.0.app/Contents/Developer/Platforms/WatchOS.platform/Developer/usr/local/lib/swift/host/plugins\#/Applications/Xcode-16.3.0.app/Contents/Developer/Platforms/WatchOS.platform/Developer/usr/bin/swift-plugin-server -in-process-plugin-server-path /Applications/Xcode-16.3.0.app/Contents/Developer/Toolchains/XcodeDefault.xctoolchain/usr/lib/swift/host/libSwiftInProcPluginServer.dylib -plugin-path /Applications/Xcode-16.3.0.app/Contents/Developer/Toolchains/XcodeDefault.xctoolchain/usr/lib/swift/host/plugins -plugin-path /Applications/Xcode-16.3.0.app/Contents/Developer/Toolchains/XcodeDefault.xctoolchain/usr/local/lib/swift/host/plugins -emit-module-doc-path /Users/admin/builder/spi-builder-workspace/.derivedData/Build/Intermediates.noindex/gotenberg-kit.build/Debug-watchos/GotenbergKit.build/Objects-normal/arm64_32/GotenbergKit.swiftdoc -emit-module-source-info-path /Users/admin/builder/spi-builder-workspace/.derivedData/Build/Intermediates.noindex/gotenberg-kit.build/Debug-watchos/GotenbergKit.build/Objects-normal/arm64_32/GotenbergKit.swiftsourceinfo -emit-objc-header-path /Users/admin/builder/spi-builder-workspace/.derivedData/Build/Intermediates.noindex/gotenberg-kit.build/Debug-watchos/GotenbergKit.build/Objects-normal/arm64_32/GotenbergKit-Swift.h -serialize-diagnostics-path /Users/admin/builder/spi-builder-workspace/.derivedData/Build/Intermediates.noindex/gotenberg-kit.build/Debug-watchos/GotenbergKit.build/Objects-normal/arm64_32/GotenbergKit-master-emit-module.dia -emit-dependencies-path /Users/admin/builder/spi-builder-workspace/.derivedData/Build/Intermediates.noindex/gotenberg-kit.build/Debug-watchos/GotenbergKit.build/Objects-normal/arm64_32/GotenbergKit-master-emit-module.d -o /Users/admin/builder/spi-builder-workspace/.derivedData/Build/Intermediates.noindex/gotenberg-kit.build/Debug-watchos/GotenbergKit.build/Objects-normal/arm64_32/GotenbergKit.swiftmodule -emit-abi-descriptor-path /Users/admin/builder/spi-builder-workspace/.derivedData/Build/Intermediates.noindex/gotenberg-kit.build/Debug-watchos/GotenbergKit.build/Objects-normal/arm64_32/GotenbergKit.abi.json
EmitSwiftModule normal arm64_32 (in target 'GotenbergKit' from project 'gotenberg-kit')
cd /Users/admin/builder/spi-builder-workspace/.swiftpm/xcode
/Users/admin/builder/spi-builder-workspace/Sources/GotenbergKit/Chromium/GotenbergClient+Chromium+Screenshots.swift:29:7: error: concurrency is only available in watchOS 6.0.0 or newer
) async throws -> GotenbergResponse {
^
/Users/admin/builder/spi-builder-workspace/Sources/GotenbergKit/Chromium/GotenbergClient+Chromium+Screenshots.swift:23:17: note: add @available attribute to enclosing instance method
public func capture(
^
/Users/admin/builder/spi-builder-workspace/Sources/GotenbergKit/Chromium/GotenbergClient+Chromium+Screenshots.swift:13:1: note: add @available attribute to enclosing extension
extension GotenbergClient {
^
/Users/admin/builder/spi-builder-workspace/Sources/GotenbergKit/Chromium/GotenbergClient+Chromium+Screenshots.swift:79:7: error: concurrency is only available in watchOS 6.0.0 or newer
) async throws -> GotenbergResponse {
^
/Users/admin/builder/spi-builder-workspace/Sources/GotenbergKit/Chromium/GotenbergClient+Chromium+Screenshots.swift:73:17: note: add @available attribute to enclosing instance method
public func capture(
^
/Users/admin/builder/spi-builder-workspace/Sources/GotenbergKit/Chromium/GotenbergClient+Chromium+Screenshots.swift:13:1: note: add @available attribute to enclosing extension
extension GotenbergClient {
^
/Users/admin/builder/spi-builder-workspace/Sources/GotenbergKit/Chromium/GotenbergClient+Chromium+Screenshots.swift:120:7: error: concurrency is only available in watchOS 6.0.0 or newer
) async throws -> GotenbergResponse {
^
/Users/admin/builder/spi-builder-workspace/Sources/GotenbergKit/Chromium/GotenbergClient+Chromium+Screenshots.swift:114:17: note: add @available attribute to enclosing instance method
public func capture(
^
/Users/admin/builder/spi-builder-workspace/Sources/GotenbergKit/Chromium/GotenbergClient+Chromium+Screenshots.swift:13:1: note: add @available attribute to enclosing extension
extension GotenbergClient {
^
/Users/admin/builder/spi-builder-workspace/Sources/GotenbergKit/Chromium/GotenbergClient+Chromium+Screenshots.swift:144:7: error: concurrency is only available in watchOS 6.0.0 or newer
) async throws -> GotenbergResponse {
^
/Users/admin/builder/spi-builder-workspace/Sources/GotenbergKit/Chromium/GotenbergClient+Chromium+Screenshots.swift:139:17: note: add @available attribute to enclosing instance method
public func capture(
^
/Users/admin/builder/spi-builder-workspace/Sources/GotenbergKit/Chromium/GotenbergClient+Chromium+Screenshots.swift:13:1: note: add @available attribute to enclosing extension
extension GotenbergClient {
^
/Users/admin/builder/spi-builder-workspace/Sources/GotenbergKit/Chromium/GotenbergClient+Chromium+Screenshots.swift:173:7: error: concurrency is only available in watchOS 6.0.0 or newer
) async throws -> [URL: GotenbergResponse] {
^
/Users/admin/builder/spi-builder-workspace/Sources/GotenbergKit/Chromium/GotenbergClient+Chromium+Screenshots.swift:168:17: note: add @available attribute to enclosing instance method
public func capture(
^
/Users/admin/builder/spi-builder-workspace/Sources/GotenbergKit/Chromium/GotenbergClient+Chromium+Screenshots.swift:13:1: note: add @available attribute to enclosing extension
extension GotenbergClient {
^
/Users/admin/builder/spi-builder-workspace/Sources/GotenbergKit/Chromium/GotenbergClient+Chromium.swift:34:7: error: concurrency is only available in watchOS 6.0.0 or newer
) async throws -> GotenbergResponse {
^
/Users/admin/builder/spi-builder-workspace/Sources/GotenbergKit/Chromium/GotenbergClient+Chromium.swift:26:17: note: add @available attribute to enclosing instance method
public func convert(
^
/Users/admin/builder/spi-builder-workspace/Sources/GotenbergKit/Chromium/GotenbergClient+Chromium.swift:14:1: note: add @available attribute to enclosing extension
extension GotenbergClient {
^
/Users/admin/builder/spi-builder-workspace/Sources/GotenbergKit/Chromium/GotenbergClient+Chromium.swift:114:7: error: concurrency is only available in watchOS 6.0.0 or newer
) async throws -> GotenbergResponse {
^
/Users/admin/builder/spi-builder-workspace/Sources/GotenbergKit/Chromium/GotenbergClient+Chromium.swift:107:17: note: add @available attribute to enclosing instance method
public func convert(
^
/Users/admin/builder/spi-builder-workspace/Sources/GotenbergKit/Chromium/GotenbergClient+Chromium.swift:14:1: note: add @available attribute to enclosing extension
extension GotenbergClient {
^
/Users/admin/builder/spi-builder-workspace/Sources/GotenbergKit/Chromium/GotenbergClient+Chromium.swift:176:7: error: concurrency is only available in watchOS 6.0.0 or newer
) async throws -> GotenbergResponse {
^
/Users/admin/builder/spi-builder-workspace/Sources/GotenbergKit/Chromium/GotenbergClient+Chromium.swift:169:17: note: add @available attribute to enclosing instance method
public func convert(
^
/Users/admin/builder/spi-builder-workspace/Sources/GotenbergKit/Chromium/GotenbergClient+Chromium.swift:14:1: note: add @available attribute to enclosing extension
extension GotenbergClient {
^
/Users/admin/builder/spi-builder-workspace/Sources/GotenbergKit/Chromium/GotenbergClient+Chromium.swift:242:7: error: concurrency is only available in watchOS 6.0.0 or newer
) async throws -> GotenbergResponse {
^
/Users/admin/builder/spi-builder-workspace/Sources/GotenbergKit/Chromium/GotenbergClient+Chromium.swift:235:17: note: add @available attribute to enclosing instance method
public func convert(
^
/Users/admin/builder/spi-builder-workspace/Sources/GotenbergKit/Chromium/GotenbergClient+Chromium.swift:14:1: note: add @available attribute to enclosing extension
extension GotenbergClient {
^
/Users/admin/builder/spi-builder-workspace/Sources/GotenbergKit/Chromium/GotenbergClient+Chromium.swift:308:7: error: concurrency is only available in watchOS 6.0.0 or newer
) async throws -> GotenbergResponse {
^
/Users/admin/builder/spi-builder-workspace/Sources/GotenbergKit/Chromium/GotenbergClient+Chromium.swift:302:17: note: add @available attribute to enclosing instance method
public func convertMarkdown(
^
/Users/admin/builder/spi-builder-workspace/Sources/GotenbergKit/Chromium/GotenbergClient+Chromium.swift:14:1: note: add @available attribute to enclosing extension
extension GotenbergClient {
^
/Users/admin/builder/spi-builder-workspace/Sources/GotenbergKit/Chromium/GotenbergClient+Chromium.swift:369:7: error: concurrency is only available in watchOS 6.0.0 or newer
) async throws -> GotenbergResponse {
^
/Users/admin/builder/spi-builder-workspace/Sources/GotenbergKit/Chromium/GotenbergClient+Chromium.swift:364:17: note: add @available attribute to enclosing instance method
public func convertAndMerge(
^
/Users/admin/builder/spi-builder-workspace/Sources/GotenbergKit/Chromium/GotenbergClient+Chromium.swift:14:1: note: add @available attribute to enclosing extension
extension GotenbergClient {
^
/Users/admin/builder/spi-builder-workspace/Sources/GotenbergKit/GotenbergClient+Health.swift:21:7: error: concurrency is only available in watchOS 6.0.0 or newer
) async throws -> GotenbergHealth {
^
/Users/admin/builder/spi-builder-workspace/Sources/GotenbergKit/GotenbergClient+Health.swift:18:17: note: add @available attribute to enclosing instance method
public func health(
^
/Users/admin/builder/spi-builder-workspace/Sources/GotenbergKit/GotenbergClient+Health.swift:12:1: note: add @available attribute to enclosing extension
extension GotenbergClient {
^
/Users/admin/builder/spi-builder-workspace/Sources/GotenbergKit/GotenbergClient+Version.swift:19:7: error: concurrency is only available in watchOS 6.0.0 or newer
) async throws -> String {
^
/Users/admin/builder/spi-builder-workspace/Sources/GotenbergKit/GotenbergClient+Version.swift:16:17: note: add @available attribute to enclosing instance method
public func version(
^
/Users/admin/builder/spi-builder-workspace/Sources/GotenbergKit/GotenbergClient+Version.swift:10:1: note: add @available attribute to enclosing extension
extension GotenbergClient {
^
/Users/admin/builder/spi-builder-workspace/Sources/GotenbergKit/GotenbergClient.swift:26:42: error: 'HTTPClientResponse' is only available in watchOS 6.0 or newer
public typealias GotenbergResponse = HTTPClientResponse
^
/Users/admin/builder/spi-builder-workspace/Sources/GotenbergKit/GotenbergClient.swift:26:22: note: add @available attribute to enclosing type alias
public typealias GotenbergResponse = HTTPClientResponse
^
/Users/admin/builder/spi-builder-workspace/Sources/GotenbergKit/GotenbergClient.swift:16:15: note: add @available attribute to enclosing struct
public struct GotenbergClient: Sendable {
^
/Users/admin/builder/spi-builder-workspace/Sources/GotenbergKit/GotenbergClient.swift:99:7: error: concurrency is only available in watchOS 6.0.0 or newer
) async throws -> GotenbergResponse {
^
/Users/admin/builder/spi-builder-workspace/Sources/GotenbergKit/GotenbergClient.swift:93:19: note: add @available attribute to enclosing instance method
internal func sendFormRequest(
^
/Users/admin/builder/spi-builder-workspace/Sources/GotenbergKit/GotenbergClient.swift:16:15: note: add @available attribute to enclosing struct
public struct GotenbergClient: Sendable {
^
/Users/admin/builder/spi-builder-workspace/Sources/GotenbergKit/GotenbergClient.swift:117:7: error: concurrency is only available in watchOS 6.0.0 or newer
) async throws -> GotenbergResponse {
^
/Users/admin/builder/spi-builder-workspace/Sources/GotenbergKit/GotenbergClient.swift:111:18: note: add @available attribute to enclosing instance method
private func sendPOSTRequest(
^
/Users/admin/builder/spi-builder-workspace/Sources/GotenbergKit/GotenbergClient.swift:16:15: note: add @available attribute to enclosing struct
public struct GotenbergClient: Sendable {
^
/Users/admin/builder/spi-builder-workspace/Sources/GotenbergKit/GotenbergClient.swift:157:119: error: 'HTTPClientRequest' is only available in watchOS 6.0 or newer
internal func makeRequest(method: HTTPMethod, route: String, timeoutSeconds: Int64, headers: [String: String]) -> HTTPClientRequest {
^
/Users/admin/builder/spi-builder-workspace/Sources/GotenbergKit/GotenbergClient.swift:157:19: note: add @available attribute to enclosing instance method
internal func makeRequest(method: HTTPMethod, route: String, timeoutSeconds: Int64, headers: [String: String]) -> HTTPClientRequest {
^
/Users/admin/builder/spi-builder-workspace/Sources/GotenbergKit/GotenbergClient.swift:16:15: note: add @available attribute to enclosing struct
public struct GotenbergClient: Sendable {
^
/Users/admin/builder/spi-builder-workspace/Sources/GotenbergKit/GotenbergClient.swift:236:20: error: 'HTTPClientRequest' is only available in watchOS 6.0 or newer
_ request: HTTPClientRequest,
^
/Users/admin/builder/spi-builder-workspace/Sources/GotenbergKit/GotenbergClient.swift:235:19: note: add @available attribute to enclosing instance method
internal func sendRequestWithRetry(
^
/Users/admin/builder/spi-builder-workspace/Sources/GotenbergKit/GotenbergClient.swift:16:15: note: add @available attribute to enclosing struct
public struct GotenbergClient: Sendable {
^
/Users/admin/builder/spi-builder-workspace/Sources/GotenbergKit/GotenbergClient.swift:239:7: error: concurrency is only available in watchOS 6.0.0 or newer
) async throws -> GotenbergResponse {
^
/Users/admin/builder/spi-builder-workspace/Sources/GotenbergKit/GotenbergClient.swift:235:19: note: add @available attribute to enclosing instance method
internal func sendRequestWithRetry(
^
/Users/admin/builder/spi-builder-workspace/Sources/GotenbergKit/GotenbergClient.swift:16:15: note: add @available attribute to enclosing struct
public struct GotenbergClient: Sendable {
^
/Users/admin/builder/spi-builder-workspace/Sources/GotenbergKit/GotenbergClient.swift:333:57: error: concurrency is only available in watchOS 6.0.0 or newer
internal func toData(_ response: GotenbergResponse) async throws -> Data {
^
/Users/admin/builder/spi-builder-workspace/Sources/GotenbergKit/GotenbergClient.swift:333:19: note: add @available attribute to enclosing instance method
internal func toData(_ response: GotenbergResponse) async throws -> Data {
^
/Users/admin/builder/spi-builder-workspace/Sources/GotenbergKit/GotenbergClient.swift:16:15: note: add @available attribute to enclosing struct
public struct GotenbergClient: Sendable {
^
/Users/admin/builder/spi-builder-workspace/Sources/GotenbergKit/GotenbergClient.swift:346:112: error: concurrency is only available in watchOS 6.0.0 or newer
public func writeToFile(_ response: GotenbergResponse, at path: String, options: Data.WritingOptions = []) async throws {
^
/Users/admin/builder/spi-builder-workspace/Sources/GotenbergKit/GotenbergClient.swift:346:17: note: add @available attribute to enclosing instance method
public func writeToFile(_ response: GotenbergResponse, at path: String, options: Data.WritingOptions = []) async throws {
^
/Users/admin/builder/spi-builder-workspace/Sources/GotenbergKit/GotenbergClient.swift:16:15: note: add @available attribute to enclosing struct
public struct GotenbergClient: Sendable {
^
/Users/admin/builder/spi-builder-workspace/Sources/GotenbergKit/LibreOffice/GotenberClient+LibreOffice.swift:29:7: error: concurrency is only available in watchOS 6.0.0 or newer
) async throws -> GotenbergResponse {
^
/Users/admin/builder/spi-builder-workspace/Sources/GotenbergKit/LibreOffice/GotenberClient+LibreOffice.swift:24:17: note: add @available attribute to enclosing instance method
public func convertWithLibreOffice(
^
/Users/admin/builder/spi-builder-workspace/Sources/GotenbergKit/LibreOffice/GotenberClient+LibreOffice.swift:14:1: note: add @available attribute to enclosing extension
extension GotenbergClient {
^
/Users/admin/builder/spi-builder-workspace/Sources/GotenbergKit/LibreOffice/GotenberClient+LibreOffice.swift:83:7: error: concurrency is only available in watchOS 6.0.0 or newer
) async throws -> GotenbergResponse {
^
/Users/admin/builder/spi-builder-workspace/Sources/GotenbergKit/LibreOffice/GotenberClient+LibreOffice.swift:78:17: note: add @available attribute to enclosing instance method
public func convertWithLibreOffice(
^
/Users/admin/builder/spi-builder-workspace/Sources/GotenbergKit/LibreOffice/GotenberClient+LibreOffice.swift:14:1: note: add @available attribute to enclosing extension
extension GotenbergClient {
^
/Users/admin/builder/spi-builder-workspace/Sources/GotenbergKit/PDFEngines/GotenbergClient+PDF.swift:27:7: error: concurrency is only available in watchOS 6.0.0 or newer
) async throws -> GotenbergResponse {
^
/Users/admin/builder/spi-builder-workspace/Sources/GotenbergKit/PDFEngines/GotenbergClient+PDF.swift:22:17: note: add @available attribute to enclosing instance method
public func mergeWithPDFEngines(
^
/Users/admin/builder/spi-builder-workspace/Sources/GotenbergKit/PDFEngines/GotenbergClient+PDF.swift:14:1: note: add @available attribute to enclosing extension
extension GotenbergClient {
^
/Users/admin/builder/spi-builder-workspace/Sources/GotenbergKit/PDFEngines/GotenbergClient+PDF.swift:76:7: error: concurrency is only available in watchOS 6.0.0 or newer
) async throws -> GotenbergResponse {
^
/Users/admin/builder/spi-builder-workspace/Sources/GotenbergKit/PDFEngines/GotenbergClient+PDF.swift:71:17: note: add @available attribute to enclosing instance method
public func mergeWithPDFEngines(
^
/Users/admin/builder/spi-builder-workspace/Sources/GotenbergKit/PDFEngines/GotenbergClient+PDF.swift:14:1: note: add @available attribute to enclosing extension
extension GotenbergClient {
^
/Users/admin/builder/spi-builder-workspace/Sources/GotenbergKit/PDFEngines/GotenbergClient+PDF.swift:104:7: error: concurrency is only available in watchOS 6.0.0 or newer
) async throws -> GotenbergResponse {
^
/Users/admin/builder/spi-builder-workspace/Sources/GotenbergKit/PDFEngines/GotenbergClient+PDF.swift:99:17: note: add @available attribute to enclosing instance method
public func mergeWithPDFEngines(
^
/Users/admin/builder/spi-builder-workspace/Sources/GotenbergKit/PDFEngines/GotenbergClient+PDF.swift:14:1: note: add @available attribute to enclosing extension
extension GotenbergClient {
^
/Users/admin/builder/spi-builder-workspace/Sources/GotenbergKit/PDFEngines/GotenbergClient+PDF.swift:144:7: error: concurrency is only available in watchOS 6.0.0 or newer
) async throws -> GotenbergResponse {
^
/Users/admin/builder/spi-builder-workspace/Sources/GotenbergKit/PDFEngines/GotenbergClient+PDF.swift:139:17: note: add @available attribute to enclosing instance method
public func convertWithPDFEngines(
^
/Users/admin/builder/spi-builder-workspace/Sources/GotenbergKit/PDFEngines/GotenbergClient+PDF.swift:14:1: note: add @available attribute to enclosing extension
extension GotenbergClient {
^
/Users/admin/builder/spi-builder-workspace/Sources/GotenbergKit/PDFEngines/GotenbergClient+PDF.swift:184:7: error: concurrency is only available in watchOS 6.0.0 or newer
) async throws -> GotenbergResponse {
^
/Users/admin/builder/spi-builder-workspace/Sources/GotenbergKit/PDFEngines/GotenbergClient+PDF.swift:179:17: note: add @available attribute to enclosing instance method
public func convertWithPDFEngines(
^
/Users/admin/builder/spi-builder-workspace/Sources/GotenbergKit/PDFEngines/GotenbergClient+PDF.swift:14:1: note: add @available attribute to enclosing extension
extension GotenbergClient {
^
/Users/admin/builder/spi-builder-workspace/Sources/GotenbergKit/PDFEngines/GotenbergClient+PDF.swift:236:7: error: concurrency is only available in watchOS 6.0.0 or newer
) async throws -> GotenbergResponse {
^
/Users/admin/builder/spi-builder-workspace/Sources/GotenbergKit/PDFEngines/GotenbergClient+PDF.swift:228:17: note: add @available attribute to enclosing instance method
public func splitPDF(
^
/Users/admin/builder/spi-builder-workspace/Sources/GotenbergKit/PDFEngines/GotenbergClient+PDF.swift:14:1: note: add @available attribute to enclosing extension
extension GotenbergClient {
^
/Users/admin/builder/spi-builder-workspace/Sources/GotenbergKit/PDFEngines/GotenbergClient+PDF.swift:288:7: error: concurrency is only available in watchOS 6.0.0 or newer
) async throws -> GotenbergResponse {
^
/Users/admin/builder/spi-builder-workspace/Sources/GotenbergKit/PDFEngines/GotenbergClient+PDF.swift:280:17: note: add @available attribute to enclosing instance method
public func splitPDF(
^
/Users/admin/builder/spi-builder-workspace/Sources/GotenbergKit/PDFEngines/GotenbergClient+PDF.swift:14:1: note: add @available attribute to enclosing extension
extension GotenbergClient {
^
/Users/admin/builder/spi-builder-workspace/Sources/GotenbergKit/PDFEngines/GotenbergClient+PDF.swift:321:7: error: concurrency is only available in watchOS 6.0.0 or newer
) async throws -> GotenbergResponse {
^
/Users/admin/builder/spi-builder-workspace/Sources/GotenbergKit/PDFEngines/GotenbergClient+PDF.swift:317:17: note: add @available attribute to enclosing instance method
public func flattenPDF(
^
/Users/admin/builder/spi-builder-workspace/Sources/GotenbergKit/PDFEngines/GotenbergClient+PDF.swift:14:1: note: add @available attribute to enclosing extension
extension GotenbergClient {
^
/Users/admin/builder/spi-builder-workspace/Sources/GotenbergKit/PDFEngines/GotenbergClient+PDF.swift:364:7: error: concurrency is only available in watchOS 6.0.0 or newer
) async throws -> GotenbergResponse {
^
/Users/admin/builder/spi-builder-workspace/Sources/GotenbergKit/PDFEngines/GotenbergClient+PDF.swift:360:17: note: add @available attribute to enclosing instance method
public func flattenPDF(
^
/Users/admin/builder/spi-builder-workspace/Sources/GotenbergKit/PDFEngines/GotenbergClient+PDF.swift:14:1: note: add @available attribute to enclosing extension
extension GotenbergClient {
^
/Users/admin/builder/spi-builder-workspace/Sources/GotenbergKit/PDFEngines/GotenbergClient+PDF.swift:400:7: error: concurrency is only available in watchOS 6.0.0 or newer
) async throws -> GotenbergResponse {
^
/Users/admin/builder/spi-builder-workspace/Sources/GotenbergKit/PDFEngines/GotenbergClient+PDF.swift:395:17: note: add @available attribute to enclosing instance method
public func writePDFMetadata(
^
/Users/admin/builder/spi-builder-workspace/Sources/GotenbergKit/PDFEngines/GotenbergClient+PDF.swift:14:1: note: add @available attribute to enclosing extension
extension GotenbergClient {
^
/Users/admin/builder/spi-builder-workspace/Sources/GotenbergKit/PDFEngines/GotenbergClient+PDF.swift:451:7: error: concurrency is only available in watchOS 6.0.0 or newer
) async throws -> GotenbergResponse {
^
/Users/admin/builder/spi-builder-workspace/Sources/GotenbergKit/PDFEngines/GotenbergClient+PDF.swift:446:17: note: add @available attribute to enclosing instance method
public func writePDFMetadata(
^
/Users/admin/builder/spi-builder-workspace/Sources/GotenbergKit/PDFEngines/GotenbergClient+PDF.swift:14:1: note: add @available attribute to enclosing extension
extension GotenbergClient {
^
/Users/admin/builder/spi-builder-workspace/Sources/GotenbergKit/PDFEngines/GotenbergClient+PDF.swift:489:7: error: concurrency is only available in watchOS 6.0.0 or newer
) async throws -> GotenbergResponse {
^
/Users/admin/builder/spi-builder-workspace/Sources/GotenbergKit/PDFEngines/GotenbergClient+PDF.swift:485:17: note: add @available attribute to enclosing instance method
public func readPDFMetadata(
^
/Users/admin/builder/spi-builder-workspace/Sources/GotenbergKit/PDFEngines/GotenbergClient+PDF.swift:14:1: note: add @available attribute to enclosing extension
extension GotenbergClient {
^
/Users/admin/builder/spi-builder-workspace/Sources/GotenbergKit/PDFEngines/GotenbergClient+PDF.swift:515:7: error: concurrency is only available in watchOS 6.0.0 or newer
) async throws -> GotenbergResponse {
^
/Users/admin/builder/spi-builder-workspace/Sources/GotenbergKit/PDFEngines/GotenbergClient+PDF.swift:511:17: note: add @available attribute to enclosing instance method
public func readPDFMetadata(
^
/Users/admin/builder/spi-builder-workspace/Sources/GotenbergKit/PDFEngines/GotenbergClient+PDF.swift:14:1: note: add @available attribute to enclosing extension
extension GotenbergClient {
^
/Users/admin/builder/spi-builder-workspace/Sources/GotenbergKit/PDFEngines/GotenbergClient+PDF.swift:560:7: error: concurrency is only available in watchOS 6.0.0 or newer
) async throws -> GotenbergResponse {
^
/Users/admin/builder/spi-builder-workspace/Sources/GotenbergKit/PDFEngines/GotenbergClient+PDF.swift:555:17: note: add @available attribute to enclosing instance method
public func encryptPDFs(
^
/Users/admin/builder/spi-builder-workspace/Sources/GotenbergKit/PDFEngines/GotenbergClient+PDF.swift:14:1: note: add @available attribute to enclosing extension
extension GotenbergClient {
^
/Users/admin/builder/spi-builder-workspace/Sources/GotenbergKit/PDFEngines/GotenbergClient+PDF.swift:615:7: error: concurrency is only available in watchOS 6.0.0 or newer
) async throws -> GotenbergResponse {
^
/Users/admin/builder/spi-builder-workspace/Sources/GotenbergKit/PDFEngines/GotenbergClient+PDF.swift:610:17: note: add @available attribute to enclosing instance method
public func encryptPDFs(
^
/Users/admin/builder/spi-builder-workspace/Sources/GotenbergKit/PDFEngines/GotenbergClient+PDF.swift:14:1: note: add @available attribute to enclosing extension
extension GotenbergClient {
^
/Users/admin/builder/spi-builder-workspace/Sources/GotenbergKit/PDFEngines/GotenbergClient+PDF.swift:665:7: error: concurrency is only available in watchOS 6.0.0 or newer
) async throws -> GotenbergResponse {
^
/Users/admin/builder/spi-builder-workspace/Sources/GotenbergKit/PDFEngines/GotenbergClient+PDF.swift:660:17: note: add @available attribute to enclosing instance method
public func embedFiles(
^
/Users/admin/builder/spi-builder-workspace/Sources/GotenbergKit/PDFEngines/GotenbergClient+PDF.swift:14:1: note: add @available attribute to enclosing extension
extension GotenbergClient {
^
/Users/admin/builder/spi-builder-workspace/Sources/GotenbergKit/PDFEngines/GotenbergClient+PDF.swift:720:7: error: concurrency is only available in watchOS 6.0.0 or newer
) async throws -> GotenbergResponse {
^
/Users/admin/builder/spi-builder-workspace/Sources/GotenbergKit/PDFEngines/GotenbergClient+PDF.swift:715:17: note: add @available attribute to enclosing instance method
public func embedFiles(
^
/Users/admin/builder/spi-builder-workspace/Sources/GotenbergKit/PDFEngines/GotenbergClient+PDF.swift:14:1: note: add @available attribute to enclosing extension
extension GotenbergClient {
^
/Users/admin/builder/spi-builder-workspace/Sources/GotenbergKit/PDFEngines/GotenbergClient+PDF.swift:781:7: error: concurrency is only available in watchOS 6.0.0 or newer
) async throws -> GotenbergResponse {
^
/Users/admin/builder/spi-builder-workspace/Sources/GotenbergKit/PDFEngines/GotenbergClient+PDF.swift:776:17: note: add @available attribute to enclosing instance method
public func writeBookmarks(
^
/Users/admin/builder/spi-builder-workspace/Sources/GotenbergKit/PDFEngines/GotenbergClient+PDF.swift:760:1: note: add @available attribute to enclosing extension
extension GotenbergClient {
^
/Users/admin/builder/spi-builder-workspace/Sources/GotenbergKit/PDFEngines/GotenbergClient+PDF.swift:820:7: error: concurrency is only available in watchOS 6.0.0 or newer
) async throws -> GotenbergResponse {
^
/Users/admin/builder/spi-builder-workspace/Sources/GotenbergKit/PDFEngines/GotenbergClient+PDF.swift:815:17: note: add @available attribute to enclosing instance method
public func writeBookmarks(
^
/Users/admin/builder/spi-builder-workspace/Sources/GotenbergKit/PDFEngines/GotenbergClient+PDF.swift:760:1: note: add @available attribute to enclosing extension
extension GotenbergClient {
^
/Users/admin/builder/spi-builder-workspace/Sources/GotenbergKit/PDFEngines/GotenbergClient+PDF.swift:849:7: error: concurrency is only available in watchOS 6.0.0 or newer
) async throws -> GotenbergResponse {
^
/Users/admin/builder/spi-builder-workspace/Sources/GotenbergKit/PDFEngines/GotenbergClient+PDF.swift:844:17: note: add @available attribute to enclosing instance method
public func writeBookmarks(
^
/Users/admin/builder/spi-builder-workspace/Sources/GotenbergKit/PDFEngines/GotenbergClient+PDF.swift:760:1: note: add @available attribute to enclosing extension
extension GotenbergClient {
^
/Users/admin/builder/spi-builder-workspace/Sources/GotenbergKit/PDFEngines/GotenbergClient+PDF.swift:886:7: error: concurrency is only available in watchOS 6.0.0 or newer
) async throws -> GotenbergResponse {
^
/Users/admin/builder/spi-builder-workspace/Sources/GotenbergKit/PDFEngines/GotenbergClient+PDF.swift:882:17: note: add @available attribute to enclosing instance method
public func readBookmarks(
^
/Users/admin/builder/spi-builder-workspace/Sources/GotenbergKit/PDFEngines/GotenbergClient+PDF.swift:868:1: note: add @available attribute to enclosing extension
extension GotenbergClient {
^
/Users/admin/builder/spi-builder-workspace/Sources/GotenbergKit/PDFEngines/GotenbergClient+PDF.swift:914:7: error: concurrency is only available in watchOS 6.0.0 or newer
) async throws -> GotenbergResponse {
^
/Users/admin/builder/spi-builder-workspace/Sources/GotenbergKit/PDFEngines/GotenbergClient+PDF.swift:910:17: note: add @available attribute to enclosing instance method
public func readBookmarks(
^
/Users/admin/builder/spi-builder-workspace/Sources/GotenbergKit/PDFEngines/GotenbergClient+PDF.swift:868:1: note: add @available attribute to enclosing extension
extension GotenbergClient {
^
/Users/admin/builder/spi-builder-workspace/Sources/GotenbergKit/PDFEngines/GotenbergClient+PDF.swift:947:7: error: concurrency is only available in watchOS 6.0.0 or newer
) async throws -> GotenbergResponse {
^
/Users/admin/builder/spi-builder-workspace/Sources/GotenbergKit/PDFEngines/GotenbergClient+PDF.swift:942:17: note: add @available attribute to enclosing instance method
public func rotatePDF(
^
/Users/admin/builder/spi-builder-workspace/Sources/GotenbergKit/PDFEngines/GotenbergClient+PDF.swift:930:1: note: add @available attribute to enclosing extension
extension GotenbergClient {
^
/Users/admin/builder/spi-builder-workspace/Sources/GotenbergKit/PDFEngines/GotenbergClient+PDF.swift:974:7: error: concurrency is only available in watchOS 6.0.0 or newer
) async throws -> GotenbergResponse {
^
/Users/admin/builder/spi-builder-workspace/Sources/GotenbergKit/PDFEngines/GotenbergClient+PDF.swift:969:17: note: add @available attribute to enclosing instance method
public func rotatePDF(
^
/Users/admin/builder/spi-builder-workspace/Sources/GotenbergKit/PDFEngines/GotenbergClient+PDF.swift:930:1: note: add @available attribute to enclosing extension
extension GotenbergClient {
^
/Users/admin/builder/spi-builder-workspace/Sources/GotenbergKit/PDFEngines/GotenbergClient+PDF.swift:1009:7: error: concurrency is only available in watchOS 6.0.0 or newer
) async throws -> GotenbergResponse {
^
/Users/admin/builder/spi-builder-workspace/Sources/GotenbergKit/PDFEngines/GotenbergClient+PDF.swift:1004:17: note: add @available attribute to enclosing instance method
public func stampPDF(
^
/Users/admin/builder/spi-builder-workspace/Sources/GotenbergKit/PDFEngines/GotenbergClient+PDF.swift:992:1: note: add @available attribute to enclosing extension
extension GotenbergClient {
^
/Users/admin/builder/spi-builder-workspace/Sources/GotenbergKit/PDFEngines/GotenbergClient+PDF.swift:1046:7: error: concurrency is only available in watchOS 6.0.0 or newer
) async throws -> GotenbergResponse {
^
/Users/admin/builder/spi-builder-workspace/Sources/GotenbergKit/PDFEngines/GotenbergClient+PDF.swift:1041:17: note: add @available attribute to enclosing instance method
public func stampPDF(
^
/Users/admin/builder/spi-builder-workspace/Sources/GotenbergKit/PDFEngines/GotenbergClient+PDF.swift:992:1: note: add @available attribute to enclosing extension
extension GotenbergClient {
^
/Users/admin/builder/spi-builder-workspace/Sources/GotenbergKit/PDFEngines/GotenbergClient+PDF.swift:1094:7: error: concurrency is only available in watchOS 6.0.0 or newer
) async throws -> GotenbergResponse {
^
/Users/admin/builder/spi-builder-workspace/Sources/GotenbergKit/PDFEngines/GotenbergClient+PDF.swift:1089:17: note: add @available attribute to enclosing instance method
public func watermarkPDF(
^
/Users/admin/builder/spi-builder-workspace/Sources/GotenbergKit/PDFEngines/GotenbergClient+PDF.swift:1075:1: note: add @available attribute to enclosing extension
extension GotenbergClient {
^
/Users/admin/builder/spi-builder-workspace/Sources/GotenbergKit/PDFEngines/GotenbergClient+PDF.swift:1131:7: error: concurrency is only available in watchOS 6.0.0 or newer
) async throws -> GotenbergResponse {
^
/Users/admin/builder/spi-builder-workspace/Sources/GotenbergKit/PDFEngines/GotenbergClient+PDF.swift:1126:17: note: add @available attribute to enclosing instance method
public func watermarkPDF(
^
/Users/admin/builder/spi-builder-workspace/Sources/GotenbergKit/PDFEngines/GotenbergClient+PDF.swift:1075:1: note: add @available attribute to enclosing extension
extension GotenbergClient {
^
SwiftEmitModule normal arm64 Emitting\ module\ for\ GotenbergKit (in target 'GotenbergKit' from project 'gotenberg-kit')
Command SwiftEmitModule failed with a nonzero exit code
** BUILD FAILED **
The following build commands failed:
SwiftEmitModule normal armv7k Emitting\ module\ for\ GotenbergKit (in target 'GotenbergKit' from project 'gotenberg-kit')
EmitSwiftModule normal armv7k (in target 'GotenbergKit' from project 'gotenberg-kit')
SwiftEmitModule normal arm64_32 Emitting\ module\ for\ GotenbergKit (in target 'GotenbergKit' from project 'gotenberg-kit')
EmitSwiftModule normal arm64_32 (in target 'GotenbergKit' from project 'gotenberg-kit')
SwiftEmitModule normal arm64 Emitting\ module\ for\ GotenbergKit (in target 'GotenbergKit' from project 'gotenberg-kit')
Building workspace spi-builder-workspace with scheme gotenberg-kit
(6 failures)
BUILD FAILURE 6.1 watchOS