The Swift Package Index logo.Swift Package Index

Build Information

Failed to build SmartText, reference 2.1.3 (ddf3d9), with Swift 6.3 for Android on 9 Sep 2026 12:16:47 UTC.

Build Command

bash -c docker run --pull=always --rm -v "checkouts-54344843-0":/host -w "$PWD" -e JAVA_HOME="/root/.sdkman/candidates/java/current" -e SPI_BUILD="1" -e SPI_PROCESSING="1" registry.gitlab.com/saguaro1/spi-images:android-6.3-latest swift build --swift-sdk aarch64-unknown-linux-android28 2>&1

Build Log

========================================
RunAll
========================================
Builder version: 5.0.2
Interrupt handler set up.
========================================
Checkout
========================================
Clone URL: https://github.com/NikSativa/SmartText.git
Reference: 2.1.3
Initialized empty Git repository in /host/spi-builder-workspace/.git/
hint: Using 'master' as the name for the initial branch. This default branch name
hint: is subject to change. To configure the initial branch name to use in all
hint: of your new repositories, which will suppress this warning, call:
hint:
hint: 	git config --global init.defaultBranch <name>
hint:
hint: Names commonly chosen instead of 'master' are 'main', 'trunk' and
hint: 'development'. The just-created branch can be renamed via this command:
hint:
hint: 	git branch -m <name>
From https://github.com/NikSativa/SmartText
 * tag               2.1.3      -> FETCH_HEAD
HEAD is now at ddf3d92 Bump SpryKit to 3.2.4
Cloned https://github.com/NikSativa/SmartText.git
Revision (git rev-parse @):
ddf3d9243177c9f43d594ea6980640a77ff894b9
SPI manifest file found: $PWD/.spi.yml
SUCCESS checkout https://github.com/NikSativa/SmartText.git at 2.1.3
========================================
Build
========================================
Selected platform:         android
Swift version:             6.3
Building package at path:  $PWD
https://github.com/NikSativa/SmartText.git
Running build ...
bash -c docker run --pull=always --rm -v "checkouts-54344843-0":/host -w "$PWD" -e JAVA_HOME="/root/.sdkman/candidates/java/current" -e SPI_BUILD="1" -e SPI_PROCESSING="1" registry.gitlab.com/saguaro1/spi-images:android-6.3-latest swift build --swift-sdk aarch64-unknown-linux-android28 2>&1
android-6.3-latest: Pulling from saguaro1/spi-images
Digest: sha256:2b782c87e0bdf114eb0da12f6379a346f06569d6991407581da7dc03d1813adf
Status: Image is up to date for registry.gitlab.com/saguaro1/spi-images:android-6.3-latest
Fetching https://github.com/NikSativa/SpryKit.git
[1/1332] Fetching sprykit
Fetched https://github.com/NikSativa/SpryKit.git from cache (0.55s)
Computing version for https://github.com/NikSativa/SpryKit.git
Computed https://github.com/NikSativa/SpryKit.git at 3.2.4 (0.70s)
Fetching https://github.com/mattgallagher/CwlPreconditionTesting.git
Fetching https://github.com/NikSativa/Threading.git
Fetching https://github.com/swiftlang/swift-syntax.git
[1/543] Fetching threading
[544/1800] Fetching threading, cwlpreconditiontesting
Fetched https://github.com/mattgallagher/CwlPreconditionTesting.git from cache (0.54s)
[1/79667] Fetching swift-syntax
Fetched https://github.com/NikSativa/Threading.git from cache (2.99s)
Fetched https://github.com/swiftlang/swift-syntax.git from cache (3.01s)
Computing version for https://github.com/swiftlang/swift-syntax.git
Computed https://github.com/swiftlang/swift-syntax.git at 600.0.1 (4.04s)
Computing version for https://github.com/mattgallagher/CwlPreconditionTesting.git
Computed https://github.com/mattgallagher/CwlPreconditionTesting.git at 2.2.2 (0.17s)
Fetching https://github.com/mattgallagher/CwlCatchException.git
[5/460] Fetching cwlcatchexception
Fetched https://github.com/mattgallagher/CwlCatchException.git from cache (0.52s)
Computing version for https://github.com/NikSativa/Threading.git
Computed https://github.com/NikSativa/Threading.git at 2.3.4 (0.67s)
Computing version for https://github.com/mattgallagher/CwlCatchException.git
Computed https://github.com/mattgallagher/CwlCatchException.git at 2.2.1 (0.16s)
Creating working copy for https://github.com/swiftlang/swift-syntax.git
Working copy of https://github.com/swiftlang/swift-syntax.git resolved at 600.0.1
Creating working copy for https://github.com/mattgallagher/CwlCatchException.git
Working copy of https://github.com/mattgallagher/CwlCatchException.git resolved at 2.2.1
Creating working copy for https://github.com/NikSativa/SpryKit.git
Working copy of https://github.com/NikSativa/SpryKit.git resolved at 3.2.4
Creating working copy for https://github.com/NikSativa/Threading.git
Working copy of https://github.com/NikSativa/Threading.git resolved at 2.3.4
Creating working copy for https://github.com/mattgallagher/CwlPreconditionTesting.git
Working copy of https://github.com/mattgallagher/CwlPreconditionTesting.git resolved at 2.2.2
Building for debugging...
[0/3] Copying PrivacyInfo.xcprivacy
[1/3] Write sources
[2/3] Write swift-version-272D24FF697CF451.txt
error: emit-module command failed with exit code 1 (use -v to see invocation)
[4/34] Emitting module SmartText
/host/spi-builder-workspace/Source/LocalizedStringKey+ST.swift:2:8: error: no such module 'SwiftUI'
 1 | import Foundation
 2 | import SwiftUI
   |        `- error: no such module 'SwiftUI'
 3 |
 4 | private extension LocalizedStringKey {
[5/38] Compiling SmartText SmartTextField.Eventier.swift
/host/spi-builder-workspace/Source/LocalizedStringKey+ST.swift:2:8: error: no such module 'SwiftUI'
 1 | import Foundation
 2 | import SwiftUI
   |        `- error: no such module 'SwiftUI'
 3 |
 4 | private extension LocalizedStringKey {
[6/38] Compiling SmartText SmartTextField.swift
/host/spi-builder-workspace/Source/LocalizedStringKey+ST.swift:2:8: error: no such module 'SwiftUI'
 1 | import Foundation
 2 | import SwiftUI
   |        `- error: no such module 'SwiftUI'
 3 |
 4 | private extension LocalizedStringKey {
[7/38] Compiling SmartText UISmartTextField.Configuration.swift
/host/spi-builder-workspace/Source/LocalizedStringKey+ST.swift:2:8: error: no such module 'SwiftUI'
 1 | import Foundation
 2 | import SwiftUI
   |        `- error: no such module 'SwiftUI'
 3 |
 4 | private extension LocalizedStringKey {
[8/38] Compiling SmartText UISmartTextField.DatePicker.swift
/host/spi-builder-workspace/Source/LocalizedStringKey+ST.swift:2:8: error: no such module 'SwiftUI'
 1 | import Foundation
 2 | import SwiftUI
   |        `- error: no such module 'SwiftUI'
 3 |
 4 | private extension LocalizedStringKey {
[9/38] Compiling SmartText TextFormatable.swift
/host/spi-builder-workspace/Source/LocalizedStringKey+ST.swift:2:8: error: no such module 'SwiftUI'
 1 | import Foundation
 2 | import SwiftUI
   |        `- error: no such module 'SwiftUI'
 3 |
 4 | private extension LocalizedStringKey {
[10/38] Compiling SmartText TextFormatter.Custom.swift
/host/spi-builder-workspace/Source/LocalizedStringKey+ST.swift:2:8: error: no such module 'SwiftUI'
 1 | import Foundation
 2 | import SwiftUI
   |        `- error: no such module 'SwiftUI'
 3 |
 4 | private extension LocalizedStringKey {
[11/38] Compiling SmartText TextFormatter.Email.swift
/host/spi-builder-workspace/Source/LocalizedStringKey+ST.swift:2:8: error: no such module 'SwiftUI'
 1 | import Foundation
 2 | import SwiftUI
   |        `- error: no such module 'SwiftUI'
 3 |
 4 | private extension LocalizedStringKey {
[12/38] Compiling SmartText TextFormatter.Identity.swift
/host/spi-builder-workspace/Source/LocalizedStringKey+ST.swift:2:8: error: no such module 'SwiftUI'
 1 | import Foundation
 2 | import SwiftUI
   |        `- error: no such module 'SwiftUI'
 3 |
 4 | private extension LocalizedStringKey {
[13/38] Compiling SmartText TextFormatter.LengthLimited.swift
/host/spi-builder-workspace/Source/LocalizedStringKey+ST.swift:2:8: error: no such module 'SwiftUI'
 1 | import Foundation
 2 | import SwiftUI
   |        `- error: no such module 'SwiftUI'
 3 |
 4 | private extension LocalizedStringKey {
[14/38] Compiling SmartText TextValidator.Custom.swift
/host/spi-builder-workspace/Source/LocalizedStringKey+ST.swift:2:8: error: no such module 'SwiftUI'
 1 | import Foundation
 2 | import SwiftUI
   |        `- error: no such module 'SwiftUI'
 3 |
 4 | private extension LocalizedStringKey {
[15/38] Compiling SmartText TextValidator.Email.swift
/host/spi-builder-workspace/Source/LocalizedStringKey+ST.swift:2:8: error: no such module 'SwiftUI'
 1 | import Foundation
 2 | import SwiftUI
   |        `- error: no such module 'SwiftUI'
 3 |
 4 | private extension LocalizedStringKey {
[16/38] Compiling SmartText TextValidator.Identity.swift
/host/spi-builder-workspace/Source/LocalizedStringKey+ST.swift:2:8: error: no such module 'SwiftUI'
 1 | import Foundation
 2 | import SwiftUI
   |        `- error: no such module 'SwiftUI'
 3 |
 4 | private extension LocalizedStringKey {
[17/38] Compiling SmartText TextValidator.IncludesLowercase.swift
/host/spi-builder-workspace/Source/LocalizedStringKey+ST.swift:2:8: error: no such module 'SwiftUI'
 1 | import Foundation
 2 | import SwiftUI
   |        `- error: no such module 'SwiftUI'
 3 |
 4 | private extension LocalizedStringKey {
[18/38] Compiling SmartText RangeExt.swift
/host/spi-builder-workspace/Source/LocalizedStringKey+ST.swift:2:8: error: no such module 'SwiftUI'
 1 | import Foundation
 2 | import SwiftUI
   |        `- error: no such module 'SwiftUI'
 3 |
 4 | private extension LocalizedStringKey {
[19/38] Compiling SmartText STString.swift
/host/spi-builder-workspace/Source/LocalizedStringKey+ST.swift:2:8: error: no such module 'SwiftUI'
 1 | import Foundation
 2 | import SwiftUI
   |        `- error: no such module 'SwiftUI'
 3 |
 4 | private extension LocalizedStringKey {
[20/38] Compiling SmartText StringExt.swift
/host/spi-builder-workspace/Source/LocalizedStringKey+ST.swift:2:8: error: no such module 'SwiftUI'
 1 | import Foundation
 2 | import SwiftUI
   |        `- error: no such module 'SwiftUI'
 3 |
 4 | private extension LocalizedStringKey {
[21/38] Compiling SmartText SmartTextField.Configuration.swift
/host/spi-builder-workspace/Source/LocalizedStringKey+ST.swift:2:8: error: no such module 'SwiftUI'
 1 | import Foundation
 2 | import SwiftUI
   |        `- error: no such module 'SwiftUI'
 3 |
 4 | private extension LocalizedStringKey {
[22/38] Compiling SmartText TextValidator.IncludesUppercase.swift
/host/spi-builder-workspace/Source/LocalizedStringKey+ST.swift:2:8: error: no such module 'SwiftUI'
 1 | import Foundation
 2 | import SwiftUI
   |        `- error: no such module 'SwiftUI'
 3 |
 4 | private extension LocalizedStringKey {
[23/38] Compiling SmartText TextValidator.LengthLimited.swift
/host/spi-builder-workspace/Source/LocalizedStringKey+ST.swift:2:8: error: no such module 'SwiftUI'
 1 | import Foundation
 2 | import SwiftUI
   |        `- error: no such module 'SwiftUI'
 3 |
 4 | private extension LocalizedStringKey {
[24/38] Compiling SmartText TextValidator.MaxLengthLimited.swift
/host/spi-builder-workspace/Source/LocalizedStringKey+ST.swift:2:8: error: no such module 'SwiftUI'
 1 | import Foundation
 2 | import SwiftUI
   |        `- error: no such module 'SwiftUI'
 3 |
 4 | private extension LocalizedStringKey {
[25/38] Compiling SmartText TextValidator.MinLengthLimited.swift
/host/spi-builder-workspace/Source/LocalizedStringKey+ST.swift:2:8: error: no such module 'SwiftUI'
 1 | import Foundation
 2 | import SwiftUI
   |        `- error: no such module 'SwiftUI'
 3 |
 4 | private extension LocalizedStringKey {
[26/38] Compiling SmartText UISmartTextField.Eventier.swift
/host/spi-builder-workspace/Source/LocalizedStringKey+ST.swift:2:8: error: no such module 'SwiftUI'
 1 | import Foundation
 2 | import SwiftUI
   |        `- error: no such module 'SwiftUI'
 3 |
 4 | private extension LocalizedStringKey {
[27/38] Compiling SmartText UISmartTextField.swift
/host/spi-builder-workspace/Source/LocalizedStringKey+ST.swift:2:8: error: no such module 'SwiftUI'
 1 | import Foundation
 2 | import SwiftUI
   |        `- error: no such module 'SwiftUI'
 3 |
 4 | private extension LocalizedStringKey {
[28/38] Compiling SmartText TextValidatable.swift
/host/spi-builder-workspace/Source/LocalizedStringKey+ST.swift:2:8: error: no such module 'SwiftUI'
 1 | import Foundation
 2 | import SwiftUI
   |        `- error: no such module 'SwiftUI'
 3 |
 4 | private extension LocalizedStringKey {
[29/38] Compiling SmartText TextValidationResult.swift
/host/spi-builder-workspace/Source/LocalizedStringKey+ST.swift:2:8: error: no such module 'SwiftUI'
 1 | import Foundation
 2 | import SwiftUI
   |        `- error: no such module 'SwiftUI'
 3 |
 4 | private extension LocalizedStringKey {
[30/38] Compiling SmartText TextValidator.NotEmpty.swift
/host/spi-builder-workspace/Source/LocalizedStringKey+ST.swift:2:8: error: no such module 'SwiftUI'
 1 | import Foundation
 2 | import SwiftUI
   |        `- error: no such module 'SwiftUI'
 3 |
 4 | private extension LocalizedStringKey {
[31/38] Compiling SmartText TextValidator.NumbersOnly.swift
/host/spi-builder-workspace/Source/LocalizedStringKey+ST.swift:2:8: error: no such module 'SwiftUI'
 1 | import Foundation
 2 | import SwiftUI
   |        `- error: no such module 'SwiftUI'
 3 |
 4 | private extension LocalizedStringKey {
[32/38] Compiling SmartText TextValidator.swift
/host/spi-builder-workspace/Source/LocalizedStringKey+ST.swift:2:8: error: no such module 'SwiftUI'
 1 | import Foundation
 2 | import SwiftUI
   |        `- error: no such module 'SwiftUI'
 3 |
 4 | private extension LocalizedStringKey {
[33/38] Compiling SmartText resource_bundle_accessor.swift
/host/spi-builder-workspace/Source/LocalizedStringKey+ST.swift:2:8: error: no such module 'SwiftUI'
 1 | import Foundation
 2 | import SwiftUI
   |        `- error: no such module 'SwiftUI'
 3 |
 4 | private extension LocalizedStringKey {
[34/38] Compiling SmartText TextFormatter.NumbersOnly.swift
/host/spi-builder-workspace/Source/LocalizedStringKey+ST.swift:2:8: error: no such module 'SwiftUI'
 1 | import Foundation
 2 | import SwiftUI
   |        `- error: no such module 'SwiftUI'
 3 |
 4 | private extension LocalizedStringKey {
[35/38] Compiling SmartText TextFormatter.StripLeadingSpaces.swift
/host/spi-builder-workspace/Source/LocalizedStringKey+ST.swift:2:8: error: no such module 'SwiftUI'
 1 | import Foundation
 2 | import SwiftUI
   |        `- error: no such module 'SwiftUI'
 3 |
 4 | private extension LocalizedStringKey {
[36/38] Compiling SmartText TextFormatter.StripSpaces.swift
/host/spi-builder-workspace/Source/LocalizedStringKey+ST.swift:2:8: error: no such module 'SwiftUI'
 1 | import Foundation
 2 | import SwiftUI
   |        `- error: no such module 'SwiftUI'
 3 |
 4 | private extension LocalizedStringKey {
[37/38] Compiling SmartText TextFormatter.swift
/host/spi-builder-workspace/Source/LocalizedStringKey+ST.swift:2:8: error: no such module 'SwiftUI'
 1 | import Foundation
 2 | import SwiftUI
   |        `- error: no such module 'SwiftUI'
 3 |
 4 | private extension LocalizedStringKey {
[38/38] Compiling SmartText LocalizedStringKey+ST.swift
/host/spi-builder-workspace/Source/LocalizedStringKey+ST.swift:2:8: error: no such module 'SwiftUI'
 1 | import Foundation
 2 | import SwiftUI
   |        `- error: no such module 'SwiftUI'
 3 |
 4 | private extension LocalizedStringKey {
BUILD FAILURE 6.3 android