Build Information
Failed to build swim, reference main (a29d99), with Swift 6.2 for Wasm on 30 Jun 2026 15:08:41 UTC.
Build Command
bash -c docker run --pull=always --rm -v "checkouts-53886770-2":/host -w "$PWD" -e JAVA_HOME="/root/.sdkman/candidates/java/current" -e SPI_BUILD="1" -e SPI_PROCESSING="1" registry.gitlab.com/saguaro1/spi-images:wasm-6.2-latest swift build --swift-sdk swift-6.2-RELEASE_wasm 2>&1Build Log
========================================
RunAll
========================================
Builder version: 0e64495ecc1688c3b3e031a5ef1348b5c05091ae
Interrupt handler set up.
========================================
Checkout
========================================
Clone URL: https://github.com/mitsuse/swim.git
Reference: main
Initialized empty Git repository in /host/spi-builder-workspace/.git/
hint: Using 'master' as the name for the initial branch. This default branch name
hint: is subject to change. To configure the initial branch name to use in all
hint: of your new repositories, which will suppress this warning, call:
hint:
hint: git config --global init.defaultBranch <name>
hint:
hint: Names commonly chosen instead of 'master' are 'main', 'trunk' and
hint: 'development'. The just-created branch can be renamed via this command:
hint:
hint: git branch -m <name>
From https://github.com/mitsuse/swim
* branch main -> FETCH_HEAD
* [new branch] main -> origin/main
HEAD is now at a29d999 Merge branch 'update-readme'
Cloned https://github.com/mitsuse/swim.git
Revision (git rev-parse @):
a29d999c27475bfb3859c7d48b51f8353c0410b1
SUCCESS checkout https://github.com/mitsuse/swim.git at main
========================================
Build
========================================
Selected platform: wasm
Swift version: 6.2
Building package at path: $PWD
https://github.com/mitsuse/swim.git
Running build ...
bash -c docker run --pull=always --rm -v "checkouts-53886770-2":/host -w "$PWD" -e JAVA_HOME="/root/.sdkman/candidates/java/current" -e SPI_BUILD="1" -e SPI_PROCESSING="1" registry.gitlab.com/saguaro1/spi-images:wasm-6.2-latest swift build --swift-sdk swift-6.2-RELEASE_wasm 2>&1
wasm-6.2-latest: Pulling from saguaro1/spi-images
Digest: sha256:dc8dffc38f1d92eca7ee5312617822470123661393ed20672e77964f9dcaaffb
Status: Image is up to date for registry.gitlab.com/saguaro1/spi-images:wasm-6.2-latest
Fetching https://github.com/Carthage/Commandant.git
[1/2329] Fetching commandant
Fetched https://github.com/Carthage/Commandant.git from cache (0.47s)
Computing version for https://github.com/Carthage/Commandant.git
Computed https://github.com/Carthage/Commandant.git at 0.17.0 (0.64s)
Fetching https://github.com/Quick/Nimble.git
Fetching https://github.com/Quick/Quick.git
[1/14906] Fetching quick
[4622/34878] Fetching quick, nimble
Fetched https://github.com/Quick/Quick.git from cache (0.68s)
[799/19972] Fetching nimble
Fetched https://github.com/Quick/Nimble.git from cache (1.15s)
Computing version for https://github.com/Quick/Quick.git
Computed https://github.com/Quick/Quick.git at 2.2.1 (1.33s)
Computing version for https://github.com/Quick/Nimble.git
Computed https://github.com/Quick/Nimble.git at 8.1.2 (0.16s)
Creating working copy for https://github.com/Quick/Quick.git
Working copy of https://github.com/Quick/Quick.git resolved at 2.2.1
Creating working copy for https://github.com/Quick/Nimble.git
Working copy of https://github.com/Quick/Nimble.git resolved at 8.1.2
Creating working copy for https://github.com/Carthage/Commandant.git
Working copy of https://github.com/Carthage/Commandant.git resolved at 0.17.0
Building for debugging...
[0/7] Write sources
[2/7] Write swift-version-24593BA9C3E375BF.txt
[4/17] Compiling Commandant Result+Additions.swift
[5/18] Compiling Commandant Switch.swift
[6/18] Compiling Commandant OrderedSet.swift
[7/18] Compiling Commandant Errors.swift
[8/18] Compiling Commandant Argument.swift
[9/18] Compiling Commandant ArgumentParser.swift
[10/18] Compiling Commandant ArgumentProtocol.swift
/host/spi-builder-workspace/.build/checkouts/Commandant/Sources/Commandant/Command.swift:206:15: error: cannot find 'Process' in scope
204 |
205 | func launchTask(_ path: String, arguments: [String]) -> Int32 {
206 | let task = Process()
| `- error: cannot find 'Process' in scope
207 | task.arguments = arguments
208 |
[11/18] Compiling Commandant Command.swift
/host/spi-builder-workspace/.build/checkouts/Commandant/Sources/Commandant/Command.swift:206:15: error: cannot find 'Process' in scope
204 |
205 | func launchTask(_ path: String, arguments: [String]) -> Int32 {
206 | let task = Process()
| `- error: cannot find 'Process' in scope
207 | task.arguments = arguments
208 |
[12/18] Compiling Commandant HelpCommand.swift
[13/18] Emitting module Commandant
[14/18] Compiling Commandant Option.swift
BUILD FAILURE 6.2 wasm