Build Information
Failed to build swiftui-window-overlay, reference main (ec1c7c), with Swift 6.2 for Android on 17 Oct 2026 13:20:43 UTC.
Build Command
bash -c docker run --pull=always --rm -v "checkouts-53886770-2":/host -w "$PWD" -e JAVA_HOME="/root/.sdkman/candidates/java/current" -e SPI_BUILD="1" -e SPI_PROCESSING="1" registry.gitlab.com/saguaro1/spi-images:android-6.2-latest swift build --swift-sdk aarch64-unknown-linux-android28 2>&1Build Log
========================================
RunAll
========================================
Builder version: 5.1.3
Interrupt handler set up.
========================================
Checkout
========================================
Clone URL: https://github.com/sunghyun-k/swiftui-window-overlay.git
Reference: main
Initialized empty Git repository in /host/spi-builder-workspace/.git/
hint: Using 'master' as the name for the initial branch. This default branch name
hint: is subject to change. To configure the initial branch name to use in all
hint: of your new repositories, which will suppress this warning, call:
hint:
hint: git config --global init.defaultBranch <name>
hint:
hint: Names commonly chosen instead of 'master' are 'main', 'trunk' and
hint: 'development'. The just-created branch can be renamed via this command:
hint:
hint: git branch -m <name>
From https://github.com/sunghyun-k/swiftui-window-overlay
* branch main -> FETCH_HEAD
* [new branch] main -> origin/main
HEAD is now at ec1c7c4 Add HitTestCheck example app and check script
Cloned https://github.com/sunghyun-k/swiftui-window-overlay.git
Revision (git rev-parse @):
ec1c7c4a7b1e1a580c1711e39ac441b1f42807da
SUCCESS checkout https://github.com/sunghyun-k/swiftui-window-overlay.git at main
========================================
Build
========================================
Selected platform: android
Swift version: 6.2
Building package at path: $PWD
https://github.com/sunghyun-k/swiftui-window-overlay.git
Running build ...
bash -c docker run --pull=always --rm -v "checkouts-53886770-2":/host -w "$PWD" -e JAVA_HOME="/root/.sdkman/candidates/java/current" -e SPI_BUILD="1" -e SPI_PROCESSING="1" registry.gitlab.com/saguaro1/spi-images:android-6.2-latest swift build --swift-sdk aarch64-unknown-linux-android28 2>&1
android-6.2-latest: Pulling from saguaro1/spi-images
Digest: sha256:d84c435a77e30f1b4b40344b42d2ce7e8dc33d04eebdaebfb0e2bc42b4ff2af5
Status: Image is up to date for registry.gitlab.com/saguaro1/spi-images:android-6.2-latest
Building for debugging...
[0/2] Write sources
[1/2] Write swift-version--11D90AFD9DD3AB2.txt
[3/8] Compiling WindowOverlay Helpers.swift
/host/spi-builder-workspace/Sources/WindowOverlay/Internals/Helpers.swift:1:8: error: no such module 'SwiftUI'
1 | import SwiftUI
| `- error: no such module 'SwiftUI'
2 |
3 | extension View {
[4/8] Compiling WindowOverlay StatusBarForwardingHostingController.swift
/host/spi-builder-workspace/Sources/WindowOverlay/Internals/Helpers.swift:1:8: error: no such module 'SwiftUI'
1 | import SwiftUI
| `- error: no such module 'SwiftUI'
2 |
3 | extension View {
error: emit-module command failed with exit code 1 (use -v to see invocation)
[5/8] Emitting module WindowOverlay
/host/spi-builder-workspace/Sources/WindowOverlay/Internals/Helpers.swift:1:8: error: no such module 'SwiftUI'
1 | import SwiftUI
| `- error: no such module 'SwiftUI'
2 |
3 | extension View {
[6/8] Compiling WindowOverlay WindowOverlayWindow.swift
/host/spi-builder-workspace/Sources/WindowOverlay/Internals/Helpers.swift:1:8: error: no such module 'SwiftUI'
1 | import SwiftUI
| `- error: no such module 'SwiftUI'
2 |
3 | extension View {
[7/8] Compiling WindowOverlay WindowOverlayModifier.swift
/host/spi-builder-workspace/Sources/WindowOverlay/Internals/Helpers.swift:1:8: error: no such module 'SwiftUI'
1 | import SwiftUI
| `- error: no such module 'SwiftUI'
2 |
3 | extension View {
[8/8] Compiling WindowOverlay WindowBridgingView.swift
/host/spi-builder-workspace/Sources/WindowOverlay/Internals/Helpers.swift:1:8: error: no such module 'SwiftUI'
1 | import SwiftUI
| `- error: no such module 'SwiftUI'
2 |
3 | extension View {
BUILD FAILURE 6.2 android