Build Information
Failed to build StreamReader, reference master (2a8e6f), with Swift 6.1 for Android on 27 Jun 2026 10:33:12 UTC.
Build Command
bash -c docker run --pull=always --rm -v "checkouts-53886768-0":/host -w "$PWD" -e JAVA_HOME="/root/.sdkman/candidates/java/current" -e SPI_BUILD="1" -e SPI_PROCESSING="1" registry.gitlab.com/saguaro1/spi-images:android-6.1-latest swift build --swift-sdk aarch64-unknown-linux-android24 2>&1Build Log
========================================
RunAll
========================================
Builder version: 0e64495ecc1688c3b3e031a5ef1348b5c05091ae
Interrupt handler set up.
========================================
Checkout
========================================
Clone URL: https://github.com/mxcl/streamreader.git
Reference: master
Initialized empty Git repository in /host/spi-builder-workspace/.git/
hint: Using 'master' as the name for the initial branch. This default branch name
hint: is subject to change. To configure the initial branch name to use in all
hint: of your new repositories, which will suppress this warning, call:
hint:
hint: git config --global init.defaultBranch <name>
hint:
hint: Names commonly chosen instead of 'master' are 'main', 'trunk' and
hint: 'development'. The just-created branch can be renamed via this command:
hint:
hint: git branch -m <name>
From https://github.com/mxcl/streamreader
* branch master -> FETCH_HEAD
* [new branch] master -> origin/master
HEAD is now at 2a8e6fc nope
Cloned https://github.com/mxcl/streamreader.git
Revision (git rev-parse @):
2a8e6fc18e1e51e188487d5e75a8768548481119
SUCCESS checkout https://github.com/mxcl/streamreader.git at master
========================================
Build
========================================
Selected platform: android
Swift version: 6.1
Building package at path: $PWD
https://github.com/mxcl/streamreader.git
https://github.com/mxcl/streamreader.git
WARNING: environment variable SUPPRESS_SWIFT_6_FLAGS is not set
Running build ...
bash -c docker run --pull=always --rm -v "checkouts-53886768-0":/host -w "$PWD" -e JAVA_HOME="/root/.sdkman/candidates/java/current" -e SPI_BUILD="1" -e SPI_PROCESSING="1" registry.gitlab.com/saguaro1/spi-images:android-6.1-latest swift build --swift-sdk aarch64-unknown-linux-android24 -Xswiftc -Xfrontend -Xswiftc -stats-output-dir -Xswiftc -Xfrontend -Xswiftc .stats -Xswiftc -strict-concurrency=complete -Xswiftc -enable-upcoming-feature -Xswiftc StrictConcurrency -Xswiftc -enable-upcoming-feature -Xswiftc DisableOutwardActorInference -Xswiftc -enable-upcoming-feature -Xswiftc GlobalActorIsolatedTypesUsability -Xswiftc -enable-upcoming-feature -Xswiftc InferSendableFromCaptures 2>&1
android-6.1-latest: Pulling from saguaro1/spi-images
Digest: sha256:365d9b14669f92fea0572234887def10439445c91d7e524c78a6579ad7294f11
Status: Image is up to date for registry.gitlab.com/saguaro1/spi-images:android-6.1-latest
Fetching https://github.com/mxcl/Path.swift
[1/1222] Fetching path.swift
Fetched https://github.com/mxcl/Path.swift from cache (0.42s)
Computing version for https://github.com/mxcl/Path.swift
Computed https://github.com/mxcl/Path.swift at 1.6.0 (0.67s)
Creating working copy for https://github.com/mxcl/Path.swift
Working copy of https://github.com/mxcl/Path.swift resolved at 1.6.0
Building for debugging...
[0/3] Write sources
[2/3] Write swift-version-24593BA9C3E375BF.txt
error: emit-module command failed with exit code 1 (use -v to see invocation)
[4/13] Emitting module Path
/host/spi-builder-workspace/.build/checkouts/Path.swift/Sources/Path.swift:3:13: error: no such module 'Darwin'
1 | import Foundation
2 | #if !os(Linux)
3 | import func Darwin.realpath
| `- error: no such module 'Darwin'
4 | let _realpath = Darwin.realpath
5 | #else
[5/14] Compiling Path Pathish.swift
/host/spi-builder-workspace/.build/checkouts/Path.swift/Sources/Path.swift:3:13: error: no such module 'Darwin'
1 | import Foundation
2 | #if !os(Linux)
3 | import func Darwin.realpath
| `- error: no such module 'Darwin'
4 | let _realpath = Darwin.realpath
5 | #else
[6/14] Compiling Path Extensions.swift
/host/spi-builder-workspace/.build/checkouts/Path.swift/Sources/Path.swift:3:13: error: no such module 'Darwin'
1 | import Foundation
2 | #if !os(Linux)
3 | import func Darwin.realpath
| `- error: no such module 'Darwin'
4 | let _realpath = Darwin.realpath
5 | #else
[7/14] Compiling Path Path+Attributes.swift
/host/spi-builder-workspace/.build/checkouts/Path.swift/Sources/Path.swift:3:13: error: no such module 'Darwin'
1 | import Foundation
2 | #if !os(Linux)
3 | import func Darwin.realpath
| `- error: no such module 'Darwin'
4 | let _realpath = Darwin.realpath
5 | #else
[8/14] Compiling Path PathToBool.swift
/host/spi-builder-workspace/.build/checkouts/Path.swift/Sources/Path.swift:3:13: error: no such module 'Darwin'
1 | import Foundation
2 | #if !os(Linux)
3 | import func Darwin.realpath
| `- error: no such module 'Darwin'
4 | let _realpath = Darwin.realpath
5 | #else
[9/14] Compiling Path Path.swift
/host/spi-builder-workspace/.build/checkouts/Path.swift/Sources/Path.swift:3:13: error: no such module 'Darwin'
1 | import Foundation
2 | #if !os(Linux)
3 | import func Darwin.realpath
| `- error: no such module 'Darwin'
4 | let _realpath = Darwin.realpath
5 | #else
[10/14] Compiling Path Path+ls.swift
/host/spi-builder-workspace/.build/checkouts/Path.swift/Sources/Path.swift:3:13: error: no such module 'Darwin'
1 | import Foundation
2 | #if !os(Linux)
3 | import func Darwin.realpath
| `- error: no such module 'Darwin'
4 | let _realpath = Darwin.realpath
5 | #else
[11/14] Compiling Path Path+StringConvertibles.swift
/host/spi-builder-workspace/.build/checkouts/Path.swift/Sources/Path.swift:3:13: error: no such module 'Darwin'
1 | import Foundation
2 | #if !os(Linux)
3 | import func Darwin.realpath
| `- error: no such module 'Darwin'
4 | let _realpath = Darwin.realpath
5 | #else
[12/14] Compiling Path Path+FileManager.swift
/host/spi-builder-workspace/.build/checkouts/Path.swift/Sources/Path.swift:3:13: error: no such module 'Darwin'
1 | import Foundation
2 | #if !os(Linux)
3 | import func Darwin.realpath
| `- error: no such module 'Darwin'
4 | let _realpath = Darwin.realpath
5 | #else
[13/14] Compiling Path Path+Codable.swift
/host/spi-builder-workspace/.build/checkouts/Path.swift/Sources/Path.swift:3:13: error: no such module 'Darwin'
1 | import Foundation
2 | #if !os(Linux)
3 | import func Darwin.realpath
| `- error: no such module 'Darwin'
4 | let _realpath = Darwin.realpath
5 | #else
[14/14] Compiling Path Path+CommonDirectories.swift
/host/spi-builder-workspace/.build/checkouts/Path.swift/Sources/Path.swift:3:13: error: no such module 'Darwin'
1 | import Foundation
2 | #if !os(Linux)
3 | import func Darwin.realpath
| `- error: no such module 'Darwin'
4 | let _realpath = Darwin.realpath
5 | #else
Running build ...
bash -c docker run --pull=always --rm -v "checkouts-53886768-0":/host -w "$PWD" -e JAVA_HOME="/root/.sdkman/candidates/java/current" -e SPI_BUILD="1" -e SPI_PROCESSING="1" registry.gitlab.com/saguaro1/spi-images:android-6.1-latest swift build --swift-sdk aarch64-unknown-linux-android24 2>&1
android-6.1-latest: Pulling from saguaro1/spi-images
Digest: sha256:365d9b14669f92fea0572234887def10439445c91d7e524c78a6579ad7294f11
Status: Image is up to date for registry.gitlab.com/saguaro1/spi-images:android-6.1-latest
[0/1] Planning build
Building for debugging...
[0/1] Write swift-version-24593BA9C3E375BF.txt
[2/11] Compiling Path Path+Codable.swift
/host/spi-builder-workspace/.build/checkouts/Path.swift/Sources/Path.swift:3:13: error: no such module 'Darwin'
1 | import Foundation
2 | #if !os(Linux)
3 | import func Darwin.realpath
| `- error: no such module 'Darwin'
4 | let _realpath = Darwin.realpath
5 | #else
[3/11] Compiling Path Path+CommonDirectories.swift
/host/spi-builder-workspace/.build/checkouts/Path.swift/Sources/Path.swift:3:13: error: no such module 'Darwin'
1 | import Foundation
2 | #if !os(Linux)
3 | import func Darwin.realpath
| `- error: no such module 'Darwin'
4 | let _realpath = Darwin.realpath
5 | #else
[4/11] Compiling Path Path+FileManager.swift
/host/spi-builder-workspace/.build/checkouts/Path.swift/Sources/Path.swift:3:13: error: no such module 'Darwin'
1 | import Foundation
2 | #if !os(Linux)
3 | import func Darwin.realpath
| `- error: no such module 'Darwin'
4 | let _realpath = Darwin.realpath
5 | #else
[5/12] Compiling Path Path+ls.swift
/host/spi-builder-workspace/.build/checkouts/Path.swift/Sources/Path.swift:3:13: error: no such module 'Darwin'
1 | import Foundation
2 | #if !os(Linux)
3 | import func Darwin.realpath
| `- error: no such module 'Darwin'
4 | let _realpath = Darwin.realpath
5 | #else
[6/12] Compiling Path PathToBool.swift
/host/spi-builder-workspace/.build/checkouts/Path.swift/Sources/Path.swift:3:13: error: no such module 'Darwin'
1 | import Foundation
2 | #if !os(Linux)
3 | import func Darwin.realpath
| `- error: no such module 'Darwin'
4 | let _realpath = Darwin.realpath
5 | #else
[7/12] Compiling Path Path+StringConvertibles.swift
/host/spi-builder-workspace/.build/checkouts/Path.swift/Sources/Path.swift:3:13: error: no such module 'Darwin'
1 | import Foundation
2 | #if !os(Linux)
3 | import func Darwin.realpath
| `- error: no such module 'Darwin'
4 | let _realpath = Darwin.realpath
5 | #else
[8/12] Compiling Path Path.swift
/host/spi-builder-workspace/.build/checkouts/Path.swift/Sources/Path.swift:3:13: error: no such module 'Darwin'
1 | import Foundation
2 | #if !os(Linux)
3 | import func Darwin.realpath
| `- error: no such module 'Darwin'
4 | let _realpath = Darwin.realpath
5 | #else
error: emit-module command failed with exit code 1 (use -v to see invocation)
[9/12] Emitting module Path
/host/spi-builder-workspace/.build/checkouts/Path.swift/Sources/Path.swift:3:13: error: no such module 'Darwin'
1 | import Foundation
2 | #if !os(Linux)
3 | import func Darwin.realpath
| `- error: no such module 'Darwin'
4 | let _realpath = Darwin.realpath
5 | #else
[10/12] Compiling Path Extensions.swift
/host/spi-builder-workspace/.build/checkouts/Path.swift/Sources/Path.swift:3:13: error: no such module 'Darwin'
1 | import Foundation
2 | #if !os(Linux)
3 | import func Darwin.realpath
| `- error: no such module 'Darwin'
4 | let _realpath = Darwin.realpath
5 | #else
[11/12] Compiling Path Path+Attributes.swift
/host/spi-builder-workspace/.build/checkouts/Path.swift/Sources/Path.swift:3:13: error: no such module 'Darwin'
1 | import Foundation
2 | #if !os(Linux)
3 | import func Darwin.realpath
| `- error: no such module 'Darwin'
4 | let _realpath = Darwin.realpath
5 | #else
[12/12] Compiling Path Pathish.swift
/host/spi-builder-workspace/.build/checkouts/Path.swift/Sources/Path.swift:3:13: error: no such module 'Darwin'
1 | import Foundation
2 | #if !os(Linux)
3 | import func Darwin.realpath
| `- error: no such module 'Darwin'
4 | let _realpath = Darwin.realpath
5 | #else
BUILD FAILURE 6.1 android