The Swift Package Index logo.Swift Package Index

Build Information

Failed to build TournamentBracket, reference master (cdceb2), with Swift 6.4 for tvOS using Xcode 27.0 on 21 Sep 2026 04:13:11 UTC.

Build Command

env DEVELOPER_DIR=/Applications/Xcode-27.0.0-Release.Candidate.app xcrun xcodebuild -IDEClonedSourcePackagesDirPathOverride=$PWD/.dependencies -skipMacroValidation -skipPackagePluginValidation -derivedDataPath $PWD/.derivedData build -scheme TournamentBracket -destination generic/platform=tvOS

Build Log

========================================
RunAll
========================================
Builder version: 5.1.0
Interrupt handler set up.
========================================
Checkout
========================================
Clone URL: https://github.com/manisrini/TournamentBracketSUI.git
Reference: master
Initialized empty Git repository in /Users/admin/builder/spi-builder-workspace/.git/
From https://github.com/manisrini/TournamentBracketSUI
 * branch            master     -> FETCH_HEAD
 * [new branch]      master     -> origin/master
HEAD is now at cdceb2d Create LICENSE
Cloned https://github.com/manisrini/TournamentBracketSUI.git
Revision (git rev-parse @):
cdceb2d394af3d33f359da47ce4a68e14a5653e2
SUCCESS checkout https://github.com/manisrini/TournamentBracketSUI.git at master
========================================
Build
========================================
Selected platform:         tvOS
Swift version:             6.4
Building package at path:  $PWD
https://github.com/manisrini/TournamentBracketSUI.git
Command line invocation:
    /Applications/Xcode-27.0.0-Release.Candidate.app/Contents/Developer/usr/bin/xcodebuild -IDEClonedSourcePackagesDirPathOverride=/Users/admin/builder/spi-builder-workspace/.dependencies -resolvePackageDependencies
Resolve Package Graph
Fetching from https://github.com/manisrini/DesignSystem
Creating working copy of package ‘DesignSystem’
Checking out 1.0.0 of package ‘DesignSystem’
Resolve Package Graph
Resolved source packages:
  DesignSystem: https://github.com/manisrini/DesignSystem @ 1.0.0
  TournamentBracket: /Users/admin/builder/spi-builder-workspace
resolved source packages: DesignSystem, TournamentBracket
2026-09-21 00:12:22.324 xcodebuild[529:3039] [MT] IDERunDestination: Supported platforms for the buildables in the current scheme is empty.
{
  "dependencies" : [
    {
      "identity" : "designsystem",
      "requirement" : {
        "range" : [
          {
            "lower_bound" : "1.0.0",
            "upper_bound" : "2.0.0"
          }
        ]
      },
      "type" : "sourceControl",
      "url" : "https://github.com/manisrini/DesignSystem"
    }
  ],
  "manifest_display_name" : "TournamentBracket",
  "name" : "TournamentBracket",
  "path" : "/Users/admin/builder/spi-builder-workspace",
  "platforms" : [
    {
      "name" : "ios",
      "version" : "17.0"
    }
  ],
  "products" : [
    {
      "name" : "TournamentBracket",
      "targets" : [
        "TournamentBracket"
      ],
      "type" : {
        "library" : [
          "automatic"
        ]
      }
    }
  ],
  "targets" : [
    {
      "c99name" : "TournamentBracketTests",
      "module_type" : "SwiftTarget",
      "name" : "TournamentBracketTests",
      "path" : "Tests/TournamentBracketTests",
      "sources" : [
        "TournamentBracketTests.swift"
      ],
      "target_dependencies" : [
        "TournamentBracket"
      ],
      "type" : "test"
    },
    {
      "c99name" : "TournamentBracket",
      "module_type" : "SwiftTarget",
      "name" : "TournamentBracket",
      "path" : "Sources/TournamentBracket",
      "product_dependencies" : [
        "DesignSystem"
      ],
      "product_memberships" : [
        "TournamentBracket"
      ],
      "resources" : [
        {
          "path" : "/Users/admin/builder/spi-builder-workspace/Sources/TournamentBracket/Resources/Media.xcassets",
          "rule" : {
            "process" : {
            }
          }
        }
      ],
      "sources" : [
        "BracketCell/BracketView.swift",
        "BracketCell/LineView.swift",
        "BracketCell/ScoreView.swift",
        "BracketListView.swift",
        "CustomTabView.swift",
        "TournamentBracketView/TournamentBracketView.swift",
        "TournamentBracketView/TournamentBracketViewModel.swift",
        "Utils/CustomViewModifiers.swift",
        "Utils/Extensions.swift",
        "Utils/PropWrappers.swift"
      ],
      "type" : "library"
    }
  ],
  "tools_version" : "5.10"
}
{
  "workspace" : {
    "name" : "TournamentBracket",
    "schemes" : [
      "TournamentBracket"
    ]
  }
}
2026-09-21 00:12:54.151 xcodebuild[663:4012] [MT] IDERunDestination: Supported platforms for the buildables in the current scheme is empty.
Running build ...
env DEVELOPER_DIR=/Applications/Xcode-27.0.0-Release.Candidate.app xcrun xcodebuild -IDEClonedSourcePackagesDirPathOverride=$PWD/.dependencies -skipMacroValidation -skipPackagePluginValidation -derivedDataPath $PWD/.derivedData build -scheme TournamentBracket -destination generic/platform=tvOS
Command line invocation:
    /Applications/Xcode-27.0.0-Release.Candidate.app/Contents/Developer/usr/bin/xcodebuild -IDEClonedSourcePackagesDirPathOverride=/Users/admin/builder/spi-builder-workspace/.dependencies -skipMacroValidation -skipPackagePluginValidation -derivedDataPath /Users/admin/builder/spi-builder-workspace/.derivedData build -scheme TournamentBracket -destination generic/platform=tvOS
Resolve Package Graph
Resolve Package Graph
Resolved source packages:
  DesignSystem: https://github.com/manisrini/DesignSystem @ 1.0.0
  TournamentBracket: /Users/admin/builder/spi-builder-workspace
ComputePackagePrebuildTargetDependencyGraph
Prepare packages
CreateBuildRequest
SendProjectDescription
CreateBuildOperation
ComputeTargetDependencyGraph
note: Building targets in dependency order
note: Target dependency graph (6 targets)
    Target 'TournamentBracket-product' in project 'TournamentBracket'
        ➜ Explicit dependency on target 'TournamentBracket' in project 'TournamentBracket'
        ➜ Explicit dependency on target 'TournamentBracket_TournamentBracket' in project 'TournamentBracket'
        ➜ Explicit dependency on target 'DesignSystem-product' in project 'DesignSystem'
    Target 'TournamentBracket' in project 'TournamentBracket'
        ➜ Explicit dependency on target 'TournamentBracket_TournamentBracket' in project 'TournamentBracket'
        ➜ Explicit dependency on target 'DesignSystem-product' in project 'DesignSystem'
    Target 'DesignSystem-product' in project 'DesignSystem'
        ➜ Explicit dependency on target 'DesignSystem' in project 'DesignSystem'
        ➜ Explicit dependency on target 'DesignSystem_DesignSystem' in project 'DesignSystem'
    Target 'DesignSystem' in project 'DesignSystem'
        ➜ Explicit dependency on target 'DesignSystem_DesignSystem' in project 'DesignSystem'
    Target 'DesignSystem_DesignSystem' in project 'DesignSystem' (no dependencies)
    Target 'TournamentBracket_TournamentBracket' in project 'TournamentBracket' (no dependencies)
GatherProvisioningInputs
CreateBuildDescription
ExecuteExternalTool /Applications/Xcode-27.0.0-Release.Candidate.app/Contents/Developer/usr/bin/actool --version --output-format xml1
ExecuteExternalTool /Applications/Xcode-27.0.0-Release.Candidate.app/Contents/Developer/Toolchains/XcodeDefault.xctoolchain/usr/bin/clang -v -E -dM -isysroot /Applications/Xcode-27.0.0-Release.Candidate.app/Contents/Developer/Platforms/AppleTVOS.platform/Developer/SDKs/AppleTVOS27.0.sdk -x c -c /dev/null
ExecuteExternalTool /Applications/Xcode-27.0.0-Release.Candidate.app/Contents/Developer/Toolchains/XcodeDefault.xctoolchain/usr/bin/swiftc --version
ExecuteExternalTool /Applications/Xcode-27.0.0-Release.Candidate.app/Contents/Developer/Toolchains/XcodeDefault.xctoolchain/usr/bin/ld -version_details
Build description signature: 89de02c97e6c7e7930f7dfb0f080c4a1
Build description path: /Users/admin/builder/spi-builder-workspace/.derivedData/Build/Intermediates.noindex/XCBuildData/89de02c97e6c7e7930f7dfb0f080c4a1.xcbuilddata
CreateBuildDirectory /Users/admin/builder/spi-builder-workspace/.derivedData/CompilationCache.noindex
    cd /Users/admin/builder/spi-builder-workspace/.swiftpm/xcode
    builtin-create-build-directory /Users/admin/builder/spi-builder-workspace/.derivedData/CompilationCache.noindex
CreateBuildDirectory /Users/admin/builder/spi-builder-workspace/.derivedData/ModuleCache.noindex
    cd /Users/admin/builder/spi-builder-workspace/.swiftpm/xcode
    builtin-create-build-directory /Users/admin/builder/spi-builder-workspace/.derivedData/ModuleCache.noindex
CreateBuildDirectory /Users/admin/builder/spi-builder-workspace/.derivedData/SDKExplicitPrecompiledModules
    cd /Users/admin/builder/spi-builder-workspace/.swiftpm/xcode
    builtin-create-build-directory /Users/admin/builder/spi-builder-workspace/.derivedData/SDKExplicitPrecompiledModules
CreateBuildDirectory /Users/admin/builder/spi-builder-workspace/.derivedData/Build/Products
    cd /Users/admin/builder/spi-builder-workspace/.swiftpm/xcode
    builtin-create-build-directory /Users/admin/builder/spi-builder-workspace/.derivedData/Build/Products
CreateBuildDirectory /Users/admin/builder/spi-builder-workspace/.derivedData/Build/Intermediates.noindex
    cd /Users/admin/builder/spi-builder-workspace/.swiftpm/xcode
    builtin-create-build-directory /Users/admin/builder/spi-builder-workspace/.derivedData/Build/Intermediates.noindex
ClangStatCache /Applications/Xcode-27.0.0-Release.Candidate.app/Contents/Developer/Toolchains/XcodeDefault.xctoolchain/usr/bin/clang-stat-cache /Applications/Xcode-27.0.0-Release.Candidate.app/Contents/Developer/Platforms/AppleTVOS.platform/Developer/SDKs/AppleTVOS27.0.sdk /Users/admin/builder/spi-builder-workspace/.derivedData/SDKStatCaches.noindex/appletvos27.0-24J360-e829b21a6f8c9b70876ba0858053c044b32bfd8d43560033f8d89884cdb90028.sdkstatcache
    cd /Users/admin/builder/spi-builder-workspace/.swiftpm/xcode
    /Applications/Xcode-27.0.0-Release.Candidate.app/Contents/Developer/Toolchains/XcodeDefault.xctoolchain/usr/bin/clang-stat-cache /Applications/Xcode-27.0.0-Release.Candidate.app/Contents/Developer/Platforms/AppleTVOS.platform/Developer/SDKs/AppleTVOS27.0.sdk -o /Users/admin/builder/spi-builder-workspace/.derivedData/SDKStatCaches.noindex/appletvos27.0-24J360-e829b21a6f8c9b70876ba0858053c044b32bfd8d43560033f8d89884cdb90028.sdkstatcache
CreateBuildDirectory /Users/admin/builder/spi-builder-workspace/.derivedData/Build/Intermediates.noindex/SwiftExplicitPrecompiledModules
    cd /Users/admin/builder/spi-builder-workspace/.swiftpm/xcode
    builtin-create-build-directory /Users/admin/builder/spi-builder-workspace/.derivedData/Build/Intermediates.noindex/SwiftExplicitPrecompiledModules
CreateBuildDirectory /Users/admin/builder/spi-builder-workspace/.derivedData/Build/Intermediates.noindex/PrecompiledHeaders
    cd /Users/admin/builder/spi-builder-workspace/.swiftpm/xcode
    builtin-create-build-directory /Users/admin/builder/spi-builder-workspace/.derivedData/Build/Intermediates.noindex/PrecompiledHeaders
CreateBuildDirectory /Users/admin/builder/spi-builder-workspace/.derivedData/Build/Intermediates.noindex/ExplicitPrecompiledModules
    cd /Users/admin/builder/spi-builder-workspace/.swiftpm/xcode
    builtin-create-build-directory /Users/admin/builder/spi-builder-workspace/.derivedData/Build/Intermediates.noindex/ExplicitPrecompiledModules
CreateBuildDirectory /Users/admin/builder/spi-builder-workspace/.derivedData/Build/Intermediates.noindex/EagerLinkingTBDs/Debug-appletvos
    cd /Users/admin/builder/spi-builder-workspace/.swiftpm/xcode
    builtin-create-build-directory /Users/admin/builder/spi-builder-workspace/.derivedData/Build/Intermediates.noindex/EagerLinkingTBDs/Debug-appletvos
CreateBuildDirectory /Users/admin/builder/spi-builder-workspace/.derivedData/Build/Products/Debug-appletvos
    cd /Users/admin/builder/spi-builder-workspace/.swiftpm/xcode
    builtin-create-build-directory /Users/admin/builder/spi-builder-workspace/.derivedData/Build/Products/Debug-appletvos
CreateBuildDirectory /Users/admin/builder/spi-builder-workspace/.derivedData/Build/Products/Debug-appletvos/PackageFrameworks
    cd /Users/admin/builder/spi-builder-workspace/.swiftpm/xcode
    builtin-create-build-directory /Users/admin/builder/spi-builder-workspace/.derivedData/Build/Products/Debug-appletvos/PackageFrameworks
MkDir /Users/admin/builder/spi-builder-workspace/.derivedData/Build/Products/Debug-appletvos/TournamentBracket_TournamentBracket.bundle (in target 'TournamentBracket_TournamentBracket' from project 'TournamentBracket')
    cd /Users/admin/builder/spi-builder-workspace
    /bin/mkdir -p /Users/admin/builder/spi-builder-workspace/.derivedData/Build/Products/Debug-appletvos/TournamentBracket_TournamentBracket.bundle
WriteAuxiliaryFile /Users/admin/builder/spi-builder-workspace/.derivedData/Build/Intermediates.noindex/TournamentBracket.build/Debug-appletvos/TournamentBracket-t.build/TournamentBracket.DependencyStaticMetadataFileList (in target 'TournamentBracket' from project 'TournamentBracket')
    cd /Users/admin/builder/spi-builder-workspace
    write-file /Users/admin/builder/spi-builder-workspace/.derivedData/Build/Intermediates.noindex/TournamentBracket.build/Debug-appletvos/TournamentBracket-t.build/TournamentBracket.DependencyStaticMetadataFileList
WriteAuxiliaryFile /Users/admin/builder/spi-builder-workspace/.derivedData/Build/Intermediates.noindex/TournamentBracket.build/Debug-appletvos/TournamentBracket-t.build/TournamentBracket.DependencyMetadataFileList (in target 'TournamentBracket' from project 'TournamentBracket')
    cd /Users/admin/builder/spi-builder-workspace
    write-file /Users/admin/builder/spi-builder-workspace/.derivedData/Build/Intermediates.noindex/TournamentBracket.build/Debug-appletvos/TournamentBracket-t.build/TournamentBracket.DependencyMetadataFileList
WriteAuxiliaryFile /Users/admin/builder/spi-builder-workspace/.derivedData/Build/Intermediates.noindex/TournamentBracket.build/Debug-appletvos/TournamentBracket-t.build/TournamentBracket.modulemap (in target 'TournamentBracket' from project 'TournamentBracket')
    cd /Users/admin/builder/spi-builder-workspace
    write-file /Users/admin/builder/spi-builder-workspace/.derivedData/Build/Intermediates.noindex/TournamentBracket.build/Debug-appletvos/TournamentBracket-t.build/TournamentBracket.modulemap
WriteAuxiliaryFile /Users/admin/builder/spi-builder-workspace/.derivedData/Build/Intermediates.noindex/TournamentBracket.build/Debug-appletvos/TournamentBracket_TournamentBracket-b.build/TournamentBracket_TournamentBracket.DependencyStaticMetadataFileList (in target 'TournamentBracket_TournamentBracket' from project 'TournamentBracket')
    cd /Users/admin/builder/spi-builder-workspace
    write-file /Users/admin/builder/spi-builder-workspace/.derivedData/Build/Intermediates.noindex/TournamentBracket.build/Debug-appletvos/TournamentBracket_TournamentBracket-b.build/TournamentBracket_TournamentBracket.DependencyStaticMetadataFileList
WriteAuxiliaryFile /Users/admin/builder/spi-builder-workspace/.derivedData/Build/Intermediates.noindex/TournamentBracket.build/Debug-appletvos/TournamentBracket_TournamentBracket-b.build/empty-TournamentBracket_TournamentBracket.plist (in target 'TournamentBracket_TournamentBracket' from project 'TournamentBracket')
    cd /Users/admin/builder/spi-builder-workspace
    write-file /Users/admin/builder/spi-builder-workspace/.derivedData/Build/Intermediates.noindex/TournamentBracket.build/Debug-appletvos/TournamentBracket_TournamentBracket-b.build/empty-TournamentBracket_TournamentBracket.plist
WriteAuxiliaryFile /Users/admin/builder/spi-builder-workspace/.derivedData/Build/Intermediates.noindex/TournamentBracket.build/Debug-appletvos/TournamentBracket_TournamentBracket-b.build/TournamentBracket_TournamentBracket.DependencyMetadataFileList (in target 'TournamentBracket_TournamentBracket' from project 'TournamentBracket')
    cd /Users/admin/builder/spi-builder-workspace
    write-file /Users/admin/builder/spi-builder-workspace/.derivedData/Build/Intermediates.noindex/TournamentBracket.build/Debug-appletvos/TournamentBracket_TournamentBracket-b.build/TournamentBracket_TournamentBracket.DependencyMetadataFileList
WriteAuxiliaryFile /Users/admin/builder/spi-builder-workspace/.derivedData/Build/Intermediates.noindex/TournamentBracket.build/Debug-appletvos/TournamentBracket-t.build/Objects-normal/arm64/TournamentBracket_const_extract_protocols.json (in target 'TournamentBracket' from project 'TournamentBracket')
    cd /Users/admin/builder/spi-builder-workspace
    write-file /Users/admin/builder/spi-builder-workspace/.derivedData/Build/Intermediates.noindex/TournamentBracket.build/Debug-appletvos/TournamentBracket-t.build/Objects-normal/arm64/TournamentBracket_const_extract_protocols.json
WriteAuxiliaryFile /Users/admin/builder/spi-builder-workspace/.derivedData/Build/Intermediates.noindex/TournamentBracket.build/Debug-appletvos/TournamentBracket-t.build/Objects-normal/arm64/TournamentBracket.SwiftFileList (in target 'TournamentBracket' from project 'TournamentBracket')
    cd /Users/admin/builder/spi-builder-workspace
    write-file /Users/admin/builder/spi-builder-workspace/.derivedData/Build/Intermediates.noindex/TournamentBracket.build/Debug-appletvos/TournamentBracket-t.build/Objects-normal/arm64/TournamentBracket.SwiftFileList
WriteAuxiliaryFile /Users/admin/builder/spi-builder-workspace/.derivedData/Build/Intermediates.noindex/TournamentBracket.build/Debug-appletvos/TournamentBracket-t.build/Objects-normal/arm64/TournamentBracket.SwiftConstValuesFileList (in target 'TournamentBracket' from project 'TournamentBracket')
    cd /Users/admin/builder/spi-builder-workspace
    write-file /Users/admin/builder/spi-builder-workspace/.derivedData/Build/Intermediates.noindex/TournamentBracket.build/Debug-appletvos/TournamentBracket-t.build/Objects-normal/arm64/TournamentBracket.SwiftConstValuesFileList
WriteAuxiliaryFile /Users/admin/builder/spi-builder-workspace/.derivedData/Build/Intermediates.noindex/TournamentBracket.build/Debug-appletvos/TournamentBracket-t.build/Objects-normal/arm64/TournamentBracket.LinkFileList (in target 'TournamentBracket' from project 'TournamentBracket')
    cd /Users/admin/builder/spi-builder-workspace
    write-file /Users/admin/builder/spi-builder-workspace/.derivedData/Build/Intermediates.noindex/TournamentBracket.build/Debug-appletvos/TournamentBracket-t.build/Objects-normal/arm64/TournamentBracket.LinkFileList
WriteAuxiliaryFile /Users/admin/builder/spi-builder-workspace/.derivedData/Build/Intermediates.noindex/TournamentBracket.build/Debug-appletvos/TournamentBracket-t.build/Objects-normal/arm64/TournamentBracket-OutputFileMap.json (in target 'TournamentBracket' from project 'TournamentBracket')
    cd /Users/admin/builder/spi-builder-workspace
    write-file /Users/admin/builder/spi-builder-workspace/.derivedData/Build/Intermediates.noindex/TournamentBracket.build/Debug-appletvos/TournamentBracket-t.build/Objects-normal/arm64/TournamentBracket-OutputFileMap.json
WriteAuxiliaryFile /Users/admin/builder/spi-builder-workspace/.derivedData/Build/Intermediates.noindex/TournamentBracket.build/Debug-appletvos/TournamentBracket-t.build/DerivedSources/resource_bundle_accessor.swift (in target 'TournamentBracket' from project 'TournamentBracket')
    cd /Users/admin/builder/spi-builder-workspace
    write-file /Users/admin/builder/spi-builder-workspace/.derivedData/Build/Intermediates.noindex/TournamentBracket.build/Debug-appletvos/TournamentBracket-t.build/DerivedSources/resource_bundle_accessor.swift
Copy /Users/admin/builder/spi-builder-workspace/.derivedData/Build/Intermediates.noindex/GeneratedModuleMaps-appletvos/TournamentBracket.modulemap /Users/admin/builder/spi-builder-workspace/.derivedData/Build/Intermediates.noindex/TournamentBracket.build/Debug-appletvos/TournamentBracket-t.build/TournamentBracket.modulemap (in target 'TournamentBracket' from project 'TournamentBracket')
    cd /Users/admin/builder/spi-builder-workspace
    builtin-copy -exclude .DS_Store -exclude CVS -exclude .svn -exclude .git -exclude .hg -resolve-src-symlinks /Users/admin/builder/spi-builder-workspace/.derivedData/Build/Intermediates.noindex/TournamentBracket.build/Debug-appletvos/TournamentBracket-t.build/TournamentBracket.modulemap /Users/admin/builder/spi-builder-workspace/.derivedData/Build/Intermediates.noindex/GeneratedModuleMaps-appletvos
WriteAuxiliaryFile /Users/admin/builder/spi-builder-workspace/.derivedData/Build/Intermediates.noindex/DesignSystem.build/Debug-appletvos/DesignSystem_DesignSystem-b.build/empty-DesignSystem_DesignSystem.plist (in target 'DesignSystem_DesignSystem' from project 'DesignSystem')
    cd /Users/admin/builder/spi-builder-workspace/.dependencies/checkouts/DesignSystem
    write-file /Users/admin/builder/spi-builder-workspace/.derivedData/Build/Intermediates.noindex/DesignSystem.build/Debug-appletvos/DesignSystem_DesignSystem-b.build/empty-DesignSystem_DesignSystem.plist
WriteAuxiliaryFile /Users/admin/builder/spi-builder-workspace/.derivedData/Build/Intermediates.noindex/DesignSystem.build/Debug-appletvos/DesignSystem_DesignSystem-b.build/DesignSystem_DesignSystem.DependencyStaticMetadataFileList (in target 'DesignSystem_DesignSystem' from project 'DesignSystem')
    cd /Users/admin/builder/spi-builder-workspace/.dependencies/checkouts/DesignSystem
    write-file /Users/admin/builder/spi-builder-workspace/.derivedData/Build/Intermediates.noindex/DesignSystem.build/Debug-appletvos/DesignSystem_DesignSystem-b.build/DesignSystem_DesignSystem.DependencyStaticMetadataFileList
WriteAuxiliaryFile /Users/admin/builder/spi-builder-workspace/.derivedData/Build/Intermediates.noindex/DesignSystem.build/Debug-appletvos/DesignSystem_DesignSystem-b.build/DesignSystem_DesignSystem.DependencyMetadataFileList (in target 'DesignSystem_DesignSystem' from project 'DesignSystem')
    cd /Users/admin/builder/spi-builder-workspace/.dependencies/checkouts/DesignSystem
    write-file /Users/admin/builder/spi-builder-workspace/.derivedData/Build/Intermediates.noindex/DesignSystem.build/Debug-appletvos/DesignSystem_DesignSystem-b.build/DesignSystem_DesignSystem.DependencyMetadataFileList
WriteAuxiliaryFile /Users/admin/builder/spi-builder-workspace/.derivedData/Build/Intermediates.noindex/DesignSystem.build/Debug-appletvos/DesignSystem-t.build/Objects-normal/arm64/DesignSystem_const_extract_protocols.json (in target 'DesignSystem' from project 'DesignSystem')
    cd /Users/admin/builder/spi-builder-workspace/.dependencies/checkouts/DesignSystem
    write-file /Users/admin/builder/spi-builder-workspace/.derivedData/Build/Intermediates.noindex/DesignSystem.build/Debug-appletvos/DesignSystem-t.build/Objects-normal/arm64/DesignSystem_const_extract_protocols.json
WriteAuxiliaryFile /Users/admin/builder/spi-builder-workspace/.derivedData/Build/Intermediates.noindex/DesignSystem.build/Debug-appletvos/DesignSystem-t.build/Objects-normal/arm64/DesignSystem.SwiftFileList (in target 'DesignSystem' from project 'DesignSystem')
    cd /Users/admin/builder/spi-builder-workspace/.dependencies/checkouts/DesignSystem
    write-file /Users/admin/builder/spi-builder-workspace/.derivedData/Build/Intermediates.noindex/DesignSystem.build/Debug-appletvos/DesignSystem-t.build/Objects-normal/arm64/DesignSystem.SwiftFileList
WriteAuxiliaryFile /Users/admin/builder/spi-builder-workspace/.derivedData/Build/Intermediates.noindex/DesignSystem.build/Debug-appletvos/DesignSystem-t.build/Objects-normal/arm64/DesignSystem.SwiftConstValuesFileList (in target 'DesignSystem' from project 'DesignSystem')
    cd /Users/admin/builder/spi-builder-workspace/.dependencies/checkouts/DesignSystem
    write-file /Users/admin/builder/spi-builder-workspace/.derivedData/Build/Intermediates.noindex/DesignSystem.build/Debug-appletvos/DesignSystem-t.build/Objects-normal/arm64/DesignSystem.SwiftConstValuesFileList
WriteAuxiliaryFile /Users/admin/builder/spi-builder-workspace/.derivedData/Build/Intermediates.noindex/DesignSystem.build/Debug-appletvos/DesignSystem-t.build/Objects-normal/arm64/DesignSystem.LinkFileList (in target 'DesignSystem' from project 'DesignSystem')
    cd /Users/admin/builder/spi-builder-workspace/.dependencies/checkouts/DesignSystem
    write-file /Users/admin/builder/spi-builder-workspace/.derivedData/Build/Intermediates.noindex/DesignSystem.build/Debug-appletvos/DesignSystem-t.build/Objects-normal/arm64/DesignSystem.LinkFileList
WriteAuxiliaryFile /Users/admin/builder/spi-builder-workspace/.derivedData/Build/Intermediates.noindex/DesignSystem.build/Debug-appletvos/DesignSystem-t.build/Objects-normal/arm64/DesignSystem-OutputFileMap.json (in target 'DesignSystem' from project 'DesignSystem')
    cd /Users/admin/builder/spi-builder-workspace/.dependencies/checkouts/DesignSystem
    write-file /Users/admin/builder/spi-builder-workspace/.derivedData/Build/Intermediates.noindex/DesignSystem.build/Debug-appletvos/DesignSystem-t.build/Objects-normal/arm64/DesignSystem-OutputFileMap.json
WriteAuxiliaryFile /Users/admin/builder/spi-builder-workspace/.derivedData/Build/Intermediates.noindex/DesignSystem.build/Debug-appletvos/DesignSystem-t.build/DesignSystem.modulemap (in target 'DesignSystem' from project 'DesignSystem')
    cd /Users/admin/builder/spi-builder-workspace/.dependencies/checkouts/DesignSystem
    write-file /Users/admin/builder/spi-builder-workspace/.derivedData/Build/Intermediates.noindex/DesignSystem.build/Debug-appletvos/DesignSystem-t.build/DesignSystem.modulemap
WriteAuxiliaryFile /Users/admin/builder/spi-builder-workspace/.derivedData/Build/Intermediates.noindex/DesignSystem.build/Debug-appletvos/DesignSystem-t.build/DesignSystem.DependencyStaticMetadataFileList (in target 'DesignSystem' from project 'DesignSystem')
    cd /Users/admin/builder/spi-builder-workspace/.dependencies/checkouts/DesignSystem
    write-file /Users/admin/builder/spi-builder-workspace/.derivedData/Build/Intermediates.noindex/DesignSystem.build/Debug-appletvos/DesignSystem-t.build/DesignSystem.DependencyStaticMetadataFileList
WriteAuxiliaryFile /Users/admin/builder/spi-builder-workspace/.derivedData/Build/Intermediates.noindex/DesignSystem.build/Debug-appletvos/DesignSystem-t.build/DesignSystem.DependencyMetadataFileList (in target 'DesignSystem' from project 'DesignSystem')
    cd /Users/admin/builder/spi-builder-workspace/.dependencies/checkouts/DesignSystem
    write-file /Users/admin/builder/spi-builder-workspace/.derivedData/Build/Intermediates.noindex/DesignSystem.build/Debug-appletvos/DesignSystem-t.build/DesignSystem.DependencyMetadataFileList
WriteAuxiliaryFile /Users/admin/builder/spi-builder-workspace/.derivedData/Build/Intermediates.noindex/DesignSystem.build/Debug-appletvos/DesignSystem-t.build/DerivedSources/resource_bundle_accessor.swift (in target 'DesignSystem' from project 'DesignSystem')
    cd /Users/admin/builder/spi-builder-workspace/.dependencies/checkouts/DesignSystem
    write-file /Users/admin/builder/spi-builder-workspace/.derivedData/Build/Intermediates.noindex/DesignSystem.build/Debug-appletvos/DesignSystem-t.build/DerivedSources/resource_bundle_accessor.swift
MkDir /Users/admin/builder/spi-builder-workspace/.derivedData/Build/Products/Debug-appletvos/DesignSystem_DesignSystem.bundle (in target 'DesignSystem_DesignSystem' from project 'DesignSystem')
    cd /Users/admin/builder/spi-builder-workspace/.dependencies/checkouts/DesignSystem
    /bin/mkdir -p /Users/admin/builder/spi-builder-workspace/.derivedData/Build/Products/Debug-appletvos/DesignSystem_DesignSystem.bundle
Copy /Users/admin/builder/spi-builder-workspace/.derivedData/Build/Intermediates.noindex/GeneratedModuleMaps-appletvos/DesignSystem.modulemap /Users/admin/builder/spi-builder-workspace/.derivedData/Build/Intermediates.noindex/DesignSystem.build/Debug-appletvos/DesignSystem-t.build/DesignSystem.modulemap (in target 'DesignSystem' from project 'DesignSystem')
    cd /Users/admin/builder/spi-builder-workspace/.dependencies/checkouts/DesignSystem
    builtin-copy -exclude .DS_Store -exclude CVS -exclude .svn -exclude .git -exclude .hg -resolve-src-symlinks /Users/admin/builder/spi-builder-workspace/.derivedData/Build/Intermediates.noindex/DesignSystem.build/Debug-appletvos/DesignSystem-t.build/DesignSystem.modulemap /Users/admin/builder/spi-builder-workspace/.derivedData/Build/Intermediates.noindex/GeneratedModuleMaps-appletvos
MkDir /Users/admin/builder/spi-builder-workspace/.derivedData/Build/Intermediates.noindex/TournamentBracket.build/Debug-appletvos/TournamentBracket_TournamentBracket-b.build/assetcatalog_output/thinned (in target 'TournamentBracket_TournamentBracket' from project 'TournamentBracket')
    cd /Users/admin/builder/spi-builder-workspace
    /bin/mkdir -p /Users/admin/builder/spi-builder-workspace/.derivedData/Build/Intermediates.noindex/TournamentBracket.build/Debug-appletvos/TournamentBracket_TournamentBracket-b.build/assetcatalog_output/thinned
MkDir /Users/admin/builder/spi-builder-workspace/.derivedData/Build/Intermediates.noindex/TournamentBracket.build/Debug-appletvos/TournamentBracket_TournamentBracket-b.build/assetcatalog_output/unthinned (in target 'TournamentBracket_TournamentBracket' from project 'TournamentBracket')
    cd /Users/admin/builder/spi-builder-workspace
    /bin/mkdir -p /Users/admin/builder/spi-builder-workspace/.derivedData/Build/Intermediates.noindex/TournamentBracket.build/Debug-appletvos/TournamentBracket_TournamentBracket-b.build/assetcatalog_output/unthinned
ProcessInfoPlistFile /Users/admin/builder/spi-builder-workspace/.derivedData/Build/Products/Debug-appletvos/DesignSystem_DesignSystem.bundle/Info.plist /Users/admin/builder/spi-builder-workspace/.derivedData/Build/Intermediates.noindex/DesignSystem.build/Debug-appletvos/DesignSystem_DesignSystem-b.build/empty-DesignSystem_DesignSystem.plist (in target 'DesignSystem_DesignSystem' from project 'DesignSystem')
    cd /Users/admin/builder/spi-builder-workspace/.dependencies/checkouts/DesignSystem
    builtin-infoPlistUtility /Users/admin/builder/spi-builder-workspace/.derivedData/Build/Intermediates.noindex/DesignSystem.build/Debug-appletvos/DesignSystem_DesignSystem-b.build/empty-DesignSystem_DesignSystem.plist -producttype com.apple.product-type.bundle -expandbuildsettings -format binary -platform appletvos -o /Users/admin/builder/spi-builder-workspace/.derivedData/Build/Products/Debug-appletvos/DesignSystem_DesignSystem.bundle/Info.plist
CpResource /Users/admin/builder/spi-builder-workspace/.derivedData/Build/Products/Debug-appletvos/DesignSystem_DesignSystem.bundle/RobotoSerif.ttf /Users/admin/builder/spi-builder-workspace/.dependencies/checkouts/DesignSystem/Sources/DesignSystem/Resources/Fonts/RobotoSerif.ttf (in target 'DesignSystem_DesignSystem' from project 'DesignSystem')
    cd /Users/admin/builder/spi-builder-workspace/.dependencies/checkouts/DesignSystem
    builtin-copy -exclude .DS_Store -exclude CVS -exclude .svn -exclude .git -exclude .hg -resolve-src-symlinks /Users/admin/builder/spi-builder-workspace/.dependencies/checkouts/DesignSystem/Sources/DesignSystem/Resources/Fonts/RobotoSerif.ttf /Users/admin/builder/spi-builder-workspace/.derivedData/Build/Products/Debug-appletvos/DesignSystem_DesignSystem.bundle
CpResource /Users/admin/builder/spi-builder-workspace/.derivedData/Build/Products/Debug-appletvos/DesignSystem_DesignSystem.bundle/RobotoSerif-Italic.ttf /Users/admin/builder/spi-builder-workspace/.dependencies/checkouts/DesignSystem/Sources/DesignSystem/Resources/Fonts/RobotoSerif-Italic.ttf (in target 'DesignSystem_DesignSystem' from project 'DesignSystem')
    cd /Users/admin/builder/spi-builder-workspace/.dependencies/checkouts/DesignSystem
    builtin-copy -exclude .DS_Store -exclude CVS -exclude .svn -exclude .git -exclude .hg -resolve-src-symlinks /Users/admin/builder/spi-builder-workspace/.dependencies/checkouts/DesignSystem/Sources/DesignSystem/Resources/Fonts/RobotoSerif-Italic.ttf /Users/admin/builder/spi-builder-workspace/.derivedData/Build/Products/Debug-appletvos/DesignSystem_DesignSystem.bundle
CpResource /Users/admin/builder/spi-builder-workspace/.derivedData/Build/Products/Debug-appletvos/DesignSystem_DesignSystem.bundle/Roboto-ThinItalic.ttf /Users/admin/builder/spi-builder-workspace/.dependencies/checkouts/DesignSystem/Sources/DesignSystem/Resources/Fonts/Roboto-ThinItalic.ttf (in target 'DesignSystem_DesignSystem' from project 'DesignSystem')
    cd /Users/admin/builder/spi-builder-workspace/.dependencies/checkouts/DesignSystem
    builtin-copy -exclude .DS_Store -exclude CVS -exclude .svn -exclude .git -exclude .hg -resolve-src-symlinks /Users/admin/builder/spi-builder-workspace/.dependencies/checkouts/DesignSystem/Sources/DesignSystem/Resources/Fonts/Roboto-ThinItalic.ttf /Users/admin/builder/spi-builder-workspace/.derivedData/Build/Products/Debug-appletvos/DesignSystem_DesignSystem.bundle
CpResource /Users/admin/builder/spi-builder-workspace/.derivedData/Build/Products/Debug-appletvos/DesignSystem_DesignSystem.bundle/Roboto-Thin.ttf /Users/admin/builder/spi-builder-workspace/.dependencies/checkouts/DesignSystem/Sources/DesignSystem/Resources/Fonts/Roboto-Thin.ttf (in target 'DesignSystem_DesignSystem' from project 'DesignSystem')
    cd /Users/admin/builder/spi-builder-workspace/.dependencies/checkouts/DesignSystem
    builtin-copy -exclude .DS_Store -exclude CVS -exclude .svn -exclude .git -exclude .hg -resolve-src-symlinks /Users/admin/builder/spi-builder-workspace/.dependencies/checkouts/DesignSystem/Sources/DesignSystem/Resources/Fonts/Roboto-Thin.ttf /Users/admin/builder/spi-builder-workspace/.derivedData/Build/Products/Debug-appletvos/DesignSystem_DesignSystem.bundle
CpResource /Users/admin/builder/spi-builder-workspace/.derivedData/Build/Products/Debug-appletvos/DesignSystem_DesignSystem.bundle/Roboto-Regular.ttf /Users/admin/builder/spi-builder-workspace/.dependencies/checkouts/DesignSystem/Sources/DesignSystem/Resources/Fonts/Roboto-Regular.ttf (in target 'DesignSystem_DesignSystem' from project 'DesignSystem')
    cd /Users/admin/builder/spi-builder-workspace/.dependencies/checkouts/DesignSystem
    builtin-copy -exclude .DS_Store -exclude CVS -exclude .svn -exclude .git -exclude .hg -resolve-src-symlinks /Users/admin/builder/spi-builder-workspace/.dependencies/checkouts/DesignSystem/Sources/DesignSystem/Resources/Fonts/Roboto-Regular.ttf /Users/admin/builder/spi-builder-workspace/.derivedData/Build/Products/Debug-appletvos/DesignSystem_DesignSystem.bundle
CompileAssetCatalogVariant thinned /Users/admin/builder/spi-builder-workspace/.derivedData/Build/Products/Debug-appletvos/TournamentBracket_TournamentBracket.bundle /Users/admin/builder/spi-builder-workspace/Sources/TournamentBracket/Resources/Media.xcassets (in target 'TournamentBracket_TournamentBracket' from project 'TournamentBracket')
    cd /Users/admin/builder/spi-builder-workspace
    /Applications/Xcode-27.0.0-Release.Candidate.app/Contents/Developer/usr/bin/actool /Users/admin/builder/spi-builder-workspace/Sources/TournamentBracket/Resources/Media.xcassets --compile /Users/admin/builder/spi-builder-workspace/.derivedData/Build/Intermediates.noindex/TournamentBracket.build/Debug-appletvos/TournamentBracket_TournamentBracket-b.build/assetcatalog_output/thinned --output-format human-readable-text --notices --warnings --export-dependency-info /Users/admin/builder/spi-builder-workspace/.derivedData/Build/Intermediates.noindex/TournamentBracket.build/Debug-appletvos/TournamentBracket_TournamentBracket-b.build/assetcatalog_dependencies_thinned --output-partial-info-plist /Users/admin/builder/spi-builder-workspace/.derivedData/Build/Intermediates.noindex/TournamentBracket.build/Debug-appletvos/TournamentBracket_TournamentBracket-b.build/assetcatalog_generated_info.plist_thinned --compress-pngs --enable-on-demand-resources NO --development-region en --leaderboard-identifier-prefix TournamentBracket_TournamentBracket.game-center.leaderboard. --leaderboard-set-identifier-prefix TournamentBracket_TournamentBracket.game-center.leaderboard-set. --target-device tv --minimum-deployment-target 17.0 --platform appletvos
/* com.apple.actool.compilation-results */
/Users/admin/builder/spi-builder-workspace/.derivedData/Build/Intermediates.noindex/TournamentBracket.build/Debug-appletvos/TournamentBracket_TournamentBracket-b.build/assetcatalog_generated_info.plist_thinned
/Users/admin/builder/spi-builder-workspace/.derivedData/Build/Intermediates.noindex/TournamentBracket.build/Debug-appletvos/TournamentBracket_TournamentBracket-b.build/assetcatalog_output/thinned/Assets.car
CpResource /Users/admin/builder/spi-builder-workspace/.derivedData/Build/Products/Debug-appletvos/DesignSystem_DesignSystem.bundle/Roboto-MediumItalic.ttf /Users/admin/builder/spi-builder-workspace/.dependencies/checkouts/DesignSystem/Sources/DesignSystem/Resources/Fonts/Roboto-MediumItalic.ttf (in target 'DesignSystem_DesignSystem' from project 'DesignSystem')
    cd /Users/admin/builder/spi-builder-workspace/.dependencies/checkouts/DesignSystem
    builtin-copy -exclude .DS_Store -exclude CVS -exclude .svn -exclude .git -exclude .hg -resolve-src-symlinks /Users/admin/builder/spi-builder-workspace/.dependencies/checkouts/DesignSystem/Sources/DesignSystem/Resources/Fonts/Roboto-MediumItalic.ttf /Users/admin/builder/spi-builder-workspace/.derivedData/Build/Products/Debug-appletvos/DesignSystem_DesignSystem.bundle
CpResource /Users/admin/builder/spi-builder-workspace/.derivedData/Build/Products/Debug-appletvos/DesignSystem_DesignSystem.bundle/Roboto-Medium.ttf /Users/admin/builder/spi-builder-workspace/.dependencies/checkouts/DesignSystem/Sources/DesignSystem/Resources/Fonts/Roboto-Medium.ttf (in target 'DesignSystem_DesignSystem' from project 'DesignSystem')
    cd /Users/admin/builder/spi-builder-workspace/.dependencies/checkouts/DesignSystem
    builtin-copy -exclude .DS_Store -exclude CVS -exclude .svn -exclude .git -exclude .hg -resolve-src-symlinks /Users/admin/builder/spi-builder-workspace/.dependencies/checkouts/DesignSystem/Sources/DesignSystem/Resources/Fonts/Roboto-Medium.ttf /Users/admin/builder/spi-builder-workspace/.derivedData/Build/Products/Debug-appletvos/DesignSystem_DesignSystem.bundle
CpResource /Users/admin/builder/spi-builder-workspace/.derivedData/Build/Products/Debug-appletvos/DesignSystem_DesignSystem.bundle/Roboto-LightItalic.ttf /Users/admin/builder/spi-builder-workspace/.dependencies/checkouts/DesignSystem/Sources/DesignSystem/Resources/Fonts/Roboto-LightItalic.ttf (in target 'DesignSystem_DesignSystem' from project 'DesignSystem')
    cd /Users/admin/builder/spi-builder-workspace/.dependencies/checkouts/DesignSystem
    builtin-copy -exclude .DS_Store -exclude CVS -exclude .svn -exclude .git -exclude .hg -resolve-src-symlinks /Users/admin/builder/spi-builder-workspace/.dependencies/checkouts/DesignSystem/Sources/DesignSystem/Resources/Fonts/Roboto-LightItalic.ttf /Users/admin/builder/spi-builder-workspace/.derivedData/Build/Products/Debug-appletvos/DesignSystem_DesignSystem.bundle
CpResource /Users/admin/builder/spi-builder-workspace/.derivedData/Build/Products/Debug-appletvos/DesignSystem_DesignSystem.bundle/Roboto-Light.ttf /Users/admin/builder/spi-builder-workspace/.dependencies/checkouts/DesignSystem/Sources/DesignSystem/Resources/Fonts/Roboto-Light.ttf (in target 'DesignSystem_DesignSystem' from project 'DesignSystem')
    cd /Users/admin/builder/spi-builder-workspace/.dependencies/checkouts/DesignSystem
    builtin-copy -exclude .DS_Store -exclude CVS -exclude .svn -exclude .git -exclude .hg -resolve-src-symlinks /Users/admin/builder/spi-builder-workspace/.dependencies/checkouts/DesignSystem/Sources/DesignSystem/Resources/Fonts/Roboto-Light.ttf /Users/admin/builder/spi-builder-workspace/.derivedData/Build/Products/Debug-appletvos/DesignSystem_DesignSystem.bundle
CpResource /Users/admin/builder/spi-builder-workspace/.derivedData/Build/Products/Debug-appletvos/DesignSystem_DesignSystem.bundle/Roboto-Italic.ttf /Users/admin/builder/spi-builder-workspace/.dependencies/checkouts/DesignSystem/Sources/DesignSystem/Resources/Fonts/Roboto-Italic.ttf (in target 'DesignSystem_DesignSystem' from project 'DesignSystem')
    cd /Users/admin/builder/spi-builder-workspace/.dependencies/checkouts/DesignSystem
    builtin-copy -exclude .DS_Store -exclude CVS -exclude .svn -exclude .git -exclude .hg -resolve-src-symlinks /Users/admin/builder/spi-builder-workspace/.dependencies/checkouts/DesignSystem/Sources/DesignSystem/Resources/Fonts/Roboto-Italic.ttf /Users/admin/builder/spi-builder-workspace/.derivedData/Build/Products/Debug-appletvos/DesignSystem_DesignSystem.bundle
CpResource /Users/admin/builder/spi-builder-workspace/.derivedData/Build/Products/Debug-appletvos/DesignSystem_DesignSystem.bundle/Roboto-BoldItalic.ttf /Users/admin/builder/spi-builder-workspace/.dependencies/checkouts/DesignSystem/Sources/DesignSystem/Resources/Fonts/Roboto-BoldItalic.ttf (in target 'DesignSystem_DesignSystem' from project 'DesignSystem')
    cd /Users/admin/builder/spi-builder-workspace/.dependencies/checkouts/DesignSystem
    builtin-copy -exclude .DS_Store -exclude CVS -exclude .svn -exclude .git -exclude .hg -resolve-src-symlinks /Users/admin/builder/spi-builder-workspace/.dependencies/checkouts/DesignSystem/Sources/DesignSystem/Resources/Fonts/Roboto-BoldItalic.ttf /Users/admin/builder/spi-builder-workspace/.derivedData/Build/Products/Debug-appletvos/DesignSystem_DesignSystem.bundle
CpResource /Users/admin/builder/spi-builder-workspace/.derivedData/Build/Products/Debug-appletvos/DesignSystem_DesignSystem.bundle/Roboto-Bold.ttf /Users/admin/builder/spi-builder-workspace/.dependencies/checkouts/DesignSystem/Sources/DesignSystem/Resources/Fonts/Roboto-Bold.ttf (in target 'DesignSystem_DesignSystem' from project 'DesignSystem')
    cd /Users/admin/builder/spi-builder-workspace/.dependencies/checkouts/DesignSystem
    builtin-copy -exclude .DS_Store -exclude CVS -exclude .svn -exclude .git -exclude .hg -resolve-src-symlinks /Users/admin/builder/spi-builder-workspace/.dependencies/checkouts/DesignSystem/Sources/DesignSystem/Resources/Fonts/Roboto-Bold.ttf /Users/admin/builder/spi-builder-workspace/.derivedData/Build/Products/Debug-appletvos/DesignSystem_DesignSystem.bundle
CpResource /Users/admin/builder/spi-builder-workspace/.derivedData/Build/Products/Debug-appletvos/DesignSystem_DesignSystem.bundle/Roboto-BlackItalic.ttf /Users/admin/builder/spi-builder-workspace/.dependencies/checkouts/DesignSystem/Sources/DesignSystem/Resources/Fonts/Roboto-BlackItalic.ttf (in target 'DesignSystem_DesignSystem' from project 'DesignSystem')
    cd /Users/admin/builder/spi-builder-workspace/.dependencies/checkouts/DesignSystem
    builtin-copy -exclude .DS_Store -exclude CVS -exclude .svn -exclude .git -exclude .hg -resolve-src-symlinks /Users/admin/builder/spi-builder-workspace/.dependencies/checkouts/DesignSystem/Sources/DesignSystem/Resources/Fonts/Roboto-BlackItalic.ttf /Users/admin/builder/spi-builder-workspace/.derivedData/Build/Products/Debug-appletvos/DesignSystem_DesignSystem.bundle
CpResource /Users/admin/builder/spi-builder-workspace/.derivedData/Build/Products/Debug-appletvos/DesignSystem_DesignSystem.bundle/Roboto-Black.ttf /Users/admin/builder/spi-builder-workspace/.dependencies/checkouts/DesignSystem/Sources/DesignSystem/Resources/Fonts/Roboto-Black.ttf (in target 'DesignSystem_DesignSystem' from project 'DesignSystem')
    cd /Users/admin/builder/spi-builder-workspace/.dependencies/checkouts/DesignSystem
    builtin-copy -exclude .DS_Store -exclude CVS -exclude .svn -exclude .git -exclude .hg -resolve-src-symlinks /Users/admin/builder/spi-builder-workspace/.dependencies/checkouts/DesignSystem/Sources/DesignSystem/Resources/Fonts/Roboto-Black.ttf /Users/admin/builder/spi-builder-workspace/.derivedData/Build/Products/Debug-appletvos/DesignSystem_DesignSystem.bundle
CpResource /Users/admin/builder/spi-builder-workspace/.derivedData/Build/Products/Debug-appletvos/DesignSystem_DesignSystem.bundle/NerkoOne-Regular.ttf /Users/admin/builder/spi-builder-workspace/.dependencies/checkouts/DesignSystem/Sources/DesignSystem/Resources/Fonts/NerkoOne-Regular.ttf (in target 'DesignSystem_DesignSystem' from project 'DesignSystem')
    cd /Users/admin/builder/spi-builder-workspace/.dependencies/checkouts/DesignSystem
    builtin-copy -exclude .DS_Store -exclude CVS -exclude .svn -exclude .git -exclude .hg -resolve-src-symlinks /Users/admin/builder/spi-builder-workspace/.dependencies/checkouts/DesignSystem/Sources/DesignSystem/Resources/Fonts/NerkoOne-Regular.ttf /Users/admin/builder/spi-builder-workspace/.derivedData/Build/Products/Debug-appletvos/DesignSystem_DesignSystem.bundle
RegisterExecutionPolicyException /Users/admin/builder/spi-builder-workspace/.derivedData/Build/Products/Debug-appletvos/DesignSystem_DesignSystem.bundle (in target 'DesignSystem_DesignSystem' from project 'DesignSystem')
    cd /Users/admin/builder/spi-builder-workspace/.dependencies/checkouts/DesignSystem
    builtin-RegisterExecutionPolicyException /Users/admin/builder/spi-builder-workspace/.derivedData/Build/Products/Debug-appletvos/DesignSystem_DesignSystem.bundle
Touch /Users/admin/builder/spi-builder-workspace/.derivedData/Build/Products/Debug-appletvos/DesignSystem_DesignSystem.bundle (in target 'DesignSystem_DesignSystem' from project 'DesignSystem')
    cd /Users/admin/builder/spi-builder-workspace/.dependencies/checkouts/DesignSystem
    /usr/bin/touch -c /Users/admin/builder/spi-builder-workspace/.derivedData/Build/Products/Debug-appletvos/DesignSystem_DesignSystem.bundle
LinkAssetCatalog /Users/admin/builder/spi-builder-workspace/Sources/TournamentBracket/Resources/Media.xcassets (in target 'TournamentBracket_TournamentBracket' from project 'TournamentBracket')
    cd /Users/admin/builder/spi-builder-workspace
    builtin-linkAssetCatalog --thinned /Users/admin/builder/spi-builder-workspace/.derivedData/Build/Intermediates.noindex/TournamentBracket.build/Debug-appletvos/TournamentBracket_TournamentBracket-b.build/assetcatalog_output/thinned --thinned-dependencies /Users/admin/builder/spi-builder-workspace/.derivedData/Build/Intermediates.noindex/TournamentBracket.build/Debug-appletvos/TournamentBracket_TournamentBracket-b.build/assetcatalog_dependencies_thinned --thinned-info-plist-content /Users/admin/builder/spi-builder-workspace/.derivedData/Build/Intermediates.noindex/TournamentBracket.build/Debug-appletvos/TournamentBracket_TournamentBracket-b.build/assetcatalog_generated_info.plist_thinned --unthinned /Users/admin/builder/spi-builder-workspace/.derivedData/Build/Intermediates.noindex/TournamentBracket.build/Debug-appletvos/TournamentBracket_TournamentBracket-b.build/assetcatalog_output/unthinned --unthinned-dependencies /Users/admin/builder/spi-builder-workspace/.derivedData/Build/Intermediates.noindex/TournamentBracket.build/Debug-appletvos/TournamentBracket_TournamentBracket-b.build/assetcatalog_dependencies_unthinned --unthinned-info-plist-content /Users/admin/builder/spi-builder-workspace/.derivedData/Build/Intermediates.noindex/TournamentBracket.build/Debug-appletvos/TournamentBracket_TournamentBracket-b.build/assetcatalog_generated_info.plist_unthinned --output /Users/admin/builder/spi-builder-workspace/.derivedData/Build/Products/Debug-appletvos/TournamentBracket_TournamentBracket.bundle --plist-output /Users/admin/builder/spi-builder-workspace/.derivedData/Build/Intermediates.noindex/TournamentBracket.build/Debug-appletvos/TournamentBracket_TournamentBracket-b.build/assetcatalog_generated_info.plist
note: Emplaced /Users/admin/builder/spi-builder-workspace/.derivedData/Build/Products/Debug-appletvos/TournamentBracket_TournamentBracket.bundle/Assets.car (in target 'TournamentBracket_TournamentBracket' from project 'TournamentBracket')
ProcessInfoPlistFile /Users/admin/builder/spi-builder-workspace/.derivedData/Build/Products/Debug-appletvos/TournamentBracket_TournamentBracket.bundle/Info.plist /Users/admin/builder/spi-builder-workspace/.derivedData/Build/Intermediates.noindex/TournamentBracket.build/Debug-appletvos/TournamentBracket_TournamentBracket-b.build/empty-TournamentBracket_TournamentBracket.plist (in target 'TournamentBracket_TournamentBracket' from project 'TournamentBracket')
    cd /Users/admin/builder/spi-builder-workspace
    builtin-infoPlistUtility /Users/admin/builder/spi-builder-workspace/.derivedData/Build/Intermediates.noindex/TournamentBracket.build/Debug-appletvos/TournamentBracket_TournamentBracket-b.build/empty-TournamentBracket_TournamentBracket.plist -producttype com.apple.product-type.bundle -expandbuildsettings -format binary -platform appletvos -additionalcontentfile /Users/admin/builder/spi-builder-workspace/.derivedData/Build/Intermediates.noindex/TournamentBracket.build/Debug-appletvos/TournamentBracket_TournamentBracket-b.build/assetcatalog_generated_info.plist -o /Users/admin/builder/spi-builder-workspace/.derivedData/Build/Products/Debug-appletvos/TournamentBracket_TournamentBracket.bundle/Info.plist
RegisterExecutionPolicyException /Users/admin/builder/spi-builder-workspace/.derivedData/Build/Products/Debug-appletvos/TournamentBracket_TournamentBracket.bundle (in target 'TournamentBracket_TournamentBracket' from project 'TournamentBracket')
    cd /Users/admin/builder/spi-builder-workspace
    builtin-RegisterExecutionPolicyException /Users/admin/builder/spi-builder-workspace/.derivedData/Build/Products/Debug-appletvos/TournamentBracket_TournamentBracket.bundle
Touch /Users/admin/builder/spi-builder-workspace/.derivedData/Build/Products/Debug-appletvos/TournamentBracket_TournamentBracket.bundle (in target 'TournamentBracket_TournamentBracket' from project 'TournamentBracket')
    cd /Users/admin/builder/spi-builder-workspace
    /usr/bin/touch -c /Users/admin/builder/spi-builder-workspace/.derivedData/Build/Products/Debug-appletvos/TournamentBracket_TournamentBracket.bundle
SwiftDriver DesignSystem normal arm64 com.apple.xcode.tools.swift.compiler (in target 'DesignSystem' from project 'DesignSystem')
    cd /Users/admin/builder/spi-builder-workspace/.swiftpm/xcode
    builtin-SwiftDriver -- /Applications/Xcode-27.0.0-Release.Candidate.app/Contents/Developer/Toolchains/XcodeDefault.xctoolchain/usr/bin/swiftc -parse-as-library -module-name DesignSystem -Onone @/Users/admin/builder/spi-builder-workspace/.derivedData/Build/Intermediates.noindex/DesignSystem.build/Debug-appletvos/DesignSystem-t.build/Objects-normal/arm64/DesignSystem.SwiftFileList -DSWIFT_PACKAGE -DDEBUG -DSWIFT_MODULE_RESOURCE_BUNDLE_AVAILABLE -DXcode -plugin-path /Applications/Xcode-27.0.0-Release.Candidate.app/Contents/Developer/Toolchains/XcodeDefault.xctoolchain/usr/lib/swift/host/plugins/testing -enable-experimental-feature DebugDescriptionMacro -sdk /Applications/Xcode-27.0.0-Release.Candidate.app/Contents/Developer/Platforms/AppleTVOS.platform/Developer/SDKs/AppleTVOS27.0.sdk -target arm64-apple-tvos15.0 -g -module-cache-path /Users/admin/builder/spi-builder-workspace/.derivedData/ModuleCache.noindex -Xfrontend -serialize-debugging-options -profile-coverage-mapping -profile-generate -enable-testing -suppress-warnings -index-store-path /Users/admin/builder/spi-builder-workspace/.derivedData/Index.noindex/DataStore -Xcc -D_LIBCPP_HARDENING_MODE\=_LIBCPP_HARDENING_MODE_DEBUG -swift-version 5 -I /Users/admin/builder/spi-builder-workspace/.derivedData/Build/Products/Debug-appletvos -Isystem /Applications/Xcode-27.0.0-Release.Candidate.app/Contents/Developer/Platforms/AppleTVOS.platform/Developer/usr/lib -F /Users/admin/builder/spi-builder-workspace/.derivedData/Build/Products/Debug-appletvos -F /Applications/Xcode-27.0.0-Release.Candidate.app/Contents/Developer/Platforms/AppleTVOS.platform/Developer/Library/Frameworks -F /Applications/Xcode-27.0.0-Release.Candidate.app/Contents/Developer/Platforms/AppleTVOS.platform/Developer/SDKs/AppleTVOS27.0.sdk/Developer/Library/Frameworks -c -j10 -enable-batch-mode -incremental -Xcc -ivfsstatcache -Xcc /Users/admin/builder/spi-builder-workspace/.derivedData/SDKStatCaches.noindex/appletvos27.0-24J360-e829b21a6f8c9b70876ba0858053c044b32bfd8d43560033f8d89884cdb90028.sdkstatcache -output-file-map /Users/admin/builder/spi-builder-workspace/.derivedData/Build/Intermediates.noindex/DesignSystem.build/Debug-appletvos/DesignSystem-t.build/Objects-normal/arm64/DesignSystem-OutputFileMap.json -save-temps -no-color-diagnostics -explicit-module-build -module-cache-path /Users/admin/builder/spi-builder-workspace/.derivedData/Build/Intermediates.noindex/SwiftExplicitPrecompiledModules -clang-scanner-module-cache-path /Users/admin/builder/spi-builder-workspace/.derivedData/ModuleCache.noindex -sdk-module-cache-path /Users/admin/builder/spi-builder-workspace/.derivedData/SDKExplicitPrecompiledModules -emit-dependencies -emit-module -emit-module-path /Users/admin/builder/spi-builder-workspace/.derivedData/Build/Intermediates.noindex/DesignSystem.build/Debug-appletvos/DesignSystem-t.build/Objects-normal/arm64/DesignSystem.swiftmodule -serialize-diagnostics -dependency-scan-serialize-diagnostics-path /Users/admin/builder/spi-builder-workspace/.derivedData/Build/Intermediates.noindex/DesignSystem.build/Debug-appletvos/DesignSystem-t.build/Objects-normal/arm64/DesignSystem-dependency-scan.dia -validate-clang-modules-once -clang-build-session-file /Users/admin/builder/spi-builder-workspace/.derivedData/ModuleCache.noindex/Session.modulevalidation -Xcc -fmodules-prune-interval\=86400 -Xcc -fmodules-prune-after\=345600 -package-name designsystem -emit-const-values -const-gather-protocols-list /Users/admin/builder/spi-builder-workspace/.derivedData/Build/Intermediates.noindex/DesignSystem.build/Debug-appletvos/DesignSystem-t.build/Objects-normal/arm64/DesignSystem_const_extract_protocols.json -Xcc -I/Users/admin/builder/spi-builder-workspace/.derivedData/Build/Products/Debug-appletvos/include -Xcc -I/Users/admin/builder/spi-builder-workspace/.derivedData/Build/Intermediates.noindex/DesignSystem.build/Debug-appletvos/DesignSystem-t.build/DerivedSources-normal/arm64 -Xcc -I/Users/admin/builder/spi-builder-workspace/.derivedData/Build/Intermediates.noindex/DesignSystem.build/Debug-appletvos/DesignSystem-t.build/DerivedSources/arm64 -Xcc -I/Users/admin/builder/spi-builder-workspace/.derivedData/Build/Intermediates.noindex/DesignSystem.build/Debug-appletvos/DesignSystem-t.build/DerivedSources -Xcc -DSWIFT_PACKAGE -Xcc -DDEBUG\=1 -emit-objc-header -emit-objc-header-path /Users/admin/builder/spi-builder-workspace/.derivedData/Build/Intermediates.noindex/DesignSystem.build/Debug-appletvos/DesignSystem-t.build/Objects-normal/arm64/DesignSystem-Swift.h -working-directory /Users/admin/builder/spi-builder-workspace/.swiftpm/xcode -experimental-emit-module-separately -disable-cmo
SwiftExplicitDependencyGeneratePcm arm64 /Users/admin/builder/spi-builder-workspace/.derivedData/SDKExplicitPrecompiledModules/_AvailabilityInternal-BV2EDDP0MI5QJDDPEEV4D9D3V.pcm
SwiftExplicitDependencyGeneratePcm arm64 /Users/admin/builder/spi-builder-workspace/.derivedData/SDKExplicitPrecompiledModules/ptrcheck-2AZ6B5IBYD3RRRTFWN2ONASY3.pcm
SwiftExplicitDependencyGeneratePcm arm64 /Users/admin/builder/spi-builder-workspace/.derivedData/SDKExplicitPrecompiledModules/ptrauth-8X2KEPL7CTRPS40TUB9APHPK6.pcm
SwiftExplicitDependencyGeneratePcm arm64 /Users/admin/builder/spi-builder-workspace/.derivedData/SDKExplicitPrecompiledModules/_Builtin_float-8ZJAYZ85YBOAOP52Y9H6IUNP3.pcm
SwiftExplicitDependencyGeneratePcm arm64 /Users/admin/builder/spi-builder-workspace/.derivedData/SDKExplicitPrecompiledModules/_Builtin_stdarg-BO2OCAUYVAXDRVQWQ8ISKGNUQ.pcm
SwiftExplicitDependencyGeneratePcm arm64 /Users/admin/builder/spi-builder-workspace/.derivedData/SDKExplicitPrecompiledModules/_Builtin_stdbool-AHRDH5EKLY6D04C5E42F3VCQI.pcm
SwiftExplicitDependencyGeneratePcm arm64 /Users/admin/builder/spi-builder-workspace/.derivedData/SDKExplicitPrecompiledModules/SwiftShims-8N4EXJ4RUJTR8K9OO3CMOH1EP.pcm
SwiftExplicitDependencyGeneratePcm arm64 /Users/admin/builder/spi-builder-workspace/.derivedData/SDKExplicitPrecompiledModules/_Builtin_stddef-9ZJZ6FDEZNKTZU8YLPMFT9RAQ.pcm
SwiftExplicitDependencyGeneratePcm arm64 /Users/admin/builder/spi-builder-workspace/.derivedData/SDKExplicitPrecompiledModules/_SwiftConcurrencyShims-BY5PD8KF1L5KF6F4Q69HE3TJ4.pcm
SwiftExplicitDependencyGeneratePcm arm64 /Users/admin/builder/spi-builder-workspace/.derivedData/SDKExplicitPrecompiledModules/DeveloperToolsSupport-B1X8RI63V48AJRTH2RK6JAARV.pcm
SwiftExplicitDependencyGeneratePcm arm64 /Users/admin/builder/spi-builder-workspace/.derivedData/SDKExplicitPrecompiledModules/_DarwinFoundation1-JOTYMOA1YZCIJ2NON6FQ848O.pcm
SwiftExplicitDependencyGeneratePcm arm64 /Users/admin/builder/spi-builder-workspace/.derivedData/SDKExplicitPrecompiledModules/_DarwinFoundation2-AOGAN1O02NKXRJN5V73AV3V3M.pcm
SwiftExplicitDependencyGeneratePcm arm64 /Users/admin/builder/spi-builder-workspace/.derivedData/SDKExplicitPrecompiledModules/_Builtin_limits-7JU2HP127LIT1X9E2V3D8WZ1.pcm
SwiftExplicitDependencyGeneratePcm arm64 /Users/admin/builder/spi-builder-workspace/.derivedData/SDKExplicitPrecompiledModules/_Builtin_stdint-6NFTB6IBKS143IVPGT1EKB7HO.pcm
SwiftExplicitDependencyGeneratePcm arm64 /Users/admin/builder/spi-builder-workspace/.derivedData/SDKExplicitPrecompiledModules/string_h-6EVHP7A717OUS5DMC78F79HWO.pcm
SwiftExplicitDependencyGeneratePcm arm64 /Users/admin/builder/spi-builder-workspace/.derivedData/SDKExplicitPrecompiledModules/_Builtin_tgmath-7ULT1EUHDHW4OZPSTT33H6QGE.pcm
SwiftExplicitDependencyGeneratePcm arm64 /Users/admin/builder/spi-builder-workspace/.derivedData/SDKExplicitPrecompiledModules/sys_types-8GCAV1YMG5UUGHUID3CA20TCH.pcm
SwiftExplicitDependencyGeneratePcm arm64 /Users/admin/builder/spi-builder-workspace/.derivedData/SDKExplicitPrecompiledModules/_DarwinFoundation3-8SR3855WDFHQPR6G9GHOI2C07.pcm
SwiftExplicitDependencyGeneratePcm arm64 /Users/admin/builder/spi-builder-workspace/.derivedData/SDKExplicitPrecompiledModules/_Builtin_stdatomic-3YXHN678NGYM3NL9POJ2HVEIF.pcm
SwiftExplicitDependencyGeneratePcm arm64 /Users/admin/builder/spi-builder-workspace/.derivedData/SDKExplicitPrecompiledModules/_Builtin_intrinsics-437O2R2NID4WAQVENR63GR82C.pcm
SwiftExplicitDependencyGeneratePcm arm64 /Users/admin/builder/spi-builder-workspace/.derivedData/SDKExplicitPrecompiledModules/_Builtin_inttypes-6X1IQ3QK9KEVKXOK9Y79EW7J3.pcm
SwiftExplicitDependencyGeneratePcm arm64 /Users/admin/builder/spi-builder-workspace/.derivedData/SDKExplicitPrecompiledModules/Darwin-DBSQAVBBPC3D2OMU5ZI2RXMST.pcm
SwiftExplicitDependencyGeneratePcm arm64 /Users/admin/builder/spi-builder-workspace/.derivedData/SDKExplicitPrecompiledModules/simd-117QUXEUT3Z7UQCUYWV2UA228.pcm
SwiftExplicitDependencyGeneratePcm arm64 /Users/admin/builder/spi-builder-workspace/.derivedData/SDKExplicitPrecompiledModules/ObjectiveC-5250FDCE56N8508OR6XUYDKZM.pcm
SwiftExplicitDependencyGeneratePcm arm64 /Users/admin/builder/spi-builder-workspace/.derivedData/SDKExplicitPrecompiledModules/MachO-EH3F5PJCIZG05NO51CEFSZYPW.pcm
SwiftExplicitDependencyGeneratePcm arm64 /Users/admin/builder/spi-builder-workspace/.derivedData/SDKExplicitPrecompiledModules/os_object-E2DGZ0SX0TULQHULZRPO6OKNW.pcm
SwiftExplicitDependencyGeneratePcm arm64 /Users/admin/builder/spi-builder-workspace/.derivedData/SDKExplicitPrecompiledModules/os_workgroup-DBUFF7811DKMX7VPBOJPGGF1U.pcm
SwiftExplicitDependencyGeneratePcm arm64 /Users/admin/builder/spi-builder-workspace/.derivedData/SDKExplicitPrecompiledModules/Spatial-7U8NLEFXSB8BR7PJQGVMF5A4Q.pcm
SwiftExplicitDependencyGeneratePcm arm64 /Users/admin/builder/spi-builder-workspace/.derivedData/SDKExplicitPrecompiledModules/Dispatch-1QL58A0V50C39KVAIC6C38SHL.pcm
SwiftExplicitDependencyGeneratePcm arm64 /Users/admin/builder/spi-builder-workspace/.derivedData/SDKExplicitPrecompiledModules/XPC-6O2DJFT3QUJ7QKTD3SNUB6PCR.pcm
SwiftExplicitDependencyGeneratePcm arm64 /Users/admin/builder/spi-builder-workspace/.derivedData/SDKExplicitPrecompiledModules/CoreFoundation-7TPJ7ENDC4L1A1ESHYI9TXS0D.pcm
SwiftExplicitDependencyGeneratePcm arm64 /Users/admin/builder/spi-builder-workspace/.derivedData/SDKExplicitPrecompiledModules/os-3GJI8H0BNAEZPQPQ1V0VVY3FY.pcm
SwiftExplicitDependencyGeneratePcm arm64 /Users/admin/builder/spi-builder-workspace/.derivedData/SDKExplicitPrecompiledModules/CoreGraphics-CWSP3J98S2658BYCVL6RP99T3.pcm
SwiftExplicitDependencyGeneratePcm arm64 /Users/admin/builder/spi-builder-workspace/.derivedData/SDKExplicitPrecompiledModules/CoreAudioTypes-E7EH96HAL3G83QSWLT7VWYIP4.pcm
SwiftExplicitDependencyGeneratePcm arm64 /Users/admin/builder/spi-builder-workspace/.derivedData/SDKExplicitPrecompiledModules/Security-8VMXEKVDA3MHUH9AOTP905DID.pcm
SwiftExplicitDependencyGeneratePcm arm64 /Users/admin/builder/spi-builder-workspace/.derivedData/SDKExplicitPrecompiledModules/CFNetwork-2CUR2VK9S3S3WPFXPNXNUWYGN.pcm
SwiftExplicitDependencyGeneratePcm arm64 /Users/admin/builder/spi-builder-workspace/.derivedData/SDKExplicitPrecompiledModules/CoreAudio-6IR1XRM0Q9YQZMFW89F3H4V3X.pcm
SwiftExplicitDependencyGeneratePcm arm64 /Users/admin/builder/spi-builder-workspace/.derivedData/SDKExplicitPrecompiledModules/Foundation-BSSIP64DIGUKMAYJOG1WPQ78X.pcm
SwiftExplicitDependencyGeneratePcm arm64 /Users/admin/builder/spi-builder-workspace/.derivedData/SDKExplicitPrecompiledModules/ImageIO-88D4CLEBD4CLWQKT78PZ6H1O8.pcm
SwiftExplicitDependencyGeneratePcm arm64 /Users/admin/builder/spi-builder-workspace/.derivedData/SDKExplicitPrecompiledModules/CoreText-59NY7PABM0I4V978161FOC04A.pcm
SwiftExplicitDependencyGeneratePcm arm64 /Users/admin/builder/spi-builder-workspace/.derivedData/SDKExplicitPrecompiledModules/CoreData-DYMPHH3PH8AX9I1FHA4VFJ675.pcm
SwiftExplicitDependencyGeneratePcm arm64 /Users/admin/builder/spi-builder-workspace/.derivedData/SDKExplicitPrecompiledModules/OSLog-7OT6HHTMY0ZFEQJ095LJZ6NLC.pcm
SwiftExplicitDependencyGeneratePcm arm64 /Users/admin/builder/spi-builder-workspace/.derivedData/SDKExplicitPrecompiledModules/Accessibility-B6BODGZ4MQQTY0PBC4SHRP009.pcm
SwiftExplicitDependencyGeneratePcm arm64 /Users/admin/builder/spi-builder-workspace/.derivedData/SDKExplicitPrecompiledModules/Symbols-B5AU9VM9Y7NU79RLMH13Z4IFM.pcm
SwiftExplicitDependencyGeneratePcm arm64 /Users/admin/builder/spi-builder-workspace/.derivedData/SDKExplicitPrecompiledModules/DataDetection-37JIYZ2GWDA1L166PP1D9JKAF.pcm
SwiftExplicitDependencyGeneratePcm arm64 /Users/admin/builder/spi-builder-workspace/.derivedData/SDKExplicitPrecompiledModules/UserNotifications-E9ZW5TH066WIJWH9080RC5NG4.pcm
SwiftExplicitDependencyGeneratePcm arm64 /Users/admin/builder/spi-builder-workspace/.derivedData/SDKExplicitPrecompiledModules/UIUtilities-6ZFJ1AK4H8IBGEBMYQBWGBYLK.pcm
SwiftExplicitDependencyGeneratePcm arm64 /Users/admin/builder/spi-builder-workspace/.derivedData/SDKExplicitPrecompiledModules/UniformTypeIdentifiers-95CC8U42ZA9STP5K6GP9ZVJS5.pcm
SwiftExplicitDependencyGeneratePcm arm64 /Users/admin/builder/spi-builder-workspace/.derivedData/SDKExplicitPrecompiledModules/IOSurface-38FJ1CKX9FV2RD97O64Z7QB17.pcm
SwiftExplicitDependencyGeneratePcm arm64 /Users/admin/builder/spi-builder-workspace/.derivedData/SDKExplicitPrecompiledModules/CoreTransferable-7V4O8DATEQ9F7SDNTCW8YWLG3.pcm
SwiftExplicitDependencyGeneratePcm arm64 /Users/admin/builder/spi-builder-workspace/.derivedData/SDKExplicitPrecompiledModules/_LocationEssentials-ETSJ65FELPWR8WH8G49R1DF2E.pcm
SwiftExplicitDependencyGeneratePcm arm64 /Users/admin/builder/spi-builder-workspace/.derivedData/SDKExplicitPrecompiledModules/OpenGLES-4NY99CNDU9WUNUYEIXSS1QFGE.pcm
SwiftExplicitDependencyGeneratePcm arm64 /Users/admin/builder/spi-builder-workspace/.derivedData/SDKExplicitPrecompiledModules/Metal-2KYBS7IML1SD788M91YV7Q0CC.pcm
SwiftExplicitDependencyGeneratePcm arm64 /Users/admin/builder/spi-builder-workspace/.derivedData/SDKExplicitPrecompiledModules/CoreLocation-YVXXAOMVX0JH2KO1XTTKTY51.pcm
SwiftExplicitDependencyGeneratePcm arm64 /Users/admin/builder/spi-builder-workspace/.derivedData/SDKExplicitPrecompiledModules/CoreVideo-DPU0PB5X0XLSVA2ETRGI6FJBM.pcm
SwiftExplicitDependencyGeneratePcm arm64 /Users/admin/builder/spi-builder-workspace/.derivedData/SDKExplicitPrecompiledModules/CoreMedia-4OUKVT03LV547KZJDPPJRJ4F8.pcm
SwiftExplicitDependencyGeneratePcm arm64 /Users/admin/builder/spi-builder-workspace/.derivedData/SDKExplicitPrecompiledModules/CoreImage-7S2AFJ8EIY3DUFYLEAX1JR1QV.pcm
SwiftExplicitDependencyGeneratePcm arm64 /Users/admin/builder/spi-builder-workspace/.derivedData/SDKExplicitPrecompiledModules/QuartzCore-DJSYAWKXFGVSAK5CQMOB3JSR.pcm
SwiftExplicitDependencyGeneratePcm arm64 /Users/admin/builder/spi-builder-workspace/.derivedData/SDKExplicitPrecompiledModules/SwiftUICore-543QU5V2NHKUFCYFJDKUJ7NYG.pcm
SwiftExplicitDependencyGeneratePcm arm64 /Users/admin/builder/spi-builder-workspace/.derivedData/SDKExplicitPrecompiledModules/UIKit-1TKWN7VC2X6N3ITMRVA2G0EB2.pcm
SwiftExplicitDependencyGeneratePcm arm64 /Users/admin/builder/spi-builder-workspace/.derivedData/SDKExplicitPrecompiledModules/SwiftUI-7BV1YDT6IZWW6B8OC6ENV0Y0F.pcm
SwiftEmitModule normal arm64 Emitting\ module\ for\ DesignSystem (in target 'DesignSystem' from project 'DesignSystem')
SwiftCompile normal arm64 (in target 'DesignSystem' from project 'DesignSystem')
    cd /Users/admin/builder/spi-builder-workspace/.swiftpm/xcode

SwiftCompile normal arm64 Compiling\ Font+Roboto.swift /Users/admin/builder/spi-builder-workspace/.dependencies/checkouts/DesignSystem/Sources/DesignSystem/Font+Roboto.swift (in target 'DesignSystem' from project 'DesignSystem')
SwiftCompile normal arm64 /Users/admin/builder/spi-builder-workspace/.dependencies/checkouts/DesignSystem/Sources/DesignSystem/Font+Roboto.swift (in target 'DesignSystem' from project 'DesignSystem')
    cd /Users/admin/builder/spi-builder-workspace/.swiftpm/xcode
    builtin-SwiftPerFileCompile Font+Roboto.swift
SwiftCompile normal arm64 Compiling\ Font+Roboto_Serif.swift /Users/admin/builder/spi-builder-workspace/.dependencies/checkouts/DesignSystem/Sources/DesignSystem/Font+Roboto_Serif.swift (in target 'DesignSystem' from project 'DesignSystem')
SwiftCompile normal arm64 /Users/admin/builder/spi-builder-workspace/.dependencies/checkouts/DesignSystem/Sources/DesignSystem/Font+Roboto_Serif.swift (in target 'DesignSystem' from project 'DesignSystem')
    cd /Users/admin/builder/spi-builder-workspace/.swiftpm/xcode
    builtin-SwiftPerFileCompile Font+Roboto_Serif.swift
SwiftCompile normal arm64 Compiling\ FontHelper.swift /Users/admin/builder/spi-builder-workspace/.dependencies/checkouts/DesignSystem/Sources/DesignSystem/FontHelper.swift (in target 'DesignSystem' from project 'DesignSystem')
SwiftCompile normal arm64 /Users/admin/builder/spi-builder-workspace/.dependencies/checkouts/DesignSystem/Sources/DesignSystem/FontHelper.swift (in target 'DesignSystem' from project 'DesignSystem')
    cd /Users/admin/builder/spi-builder-workspace/.swiftpm/xcode
    builtin-SwiftPerFileCompile FontHelper.swift
SwiftCompile normal arm64 Compiling\ resource_bundle_accessor.swift /Users/admin/builder/spi-builder-workspace/.derivedData/Build/Intermediates.noindex/DesignSystem.build/Debug-appletvos/DesignSystem-t.build/DerivedSources/resource_bundle_accessor.swift (in target 'DesignSystem' from project 'DesignSystem')
SwiftCompile normal arm64 /Users/admin/builder/spi-builder-workspace/.derivedData/Build/Intermediates.noindex/DesignSystem.build/Debug-appletvos/DesignSystem-t.build/DerivedSources/resource_bundle_accessor.swift (in target 'DesignSystem' from project 'DesignSystem')
    cd /Users/admin/builder/spi-builder-workspace/.swiftpm/xcode
    builtin-SwiftPerFileCompile resource_bundle_accessor.swift
SwiftCompile normal arm64 Compiling\ Font+NerkoOneFont.swift /Users/admin/builder/spi-builder-workspace/.dependencies/checkouts/DesignSystem/Sources/DesignSystem/Font+NerkoOneFont.swift (in target 'DesignSystem' from project 'DesignSystem')
SwiftCompile normal arm64 /Users/admin/builder/spi-builder-workspace/.dependencies/checkouts/DesignSystem/Sources/DesignSystem/Font+NerkoOneFont.swift (in target 'DesignSystem' from project 'DesignSystem')
    cd /Users/admin/builder/spi-builder-workspace/.swiftpm/xcode
    builtin-SwiftPerFileCompile Font+NerkoOneFont.swift
SwiftDriverJobDiscovery normal arm64 Emitting module for DesignSystem (in target 'DesignSystem' from project 'DesignSystem')
SwiftDriver\ Compilation\ Requirements DesignSystem normal arm64 com.apple.xcode.tools.swift.compiler (in target 'DesignSystem' from project 'DesignSystem')
    cd /Users/admin/builder/spi-builder-workspace/.swiftpm/xcode
    builtin-Swift-Compilation-Requirements -- /Applications/Xcode-27.0.0-Release.Candidate.app/Contents/Developer/Toolchains/XcodeDefault.xctoolchain/usr/bin/swiftc -parse-as-library -module-name DesignSystem -Onone @/Users/admin/builder/spi-builder-workspace/.derivedData/Build/Intermediates.noindex/DesignSystem.build/Debug-appletvos/DesignSystem-t.build/Objects-normal/arm64/DesignSystem.SwiftFileList -DSWIFT_PACKAGE -DDEBUG -DSWIFT_MODULE_RESOURCE_BUNDLE_AVAILABLE -DXcode -plugin-path /Applications/Xcode-27.0.0-Release.Candidate.app/Contents/Developer/Toolchains/XcodeDefault.xctoolchain/usr/lib/swift/host/plugins/testing -enable-experimental-feature DebugDescriptionMacro -sdk /Applications/Xcode-27.0.0-Release.Candidate.app/Contents/Developer/Platforms/AppleTVOS.platform/Developer/SDKs/AppleTVOS27.0.sdk -target arm64-apple-tvos15.0 -g -module-cache-path /Users/admin/builder/spi-builder-workspace/.derivedData/ModuleCache.noindex -Xfrontend -serialize-debugging-options -profile-coverage-mapping -profile-generate -enable-testing -suppress-warnings -index-store-path /Users/admin/builder/spi-builder-workspace/.derivedData/Index.noindex/DataStore -Xcc -D_LIBCPP_HARDENING_MODE\=_LIBCPP_HARDENING_MODE_DEBUG -swift-version 5 -I /Users/admin/builder/spi-builder-workspace/.derivedData/Build/Products/Debug-appletvos -Isystem /Applications/Xcode-27.0.0-Release.Candidate.app/Contents/Developer/Platforms/AppleTVOS.platform/Developer/usr/lib -F /Users/admin/builder/spi-builder-workspace/.derivedData/Build/Products/Debug-appletvos -F /Applications/Xcode-27.0.0-Release.Candidate.app/Contents/Developer/Platforms/AppleTVOS.platform/Developer/Library/Frameworks -F /Applications/Xcode-27.0.0-Release.Candidate.app/Contents/Developer/Platforms/AppleTVOS.platform/Developer/SDKs/AppleTVOS27.0.sdk/Developer/Library/Frameworks -c -j10 -enable-batch-mode -incremental -Xcc -ivfsstatcache -Xcc /Users/admin/builder/spi-builder-workspace/.derivedData/SDKStatCaches.noindex/appletvos27.0-24J360-e829b21a6f8c9b70876ba0858053c044b32bfd8d43560033f8d89884cdb90028.sdkstatcache -output-file-map /Users/admin/builder/spi-builder-workspace/.derivedData/Build/Intermediates.noindex/DesignSystem.build/Debug-appletvos/DesignSystem-t.build/Objects-normal/arm64/DesignSystem-OutputFileMap.json -save-temps -no-color-diagnostics -explicit-module-build -module-cache-path /Users/admin/builder/spi-builder-workspace/.derivedData/Build/Intermediates.noindex/SwiftExplicitPrecompiledModules -clang-scanner-module-cache-path /Users/admin/builder/spi-builder-workspace/.derivedData/ModuleCache.noindex -sdk-module-cache-path /Users/admin/builder/spi-builder-workspace/.derivedData/SDKExplicitPrecompiledModules -emit-dependencies -emit-module -emit-module-path /Users/admin/builder/spi-builder-workspace/.derivedData/Build/Intermediates.noindex/DesignSystem.build/Debug-appletvos/DesignSystem-t.build/Objects-normal/arm64/DesignSystem.swiftmodule -serialize-diagnostics -dependency-scan-serialize-diagnostics-path /Users/admin/builder/spi-builder-workspace/.derivedData/Build/Intermediates.noindex/DesignSystem.build/Debug-appletvos/DesignSystem-t.build/Objects-normal/arm64/DesignSystem-dependency-scan.dia -validate-clang-modules-once -clang-build-session-file /Users/admin/builder/spi-builder-workspace/.derivedData/ModuleCache.noindex/Session.modulevalidation -Xcc -fmodules-prune-interval\=86400 -Xcc -fmodules-prune-after\=345600 -package-name designsystem -emit-const-values -const-gather-protocols-list /Users/admin/builder/spi-builder-workspace/.derivedData/Build/Intermediates.noindex/DesignSystem.build/Debug-appletvos/DesignSystem-t.build/Objects-normal/arm64/DesignSystem_const_extract_protocols.json -Xcc -I/Users/admin/builder/spi-builder-workspace/.derivedData/Build/Products/Debug-appletvos/include -Xcc -I/Users/admin/builder/spi-builder-workspace/.derivedData/Build/Intermediates.noindex/DesignSystem.build/Debug-appletvos/DesignSystem-t.build/DerivedSources-normal/arm64 -Xcc -I/Users/admin/builder/spi-builder-workspace/.derivedData/Build/Intermediates.noindex/DesignSystem.build/Debug-appletvos/DesignSystem-t.build/DerivedSources/arm64 -Xcc -I/Users/admin/builder/spi-builder-workspace/.derivedData/Build/Intermediates.noindex/DesignSystem.build/Debug-appletvos/DesignSystem-t.build/DerivedSources -Xcc -DSWIFT_PACKAGE -Xcc -DDEBUG\=1 -emit-objc-header -emit-objc-header-path /Users/admin/builder/spi-builder-workspace/.derivedData/Build/Intermediates.noindex/DesignSystem.build/Debug-appletvos/DesignSystem-t.build/Objects-normal/arm64/DesignSystem-Swift.h -working-directory /Users/admin/builder/spi-builder-workspace/.swiftpm/xcode -experimental-emit-module-separately -disable-cmo
SwiftMergeGeneratedHeaders /Users/admin/builder/spi-builder-workspace/.derivedData/Build/Intermediates.noindex/GeneratedModuleMaps-appletvos/DesignSystem-Swift.h /Users/admin/builder/spi-builder-workspace/.derivedData/Build/Intermediates.noindex/DesignSystem.build/Debug-appletvos/DesignSystem-t.build/Objects-normal/arm64/DesignSystem-Swift.h (in target 'DesignSystem' from project 'DesignSystem')
    cd /Users/admin/builder/spi-builder-workspace/.dependencies/checkouts/DesignSystem
    builtin-swiftHeaderTool -arch arm64 /Users/admin/builder/spi-builder-workspace/.derivedData/Build/Intermediates.noindex/DesignSystem.build/Debug-appletvos/DesignSystem-t.build/Objects-normal/arm64/DesignSystem-Swift.h -o /Users/admin/builder/spi-builder-workspace/.derivedData/Build/Intermediates.noindex/GeneratedModuleMaps-appletvos/DesignSystem-Swift.h
Copy /Users/admin/builder/spi-builder-workspace/.derivedData/Build/Products/Debug-appletvos/DesignSystem.swiftmodule/arm64-apple-tvos.swiftmodule /Users/admin/builder/spi-builder-workspace/.derivedData/Build/Intermediates.noindex/DesignSystem.build/Debug-appletvos/DesignSystem-t.build/Objects-normal/arm64/DesignSystem.swiftmodule (in target 'DesignSystem' from project 'DesignSystem')
    cd /Users/admin/builder/spi-builder-workspace/.dependencies/checkouts/DesignSystem
    builtin-copy -exclude .DS_Store -exclude CVS -exclude .svn -exclude .git -exclude .hg -resolve-src-symlinks -rename /Users/admin/builder/spi-builder-workspace/.derivedData/Build/Intermediates.noindex/DesignSystem.build/Debug-appletvos/DesignSystem-t.build/Objects-normal/arm64/DesignSystem.swiftmodule /Users/admin/builder/spi-builder-workspace/.derivedData/Build/Products/Debug-appletvos/DesignSystem.swiftmodule/arm64-apple-tvos.swiftmodule
Copy /Users/admin/builder/spi-builder-workspace/.derivedData/Build/Products/Debug-appletvos/DesignSystem.swiftmodule/arm64-apple-tvos.abi.json /Users/admin/builder/spi-builder-workspace/.derivedData/Build/Intermediates.noindex/DesignSystem.build/Debug-appletvos/DesignSystem-t.build/Objects-normal/arm64/DesignSystem.abi.json (in target 'DesignSystem' from project 'DesignSystem')
    cd /Users/admin/builder/spi-builder-workspace/.dependencies/checkouts/DesignSystem
    builtin-copy -exclude .DS_Store -exclude CVS -exclude .svn -exclude .git -exclude .hg -resolve-src-symlinks -rename /Users/admin/builder/spi-builder-workspace/.derivedData/Build/Intermediates.noindex/DesignSystem.build/Debug-appletvos/DesignSystem-t.build/Objects-normal/arm64/DesignSystem.abi.json /Users/admin/builder/spi-builder-workspace/.derivedData/Build/Products/Debug-appletvos/DesignSystem.swiftmodule/arm64-apple-tvos.abi.json
Copy /Users/admin/builder/spi-builder-workspace/.derivedData/Build/Products/Debug-appletvos/DesignSystem.swiftmodule/arm64-apple-tvos.swiftdoc /Users/admin/builder/spi-builder-workspace/.derivedData/Build/Intermediates.noindex/DesignSystem.build/Debug-appletvos/DesignSystem-t.build/Objects-normal/arm64/DesignSystem.swiftdoc (in target 'DesignSystem' from project 'DesignSystem')
    cd /Users/admin/builder/spi-builder-workspace/.dependencies/checkouts/DesignSystem
    builtin-copy -exclude .DS_Store -exclude CVS -exclude .svn -exclude .git -exclude .hg -resolve-src-symlinks -rename /Users/admin/builder/spi-builder-workspace/.derivedData/Build/Intermediates.noindex/DesignSystem.build/Debug-appletvos/DesignSystem-t.build/Objects-normal/arm64/DesignSystem.swiftdoc /Users/admin/builder/spi-builder-workspace/.derivedData/Build/Products/Debug-appletvos/DesignSystem.swiftmodule/arm64-apple-tvos.swiftdoc
Copy /Users/admin/builder/spi-builder-workspace/.derivedData/Build/Products/Debug-appletvos/DesignSystem.swiftmodule/Project/arm64-apple-tvos.swiftsourceinfo /Users/admin/builder/spi-builder-workspace/.derivedData/Build/Intermediates.noindex/DesignSystem.build/Debug-appletvos/DesignSystem-t.build/Objects-normal/arm64/DesignSystem.swiftsourceinfo (in target 'DesignSystem' from project 'DesignSystem')
    cd /Users/admin/builder/spi-builder-workspace/.dependencies/checkouts/DesignSystem
    builtin-copy -exclude .DS_Store -exclude CVS -exclude .svn -exclude .git -exclude .hg -resolve-src-symlinks -rename /Users/admin/builder/spi-builder-workspace/.derivedData/Build/Intermediates.noindex/DesignSystem.build/Debug-appletvos/DesignSystem-t.build/Objects-normal/arm64/DesignSystem.swiftsourceinfo /Users/admin/builder/spi-builder-workspace/.derivedData/Build/Products/Debug-appletvos/DesignSystem.swiftmodule/Project/arm64-apple-tvos.swiftsourceinfo
GenerateAssetSymbols /Users/admin/builder/spi-builder-workspace/Sources/TournamentBracket/Resources/Media.xcassets (in target 'TournamentBracket' from project 'TournamentBracket')
    cd /Users/admin/builder/spi-builder-workspace
    /Applications/Xcode-27.0.0-Release.Candidate.app/Contents/Developer/usr/bin/actool /Users/admin/builder/spi-builder-workspace/Sources/TournamentBracket/Resources/Media.xcassets --compile /Users/admin/builder/spi-builder-workspace/.derivedData/Build/Products/Debug-appletvos --output-format human-readable-text --notices --warnings --export-dependency-info /Users/admin/builder/spi-builder-workspace/.derivedData/Build/Intermediates.noindex/TournamentBracket.build/Debug-appletvos/TournamentBracket-t.build/assetcatalog_dependencies --output-partial-info-plist /Users/admin/builder/spi-builder-workspace/.derivedData/Build/Intermediates.noindex/TournamentBracket.build/Debug-appletvos/TournamentBracket-t.build/assetcatalog_generated_info.plist --compress-pngs --enable-on-demand-resources NO --development-region en --leaderboard-identifier-prefix TournamentBracket.game-center.leaderboard. --leaderboard-set-identifier-prefix TournamentBracket.game-center.leaderboard-set. --target-device tv --minimum-deployment-target 17.0 --platform appletvos --bundle-identifier spi-builder-workspace.TournamentBracket --generate-swift-asset-symbol-extensions NO --generate-swift-asset-symbols /Users/admin/builder/spi-builder-workspace/.derivedData/Build/Intermediates.noindex/TournamentBracket.build/Debug-appletvos/TournamentBracket-t.build/DerivedSources/GeneratedAssetSymbols.swift --generate-objc-asset-symbols /Users/admin/builder/spi-builder-workspace/.derivedData/Build/Intermediates.noindex/TournamentBracket.build/Debug-appletvos/TournamentBracket-t.build/DerivedSources/GeneratedAssetSymbols.h --generate-asset-symbol-index /Users/admin/builder/spi-builder-workspace/.derivedData/Build/Intermediates.noindex/TournamentBracket.build/Debug-appletvos/TournamentBracket-t.build/DerivedSources/GeneratedAssetSymbols-Index.plist
/* com.apple.actool.compilation-results */
/Users/admin/builder/spi-builder-workspace/.derivedData/Build/Intermediates.noindex/TournamentBracket.build/Debug-appletvos/TournamentBracket-t.build/DerivedSources/GeneratedAssetSymbols-Index.plist
/Users/admin/builder/spi-builder-workspace/.derivedData/Build/Intermediates.noindex/TournamentBracket.build/Debug-appletvos/TournamentBracket-t.build/DerivedSources/GeneratedAssetSymbols.h
/Users/admin/builder/spi-builder-workspace/.derivedData/Build/Intermediates.noindex/TournamentBracket.build/Debug-appletvos/TournamentBracket-t.build/DerivedSources/GeneratedAssetSymbols.swift
SwiftDriver TournamentBracket normal arm64 com.apple.xcode.tools.swift.compiler (in target 'TournamentBracket' from project 'TournamentBracket')
    cd /Users/admin/builder/spi-builder-workspace/.swiftpm/xcode
    builtin-SwiftDriver -- /Applications/Xcode-27.0.0-Release.Candidate.app/Contents/Developer/Toolchains/XcodeDefault.xctoolchain/usr/bin/swiftc -parse-as-library -module-name TournamentBracket -Onone @/Users/admin/builder/spi-builder-workspace/.derivedData/Build/Intermediates.noindex/TournamentBracket.build/Debug-appletvos/TournamentBracket-t.build/Objects-normal/arm64/TournamentBracket.SwiftFileList -DSWIFT_PACKAGE -DDEBUG -DSWIFT_MODULE_RESOURCE_BUNDLE_AVAILABLE -DXcode -plugin-path /Applications/Xcode-27.0.0-Release.Candidate.app/Contents/Developer/Toolchains/XcodeDefault.xctoolchain/usr/lib/swift/host/plugins/testing -enable-experimental-feature DebugDescriptionMacro -sdk /Applications/Xcode-27.0.0-Release.Candidate.app/Contents/Developer/Platforms/AppleTVOS.platform/Developer/SDKs/AppleTVOS27.0.sdk -target arm64-apple-tvos17.0 -g -module-cache-path /Users/admin/builder/spi-builder-workspace/.derivedData/ModuleCache.noindex -Xfrontend -serialize-debugging-options -profile-coverage-mapping -profile-generate -enable-testing -index-store-path /Users/admin/builder/spi-builder-workspace/.derivedData/Index.noindex/DataStore -Xcc -D_LIBCPP_HARDENING_MODE\=_LIBCPP_HARDENING_MODE_DEBUG -swift-version 5 -I /Users/admin/builder/spi-builder-workspace/.derivedData/Build/Products/Debug-appletvos -Isystem /Applications/Xcode-27.0.0-Release.Candidate.app/Contents/Developer/Platforms/AppleTVOS.platform/Developer/usr/lib -F /Users/admin/builder/spi-builder-workspace/.derivedData/Build/Products/Debug-appletvos/PackageFrameworks -F /Users/admin/builder/spi-builder-workspace/.derivedData/Build/Products/Debug-appletvos -F /Applications/Xcode-27.0.0-Release.Candidate.app/Contents/Developer/Platforms/AppleTVOS.platform/Developer/Library/Frameworks -F /Applications/Xcode-27.0.0-Release.Candidate.app/Contents/Developer/Platforms/AppleTVOS.platform/Developer/SDKs/AppleTVOS27.0.sdk/Developer/Library/Frameworks -c -j10 -enable-batch-mode -incremental -Xcc -ivfsstatcache -Xcc /Users/admin/builder/spi-builder-workspace/.derivedData/SDKStatCaches.noindex/appletvos27.0-24J360-e829b21a6f8c9b70876ba0858053c044b32bfd8d43560033f8d89884cdb90028.sdkstatcache -output-file-map /Users/admin/builder/spi-builder-workspace/.derivedData/Build/Intermediates.noindex/TournamentBracket.build/Debug-appletvos/TournamentBracket-t.build/Objects-normal/arm64/TournamentBracket-OutputFileMap.json -save-temps -no-color-diagnostics -explicit-module-build -module-cache-path /Users/admin/builder/spi-builder-workspace/.derivedData/Build/Intermediates.noindex/SwiftExplicitPrecompiledModules -clang-scanner-module-cache-path /Users/admin/builder/spi-builder-workspace/.derivedData/ModuleCache.noindex -sdk-module-cache-path /Users/admin/builder/spi-builder-workspace/.derivedData/SDKExplicitPrecompiledModules -emit-dependencies -emit-module -emit-module-path /Users/admin/builder/spi-builder-workspace/.derivedData/Build/Intermediates.noindex/TournamentBracket.build/Debug-appletvos/TournamentBracket-t.build/Objects-normal/arm64/TournamentBracket.swiftmodule -serialize-diagnostics -dependency-scan-serialize-diagnostics-path /Users/admin/builder/spi-builder-workspace/.derivedData/Build/Intermediates.noindex/TournamentBracket.build/Debug-appletvos/TournamentBracket-t.build/Objects-normal/arm64/TournamentBracket-dependency-scan.dia -validate-clang-modules-once -clang-build-session-file /Users/admin/builder/spi-builder-workspace/.derivedData/ModuleCache.noindex/Session.modulevalidation -Xcc -fmodules-prune-interval\=86400 -Xcc -fmodules-prune-after\=345600 -package-name spi_builder_workspace -emit-const-values -const-gather-protocols-list /Users/admin/builder/spi-builder-workspace/.derivedData/Build/Intermediates.noindex/TournamentBracket.build/Debug-appletvos/TournamentBracket-t.build/Objects-normal/arm64/TournamentBracket_const_extract_protocols.json -Xcc -I/Users/admin/builder/spi-builder-workspace/.derivedData/Build/Products/Debug-appletvos/include -Xcc -I/Users/admin/builder/spi-builder-workspace/.derivedData/Build/Intermediates.noindex/TournamentBracket.build/Debug-appletvos/TournamentBracket-t.build/DerivedSources-normal/arm64 -Xcc -I/Users/admin/builder/spi-builder-workspace/.derivedData/Build/Intermediates.noindex/TournamentBracket.build/Debug-appletvos/TournamentBracket-t.build/DerivedSources/arm64 -Xcc -I/Users/admin/builder/spi-builder-workspace/.derivedData/Build/Intermediates.noindex/TournamentBracket.build/Debug-appletvos/TournamentBracket-t.build/DerivedSources -Xcc -DSWIFT_PACKAGE -Xcc -DDEBUG\=1 -emit-objc-header -emit-objc-header-path /Users/admin/builder/spi-builder-workspace/.derivedData/Build/Intermediates.noindex/TournamentBracket.build/Debug-appletvos/TournamentBracket-t.build/Objects-normal/arm64/TournamentBracket-Swift.h -working-directory /Users/admin/builder/spi-builder-workspace/.swiftpm/xcode -experimental-emit-module-separately -disable-cmo
SwiftCompile normal arm64 Compiling\ resource_bundle_accessor.swift,\ BracketView.swift /Users/admin/builder/spi-builder-workspace/.derivedData/Build/Intermediates.noindex/TournamentBracket.build/Debug-appletvos/TournamentBracket-t.build/DerivedSources/resource_bundle_accessor.swift /Users/admin/builder/spi-builder-workspace/Sources/TournamentBracket/BracketCell/BracketView.swift (in target 'TournamentBracket' from project 'TournamentBracket')
SwiftCompile normal arm64 /Users/admin/builder/spi-builder-workspace/.derivedData/Build/Intermediates.noindex/TournamentBracket.build/Debug-appletvos/TournamentBracket-t.build/DerivedSources/resource_bundle_accessor.swift (in target 'TournamentBracket' from project 'TournamentBracket')
    cd /Users/admin/builder/spi-builder-workspace/.swiftpm/xcode
    builtin-SwiftPerFileCompile resource_bundle_accessor.swift
SwiftCompile normal arm64 /Users/admin/builder/spi-builder-workspace/Sources/TournamentBracket/BracketCell/BracketView.swift (in target 'TournamentBracket' from project 'TournamentBracket')
    cd /Users/admin/builder/spi-builder-workspace/.swiftpm/xcode
    builtin-SwiftPerFileCompile BracketView.swift
SwiftCompile normal arm64 Compiling\ CustomViewModifiers.swift /Users/admin/builder/spi-builder-workspace/Sources/TournamentBracket/Utils/CustomViewModifiers.swift (in target 'TournamentBracket' from project 'TournamentBracket')
SwiftCompile normal arm64 /Users/admin/builder/spi-builder-workspace/Sources/TournamentBracket/Utils/CustomViewModifiers.swift (in target 'TournamentBracket' from project 'TournamentBracket')
    cd /Users/admin/builder/spi-builder-workspace/.swiftpm/xcode
    builtin-SwiftPerFileCompile CustomViewModifiers.swift
SwiftCompile normal arm64 Compiling\ GeneratedAssetSymbols.swift /Users/admin/builder/spi-builder-workspace/.derivedData/Build/Intermediates.noindex/TournamentBracket.build/Debug-appletvos/TournamentBracket-t.build/DerivedSources/GeneratedAssetSymbols.swift (in target 'TournamentBracket' from project 'TournamentBracket')
SwiftCompile normal arm64 /Users/admin/builder/spi-builder-workspace/.derivedData/Build/Intermediates.noindex/TournamentBracket.build/Debug-appletvos/TournamentBracket-t.build/DerivedSources/GeneratedAssetSymbols.swift (in target 'TournamentBracket' from project 'TournamentBracket')
    cd /Users/admin/builder/spi-builder-workspace/.swiftpm/xcode
    builtin-SwiftPerFileCompile GeneratedAssetSymbols.swift
SwiftCompile normal arm64 Compiling\ PropWrappers.swift /Users/admin/builder/spi-builder-workspace/Sources/TournamentBracket/Utils/PropWrappers.swift (in target 'TournamentBracket' from project 'TournamentBracket')
SwiftCompile normal arm64 /Users/admin/builder/spi-builder-workspace/Sources/TournamentBracket/Utils/PropWrappers.swift (in target 'TournamentBracket' from project 'TournamentBracket')
    cd /Users/admin/builder/spi-builder-workspace/.swiftpm/xcode
    builtin-SwiftPerFileCompile PropWrappers.swift
SwiftCompile normal arm64 Compiling\ BracketListView.swift /Users/admin/builder/spi-builder-workspace/Sources/TournamentBracket/BracketListView.swift (in target 'TournamentBracket' from project 'TournamentBracket')
SwiftCompile normal arm64 /Users/admin/builder/spi-builder-workspace/Sources/TournamentBracket/BracketListView.swift (in target 'TournamentBracket' from project 'TournamentBracket')
    cd /Users/admin/builder/spi-builder-workspace/.swiftpm/xcode
    builtin-SwiftPerFileCompile BracketListView.swift
SwiftEmitModule normal arm64 Emitting\ module\ for\ TournamentBracket (in target 'TournamentBracket' from project 'TournamentBracket')
/Users/admin/builder/spi-builder-workspace/Sources/TournamentBracket/TournamentBracketView/TournamentBracketView.swift:136:51: error: 'DragGesture' is unavailable in tvOS
134 |     }
135 |
136 |     private func handleDragEnded(_ gestureValue : DragGesture.Value){
    |                                                   `- error: 'DragGesture' is unavailable in tvOS
137 |         let threshold: CGFloat = 50
138 |         if gestureValue.translation.width < -threshold{
SwiftUI.DragGesture:3:42: note: 'DragGesture' has been explicitly marked unavailable here
 1 | @available(iOS 13.0, macOS 10.15, watchOS 6.0, *)
 2 | @available(tvOS, unavailable)
 3 | @MainActor @preconcurrency public struct DragGesture : Gesture, ~Sendable {
   |                                          `- note: 'DragGesture' has been explicitly marked unavailable here
 4 |     public struct Value : Equatable, Sendable {
 5 |         public var time: Date
Failed frontend command:
/Applications/Xcode-27.0.0-Release.Candidate.app/Contents/Developer/Toolchains/XcodeDefault.xctoolchain/usr/bin/swift-frontend -frontend -emit-module -experimental-skip-non-inlinable-function-bodies-without-types /Users/admin/builder/spi-builder-workspace/.derivedData/Build/Intermediates.noindex/TournamentBracket.build/Debug-appletvos/TournamentBracket-t.build/DerivedSources/resource_bundle_accessor.swift /Users/admin/builder/spi-builder-workspace/Sources/TournamentBracket/BracketCell/BracketView.swift /Users/admin/builder/spi-builder-workspace/Sources/TournamentBracket/BracketCell/LineView.swift /Users/admin/builder/spi-builder-workspace/Sources/TournamentBracket/BracketCell/ScoreView.swift /Users/admin/builder/spi-builder-workspace/Sources/TournamentBracket/BracketListView.swift /Users/admin/builder/spi-builder-workspace/Sources/TournamentBracket/CustomTabView.swift /Users/admin/builder/spi-builder-workspace/Sources/TournamentBracket/TournamentBracketView/TournamentBracketView.swift /Users/admin/builder/spi-builder-workspace/Sources/TournamentBracket/TournamentBracketView/TournamentBracketViewModel.swift /Users/admin/builder/spi-builder-workspace/Sources/TournamentBracket/Utils/CustomViewModifiers.swift /Users/admin/builder/spi-builder-workspace/Sources/TournamentBracket/Utils/Extensions.swift /Users/admin/builder/spi-builder-workspace/Sources/TournamentBracket/Utils/PropWrappers.swift /Users/admin/builder/spi-builder-workspace/.derivedData/Build/Intermediates.noindex/TournamentBracket.build/Debug-appletvos/TournamentBracket-t.build/DerivedSources/GeneratedAssetSymbols.swift -target arm64-apple-tvos17.0 -module-can-import-version DeveloperToolsSupport 24.0.24 24.0.24 -disable-cross-import-overlay-search -load-resolved-plugin /Applications/Xcode-27.0.0-Release.Candidate.app/Contents/Developer/Platforms/AppleTVOS.platform/Developer/usr/lib/swift/host/plugins/libFoundationMacros.dylib\#/Applications/Xcode-27.0.0-Release.Candidate.app/Contents/Developer/Platforms/AppleTVOS.platform/Developer/usr/bin/swift-plugin-server\#FoundationMacros -load-resolved-plugin /Applications/Xcode-27.0.0-Release.Candidate.app/Contents/Developer/Platforms/AppleTVOS.platform/Developer/usr/lib/swift/host/plugins/libObservationMacros.dylib\#/Applications/Xcode-27.0.0-Release.Candidate.app/Contents/Developer/Platforms/AppleTVOS.platform/Developer/usr/bin/swift-plugin-server\#ObservationMacros -load-resolved-plugin /Applications/Xcode-27.0.0-Release.Candidate.app/Contents/Developer/Platforms/AppleTVOS.platform/Developer/usr/lib/swift/host/plugins/libPreviewsMacros.dylib\#/Applications/Xcode-27.0.0-Release.Candidate.app/Contents/Developer/Platforms/AppleTVOS.platform/Developer/usr/bin/swift-plugin-server\#PreviewsMacros -load-resolved-plugin /Applications/Xcode-27.0.0-Release.Candidate.app/Contents/Developer/Platforms/AppleTVOS.platform/Developer/usr/lib/swift/host/plugins/libSwiftMacros.dylib\#/Applications/Xcode-27.0.0-Release.Candidate.app/Contents/Developer/Platforms/AppleTVOS.platform/Developer/usr/bin/swift-plugin-server\#SwiftMacros -load-resolved-plugin /Applications/Xcode-27.0.0-Release.Candidate.app/Contents/Developer/Platforms/AppleTVOS.platform/Developer/usr/lib/swift/host/plugins/libSwiftUIMacros.dylib\#/Applications/Xcode-27.0.0-Release.Candidate.app/Contents/Developer/Platforms/AppleTVOS.platform/Developer/usr/bin/swift-plugin-server\#SwiftUIMacros -disable-implicit-swift-modules -Xcc -fno-implicit-modules -Xcc -fno-implicit-module-maps -explicit-swift-module-map-file /Users/admin/builder/spi-builder-workspace/.derivedData/Build/Intermediates.noindex/TournamentBracket.build/Debug-appletvos/TournamentBracket-t.build/Objects-normal/arm64/TournamentBracket-dependencies-1.json -Xllvm -aarch64-use-tbi -enable-objc-interop -stack-check -sdk /Applications/Xcode-27.0.0-Release.Candidate.app/Contents/Developer/Platforms/AppleTVOS.platform/Developer/SDKs/AppleTVOS27.0.sdk -I /Users/admin/builder/spi-builder-workspace/.derivedData/Build/Products/Debug-appletvos -Isystem /Applications/Xcode-27.0.0-Release.Candidate.app/Contents/Developer/Platforms/AppleTVOS.platform/Developer/usr/lib -F /Users/admin/builder/spi-builder-workspace/.derivedData/Build/Products/Debug-appletvos/PackageFrameworks -F /Users/admin/builder/spi-builder-workspace/.derivedData/Build/Products/Debug-appletvos -F /Applications/Xcode-27.0.0-Release.Candidate.app/Contents/Developer/Platforms/AppleTVOS.platform/Developer/Library/Frameworks -F /Applications/Xcode-27.0.0-Release.Candidate.app/Contents/Developer/Platforms/AppleTVOS.platform/Developer/SDKs/AppleTVOS27.0.sdk/Developer/Library/Frameworks -module-cache-path /Users/admin/builder/spi-builder-workspace/.derivedData/Build/Intermediates.noindex/SwiftExplicitPrecompiledModules -no-color-diagnostics -Xcc -fno-color-diagnostics -enable-testing -g -debug-info-format\=dwarf -dwarf-version\=4 -profile-generate -profile-coverage-mapping -swift-version 5 -Onone -D SWIFT_PACKAGE -D DEBUG -D SWIFT_MODULE_RESOURCE_BUNDLE_AVAILABLE -D Xcode -serialize-debugging-options -enable-experimental-feature DebugDescriptionMacro -empty-abi-descriptor -validate-clang-modules-once -clang-build-session-file /Users/admin/builder/spi-builder-workspace/.derivedData/ModuleCache.noindex/Session.modulevalidation -Xcc -working-directory -Xcc /Users/admin/builder/spi-builder-workspace/.swiftpm/xcode -enable-anonymous-context-mangled-names -file-compilation-dir /Users/admin/builder/spi-builder-workspace/.swiftpm/xcode -Xcc -D_LIBCPP_HARDENING_MODE\=_LIBCPP_HARDENING_MODE_DEBUG -Xcc -ivfsstatcache -Xcc /Users/admin/builder/spi-builder-workspace/.derivedData/SDKStatCaches.noindex/appletvos27.0-24J360-e829b21a6f8c9b70876ba0858053c044b32bfd8d43560033f8d89884cdb90028.sdkstatcache -Xcc -fmodules-prune-interval\=86400 -Xcc -fmodules-prune-after\=345600 -Xcc -I/Users/admin/builder/spi-builder-workspace/.derivedData/Build/Products/Debug-appletvos/include -Xcc -I/Users/admin/builder/spi-builder-workspace/.derivedData/Build/Intermediates.noindex/TournamentBracket.build/Debug-appletvos/TournamentBracket-t.build/DerivedSources-normal/arm64 -Xcc -I/Users/admin/builder/spi-builder-workspace/.derivedData/Build/Intermediates.noindex/TournamentBracket.build/Debug-appletvos/TournamentBracket-t.build/DerivedSources/arm64 -Xcc -I/Users/admin/builder/spi-builder-workspace/.derivedData/Build/Intermediates.noindex/TournamentBracket.build/Debug-appletvos/TournamentBracket-t.build/DerivedSources -Xcc -DSWIFT_PACKAGE -Xcc -DDEBUG\=1 -no-auto-bridging-header-chaining -module-name TournamentBracket -package-name spi_builder_workspace -const-gather-protocols-file /Users/admin/builder/spi-builder-workspace/.derivedData/Build/Intermediates.noindex/TournamentBracket.build/Debug-appletvos/TournamentBracket-t.build/Objects-normal/arm64/TournamentBracket_const_extract_protocols.json -disable-clang-spi -clang-target arm64-apple-tvos27.0 -target-sdk-version 27.0 -target-sdk-name appletvos27.0 -in-process-plugin-server-path /Applications/Xcode-27.0.0-Release.Candidate.app/Contents/Developer/Toolchains/XcodeDefault.xctoolchain/usr/lib/swift/host/libSwiftInProcPluginServer.dylib -emit-module-doc-path /Users/admin/builder/spi-builder-workspace/.derivedData/Build/Intermediates.noindex/TournamentBracket.build/Debug-appletvos/TournamentBracket-t.build/Objects-normal/arm64/TournamentBracket.swiftdoc -emit-module-source-info-path /Users/admin/builder/spi-builder-workspace/.derivedData/Build/Intermediates.noindex/TournamentBracket.build/Debug-appletvos/TournamentBracket-t.build/Objects-normal/arm64/TournamentBracket.swiftsourceinfo -emit-objc-header-path /Users/admin/builder/spi-builder-workspace/.derivedData/Build/Intermediates.noindex/TournamentBracket.build/Debug-appletvos/TournamentBracket-t.build/Objects-normal/arm64/TournamentBracket-Swift.h -serialize-diagnostics-path /Users/admin/builder/spi-builder-workspace/.derivedData/Build/Intermediates.noindex/TournamentBracket.build/Debug-appletvos/TournamentBracket-t.build/Objects-normal/arm64/TournamentBracket-primary-emit-module.dia -emit-dependencies-path /Users/admin/builder/spi-builder-workspace/.derivedData/Build/Intermediates.noindex/TournamentBracket.build/Debug-appletvos/TournamentBracket-t.build/Objects-normal/arm64/TournamentBracket-primary-emit-module.d -parse-as-library -o /Users/admin/builder/spi-builder-workspace/.derivedData/Build/Intermediates.noindex/TournamentBracket.build/Debug-appletvos/TournamentBracket-t.build/Objects-normal/arm64/TournamentBracket.swiftmodule -emit-abi-descriptor-path /Users/admin/builder/spi-builder-workspace/.derivedData/Build/Intermediates.noindex/TournamentBracket.build/Debug-appletvos/TournamentBracket-t.build/Objects-normal/arm64/TournamentBracket.abi.json
SwiftCompile normal arm64 (in target 'TournamentBracket' from project 'TournamentBracket')
    cd /Users/admin/builder/spi-builder-workspace/.swiftpm/xcode

SwiftDriverJobDiscovery normal arm64 Compiling PropWrappers.swift (in target 'TournamentBracket' from project 'TournamentBracket')
SwiftCompile normal arm64 Compiling\ LineView.swift,\ ScoreView.swift /Users/admin/builder/spi-builder-workspace/Sources/TournamentBracket/BracketCell/LineView.swift /Users/admin/builder/spi-builder-workspace/Sources/TournamentBracket/BracketCell/ScoreView.swift (in target 'TournamentBracket' from project 'TournamentBracket')
SwiftCompile normal arm64 /Users/admin/builder/spi-builder-workspace/Sources/TournamentBracket/BracketCell/LineView.swift (in target 'TournamentBracket' from project 'TournamentBracket')
    cd /Users/admin/builder/spi-builder-workspace/.swiftpm/xcode
    builtin-SwiftPerFileCompile LineView.swift
SwiftCompile normal arm64 /Users/admin/builder/spi-builder-workspace/Sources/TournamentBracket/BracketCell/ScoreView.swift (in target 'TournamentBracket' from project 'TournamentBracket')
    cd /Users/admin/builder/spi-builder-workspace/.swiftpm/xcode
    builtin-SwiftPerFileCompile ScoreView.swift
SwiftDriverJobDiscovery normal arm64 Compiling resource_bundle_accessor.swift (in target 'DesignSystem' from project 'DesignSystem')
SwiftCompile normal arm64 Compiling\ TournamentBracketView.swift /Users/admin/builder/spi-builder-workspace/Sources/TournamentBracket/TournamentBracketView/TournamentBracketView.swift (in target 'TournamentBracket' from project 'TournamentBracket')
/Users/admin/builder/spi-builder-workspace/Sources/TournamentBracket/TournamentBracketView/TournamentBracketView.swift:136:51: error: 'DragGesture' is unavailable in tvOS
134 |     }
135 |
136 |     private func handleDragEnded(_ gestureValue : DragGesture.Value){
    |                                                   `- error: 'DragGesture' is unavailable in tvOS
137 |         let threshold: CGFloat = 50
138 |         if gestureValue.translation.width < -threshold{
SwiftUI.DragGesture:3:42: note: 'DragGesture' has been explicitly marked unavailable here
 1 | @available(iOS 13.0, macOS 10.15, watchOS 6.0, *)
 2 | @available(tvOS, unavailable)
 3 | @MainActor @preconcurrency public struct DragGesture : Gesture, ~Sendable {
   |                                          `- note: 'DragGesture' has been explicitly marked unavailable here
 4 |     public struct Value : Equatable, Sendable {
 5 |         public var time: Date
/Users/admin/builder/spi-builder-workspace/Sources/TournamentBracket/TournamentBracketView/TournamentBracketView.swift:71:9: error: 'DragGesture' is unavailable in tvOS
 69 |
 70 |     var drag : some Gesture{
 71 |         DragGesture()
    |         `- error: 'DragGesture' is unavailable in tvOS
 72 |             .onChanged{value in
 73 |                 offsetX = value.translation.width - CGFloat(focusedColumnIndex) * columnWidth
SwiftUI.DragGesture:3:42: note: 'DragGesture' has been explicitly marked unavailable here
 1 | @available(iOS 13.0, macOS 10.15, watchOS 6.0, *)
 2 | @available(tvOS, unavailable)
 3 | @MainActor @preconcurrency public struct DragGesture : Gesture, ~Sendable {
   |                                          `- note: 'DragGesture' has been explicitly marked unavailable here
 4 |     public struct Value : Equatable, Sendable {
 5 |         public var time: Date
SwiftCompile normal arm64 /Users/admin/builder/spi-builder-workspace/Sources/TournamentBracket/TournamentBracketView/TournamentBracketView.swift (in target 'TournamentBracket' from project 'TournamentBracket')
    cd /Users/admin/builder/spi-builder-workspace/.swiftpm/xcode
    builtin-SwiftPerFileCompile TournamentBracketView.swift
SwiftDriverJobDiscovery normal arm64 Compiling GeneratedAssetSymbols.swift (in target 'TournamentBracket' from project 'TournamentBracket')
SwiftCompile normal arm64 Compiling\ TournamentBracketViewModel.swift /Users/admin/builder/spi-builder-workspace/Sources/TournamentBracket/TournamentBracketView/TournamentBracketViewModel.swift (in target 'TournamentBracket' from project 'TournamentBracket')
SwiftCompile normal arm64 /Users/admin/builder/spi-builder-workspace/Sources/TournamentBracket/TournamentBracketView/TournamentBracketViewModel.swift (in target 'TournamentBracket' from project 'TournamentBracket')
    cd /Users/admin/builder/spi-builder-workspace/.swiftpm/xcode
    builtin-SwiftPerFileCompile TournamentBracketViewModel.swift
PruneExplicitPrecompiledModules /Users/admin/builder/spi-builder-workspace/.derivedData/SDKExplicitPrecompiledModules
PruneExplicitPrecompiledModules /Users/admin/builder/spi-builder-workspace/.derivedData/Build/Intermediates.noindex/ExplicitPrecompiledModules
PruneExplicitPrecompiledModules /Users/admin/builder/spi-builder-workspace/.derivedData/Build/Intermediates.noindex/SwiftExplicitPrecompiledModules
2026-09-21 00:12:56.576 xcodebuild[665:4084] [MT] IDERunDestination: Supported platforms for the buildables in the current scheme is empty.
** BUILD FAILED **
The following build commands failed:
	SwiftEmitModule normal arm64 Emitting\ module\ for\ TournamentBracket (in target 'TournamentBracket' from project 'TournamentBracket')
	SwiftCompile normal arm64 (in target 'TournamentBracket' from project 'TournamentBracket')
	Building workspace TournamentBracket with scheme TournamentBracket
(3 failures)
Command line invocation:
    /Applications/Xcode-27.0.0-Release.Candidate.app/Contents/Developer/usr/bin/xcodebuild -IDEClonedSourcePackagesDirPathOverride=/Users/admin/builder/spi-builder-workspace/.dependencies -resolvePackageDependencies
Resolve Package Graph
Resolved source packages:
  TournamentBracket: /Users/admin/builder/spi-builder-workspace
  DesignSystem: https://github.com/manisrini/DesignSystem @ 1.0.0
resolved source packages: TournamentBracket, DesignSystem
2026-09-21 00:13:06.987 xcodebuild[805:4848] [MT] IDERunDestination: Supported platforms for the buildables in the current scheme is empty.
{
  "dependencies" : [
    {
      "identity" : "designsystem",
      "requirement" : {
        "range" : [
          {
            "lower_bound" : "1.0.0",
            "upper_bound" : "2.0.0"
          }
        ]
      },
      "type" : "sourceControl",
      "url" : "https://github.com/manisrini/DesignSystem"
    }
  ],
  "manifest_display_name" : "TournamentBracket",
  "name" : "TournamentBracket",
  "path" : "/Users/admin/builder/spi-builder-workspace",
  "platforms" : [
    {
      "name" : "ios",
      "version" : "17.0"
    }
  ],
  "products" : [
    {
      "name" : "TournamentBracket",
      "targets" : [
        "TournamentBracket"
      ],
      "type" : {
        "library" : [
          "automatic"
        ]
      }
    }
  ],
  "targets" : [
    {
      "c99name" : "TournamentBracketTests",
      "module_type" : "SwiftTarget",
      "name" : "TournamentBracketTests",
      "path" : "Tests/TournamentBracketTests",
      "sources" : [
        "TournamentBracketTests.swift"
      ],
      "target_dependencies" : [
        "TournamentBracket"
      ],
      "type" : "test"
    },
    {
      "c99name" : "TournamentBracket",
      "module_type" : "SwiftTarget",
      "name" : "TournamentBracket",
      "path" : "Sources/TournamentBracket",
      "product_dependencies" : [
        "DesignSystem"
      ],
      "product_memberships" : [
        "TournamentBracket"
      ],
      "resources" : [
        {
          "path" : "/Users/admin/builder/spi-builder-workspace/Sources/TournamentBracket/Resources/Media.xcassets",
          "rule" : {
            "process" : {
            }
          }
        }
      ],
      "sources" : [
        "BracketCell/BracketView.swift",
        "BracketCell/LineView.swift",
        "BracketCell/ScoreView.swift",
        "BracketListView.swift",
        "CustomTabView.swift",
        "TournamentBracketView/TournamentBracketView.swift",
        "TournamentBracketView/TournamentBracketViewModel.swift",
        "Utils/CustomViewModifiers.swift",
        "Utils/Extensions.swift",
        "Utils/PropWrappers.swift"
      ],
      "type" : "library"
    }
  ],
  "tools_version" : "5.10"
}
{
  "workspace" : {
    "name" : "TournamentBracket",
    "schemes" : [
      "TournamentBracket"
    ]
  }
}
2026-09-21 00:13:08.263 xcodebuild[813:4917] [MT] IDERunDestination: Supported platforms for the buildables in the current scheme is empty.
Running build ...
env DEVELOPER_DIR=/Applications/Xcode-27.0.0-Release.Candidate.app xcrun xcodebuild -IDEClonedSourcePackagesDirPathOverride=$PWD/.dependencies -skipMacroValidation -skipPackagePluginValidation -derivedDataPath $PWD/.derivedData build -scheme TournamentBracket -destination generic/platform=tvOS
Command line invocation:
    /Applications/Xcode-27.0.0-Release.Candidate.app/Contents/Developer/usr/bin/xcodebuild -IDEClonedSourcePackagesDirPathOverride=/Users/admin/builder/spi-builder-workspace/.dependencies -skipMacroValidation -skipPackagePluginValidation -derivedDataPath /Users/admin/builder/spi-builder-workspace/.derivedData build -scheme TournamentBracket -destination generic/platform=tvOS
Resolve Package Graph
Resolved source packages:
  TournamentBracket: /Users/admin/builder/spi-builder-workspace
  DesignSystem: https://github.com/manisrini/DesignSystem @ 1.0.0
ComputePackagePrebuildTargetDependencyGraph
Prepare packages
CreateBuildRequest
SendProjectDescription
CreateBuildOperation
ComputeTargetDependencyGraph
note: Building targets in dependency order
note: Target dependency graph (6 targets)
    Target 'TournamentBracket-product' in project 'TournamentBracket'
        ➜ Explicit dependency on target 'TournamentBracket' in project 'TournamentBracket'
        ➜ Explicit dependency on target 'TournamentBracket_TournamentBracket' in project 'TournamentBracket'
        ➜ Explicit dependency on target 'DesignSystem-product' in project 'DesignSystem'
    Target 'TournamentBracket' in project 'TournamentBracket'
        ➜ Explicit dependency on target 'TournamentBracket_TournamentBracket' in project 'TournamentBracket'
        ➜ Explicit dependency on target 'DesignSystem-product' in project 'DesignSystem'
    Target 'DesignSystem-product' in project 'DesignSystem'
        ➜ Explicit dependency on target 'DesignSystem' in project 'DesignSystem'
        ➜ Explicit dependency on target 'DesignSystem_DesignSystem' in project 'DesignSystem'
    Target 'DesignSystem' in project 'DesignSystem'
        ➜ Explicit dependency on target 'DesignSystem_DesignSystem' in project 'DesignSystem'
    Target 'DesignSystem_DesignSystem' in project 'DesignSystem' (no dependencies)
    Target 'TournamentBracket_TournamentBracket' in project 'TournamentBracket' (no dependencies)
GatherProvisioningInputs
CreateBuildDescription
ClangStatCache /Applications/Xcode-27.0.0-Release.Candidate.app/Contents/Developer/Toolchains/XcodeDefault.xctoolchain/usr/bin/clang-stat-cache /Applications/Xcode-27.0.0-Release.Candidate.app/Contents/Developer/Platforms/AppleTVOS.platform/Developer/SDKs/AppleTVOS27.0.sdk /Users/admin/builder/spi-builder-workspace/.derivedData/SDKStatCaches.noindex/appletvos27.0-24J360-e829b21a6f8c9b70876ba0858053c044b32bfd8d43560033f8d89884cdb90028.sdkstatcache
    cd /Users/admin/builder/spi-builder-workspace/.swiftpm/xcode
    /Applications/Xcode-27.0.0-Release.Candidate.app/Contents/Developer/Toolchains/XcodeDefault.xctoolchain/usr/bin/clang-stat-cache /Applications/Xcode-27.0.0-Release.Candidate.app/Contents/Developer/Platforms/AppleTVOS.platform/Developer/SDKs/AppleTVOS27.0.sdk -o /Users/admin/builder/spi-builder-workspace/.derivedData/SDKStatCaches.noindex/appletvos27.0-24J360-e829b21a6f8c9b70876ba0858053c044b32bfd8d43560033f8d89884cdb90028.sdkstatcache
SwiftDriver TournamentBracket normal arm64 com.apple.xcode.tools.swift.compiler (in target 'TournamentBracket' from project 'TournamentBracket')
    cd /Users/admin/builder/spi-builder-workspace/.swiftpm/xcode
    builtin-SwiftDriver -- /Applications/Xcode-27.0.0-Release.Candidate.app/Contents/Developer/Toolchains/XcodeDefault.xctoolchain/usr/bin/swiftc -parse-as-library -module-name TournamentBracket -Onone @/Users/admin/builder/spi-builder-workspace/.derivedData/Build/Intermediates.noindex/TournamentBracket.build/Debug-appletvos/TournamentBracket-t.build/Objects-normal/arm64/TournamentBracket.SwiftFileList -DSWIFT_PACKAGE -DDEBUG -DSWIFT_MODULE_RESOURCE_BUNDLE_AVAILABLE -DXcode -plugin-path /Applications/Xcode-27.0.0-Release.Candidate.app/Contents/Developer/Toolchains/XcodeDefault.xctoolchain/usr/lib/swift/host/plugins/testing -enable-experimental-feature DebugDescriptionMacro -sdk /Applications/Xcode-27.0.0-Release.Candidate.app/Contents/Developer/Platforms/AppleTVOS.platform/Developer/SDKs/AppleTVOS27.0.sdk -target arm64-apple-tvos17.0 -g -module-cache-path /Users/admin/builder/spi-builder-workspace/.derivedData/ModuleCache.noindex -Xfrontend -serialize-debugging-options -profile-coverage-mapping -profile-generate -enable-testing -index-store-path /Users/admin/builder/spi-builder-workspace/.derivedData/Index.noindex/DataStore -Xcc -D_LIBCPP_HARDENING_MODE\=_LIBCPP_HARDENING_MODE_DEBUG -swift-version 5 -I /Users/admin/builder/spi-builder-workspace/.derivedData/Build/Products/Debug-appletvos -Isystem /Applications/Xcode-27.0.0-Release.Candidate.app/Contents/Developer/Platforms/AppleTVOS.platform/Developer/usr/lib -F /Users/admin/builder/spi-builder-workspace/.derivedData/Build/Products/Debug-appletvos/PackageFrameworks -F /Users/admin/builder/spi-builder-workspace/.derivedData/Build/Products/Debug-appletvos -F /Applications/Xcode-27.0.0-Release.Candidate.app/Contents/Developer/Platforms/AppleTVOS.platform/Developer/Library/Frameworks -F /Applications/Xcode-27.0.0-Release.Candidate.app/Contents/Developer/Platforms/AppleTVOS.platform/Developer/SDKs/AppleTVOS27.0.sdk/Developer/Library/Frameworks -c -j10 -enable-batch-mode -incremental -Xcc -ivfsstatcache -Xcc /Users/admin/builder/spi-builder-workspace/.derivedData/SDKStatCaches.noindex/appletvos27.0-24J360-e829b21a6f8c9b70876ba0858053c044b32bfd8d43560033f8d89884cdb90028.sdkstatcache -output-file-map /Users/admin/builder/spi-builder-workspace/.derivedData/Build/Intermediates.noindex/TournamentBracket.build/Debug-appletvos/TournamentBracket-t.build/Objects-normal/arm64/TournamentBracket-OutputFileMap.json -save-temps -no-color-diagnostics -explicit-module-build -module-cache-path /Users/admin/builder/spi-builder-workspace/.derivedData/Build/Intermediates.noindex/SwiftExplicitPrecompiledModules -clang-scanner-module-cache-path /Users/admin/builder/spi-builder-workspace/.derivedData/ModuleCache.noindex -sdk-module-cache-path /Users/admin/builder/spi-builder-workspace/.derivedData/SDKExplicitPrecompiledModules -emit-dependencies -emit-module -emit-module-path /Users/admin/builder/spi-builder-workspace/.derivedData/Build/Intermediates.noindex/TournamentBracket.build/Debug-appletvos/TournamentBracket-t.build/Objects-normal/arm64/TournamentBracket.swiftmodule -serialize-diagnostics -dependency-scan-serialize-diagnostics-path /Users/admin/builder/spi-builder-workspace/.derivedData/Build/Intermediates.noindex/TournamentBracket.build/Debug-appletvos/TournamentBracket-t.build/Objects-normal/arm64/TournamentBracket-dependency-scan.dia -validate-clang-modules-once -clang-build-session-file /Users/admin/builder/spi-builder-workspace/.derivedData/ModuleCache.noindex/Session.modulevalidation -Xcc -fmodules-prune-interval\=86400 -Xcc -fmodules-prune-after\=345600 -package-name spi_builder_workspace -emit-const-values -const-gather-protocols-list /Users/admin/builder/spi-builder-workspace/.derivedData/Build/Intermediates.noindex/TournamentBracket.build/Debug-appletvos/TournamentBracket-t.build/Objects-normal/arm64/TournamentBracket_const_extract_protocols.json -Xcc -I/Users/admin/builder/spi-builder-workspace/.derivedData/Build/Products/Debug-appletvos/include -Xcc -I/Users/admin/builder/spi-builder-workspace/.derivedData/Build/Intermediates.noindex/TournamentBracket.build/Debug-appletvos/TournamentBracket-t.build/DerivedSources-normal/arm64 -Xcc -I/Users/admin/builder/spi-builder-workspace/.derivedData/Build/Intermediates.noindex/TournamentBracket.build/Debug-appletvos/TournamentBracket-t.build/DerivedSources/arm64 -Xcc -I/Users/admin/builder/spi-builder-workspace/.derivedData/Build/Intermediates.noindex/TournamentBracket.build/Debug-appletvos/TournamentBracket-t.build/DerivedSources -Xcc -DSWIFT_PACKAGE -Xcc -DDEBUG\=1 -emit-objc-header -emit-objc-header-path /Users/admin/builder/spi-builder-workspace/.derivedData/Build/Intermediates.noindex/TournamentBracket.build/Debug-appletvos/TournamentBracket-t.build/Objects-normal/arm64/TournamentBracket-Swift.h -working-directory /Users/admin/builder/spi-builder-workspace/.swiftpm/xcode -experimental-emit-module-separately -disable-cmo
SwiftDriver DesignSystem normal arm64 com.apple.xcode.tools.swift.compiler (in target 'DesignSystem' from project 'DesignSystem')
    cd /Users/admin/builder/spi-builder-workspace/.swiftpm/xcode
    builtin-SwiftDriver -- /Applications/Xcode-27.0.0-Release.Candidate.app/Contents/Developer/Toolchains/XcodeDefault.xctoolchain/usr/bin/swiftc -parse-as-library -module-name DesignSystem -Onone @/Users/admin/builder/spi-builder-workspace/.derivedData/Build/Intermediates.noindex/DesignSystem.build/Debug-appletvos/DesignSystem-t.build/Objects-normal/arm64/DesignSystem.SwiftFileList -DSWIFT_PACKAGE -DDEBUG -DSWIFT_MODULE_RESOURCE_BUNDLE_AVAILABLE -DXcode -plugin-path /Applications/Xcode-27.0.0-Release.Candidate.app/Contents/Developer/Toolchains/XcodeDefault.xctoolchain/usr/lib/swift/host/plugins/testing -enable-experimental-feature DebugDescriptionMacro -sdk /Applications/Xcode-27.0.0-Release.Candidate.app/Contents/Developer/Platforms/AppleTVOS.platform/Developer/SDKs/AppleTVOS27.0.sdk -target arm64-apple-tvos15.0 -g -module-cache-path /Users/admin/builder/spi-builder-workspace/.derivedData/ModuleCache.noindex -Xfrontend -serialize-debugging-options -profile-coverage-mapping -profile-generate -enable-testing -suppress-warnings -index-store-path /Users/admin/builder/spi-builder-workspace/.derivedData/Index.noindex/DataStore -Xcc -D_LIBCPP_HARDENING_MODE\=_LIBCPP_HARDENING_MODE_DEBUG -swift-version 5 -I /Users/admin/builder/spi-builder-workspace/.derivedData/Build/Products/Debug-appletvos -Isystem /Applications/Xcode-27.0.0-Release.Candidate.app/Contents/Developer/Platforms/AppleTVOS.platform/Developer/usr/lib -F /Users/admin/builder/spi-builder-workspace/.derivedData/Build/Products/Debug-appletvos -F /Applications/Xcode-27.0.0-Release.Candidate.app/Contents/Developer/Platforms/AppleTVOS.platform/Developer/Library/Frameworks -F /Applications/Xcode-27.0.0-Release.Candidate.app/Contents/Developer/Platforms/AppleTVOS.platform/Developer/SDKs/AppleTVOS27.0.sdk/Developer/Library/Frameworks -c -j10 -enable-batch-mode -incremental -Xcc -ivfsstatcache -Xcc /Users/admin/builder/spi-builder-workspace/.derivedData/SDKStatCaches.noindex/appletvos27.0-24J360-e829b21a6f8c9b70876ba0858053c044b32bfd8d43560033f8d89884cdb90028.sdkstatcache -output-file-map /Users/admin/builder/spi-builder-workspace/.derivedData/Build/Intermediates.noindex/DesignSystem.build/Debug-appletvos/DesignSystem-t.build/Objects-normal/arm64/DesignSystem-OutputFileMap.json -save-temps -no-color-diagnostics -explicit-module-build -module-cache-path /Users/admin/builder/spi-builder-workspace/.derivedData/Build/Intermediates.noindex/SwiftExplicitPrecompiledModules -clang-scanner-module-cache-path /Users/admin/builder/spi-builder-workspace/.derivedData/ModuleCache.noindex -sdk-module-cache-path /Users/admin/builder/spi-builder-workspace/.derivedData/SDKExplicitPrecompiledModules -emit-dependencies -emit-module -emit-module-path /Users/admin/builder/spi-builder-workspace/.derivedData/Build/Intermediates.noindex/DesignSystem.build/Debug-appletvos/DesignSystem-t.build/Objects-normal/arm64/DesignSystem.swiftmodule -serialize-diagnostics -dependency-scan-serialize-diagnostics-path /Users/admin/builder/spi-builder-workspace/.derivedData/Build/Intermediates.noindex/DesignSystem.build/Debug-appletvos/DesignSystem-t.build/Objects-normal/arm64/DesignSystem-dependency-scan.dia -validate-clang-modules-once -clang-build-session-file /Users/admin/builder/spi-builder-workspace/.derivedData/ModuleCache.noindex/Session.modulevalidation -Xcc -fmodules-prune-interval\=86400 -Xcc -fmodules-prune-after\=345600 -package-name designsystem -emit-const-values -const-gather-protocols-list /Users/admin/builder/spi-builder-workspace/.derivedData/Build/Intermediates.noindex/DesignSystem.build/Debug-appletvos/DesignSystem-t.build/Objects-normal/arm64/DesignSystem_const_extract_protocols.json -Xcc -I/Users/admin/builder/spi-builder-workspace/.derivedData/Build/Products/Debug-appletvos/include -Xcc -I/Users/admin/builder/spi-builder-workspace/.derivedData/Build/Intermediates.noindex/DesignSystem.build/Debug-appletvos/DesignSystem-t.build/DerivedSources-normal/arm64 -Xcc -I/Users/admin/builder/spi-builder-workspace/.derivedData/Build/Intermediates.noindex/DesignSystem.build/Debug-appletvos/DesignSystem-t.build/DerivedSources/arm64 -Xcc -I/Users/admin/builder/spi-builder-workspace/.derivedData/Build/Intermediates.noindex/DesignSystem.build/Debug-appletvos/DesignSystem-t.build/DerivedSources -Xcc -DSWIFT_PACKAGE -Xcc -DDEBUG\=1 -emit-objc-header -emit-objc-header-path /Users/admin/builder/spi-builder-workspace/.derivedData/Build/Intermediates.noindex/DesignSystem.build/Debug-appletvos/DesignSystem-t.build/Objects-normal/arm64/DesignSystem-Swift.h -working-directory /Users/admin/builder/spi-builder-workspace/.swiftpm/xcode -experimental-emit-module-separately -disable-cmo
SwiftCompile normal arm64 Compiling\ Font+Roboto_Serif.swift /Users/admin/builder/spi-builder-workspace/.dependencies/checkouts/DesignSystem/Sources/DesignSystem/Font+Roboto_Serif.swift (in target 'DesignSystem' from project 'DesignSystem')
SwiftCompile normal arm64 /Users/admin/builder/spi-builder-workspace/.dependencies/checkouts/DesignSystem/Sources/DesignSystem/Font+Roboto_Serif.swift (in target 'DesignSystem' from project 'DesignSystem')
    cd /Users/admin/builder/spi-builder-workspace/.swiftpm/xcode
    builtin-SwiftPerFileCompile Font+Roboto_Serif.swift
SwiftCompile normal arm64 Compiling\ FontHelper.swift /Users/admin/builder/spi-builder-workspace/.dependencies/checkouts/DesignSystem/Sources/DesignSystem/FontHelper.swift (in target 'DesignSystem' from project 'DesignSystem')
SwiftCompile normal arm64 /Users/admin/builder/spi-builder-workspace/.dependencies/checkouts/DesignSystem/Sources/DesignSystem/FontHelper.swift (in target 'DesignSystem' from project 'DesignSystem')
    cd /Users/admin/builder/spi-builder-workspace/.swiftpm/xcode
    builtin-SwiftPerFileCompile FontHelper.swift
SwiftEmitModule normal arm64 Emitting\ module\ for\ DesignSystem (in target 'DesignSystem' from project 'DesignSystem')
SwiftCompile normal arm64 (in target 'DesignSystem' from project 'DesignSystem')
    cd /Users/admin/builder/spi-builder-workspace/.swiftpm/xcode

SwiftCompile normal arm64 Compiling\ Font+Roboto.swift /Users/admin/builder/spi-builder-workspace/.dependencies/checkouts/DesignSystem/Sources/DesignSystem/Font+Roboto.swift (in target 'DesignSystem' from project 'DesignSystem')
SwiftCompile normal arm64 /Users/admin/builder/spi-builder-workspace/.dependencies/checkouts/DesignSystem/Sources/DesignSystem/Font+Roboto.swift (in target 'DesignSystem' from project 'DesignSystem')
    cd /Users/admin/builder/spi-builder-workspace/.swiftpm/xcode
    builtin-SwiftPerFileCompile Font+Roboto.swift
SwiftCompile normal arm64 Compiling\ Font+NerkoOneFont.swift /Users/admin/builder/spi-builder-workspace/.dependencies/checkouts/DesignSystem/Sources/DesignSystem/Font+NerkoOneFont.swift (in target 'DesignSystem' from project 'DesignSystem')
SwiftCompile normal arm64 /Users/admin/builder/spi-builder-workspace/.dependencies/checkouts/DesignSystem/Sources/DesignSystem/Font+NerkoOneFont.swift (in target 'DesignSystem' from project 'DesignSystem')
    cd /Users/admin/builder/spi-builder-workspace/.swiftpm/xcode
    builtin-SwiftPerFileCompile Font+NerkoOneFont.swift
SwiftCompile normal arm64 Compiling\ resource_bundle_accessor.swift /Users/admin/builder/spi-builder-workspace/.derivedData/Build/Intermediates.noindex/TournamentBracket.build/Debug-appletvos/TournamentBracket-t.build/DerivedSources/resource_bundle_accessor.swift (in target 'TournamentBracket' from project 'TournamentBracket')
SwiftCompile normal arm64 /Users/admin/builder/spi-builder-workspace/.derivedData/Build/Intermediates.noindex/TournamentBracket.build/Debug-appletvos/TournamentBracket-t.build/DerivedSources/resource_bundle_accessor.swift (in target 'TournamentBracket' from project 'TournamentBracket')
    cd /Users/admin/builder/spi-builder-workspace/.swiftpm/xcode
    builtin-SwiftPerFileCompile resource_bundle_accessor.swift
SwiftCompile normal arm64 Compiling\ ScoreView.swift /Users/admin/builder/spi-builder-workspace/Sources/TournamentBracket/BracketCell/ScoreView.swift (in target 'TournamentBracket' from project 'TournamentBracket')
SwiftCompile normal arm64 /Users/admin/builder/spi-builder-workspace/Sources/TournamentBracket/BracketCell/ScoreView.swift (in target 'TournamentBracket' from project 'TournamentBracket')
    cd /Users/admin/builder/spi-builder-workspace/.swiftpm/xcode
    builtin-SwiftPerFileCompile ScoreView.swift
SwiftCompile normal arm64 Compiling\ BracketView.swift /Users/admin/builder/spi-builder-workspace/Sources/TournamentBracket/BracketCell/BracketView.swift (in target 'TournamentBracket' from project 'TournamentBracket')
SwiftCompile normal arm64 /Users/admin/builder/spi-builder-workspace/Sources/TournamentBracket/BracketCell/BracketView.swift (in target 'TournamentBracket' from project 'TournamentBracket')
    cd /Users/admin/builder/spi-builder-workspace/.swiftpm/xcode
    builtin-SwiftPerFileCompile BracketView.swift
SwiftCompile normal arm64 Compiling\ TournamentBracketView.swift /Users/admin/builder/spi-builder-workspace/Sources/TournamentBracket/TournamentBracketView/TournamentBracketView.swift (in target 'TournamentBracket' from project 'TournamentBracket')
/Users/admin/builder/spi-builder-workspace/Sources/TournamentBracket/TournamentBracketView/TournamentBracketView.swift:136:51: error: 'DragGesture' is unavailable in tvOS
134 |     }
135 |
136 |     private func handleDragEnded(_ gestureValue : DragGesture.Value){
    |                                                   `- error: 'DragGesture' is unavailable in tvOS
137 |         let threshold: CGFloat = 50
138 |         if gestureValue.translation.width < -threshold{
SwiftUI.DragGesture:3:42: note: 'DragGesture' has been explicitly marked unavailable here
 1 | @available(iOS 13.0, macOS 10.15, watchOS 6.0, *)
 2 | @available(tvOS, unavailable)
 3 | @MainActor @preconcurrency public struct DragGesture : Gesture, ~Sendable {
   |                                          `- note: 'DragGesture' has been explicitly marked unavailable here
 4 |     public struct Value : Equatable, Sendable {
 5 |         public var time: Date
/Users/admin/builder/spi-builder-workspace/Sources/TournamentBracket/TournamentBracketView/TournamentBracketView.swift:71:9: error: 'DragGesture' is unavailable in tvOS
 69 |
 70 |     var drag : some Gesture{
 71 |         DragGesture()
    |         `- error: 'DragGesture' is unavailable in tvOS
 72 |             .onChanged{value in
 73 |                 offsetX = value.translation.width - CGFloat(focusedColumnIndex) * columnWidth
SwiftUI.DragGesture:3:42: note: 'DragGesture' has been explicitly marked unavailable here
 1 | @available(iOS 13.0, macOS 10.15, watchOS 6.0, *)
 2 | @available(tvOS, unavailable)
 3 | @MainActor @preconcurrency public struct DragGesture : Gesture, ~Sendable {
   |                                          `- note: 'DragGesture' has been explicitly marked unavailable here
 4 |     public struct Value : Equatable, Sendable {
 5 |         public var time: Date
SwiftCompile normal arm64 /Users/admin/builder/spi-builder-workspace/Sources/TournamentBracket/TournamentBracketView/TournamentBracketView.swift (in target 'TournamentBracket' from project 'TournamentBracket')
    cd /Users/admin/builder/spi-builder-workspace/.swiftpm/xcode
    builtin-SwiftPerFileCompile TournamentBracketView.swift
SwiftCompile normal arm64 Compiling\ CustomTabView.swift /Users/admin/builder/spi-builder-workspace/Sources/TournamentBracket/CustomTabView.swift (in target 'TournamentBracket' from project 'TournamentBracket')
SwiftCompile normal arm64 /Users/admin/builder/spi-builder-workspace/Sources/TournamentBracket/CustomTabView.swift (in target 'TournamentBracket' from project 'TournamentBracket')
    cd /Users/admin/builder/spi-builder-workspace/.swiftpm/xcode
    builtin-SwiftPerFileCompile CustomTabView.swift
SwiftEmitModule normal arm64 Emitting\ module\ for\ TournamentBracket (in target 'TournamentBracket' from project 'TournamentBracket')
/Users/admin/builder/spi-builder-workspace/Sources/TournamentBracket/TournamentBracketView/TournamentBracketView.swift:136:51: error: 'DragGesture' is unavailable in tvOS
134 |     }
135 |
136 |     private func handleDragEnded(_ gestureValue : DragGesture.Value){
    |                                                   `- error: 'DragGesture' is unavailable in tvOS
137 |         let threshold: CGFloat = 50
138 |         if gestureValue.translation.width < -threshold{
SwiftUI.DragGesture:3:42: note: 'DragGesture' has been explicitly marked unavailable here
 1 | @available(iOS 13.0, macOS 10.15, watchOS 6.0, *)
 2 | @available(tvOS, unavailable)
 3 | @MainActor @preconcurrency public struct DragGesture : Gesture, ~Sendable {
   |                                          `- note: 'DragGesture' has been explicitly marked unavailable here
 4 |     public struct Value : Equatable, Sendable {
 5 |         public var time: Date
Failed frontend command:
/Applications/Xcode-27.0.0-Release.Candidate.app/Contents/Developer/Toolchains/XcodeDefault.xctoolchain/usr/bin/swift-frontend -frontend -emit-module -experimental-skip-non-inlinable-function-bodies-without-types /Users/admin/builder/spi-builder-workspace/.derivedData/Build/Intermediates.noindex/TournamentBracket.build/Debug-appletvos/TournamentBracket-t.build/DerivedSources/resource_bundle_accessor.swift /Users/admin/builder/spi-builder-workspace/Sources/TournamentBracket/BracketCell/BracketView.swift /Users/admin/builder/spi-builder-workspace/Sources/TournamentBracket/BracketCell/LineView.swift /Users/admin/builder/spi-builder-workspace/Sources/TournamentBracket/BracketCell/ScoreView.swift /Users/admin/builder/spi-builder-workspace/Sources/TournamentBracket/BracketListView.swift /Users/admin/builder/spi-builder-workspace/Sources/TournamentBracket/CustomTabView.swift /Users/admin/builder/spi-builder-workspace/Sources/TournamentBracket/TournamentBracketView/TournamentBracketView.swift /Users/admin/builder/spi-builder-workspace/Sources/TournamentBracket/TournamentBracketView/TournamentBracketViewModel.swift /Users/admin/builder/spi-builder-workspace/Sources/TournamentBracket/Utils/CustomViewModifiers.swift /Users/admin/builder/spi-builder-workspace/Sources/TournamentBracket/Utils/Extensions.swift /Users/admin/builder/spi-builder-workspace/Sources/TournamentBracket/Utils/PropWrappers.swift /Users/admin/builder/spi-builder-workspace/.derivedData/Build/Intermediates.noindex/TournamentBracket.build/Debug-appletvos/TournamentBracket-t.build/DerivedSources/GeneratedAssetSymbols.swift -target arm64-apple-tvos17.0 -module-can-import-version DeveloperToolsSupport 24.0.24 24.0.24 -disable-cross-import-overlay-search -load-resolved-plugin /Applications/Xcode-27.0.0-Release.Candidate.app/Contents/Developer/Platforms/AppleTVOS.platform/Developer/usr/lib/swift/host/plugins/libFoundationMacros.dylib\#/Applications/Xcode-27.0.0-Release.Candidate.app/Contents/Developer/Platforms/AppleTVOS.platform/Developer/usr/bin/swift-plugin-server\#FoundationMacros -load-resolved-plugin /Applications/Xcode-27.0.0-Release.Candidate.app/Contents/Developer/Platforms/AppleTVOS.platform/Developer/usr/lib/swift/host/plugins/libObservationMacros.dylib\#/Applications/Xcode-27.0.0-Release.Candidate.app/Contents/Developer/Platforms/AppleTVOS.platform/Developer/usr/bin/swift-plugin-server\#ObservationMacros -load-resolved-plugin /Applications/Xcode-27.0.0-Release.Candidate.app/Contents/Developer/Platforms/AppleTVOS.platform/Developer/usr/lib/swift/host/plugins/libPreviewsMacros.dylib\#/Applications/Xcode-27.0.0-Release.Candidate.app/Contents/Developer/Platforms/AppleTVOS.platform/Developer/usr/bin/swift-plugin-server\#PreviewsMacros -load-resolved-plugin /Applications/Xcode-27.0.0-Release.Candidate.app/Contents/Developer/Platforms/AppleTVOS.platform/Developer/usr/lib/swift/host/plugins/libSwiftMacros.dylib\#/Applications/Xcode-27.0.0-Release.Candidate.app/Contents/Developer/Platforms/AppleTVOS.platform/Developer/usr/bin/swift-plugin-server\#SwiftMacros -load-resolved-plugin /Applications/Xcode-27.0.0-Release.Candidate.app/Contents/Developer/Platforms/AppleTVOS.platform/Developer/usr/lib/swift/host/plugins/libSwiftUIMacros.dylib\#/Applications/Xcode-27.0.0-Release.Candidate.app/Contents/Developer/Platforms/AppleTVOS.platform/Developer/usr/bin/swift-plugin-server\#SwiftUIMacros -disable-implicit-swift-modules -Xcc -fno-implicit-modules -Xcc -fno-implicit-module-maps -explicit-swift-module-map-file /Users/admin/builder/spi-builder-workspace/.derivedData/Build/Intermediates.noindex/TournamentBracket.build/Debug-appletvos/TournamentBracket-t.build/Objects-normal/arm64/TournamentBracket-dependencies-1.json -Xllvm -aarch64-use-tbi -enable-objc-interop -stack-check -sdk /Applications/Xcode-27.0.0-Release.Candidate.app/Contents/Developer/Platforms/AppleTVOS.platform/Developer/SDKs/AppleTVOS27.0.sdk -I /Users/admin/builder/spi-builder-workspace/.derivedData/Build/Products/Debug-appletvos -Isystem /Applications/Xcode-27.0.0-Release.Candidate.app/Contents/Developer/Platforms/AppleTVOS.platform/Developer/usr/lib -F /Users/admin/builder/spi-builder-workspace/.derivedData/Build/Products/Debug-appletvos/PackageFrameworks -F /Users/admin/builder/spi-builder-workspace/.derivedData/Build/Products/Debug-appletvos -F /Applications/Xcode-27.0.0-Release.Candidate.app/Contents/Developer/Platforms/AppleTVOS.platform/Developer/Library/Frameworks -F /Applications/Xcode-27.0.0-Release.Candidate.app/Contents/Developer/Platforms/AppleTVOS.platform/Developer/SDKs/AppleTVOS27.0.sdk/Developer/Library/Frameworks -module-cache-path /Users/admin/builder/spi-builder-workspace/.derivedData/Build/Intermediates.noindex/SwiftExplicitPrecompiledModules -no-color-diagnostics -Xcc -fno-color-diagnostics -enable-testing -g -debug-info-format\=dwarf -dwarf-version\=4 -profile-generate -profile-coverage-mapping -swift-version 5 -Onone -D SWIFT_PACKAGE -D DEBUG -D SWIFT_MODULE_RESOURCE_BUNDLE_AVAILABLE -D Xcode -serialize-debugging-options -enable-experimental-feature DebugDescriptionMacro -empty-abi-descriptor -validate-clang-modules-once -clang-build-session-file /Users/admin/builder/spi-builder-workspace/.derivedData/ModuleCache.noindex/Session.modulevalidation -Xcc -working-directory -Xcc /Users/admin/builder/spi-builder-workspace/.swiftpm/xcode -enable-anonymous-context-mangled-names -file-compilation-dir /Users/admin/builder/spi-builder-workspace/.swiftpm/xcode -Xcc -D_LIBCPP_HARDENING_MODE\=_LIBCPP_HARDENING_MODE_DEBUG -Xcc -ivfsstatcache -Xcc /Users/admin/builder/spi-builder-workspace/.derivedData/SDKStatCaches.noindex/appletvos27.0-24J360-e829b21a6f8c9b70876ba0858053c044b32bfd8d43560033f8d89884cdb90028.sdkstatcache -Xcc -fmodules-prune-interval\=86400 -Xcc -fmodules-prune-after\=345600 -Xcc -I/Users/admin/builder/spi-builder-workspace/.derivedData/Build/Products/Debug-appletvos/include -Xcc -I/Users/admin/builder/spi-builder-workspace/.derivedData/Build/Intermediates.noindex/TournamentBracket.build/Debug-appletvos/TournamentBracket-t.build/DerivedSources-normal/arm64 -Xcc -I/Users/admin/builder/spi-builder-workspace/.derivedData/Build/Intermediates.noindex/TournamentBracket.build/Debug-appletvos/TournamentBracket-t.build/DerivedSources/arm64 -Xcc -I/Users/admin/builder/spi-builder-workspace/.derivedData/Build/Intermediates.noindex/TournamentBracket.build/Debug-appletvos/TournamentBracket-t.build/DerivedSources -Xcc -DSWIFT_PACKAGE -Xcc -DDEBUG\=1 -no-auto-bridging-header-chaining -module-name TournamentBracket -package-name spi_builder_workspace -const-gather-protocols-file /Users/admin/builder/spi-builder-workspace/.derivedData/Build/Intermediates.noindex/TournamentBracket.build/Debug-appletvos/TournamentBracket-t.build/Objects-normal/arm64/TournamentBracket_const_extract_protocols.json -disable-clang-spi -clang-target arm64-apple-tvos27.0 -target-sdk-version 27.0 -target-sdk-name appletvos27.0 -in-process-plugin-server-path /Applications/Xcode-27.0.0-Release.Candidate.app/Contents/Developer/Toolchains/XcodeDefault.xctoolchain/usr/lib/swift/host/libSwiftInProcPluginServer.dylib -emit-module-doc-path /Users/admin/builder/spi-builder-workspace/.derivedData/Build/Intermediates.noindex/TournamentBracket.build/Debug-appletvos/TournamentBracket-t.build/Objects-normal/arm64/TournamentBracket.swiftdoc -emit-module-source-info-path /Users/admin/builder/spi-builder-workspace/.derivedData/Build/Intermediates.noindex/TournamentBracket.build/Debug-appletvos/TournamentBracket-t.build/Objects-normal/arm64/TournamentBracket.swiftsourceinfo -emit-objc-header-path /Users/admin/builder/spi-builder-workspace/.derivedData/Build/Intermediates.noindex/TournamentBracket.build/Debug-appletvos/TournamentBracket-t.build/Objects-normal/arm64/TournamentBracket-Swift.h -serialize-diagnostics-path /Users/admin/builder/spi-builder-workspace/.derivedData/Build/Intermediates.noindex/TournamentBracket.build/Debug-appletvos/TournamentBracket-t.build/Objects-normal/arm64/TournamentBracket-primary-emit-module.dia -emit-dependencies-path /Users/admin/builder/spi-builder-workspace/.derivedData/Build/Intermediates.noindex/TournamentBracket.build/Debug-appletvos/TournamentBracket-t.build/Objects-normal/arm64/TournamentBracket-primary-emit-module.d -parse-as-library -o /Users/admin/builder/spi-builder-workspace/.derivedData/Build/Intermediates.noindex/TournamentBracket.build/Debug-appletvos/TournamentBracket-t.build/Objects-normal/arm64/TournamentBracket.swiftmodule -emit-abi-descriptor-path /Users/admin/builder/spi-builder-workspace/.derivedData/Build/Intermediates.noindex/TournamentBracket.build/Debug-appletvos/TournamentBracket-t.build/Objects-normal/arm64/TournamentBracket.abi.json
SwiftCompile normal arm64 (in target 'TournamentBracket' from project 'TournamentBracket')
    cd /Users/admin/builder/spi-builder-workspace/.swiftpm/xcode

SwiftDriverJobDiscovery normal arm64 Compiling resource_bundle_accessor.swift (in target 'TournamentBracket' from project 'TournamentBracket')
SwiftCompile normal arm64 Compiling\ TournamentBracketViewModel.swift /Users/admin/builder/spi-builder-workspace/Sources/TournamentBracket/TournamentBracketView/TournamentBracketViewModel.swift (in target 'TournamentBracket' from project 'TournamentBracket')
SwiftCompile normal arm64 /Users/admin/builder/spi-builder-workspace/Sources/TournamentBracket/TournamentBracketView/TournamentBracketViewModel.swift (in target 'TournamentBracket' from project 'TournamentBracket')
    cd /Users/admin/builder/spi-builder-workspace/.swiftpm/xcode
    builtin-SwiftPerFileCompile TournamentBracketViewModel.swift
SwiftCompile normal arm64 Compiling\ Extensions.swift /Users/admin/builder/spi-builder-workspace/Sources/TournamentBracket/Utils/Extensions.swift (in target 'TournamentBracket' from project 'TournamentBracket')
SwiftCompile normal arm64 /Users/admin/builder/spi-builder-workspace/Sources/TournamentBracket/Utils/Extensions.swift (in target 'TournamentBracket' from project 'TournamentBracket')
    cd /Users/admin/builder/spi-builder-workspace/.swiftpm/xcode
    builtin-SwiftPerFileCompile Extensions.swift
SwiftDriverJobDiscovery normal arm64 Compiling TournamentBracketViewModel.swift (in target 'TournamentBracket' from project 'TournamentBracket')
SwiftCompile normal arm64 Compiling\ CustomViewModifiers.swift /Users/admin/builder/spi-builder-workspace/Sources/TournamentBracket/Utils/CustomViewModifiers.swift (in target 'TournamentBracket' from project 'TournamentBracket')
SwiftCompile normal arm64 /Users/admin/builder/spi-builder-workspace/Sources/TournamentBracket/Utils/CustomViewModifiers.swift (in target 'TournamentBracket' from project 'TournamentBracket')
    cd /Users/admin/builder/spi-builder-workspace/.swiftpm/xcode
    builtin-SwiftPerFileCompile CustomViewModifiers.swift
PruneExplicitPrecompiledModules /Users/admin/builder/spi-builder-workspace/.derivedData/Build/Intermediates.noindex/ExplicitPrecompiledModules
PruneExplicitPrecompiledModules /Users/admin/builder/spi-builder-workspace/.derivedData/Build/Intermediates.noindex/SwiftExplicitPrecompiledModules
PruneExplicitPrecompiledModules /Users/admin/builder/spi-builder-workspace/.derivedData/SDKExplicitPrecompiledModules
2026-09-21 00:13:09.227 xcodebuild[814:4946] [MT] IDERunDestination: Supported platforms for the buildables in the current scheme is empty.
** BUILD FAILED **
The following build commands failed:
	SwiftEmitModule normal arm64 Emitting\ module\ for\ TournamentBracket (in target 'TournamentBracket' from project 'TournamentBracket')
	SwiftCompile normal arm64 (in target 'TournamentBracket' from project 'TournamentBracket')
	Building workspace TournamentBracket with scheme TournamentBracket
(3 failures)
BUILD FAILURE 6.4 tvOS