Build Information
Failed to build AppleMonkeyTester, reference main (29e4e3), with Swift 6.3 for Wasm on 14 Sep 2026 09:04:34 UTC.
Build Command
bash -c docker run --pull=always --rm -v "checkouts-54344847-0":/host -w "$PWD" -e JAVA_HOME="/root/.sdkman/candidates/java/current" -e SPI_BUILD="1" -e SPI_PROCESSING="1" registry.gitlab.com/saguaro1/spi-images:wasm-6.3-latest swift build --swift-sdk swift-6.3.2-RELEASE_wasm 2>&1Build Log
========================================
RunAll
========================================
Builder version: 5.0.2
Interrupt handler set up.
========================================
Checkout
========================================
Clone URL: https://github.com/lukluca/apple-monkey-tester.git
Reference: main
Initialized empty Git repository in /host/spi-builder-workspace/.git/
hint: Using 'master' as the name for the initial branch. This default branch name
hint: is subject to change. To configure the initial branch name to use in all
hint: of your new repositories, which will suppress this warning, call:
hint:
hint: git config --global init.defaultBranch <name>
hint:
hint: Names commonly chosen instead of 'master' are 'main', 'trunk' and
hint: 'development'. The just-created branch can be renamed via this command:
hint:
hint: git branch -m <name>
From https://github.com/lukluca/apple-monkey-tester
* branch main -> FETCH_HEAD
* [new branch] main -> origin/main
HEAD is now at 29e4e30 docs: add Swift Package Index badges to README
Cloned https://github.com/lukluca/apple-monkey-tester.git
Revision (git rev-parse @):
29e4e306a73224273acac6494a5889c6c9e91cc1
SUCCESS checkout https://github.com/lukluca/apple-monkey-tester.git at main
========================================
Build
========================================
Selected platform: wasm
Swift version: 6.3
Building package at path: $PWD
https://github.com/lukluca/apple-monkey-tester.git
Running build ...
bash -c docker run --pull=always --rm -v "checkouts-54344847-0":/host -w "$PWD" -e JAVA_HOME="/root/.sdkman/candidates/java/current" -e SPI_BUILD="1" -e SPI_PROCESSING="1" registry.gitlab.com/saguaro1/spi-images:wasm-6.3-latest swift build --swift-sdk swift-6.3.2-RELEASE_wasm 2>&1
wasm-6.3-latest: Pulling from saguaro1/spi-images
Digest: sha256:253aad7f5b11d25cf9eaef34120b94cd8a325782929c57fb304a7711494a3f9a
Status: Image is up to date for registry.gitlab.com/saguaro1/spi-images:wasm-6.3-latest
Building for debugging...
[0/2] Write sources
[1/2] Write swift-version-24593BA9C3E375BF.txt
error: emit-module command failed with exit code 1 (use -v to see invocation)
[3/6] Emitting module AppleMonkeyTester
/host/spi-builder-workspace/Sources/AppleMonkeyTester/MonkeyTester.swift:1:8: error: no such module 'CoreGraphics'
1 | import CoreGraphics
| `- error: no such module 'CoreGraphics'
2 | import XCTest
3 |
[4/6] Compiling AppleMonkeyTester SeededGenerator.swift
/host/spi-builder-workspace/Sources/AppleMonkeyTester/MonkeyTester.swift:1:8: error: no such module 'CoreGraphics'
1 | import CoreGraphics
| `- error: no such module 'CoreGraphics'
2 | import XCTest
3 |
[5/6] Compiling AppleMonkeyTester MonkeyEvent.swift
/host/spi-builder-workspace/Sources/AppleMonkeyTester/MonkeyTester.swift:1:8: error: no such module 'CoreGraphics'
1 | import CoreGraphics
| `- error: no such module 'CoreGraphics'
2 | import XCTest
3 |
[6/6] Compiling AppleMonkeyTester MonkeyTester.swift
/host/spi-builder-workspace/Sources/AppleMonkeyTester/MonkeyTester.swift:1:8: error: no such module 'CoreGraphics'
1 | import CoreGraphics
| `- error: no such module 'CoreGraphics'
2 | import XCTest
3 |
BUILD FAILURE 6.3 wasm