Build Information
Failed to build PerfectMySQL, reference 3.5.1 (fe6308), with Swift 6.4 for watchOS using Xcode 27.0 on 16 Sep 2026 09:22:12 UTC.
Build Command
env DEVELOPER_DIR=/Applications/Xcode-27.0.0-Release.Candidate.app xcrun xcodebuild -IDEClonedSourcePackagesDirPathOverride=$PWD/.dependencies -skipMacroValidation -skipPackagePluginValidation -derivedDataPath $PWD/.derivedData build -scheme PerfectMySQL -destination generic/platform=watchOSBuild Log
========================================
RunAll
========================================
Builder version: 5.1.0
Interrupt handler set up.
========================================
Checkout
========================================
Clone URL: https://github.com/perfectlysoft/perfect-mysql.git
Reference: 3.5.1
Initialized empty Git repository in /Users/admin/builder/spi-builder-workspace/.git/
From https://github.com/perfectlysoft/perfect-mysql
* tag 3.5.1 -> FETCH_HEAD
HEAD is now at fe63085 tabs yo
Cloned https://github.com/perfectlysoft/perfect-mysql.git
Revision (git rev-parse @):
fe63085fe4639944657bf2f33b775e8036974eef
SUCCESS checkout https://github.com/perfectlysoft/perfect-mysql.git at 3.5.1
========================================
Build
========================================
Selected platform: watchOS
Swift version: 6.4
Building package at path: $PWD
https://github.com/perfectlysoft/perfect-mysql.git
Command line invocation:
/Applications/Xcode-27.0.0-Release.Candidate.app/Contents/Developer/usr/bin/xcodebuild -IDEClonedSourcePackagesDirPathOverride=/Users/admin/builder/spi-builder-workspace/.dependencies -resolvePackageDependencies
Resolve Package Graph
Fetching from https://github.com/PerfectlySoft/Perfect-mysqlclient.git
Fetching from https://github.com/PerfectlySoft/Perfect-CRUD.git
Creating working copy of package ‘Perfect-CRUD’
Checking out 1.2.3 of package ‘Perfect-CRUD’
Creating working copy of package ‘Perfect-mysqlclient’
Checking out 2.1.1 of package ‘Perfect-mysqlclient’
ignoring declared target(s) 'mysqlclient' in the system packagedependency 'perfect-mysqlclient' is not used by any targetyou may be able to install mysqlclient using your system-packager:
brew install mysql
Resolve Package Graph
ignoring declared target(s) 'mysqlclient' in the system packagedependency 'perfect-mysqlclient' is not used by any targetyou may be able to install mysqlclient using your system-packager:
brew install mysql
Resolved source packages:
PerfectMySQL: /Users/admin/builder/spi-builder-workspace
PerfectCRUD: https://github.com/PerfectlySoft/Perfect-CRUD.git @ 1.2.3
mysqlclient: https://github.com/PerfectlySoft/Perfect-mysqlclient.git @ 2.1.1
resolved source packages: PerfectMySQL, PerfectCRUD, mysqlclient
2026-09-16 05:21:18.888 xcodebuild[529:3056] [MT] IDERunDestination: Supported platforms for the buildables in the current scheme is empty.
{
"dependencies" : [
{
"identity" : "perfect-crud",
"requirement" : {
"range" : [
{
"lower_bound" : "1.2.2",
"upper_bound" : "2.0.0"
}
]
},
"type" : "sourceControl",
"url" : "https://github.com/PerfectlySoft/Perfect-CRUD.git"
},
{
"identity" : "perfect-mysqlclient",
"requirement" : {
"range" : [
{
"lower_bound" : "2.0.0",
"upper_bound" : "3.0.0"
}
]
},
"type" : "sourceControl",
"url" : "https://github.com/PerfectlySoft/Perfect-mysqlclient.git"
}
],
"manifest_display_name" : "PerfectMySQL",
"name" : "PerfectMySQL",
"path" : "/Users/admin/builder/spi-builder-workspace",
"platforms" : [
],
"products" : [
{
"name" : "PerfectMySQL",
"targets" : [
"PerfectMySQL"
],
"type" : {
"library" : [
"automatic"
]
}
}
],
"targets" : [
{
"c99name" : "PerfectMySQLTests",
"module_type" : "SwiftTarget",
"name" : "PerfectMySQLTests",
"path" : "Tests/PerfectMySQLTests",
"sources" : [
"PerfectMySQLTests.swift",
"XCTestManifests.swift"
],
"target_dependencies" : [
"PerfectMySQL"
],
"type" : "test"
},
{
"c99name" : "PerfectMySQL",
"module_type" : "SwiftTarget",
"name" : "PerfectMySQL",
"path" : "Sources/PerfectMySQL",
"product_dependencies" : [
"PerfectCRUD"
],
"product_memberships" : [
"PerfectMySQL"
],
"sources" : [
"MySQL.swift",
"MySQLCRUD.swift",
"MySQLStmt.swift",
"PerfectMySQL.swift"
],
"type" : "library"
}
],
"tools_version" : "4.0"
}
{
"workspace" : {
"name" : "PerfectMySQL",
"schemes" : [
"PerfectMySQL"
]
}
}
2026-09-16 05:22:00.069 xcodebuild[728:4486] [MT] IDERunDestination: Supported platforms for the buildables in the current scheme is empty.
Running build ...
env DEVELOPER_DIR=/Applications/Xcode-27.0.0-Release.Candidate.app xcrun xcodebuild -IDEClonedSourcePackagesDirPathOverride=$PWD/.dependencies -skipMacroValidation -skipPackagePluginValidation -derivedDataPath $PWD/.derivedData build -scheme PerfectMySQL -destination generic/platform=watchOS
Command line invocation:
/Applications/Xcode-27.0.0-Release.Candidate.app/Contents/Developer/usr/bin/xcodebuild -IDEClonedSourcePackagesDirPathOverride=/Users/admin/builder/spi-builder-workspace/.dependencies -skipMacroValidation -skipPackagePluginValidation -derivedDataPath /Users/admin/builder/spi-builder-workspace/.derivedData build -scheme PerfectMySQL -destination generic/platform=watchOS
Resolve Package Graph
ignoring declared target(s) 'mysqlclient' in the system packagedependency 'perfect-mysqlclient' is not used by any targetyou may be able to install mysqlclient using your system-packager:
brew install mysql
Resolve Package Graph
ignoring declared target(s) 'mysqlclient' in the system packagedependency 'perfect-mysqlclient' is not used by any targetyou may be able to install mysqlclient using your system-packager:
brew install mysql
Resolved source packages:
mysqlclient: https://github.com/PerfectlySoft/Perfect-mysqlclient.git @ 2.1.1
PerfectCRUD: https://github.com/PerfectlySoft/Perfect-CRUD.git @ 1.2.3
PerfectMySQL: /Users/admin/builder/spi-builder-workspace
ComputePackagePrebuildTargetDependencyGraph
Prepare packages
CreateBuildRequest
SendProjectDescription
CreateBuildOperation
ComputeTargetDependencyGraph
note: Building targets in dependency order
note: Target dependency graph (5 targets)
Target 'PerfectMySQL-product' in project 'PerfectMySQL'
➜ Explicit dependency on target 'PerfectMySQL' in project 'PerfectMySQL'
➜ Explicit dependency on target 'PerfectCRUD-product' in project 'PerfectCRUD'
Target 'PerfectMySQL' in project 'PerfectMySQL'
➜ Explicit dependency on target 'mysqlclient' in project 'mysqlclient'
➜ Explicit dependency on target 'PerfectCRUD-product' in project 'PerfectCRUD'
Target 'PerfectCRUD-product' in project 'PerfectCRUD'
➜ Explicit dependency on target 'PerfectCRUD' in project 'PerfectCRUD'
Target 'PerfectCRUD' in project 'PerfectCRUD' (no dependencies)
Target 'mysqlclient' in project 'mysqlclient' (no dependencies)
GatherProvisioningInputs
CreateBuildDescription
ExecuteExternalTool /Applications/Xcode-27.0.0-Release.Candidate.app/Contents/Developer/Toolchains/XcodeDefault.xctoolchain/usr/bin/clang -v -E -dM -isysroot /Applications/Xcode-27.0.0-Release.Candidate.app/Contents/Developer/Platforms/WatchOS.platform/Developer/SDKs/WatchOS27.0.sdk -x c -c /dev/null
ExecuteExternalTool /Applications/Xcode-27.0.0-Release.Candidate.app/Contents/Developer/Toolchains/XcodeDefault.xctoolchain/usr/bin/swiftc --version
ExecuteExternalTool /Applications/Xcode-27.0.0-Release.Candidate.app/Contents/Developer/Toolchains/XcodeDefault.xctoolchain/usr/bin/ld -version_details
Build description signature: f33a499f4069f3b9cb5e9ce22b326d99
Build description path: /Users/admin/builder/spi-builder-workspace/.derivedData/Build/Intermediates.noindex/XCBuildData/f33a499f4069f3b9cb5e9ce22b326d99.xcbuilddata
CreateBuildDirectory /Users/admin/builder/spi-builder-workspace/.derivedData/SDKExplicitPrecompiledModules
cd /Users/admin/builder/spi-builder-workspace/.swiftpm/xcode
builtin-create-build-directory /Users/admin/builder/spi-builder-workspace/.derivedData/SDKExplicitPrecompiledModules
CreateBuildDirectory /Users/admin/builder/spi-builder-workspace/.derivedData/ModuleCache.noindex
cd /Users/admin/builder/spi-builder-workspace/.swiftpm/xcode
builtin-create-build-directory /Users/admin/builder/spi-builder-workspace/.derivedData/ModuleCache.noindex
CreateBuildDirectory /Users/admin/builder/spi-builder-workspace/.derivedData/CompilationCache.noindex
cd /Users/admin/builder/spi-builder-workspace/.swiftpm/xcode
builtin-create-build-directory /Users/admin/builder/spi-builder-workspace/.derivedData/CompilationCache.noindex
CreateBuildDirectory /Users/admin/builder/spi-builder-workspace/.derivedData/Build/Products
cd /Users/admin/builder/spi-builder-workspace/.swiftpm/xcode
builtin-create-build-directory /Users/admin/builder/spi-builder-workspace/.derivedData/Build/Products
ClangStatCache /Applications/Xcode-27.0.0-Release.Candidate.app/Contents/Developer/Toolchains/XcodeDefault.xctoolchain/usr/bin/clang-stat-cache /Applications/Xcode-27.0.0-Release.Candidate.app/Contents/Developer/Platforms/WatchOS.platform/Developer/SDKs/WatchOS27.0.sdk /Users/admin/builder/spi-builder-workspace/.derivedData/SDKStatCaches.noindex/watchos27.0-24R360-e829b21a6f8c9b70876ba0858053c04477534ef55a1706bf4c1112bbb242f0a2.sdkstatcache
cd /Users/admin/builder/spi-builder-workspace/.swiftpm/xcode
/Applications/Xcode-27.0.0-Release.Candidate.app/Contents/Developer/Toolchains/XcodeDefault.xctoolchain/usr/bin/clang-stat-cache /Applications/Xcode-27.0.0-Release.Candidate.app/Contents/Developer/Platforms/WatchOS.platform/Developer/SDKs/WatchOS27.0.sdk -o /Users/admin/builder/spi-builder-workspace/.derivedData/SDKStatCaches.noindex/watchos27.0-24R360-e829b21a6f8c9b70876ba0858053c04477534ef55a1706bf4c1112bbb242f0a2.sdkstatcache
CreateBuildDirectory /Users/admin/builder/spi-builder-workspace/.derivedData/Build/Intermediates.noindex
cd /Users/admin/builder/spi-builder-workspace/.swiftpm/xcode
builtin-create-build-directory /Users/admin/builder/spi-builder-workspace/.derivedData/Build/Intermediates.noindex
CreateBuildDirectory /Users/admin/builder/spi-builder-workspace/.derivedData/Build/Intermediates.noindex/SwiftExplicitPrecompiledModules
cd /Users/admin/builder/spi-builder-workspace/.swiftpm/xcode
builtin-create-build-directory /Users/admin/builder/spi-builder-workspace/.derivedData/Build/Intermediates.noindex/SwiftExplicitPrecompiledModules
CreateBuildDirectory /Users/admin/builder/spi-builder-workspace/.derivedData/Build/Intermediates.noindex/ExplicitPrecompiledModules
cd /Users/admin/builder/spi-builder-workspace/.swiftpm/xcode
builtin-create-build-directory /Users/admin/builder/spi-builder-workspace/.derivedData/Build/Intermediates.noindex/ExplicitPrecompiledModules
CreateBuildDirectory /Users/admin/builder/spi-builder-workspace/.derivedData/Build/Intermediates.noindex/PrecompiledHeaders
cd /Users/admin/builder/spi-builder-workspace/.swiftpm/xcode
builtin-create-build-directory /Users/admin/builder/spi-builder-workspace/.derivedData/Build/Intermediates.noindex/PrecompiledHeaders
CreateBuildDirectory /Users/admin/builder/spi-builder-workspace/.derivedData/Build/Intermediates.noindex/EagerLinkingTBDs/Debug-watchos
cd /Users/admin/builder/spi-builder-workspace/.swiftpm/xcode
builtin-create-build-directory /Users/admin/builder/spi-builder-workspace/.derivedData/Build/Intermediates.noindex/EagerLinkingTBDs/Debug-watchos
CreateBuildDirectory /Users/admin/builder/spi-builder-workspace/.derivedData/Build/Products/Debug-watchos
cd /Users/admin/builder/spi-builder-workspace/.swiftpm/xcode
builtin-create-build-directory /Users/admin/builder/spi-builder-workspace/.derivedData/Build/Products/Debug-watchos
CreateBuildDirectory /Users/admin/builder/spi-builder-workspace/.derivedData/Build/Products/Debug-watchos/PackageFrameworks
cd /Users/admin/builder/spi-builder-workspace/.swiftpm/xcode
builtin-create-build-directory /Users/admin/builder/spi-builder-workspace/.derivedData/Build/Products/Debug-watchos/PackageFrameworks
WriteAuxiliaryFile /Users/admin/builder/spi-builder-workspace/.derivedData/Build/Intermediates.noindex/PerfectCRUD.build/Debug-watchos/PerfectCRUD-t.build/PerfectCRUD.modulemap (in target 'PerfectCRUD' from project 'PerfectCRUD')
cd /Users/admin/builder/spi-builder-workspace/.dependencies/checkouts/Perfect-CRUD
write-file /Users/admin/builder/spi-builder-workspace/.derivedData/Build/Intermediates.noindex/PerfectCRUD.build/Debug-watchos/PerfectCRUD-t.build/PerfectCRUD.modulemap
WriteAuxiliaryFile /Users/admin/builder/spi-builder-workspace/.derivedData/Build/Intermediates.noindex/PerfectMySQL.build/Debug-watchos/PerfectMySQL-t.build/PerfectMySQL.DependencyStaticMetadataFileList (in target 'PerfectMySQL' from project 'PerfectMySQL')
cd /Users/admin/builder/spi-builder-workspace
write-file /Users/admin/builder/spi-builder-workspace/.derivedData/Build/Intermediates.noindex/PerfectMySQL.build/Debug-watchos/PerfectMySQL-t.build/PerfectMySQL.DependencyStaticMetadataFileList
WriteAuxiliaryFile /Users/admin/builder/spi-builder-workspace/.derivedData/Build/Intermediates.noindex/PerfectMySQL.build/Debug-watchos/PerfectMySQL-t.build/PerfectMySQL.modulemap (in target 'PerfectMySQL' from project 'PerfectMySQL')
cd /Users/admin/builder/spi-builder-workspace
write-file /Users/admin/builder/spi-builder-workspace/.derivedData/Build/Intermediates.noindex/PerfectMySQL.build/Debug-watchos/PerfectMySQL-t.build/PerfectMySQL.modulemap
WriteAuxiliaryFile /Users/admin/builder/spi-builder-workspace/.derivedData/Build/Intermediates.noindex/PerfectMySQL.build/Debug-watchos/PerfectMySQL-t.build/PerfectMySQL.DependencyMetadataFileList (in target 'PerfectMySQL' from project 'PerfectMySQL')
cd /Users/admin/builder/spi-builder-workspace
write-file /Users/admin/builder/spi-builder-workspace/.derivedData/Build/Intermediates.noindex/PerfectMySQL.build/Debug-watchos/PerfectMySQL-t.build/PerfectMySQL.DependencyMetadataFileList
WriteAuxiliaryFile /Users/admin/builder/spi-builder-workspace/.derivedData/Build/Intermediates.noindex/PerfectCRUD.build/Debug-watchos/PerfectCRUD-t.build/Objects-normal/arm64_32/PerfectCRUD-OutputFileMap.json (in target 'PerfectCRUD' from project 'PerfectCRUD')
cd /Users/admin/builder/spi-builder-workspace/.dependencies/checkouts/Perfect-CRUD
write-file /Users/admin/builder/spi-builder-workspace/.derivedData/Build/Intermediates.noindex/PerfectCRUD.build/Debug-watchos/PerfectCRUD-t.build/Objects-normal/arm64_32/PerfectCRUD-OutputFileMap.json
WriteAuxiliaryFile /Users/admin/builder/spi-builder-workspace/.derivedData/Build/Intermediates.noindex/PerfectCRUD.build/Debug-watchos/PerfectCRUD-t.build/Objects-normal/arm64_32/PerfectCRUD_const_extract_protocols.json (in target 'PerfectCRUD' from project 'PerfectCRUD')
cd /Users/admin/builder/spi-builder-workspace/.dependencies/checkouts/Perfect-CRUD
write-file /Users/admin/builder/spi-builder-workspace/.derivedData/Build/Intermediates.noindex/PerfectCRUD.build/Debug-watchos/PerfectCRUD-t.build/Objects-normal/arm64_32/PerfectCRUD_const_extract_protocols.json
WriteAuxiliaryFile /Users/admin/builder/spi-builder-workspace/.derivedData/Build/Intermediates.noindex/PerfectCRUD.build/Debug-watchos/PerfectCRUD-t.build/Objects-normal/arm64/PerfectCRUD_const_extract_protocols.json (in target 'PerfectCRUD' from project 'PerfectCRUD')
cd /Users/admin/builder/spi-builder-workspace/.dependencies/checkouts/Perfect-CRUD
write-file /Users/admin/builder/spi-builder-workspace/.derivedData/Build/Intermediates.noindex/PerfectCRUD.build/Debug-watchos/PerfectCRUD-t.build/Objects-normal/arm64/PerfectCRUD_const_extract_protocols.json
WriteAuxiliaryFile /Users/admin/builder/spi-builder-workspace/.derivedData/Build/Intermediates.noindex/PerfectMySQL.build/Debug-watchos/PerfectMySQL-t.build/Objects-normal/arm64_32/PerfectMySQL_const_extract_protocols.json (in target 'PerfectMySQL' from project 'PerfectMySQL')
cd /Users/admin/builder/spi-builder-workspace
write-file /Users/admin/builder/spi-builder-workspace/.derivedData/Build/Intermediates.noindex/PerfectMySQL.build/Debug-watchos/PerfectMySQL-t.build/Objects-normal/arm64_32/PerfectMySQL_const_extract_protocols.json
WriteAuxiliaryFile /Users/admin/builder/spi-builder-workspace/.derivedData/Build/Intermediates.noindex/PerfectMySQL.build/Debug-watchos/PerfectMySQL-t.build/Objects-normal/arm64_32/PerfectMySQL.SwiftFileList (in target 'PerfectMySQL' from project 'PerfectMySQL')
cd /Users/admin/builder/spi-builder-workspace
write-file /Users/admin/builder/spi-builder-workspace/.derivedData/Build/Intermediates.noindex/PerfectMySQL.build/Debug-watchos/PerfectMySQL-t.build/Objects-normal/arm64_32/PerfectMySQL.SwiftFileList
WriteAuxiliaryFile /Users/admin/builder/spi-builder-workspace/.derivedData/Build/Intermediates.noindex/PerfectMySQL.build/Debug-watchos/PerfectMySQL-t.build/Objects-normal/arm64_32/PerfectMySQL.SwiftConstValuesFileList (in target 'PerfectMySQL' from project 'PerfectMySQL')
cd /Users/admin/builder/spi-builder-workspace
write-file /Users/admin/builder/spi-builder-workspace/.derivedData/Build/Intermediates.noindex/PerfectMySQL.build/Debug-watchos/PerfectMySQL-t.build/Objects-normal/arm64_32/PerfectMySQL.SwiftConstValuesFileList
WriteAuxiliaryFile /Users/admin/builder/spi-builder-workspace/.derivedData/Build/Intermediates.noindex/PerfectMySQL.build/Debug-watchos/PerfectMySQL-t.build/Objects-normal/arm64_32/PerfectMySQL.LinkFileList (in target 'PerfectMySQL' from project 'PerfectMySQL')
cd /Users/admin/builder/spi-builder-workspace
write-file /Users/admin/builder/spi-builder-workspace/.derivedData/Build/Intermediates.noindex/PerfectMySQL.build/Debug-watchos/PerfectMySQL-t.build/Objects-normal/arm64_32/PerfectMySQL.LinkFileList
WriteAuxiliaryFile /Users/admin/builder/spi-builder-workspace/.derivedData/Build/Intermediates.noindex/PerfectMySQL.build/Debug-watchos/PerfectMySQL-t.build/Objects-normal/arm64_32/PerfectMySQL-OutputFileMap.json (in target 'PerfectMySQL' from project 'PerfectMySQL')
cd /Users/admin/builder/spi-builder-workspace
write-file /Users/admin/builder/spi-builder-workspace/.derivedData/Build/Intermediates.noindex/PerfectMySQL.build/Debug-watchos/PerfectMySQL-t.build/Objects-normal/arm64_32/PerfectMySQL-OutputFileMap.json
WriteAuxiliaryFile /Users/admin/builder/spi-builder-workspace/.derivedData/Build/Intermediates.noindex/PerfectMySQL.build/Debug-watchos/PerfectMySQL-t.build/Objects-normal/arm64/PerfectMySQL_const_extract_protocols.json (in target 'PerfectMySQL' from project 'PerfectMySQL')
cd /Users/admin/builder/spi-builder-workspace
write-file /Users/admin/builder/spi-builder-workspace/.derivedData/Build/Intermediates.noindex/PerfectMySQL.build/Debug-watchos/PerfectMySQL-t.build/Objects-normal/arm64/PerfectMySQL_const_extract_protocols.json
WriteAuxiliaryFile /Users/admin/builder/spi-builder-workspace/.derivedData/Build/Intermediates.noindex/PerfectMySQL.build/Debug-watchos/PerfectMySQL-t.build/Objects-normal/arm64/PerfectMySQL.SwiftFileList (in target 'PerfectMySQL' from project 'PerfectMySQL')
cd /Users/admin/builder/spi-builder-workspace
write-file /Users/admin/builder/spi-builder-workspace/.derivedData/Build/Intermediates.noindex/PerfectMySQL.build/Debug-watchos/PerfectMySQL-t.build/Objects-normal/arm64/PerfectMySQL.SwiftFileList
WriteAuxiliaryFile /Users/admin/builder/spi-builder-workspace/.derivedData/Build/Intermediates.noindex/PerfectMySQL.build/Debug-watchos/PerfectMySQL-t.build/Objects-normal/arm64/PerfectMySQL.SwiftConstValuesFileList (in target 'PerfectMySQL' from project 'PerfectMySQL')
cd /Users/admin/builder/spi-builder-workspace
write-file /Users/admin/builder/spi-builder-workspace/.derivedData/Build/Intermediates.noindex/PerfectMySQL.build/Debug-watchos/PerfectMySQL-t.build/Objects-normal/arm64/PerfectMySQL.SwiftConstValuesFileList
WriteAuxiliaryFile /Users/admin/builder/spi-builder-workspace/.derivedData/Build/Intermediates.noindex/PerfectMySQL.build/Debug-watchos/PerfectMySQL-t.build/Objects-normal/arm64/PerfectMySQL.LinkFileList (in target 'PerfectMySQL' from project 'PerfectMySQL')
cd /Users/admin/builder/spi-builder-workspace
write-file /Users/admin/builder/spi-builder-workspace/.derivedData/Build/Intermediates.noindex/PerfectMySQL.build/Debug-watchos/PerfectMySQL-t.build/Objects-normal/arm64/PerfectMySQL.LinkFileList
WriteAuxiliaryFile /Users/admin/builder/spi-builder-workspace/.derivedData/Build/Intermediates.noindex/PerfectMySQL.build/Debug-watchos/PerfectMySQL-t.build/Objects-normal/arm64/PerfectMySQL-OutputFileMap.json (in target 'PerfectMySQL' from project 'PerfectMySQL')
cd /Users/admin/builder/spi-builder-workspace
write-file /Users/admin/builder/spi-builder-workspace/.derivedData/Build/Intermediates.noindex/PerfectMySQL.build/Debug-watchos/PerfectMySQL-t.build/Objects-normal/arm64/PerfectMySQL-OutputFileMap.json
Copy /Users/admin/builder/spi-builder-workspace/.derivedData/Build/Intermediates.noindex/GeneratedModuleMaps-watchos/PerfectMySQL.modulemap /Users/admin/builder/spi-builder-workspace/.derivedData/Build/Intermediates.noindex/PerfectMySQL.build/Debug-watchos/PerfectMySQL-t.build/PerfectMySQL.modulemap (in target 'PerfectMySQL' from project 'PerfectMySQL')
cd /Users/admin/builder/spi-builder-workspace
builtin-copy -exclude .DS_Store -exclude CVS -exclude .svn -exclude .git -exclude .hg -resolve-src-symlinks /Users/admin/builder/spi-builder-workspace/.derivedData/Build/Intermediates.noindex/PerfectMySQL.build/Debug-watchos/PerfectMySQL-t.build/PerfectMySQL.modulemap /Users/admin/builder/spi-builder-workspace/.derivedData/Build/Intermediates.noindex/GeneratedModuleMaps-watchos
WriteAuxiliaryFile /Users/admin/builder/spi-builder-workspace/.derivedData/Build/Intermediates.noindex/PerfectCRUD.build/Debug-watchos/PerfectCRUD-t.build/PerfectCRUD.DependencyStaticMetadataFileList (in target 'PerfectCRUD' from project 'PerfectCRUD')
cd /Users/admin/builder/spi-builder-workspace/.dependencies/checkouts/Perfect-CRUD
write-file /Users/admin/builder/spi-builder-workspace/.derivedData/Build/Intermediates.noindex/PerfectCRUD.build/Debug-watchos/PerfectCRUD-t.build/PerfectCRUD.DependencyStaticMetadataFileList
WriteAuxiliaryFile /Users/admin/builder/spi-builder-workspace/.derivedData/Build/Intermediates.noindex/PerfectCRUD.build/Debug-watchos/PerfectCRUD-t.build/PerfectCRUD.DependencyMetadataFileList (in target 'PerfectCRUD' from project 'PerfectCRUD')
cd /Users/admin/builder/spi-builder-workspace/.dependencies/checkouts/Perfect-CRUD
write-file /Users/admin/builder/spi-builder-workspace/.derivedData/Build/Intermediates.noindex/PerfectCRUD.build/Debug-watchos/PerfectCRUD-t.build/PerfectCRUD.DependencyMetadataFileList
WriteAuxiliaryFile /Users/admin/builder/spi-builder-workspace/.derivedData/Build/Intermediates.noindex/PerfectCRUD.build/Debug-watchos/PerfectCRUD-t.build/Objects-normal/arm64_32/PerfectCRUD.SwiftFileList (in target 'PerfectCRUD' from project 'PerfectCRUD')
cd /Users/admin/builder/spi-builder-workspace/.dependencies/checkouts/Perfect-CRUD
write-file /Users/admin/builder/spi-builder-workspace/.derivedData/Build/Intermediates.noindex/PerfectCRUD.build/Debug-watchos/PerfectCRUD-t.build/Objects-normal/arm64_32/PerfectCRUD.SwiftFileList
WriteAuxiliaryFile /Users/admin/builder/spi-builder-workspace/.derivedData/Build/Intermediates.noindex/PerfectCRUD.build/Debug-watchos/PerfectCRUD-t.build/Objects-normal/arm64_32/PerfectCRUD.SwiftConstValuesFileList (in target 'PerfectCRUD' from project 'PerfectCRUD')
cd /Users/admin/builder/spi-builder-workspace/.dependencies/checkouts/Perfect-CRUD
write-file /Users/admin/builder/spi-builder-workspace/.derivedData/Build/Intermediates.noindex/PerfectCRUD.build/Debug-watchos/PerfectCRUD-t.build/Objects-normal/arm64_32/PerfectCRUD.SwiftConstValuesFileList
WriteAuxiliaryFile /Users/admin/builder/spi-builder-workspace/.derivedData/Build/Intermediates.noindex/PerfectCRUD.build/Debug-watchos/PerfectCRUD-t.build/Objects-normal/arm64_32/PerfectCRUD.LinkFileList (in target 'PerfectCRUD' from project 'PerfectCRUD')
cd /Users/admin/builder/spi-builder-workspace/.dependencies/checkouts/Perfect-CRUD
write-file /Users/admin/builder/spi-builder-workspace/.derivedData/Build/Intermediates.noindex/PerfectCRUD.build/Debug-watchos/PerfectCRUD-t.build/Objects-normal/arm64_32/PerfectCRUD.LinkFileList
WriteAuxiliaryFile /Users/admin/builder/spi-builder-workspace/.derivedData/Build/Intermediates.noindex/PerfectCRUD.build/Debug-watchos/PerfectCRUD-t.build/Objects-normal/arm64/PerfectCRUD.SwiftFileList (in target 'PerfectCRUD' from project 'PerfectCRUD')
cd /Users/admin/builder/spi-builder-workspace/.dependencies/checkouts/Perfect-CRUD
write-file /Users/admin/builder/spi-builder-workspace/.derivedData/Build/Intermediates.noindex/PerfectCRUD.build/Debug-watchos/PerfectCRUD-t.build/Objects-normal/arm64/PerfectCRUD.SwiftFileList
WriteAuxiliaryFile /Users/admin/builder/spi-builder-workspace/.derivedData/Build/Intermediates.noindex/PerfectCRUD.build/Debug-watchos/PerfectCRUD-t.build/Objects-normal/arm64/PerfectCRUD.SwiftConstValuesFileList (in target 'PerfectCRUD' from project 'PerfectCRUD')
cd /Users/admin/builder/spi-builder-workspace/.dependencies/checkouts/Perfect-CRUD
write-file /Users/admin/builder/spi-builder-workspace/.derivedData/Build/Intermediates.noindex/PerfectCRUD.build/Debug-watchos/PerfectCRUD-t.build/Objects-normal/arm64/PerfectCRUD.SwiftConstValuesFileList
WriteAuxiliaryFile /Users/admin/builder/spi-builder-workspace/.derivedData/Build/Intermediates.noindex/PerfectCRUD.build/Debug-watchos/PerfectCRUD-t.build/Objects-normal/arm64/PerfectCRUD.LinkFileList (in target 'PerfectCRUD' from project 'PerfectCRUD')
cd /Users/admin/builder/spi-builder-workspace/.dependencies/checkouts/Perfect-CRUD
write-file /Users/admin/builder/spi-builder-workspace/.derivedData/Build/Intermediates.noindex/PerfectCRUD.build/Debug-watchos/PerfectCRUD-t.build/Objects-normal/arm64/PerfectCRUD.LinkFileList
WriteAuxiliaryFile /Users/admin/builder/spi-builder-workspace/.derivedData/Build/Intermediates.noindex/PerfectCRUD.build/Debug-watchos/PerfectCRUD-t.build/Objects-normal/arm64/PerfectCRUD-OutputFileMap.json (in target 'PerfectCRUD' from project 'PerfectCRUD')
cd /Users/admin/builder/spi-builder-workspace/.dependencies/checkouts/Perfect-CRUD
write-file /Users/admin/builder/spi-builder-workspace/.derivedData/Build/Intermediates.noindex/PerfectCRUD.build/Debug-watchos/PerfectCRUD-t.build/Objects-normal/arm64/PerfectCRUD-OutputFileMap.json
Copy /Users/admin/builder/spi-builder-workspace/.derivedData/Build/Intermediates.noindex/GeneratedModuleMaps-watchos/PerfectCRUD.modulemap /Users/admin/builder/spi-builder-workspace/.derivedData/Build/Intermediates.noindex/PerfectCRUD.build/Debug-watchos/PerfectCRUD-t.build/PerfectCRUD.modulemap (in target 'PerfectCRUD' from project 'PerfectCRUD')
cd /Users/admin/builder/spi-builder-workspace/.dependencies/checkouts/Perfect-CRUD
builtin-copy -exclude .DS_Store -exclude CVS -exclude .svn -exclude .git -exclude .hg -resolve-src-symlinks /Users/admin/builder/spi-builder-workspace/.derivedData/Build/Intermediates.noindex/PerfectCRUD.build/Debug-watchos/PerfectCRUD-t.build/PerfectCRUD.modulemap /Users/admin/builder/spi-builder-workspace/.derivedData/Build/Intermediates.noindex/GeneratedModuleMaps-watchos
SwiftDriver PerfectCRUD normal arm64_32 com.apple.xcode.tools.swift.compiler (in target 'PerfectCRUD' from project 'PerfectCRUD')
cd /Users/admin/builder/spi-builder-workspace/.swiftpm/xcode
builtin-SwiftDriver -- /Applications/Xcode-27.0.0-Release.Candidate.app/Contents/Developer/Toolchains/XcodeDefault.xctoolchain/usr/bin/swiftc -parse-as-library -module-name PerfectCRUD -Onone @/Users/admin/builder/spi-builder-workspace/.derivedData/Build/Intermediates.noindex/PerfectCRUD.build/Debug-watchos/PerfectCRUD-t.build/Objects-normal/arm64_32/PerfectCRUD.SwiftFileList -DSWIFT_PACKAGE -DDEBUG -DSWIFT_MODULE_RESOURCE_BUNDLE_UNAVAILABLE -DXcode -plugin-path /Applications/Xcode-27.0.0-Release.Candidate.app/Contents/Developer/Toolchains/XcodeDefault.xctoolchain/usr/lib/swift/host/plugins/testing -enable-experimental-feature DebugDescriptionMacro -sdk /Applications/Xcode-27.0.0-Release.Candidate.app/Contents/Developer/Platforms/WatchOS.platform/Developer/SDKs/WatchOS27.0.sdk -target arm64_32-apple-watchos9.0 -g -module-cache-path /Users/admin/builder/spi-builder-workspace/.derivedData/ModuleCache.noindex -Xfrontend -serialize-debugging-options -profile-coverage-mapping -profile-generate -enable-testing -suppress-warnings -index-store-path /Users/admin/builder/spi-builder-workspace/.derivedData/Index.noindex/DataStore -Xcc -D_LIBCPP_HARDENING_MODE\=_LIBCPP_HARDENING_MODE_DEBUG -swift-version 4 -I /Users/admin/builder/spi-builder-workspace/.derivedData/Build/Products/Debug-watchos -Isystem /Applications/Xcode-27.0.0-Release.Candidate.app/Contents/Developer/Platforms/WatchOS.platform/Developer/usr/lib -F /Users/admin/builder/spi-builder-workspace/.derivedData/Build/Products/Debug-watchos -F /Applications/Xcode-27.0.0-Release.Candidate.app/Contents/Developer/Platforms/WatchOS.platform/Developer/Library/Frameworks -F /Applications/Xcode-27.0.0-Release.Candidate.app/Contents/Developer/Platforms/WatchOS.platform/Developer/SDKs/WatchOS27.0.sdk/Developer/Library/Frameworks -c -j10 -enable-batch-mode -incremental -Xcc -ivfsstatcache -Xcc /Users/admin/builder/spi-builder-workspace/.derivedData/SDKStatCaches.noindex/watchos27.0-24R360-e829b21a6f8c9b70876ba0858053c04477534ef55a1706bf4c1112bbb242f0a2.sdkstatcache -output-file-map /Users/admin/builder/spi-builder-workspace/.derivedData/Build/Intermediates.noindex/PerfectCRUD.build/Debug-watchos/PerfectCRUD-t.build/Objects-normal/arm64_32/PerfectCRUD-OutputFileMap.json -save-temps -no-color-diagnostics -emit-dependencies -emit-module -emit-module-path /Users/admin/builder/spi-builder-workspace/.derivedData/Build/Intermediates.noindex/PerfectCRUD.build/Debug-watchos/PerfectCRUD-t.build/Objects-normal/arm64_32/PerfectCRUD.swiftmodule -serialize-diagnostics -validate-clang-modules-once -clang-build-session-file /Users/admin/builder/spi-builder-workspace/.derivedData/ModuleCache.noindex/Session.modulevalidation -Xcc -fmodules-prune-interval\=86400 -Xcc -fmodules-prune-after\=345600 -emit-const-values -const-gather-protocols-list /Users/admin/builder/spi-builder-workspace/.derivedData/Build/Intermediates.noindex/PerfectCRUD.build/Debug-watchos/PerfectCRUD-t.build/Objects-normal/arm64_32/PerfectCRUD_const_extract_protocols.json -Xcc -I/Users/admin/builder/spi-builder-workspace/.derivedData/Build/Products/Debug-watchos/include -Xcc -I/Users/admin/builder/spi-builder-workspace/.derivedData/Build/Intermediates.noindex/PerfectCRUD.build/Debug-watchos/PerfectCRUD-t.build/DerivedSources-normal/arm64_32 -Xcc -I/Users/admin/builder/spi-builder-workspace/.derivedData/Build/Intermediates.noindex/PerfectCRUD.build/Debug-watchos/PerfectCRUD-t.build/DerivedSources/arm64_32 -Xcc -I/Users/admin/builder/spi-builder-workspace/.derivedData/Build/Intermediates.noindex/PerfectCRUD.build/Debug-watchos/PerfectCRUD-t.build/DerivedSources -Xcc -DSWIFT_PACKAGE -Xcc -DDEBUG\=1 -emit-objc-header -emit-objc-header-path /Users/admin/builder/spi-builder-workspace/.derivedData/Build/Intermediates.noindex/PerfectCRUD.build/Debug-watchos/PerfectCRUD-t.build/Objects-normal/arm64_32/PerfectCRUD-Swift.h -working-directory /Users/admin/builder/spi-builder-workspace/.swiftpm/xcode -experimental-emit-module-separately -disable-cmo
SwiftDriver PerfectCRUD normal arm64 com.apple.xcode.tools.swift.compiler (in target 'PerfectCRUD' from project 'PerfectCRUD')
cd /Users/admin/builder/spi-builder-workspace/.swiftpm/xcode
builtin-SwiftDriver -- /Applications/Xcode-27.0.0-Release.Candidate.app/Contents/Developer/Toolchains/XcodeDefault.xctoolchain/usr/bin/swiftc -parse-as-library -module-name PerfectCRUD -Onone @/Users/admin/builder/spi-builder-workspace/.derivedData/Build/Intermediates.noindex/PerfectCRUD.build/Debug-watchos/PerfectCRUD-t.build/Objects-normal/arm64/PerfectCRUD.SwiftFileList -DSWIFT_PACKAGE -DDEBUG -DSWIFT_MODULE_RESOURCE_BUNDLE_UNAVAILABLE -DXcode -plugin-path /Applications/Xcode-27.0.0-Release.Candidate.app/Contents/Developer/Toolchains/XcodeDefault.xctoolchain/usr/lib/swift/host/plugins/testing -enable-experimental-feature DebugDescriptionMacro -sdk /Applications/Xcode-27.0.0-Release.Candidate.app/Contents/Developer/Platforms/WatchOS.platform/Developer/SDKs/WatchOS27.0.sdk -target arm64-apple-watchos9.0 -g -module-cache-path /Users/admin/builder/spi-builder-workspace/.derivedData/ModuleCache.noindex -Xfrontend -serialize-debugging-options -profile-coverage-mapping -profile-generate -enable-testing -suppress-warnings -index-store-path /Users/admin/builder/spi-builder-workspace/.derivedData/Index.noindex/DataStore -Xcc -D_LIBCPP_HARDENING_MODE\=_LIBCPP_HARDENING_MODE_DEBUG -swift-version 4 -I /Users/admin/builder/spi-builder-workspace/.derivedData/Build/Products/Debug-watchos -Isystem /Applications/Xcode-27.0.0-Release.Candidate.app/Contents/Developer/Platforms/WatchOS.platform/Developer/usr/lib -F /Users/admin/builder/spi-builder-workspace/.derivedData/Build/Products/Debug-watchos -F /Applications/Xcode-27.0.0-Release.Candidate.app/Contents/Developer/Platforms/WatchOS.platform/Developer/Library/Frameworks -F /Applications/Xcode-27.0.0-Release.Candidate.app/Contents/Developer/Platforms/WatchOS.platform/Developer/SDKs/WatchOS27.0.sdk/Developer/Library/Frameworks -c -j10 -enable-batch-mode -incremental -Xcc -ivfsstatcache -Xcc /Users/admin/builder/spi-builder-workspace/.derivedData/SDKStatCaches.noindex/watchos27.0-24R360-e829b21a6f8c9b70876ba0858053c04477534ef55a1706bf4c1112bbb242f0a2.sdkstatcache -output-file-map /Users/admin/builder/spi-builder-workspace/.derivedData/Build/Intermediates.noindex/PerfectCRUD.build/Debug-watchos/PerfectCRUD-t.build/Objects-normal/arm64/PerfectCRUD-OutputFileMap.json -save-temps -no-color-diagnostics -emit-dependencies -emit-module -emit-module-path /Users/admin/builder/spi-builder-workspace/.derivedData/Build/Intermediates.noindex/PerfectCRUD.build/Debug-watchos/PerfectCRUD-t.build/Objects-normal/arm64/PerfectCRUD.swiftmodule -serialize-diagnostics -validate-clang-modules-once -clang-build-session-file /Users/admin/builder/spi-builder-workspace/.derivedData/ModuleCache.noindex/Session.modulevalidation -Xcc -fmodules-prune-interval\=86400 -Xcc -fmodules-prune-after\=345600 -emit-const-values -const-gather-protocols-list /Users/admin/builder/spi-builder-workspace/.derivedData/Build/Intermediates.noindex/PerfectCRUD.build/Debug-watchos/PerfectCRUD-t.build/Objects-normal/arm64/PerfectCRUD_const_extract_protocols.json -Xcc -I/Users/admin/builder/spi-builder-workspace/.derivedData/Build/Products/Debug-watchos/include -Xcc -I/Users/admin/builder/spi-builder-workspace/.derivedData/Build/Intermediates.noindex/PerfectCRUD.build/Debug-watchos/PerfectCRUD-t.build/DerivedSources-normal/arm64 -Xcc -I/Users/admin/builder/spi-builder-workspace/.derivedData/Build/Intermediates.noindex/PerfectCRUD.build/Debug-watchos/PerfectCRUD-t.build/DerivedSources/arm64 -Xcc -I/Users/admin/builder/spi-builder-workspace/.derivedData/Build/Intermediates.noindex/PerfectCRUD.build/Debug-watchos/PerfectCRUD-t.build/DerivedSources -Xcc -DSWIFT_PACKAGE -Xcc -DDEBUG\=1 -emit-objc-header -emit-objc-header-path /Users/admin/builder/spi-builder-workspace/.derivedData/Build/Intermediates.noindex/PerfectCRUD.build/Debug-watchos/PerfectCRUD-t.build/Objects-normal/arm64/PerfectCRUD-Swift.h -working-directory /Users/admin/builder/spi-builder-workspace/.swiftpm/xcode -experimental-emit-module-separately -disable-cmo
SwiftEmitModule normal arm64_32 Emitting\ module\ for\ PerfectCRUD (in target 'PerfectCRUD' from project 'PerfectCRUD')
SwiftCompile normal arm64_32 (in target 'PerfectCRUD' from project 'PerfectCRUD')
cd /Users/admin/builder/spi-builder-workspace/.swiftpm/xcode
SwiftCompile normal arm64_32 Compiling\ CodingKeyPaths.swift,\ CodingNames.swift,\ CodingRows.swift /Users/admin/builder/spi-builder-workspace/.dependencies/checkouts/Perfect-CRUD/Sources/PerfectCRUD/Coding/CodingKeyPaths.swift /Users/admin/builder/spi-builder-workspace/.dependencies/checkouts/Perfect-CRUD/Sources/PerfectCRUD/Coding/CodingNames.swift /Users/admin/builder/spi-builder-workspace/.dependencies/checkouts/Perfect-CRUD/Sources/PerfectCRUD/Coding/CodingRows.swift (in target 'PerfectCRUD' from project 'PerfectCRUD')
SwiftCompile normal arm64_32 /Users/admin/builder/spi-builder-workspace/.dependencies/checkouts/Perfect-CRUD/Sources/PerfectCRUD/Coding/CodingKeyPaths.swift (in target 'PerfectCRUD' from project 'PerfectCRUD')
cd /Users/admin/builder/spi-builder-workspace/.swiftpm/xcode
builtin-SwiftPerFileCompile CodingKeyPaths.swift
SwiftCompile normal arm64_32 /Users/admin/builder/spi-builder-workspace/.dependencies/checkouts/Perfect-CRUD/Sources/PerfectCRUD/Coding/CodingNames.swift (in target 'PerfectCRUD' from project 'PerfectCRUD')
cd /Users/admin/builder/spi-builder-workspace/.swiftpm/xcode
builtin-SwiftPerFileCompile CodingNames.swift
SwiftCompile normal arm64_32 /Users/admin/builder/spi-builder-workspace/.dependencies/checkouts/Perfect-CRUD/Sources/PerfectCRUD/Coding/CodingRows.swift (in target 'PerfectCRUD' from project 'PerfectCRUD')
cd /Users/admin/builder/spi-builder-workspace/.swiftpm/xcode
builtin-SwiftPerFileCompile CodingRows.swift
SwiftCompile normal arm64_32 Compiling\ Create.swift,\ Database.swift,\ Delete.swift /Users/admin/builder/spi-builder-workspace/.dependencies/checkouts/Perfect-CRUD/Sources/PerfectCRUD/Create.swift /Users/admin/builder/spi-builder-workspace/.dependencies/checkouts/Perfect-CRUD/Sources/PerfectCRUD/Database.swift /Users/admin/builder/spi-builder-workspace/.dependencies/checkouts/Perfect-CRUD/Sources/PerfectCRUD/Delete.swift (in target 'PerfectCRUD' from project 'PerfectCRUD')
SwiftCompile normal arm64_32 /Users/admin/builder/spi-builder-workspace/.dependencies/checkouts/Perfect-CRUD/Sources/PerfectCRUD/Create.swift (in target 'PerfectCRUD' from project 'PerfectCRUD')
cd /Users/admin/builder/spi-builder-workspace/.swiftpm/xcode
builtin-SwiftPerFileCompile Create.swift
SwiftCompile normal arm64_32 /Users/admin/builder/spi-builder-workspace/.dependencies/checkouts/Perfect-CRUD/Sources/PerfectCRUD/Database.swift (in target 'PerfectCRUD' from project 'PerfectCRUD')
cd /Users/admin/builder/spi-builder-workspace/.swiftpm/xcode
builtin-SwiftPerFileCompile Database.swift
SwiftCompile normal arm64_32 /Users/admin/builder/spi-builder-workspace/.dependencies/checkouts/Perfect-CRUD/Sources/PerfectCRUD/Delete.swift (in target 'PerfectCRUD' from project 'PerfectCRUD')
cd /Users/admin/builder/spi-builder-workspace/.swiftpm/xcode
builtin-SwiftPerFileCompile Delete.swift
SwiftCompile normal arm64_32 Compiling\ Coding.swift,\ CodingBindings.swift,\ CodingJoins.swift /Users/admin/builder/spi-builder-workspace/.dependencies/checkouts/Perfect-CRUD/Sources/PerfectCRUD/Coding/Coding.swift /Users/admin/builder/spi-builder-workspace/.dependencies/checkouts/Perfect-CRUD/Sources/PerfectCRUD/Coding/CodingBindings.swift /Users/admin/builder/spi-builder-workspace/.dependencies/checkouts/Perfect-CRUD/Sources/PerfectCRUD/Coding/CodingJoins.swift (in target 'PerfectCRUD' from project 'PerfectCRUD')
SwiftCompile normal arm64_32 /Users/admin/builder/spi-builder-workspace/.dependencies/checkouts/Perfect-CRUD/Sources/PerfectCRUD/Coding/Coding.swift (in target 'PerfectCRUD' from project 'PerfectCRUD')
cd /Users/admin/builder/spi-builder-workspace/.swiftpm/xcode
builtin-SwiftPerFileCompile Coding.swift
SwiftCompile normal arm64_32 /Users/admin/builder/spi-builder-workspace/.dependencies/checkouts/Perfect-CRUD/Sources/PerfectCRUD/Coding/CodingBindings.swift (in target 'PerfectCRUD' from project 'PerfectCRUD')
cd /Users/admin/builder/spi-builder-workspace/.swiftpm/xcode
builtin-SwiftPerFileCompile CodingBindings.swift
SwiftCompile normal arm64_32 /Users/admin/builder/spi-builder-workspace/.dependencies/checkouts/Perfect-CRUD/Sources/PerfectCRUD/Coding/CodingJoins.swift (in target 'PerfectCRUD' from project 'PerfectCRUD')
cd /Users/admin/builder/spi-builder-workspace/.swiftpm/xcode
builtin-SwiftPerFileCompile CodingJoins.swift
SwiftCompile normal arm64_32 Compiling\ Comparison.swift,\ ComparisonInts.swift,\ Equality.swift /Users/admin/builder/spi-builder-workspace/.dependencies/checkouts/Perfect-CRUD/Sources/PerfectCRUD/Expression/Comparison.swift /Users/admin/builder/spi-builder-workspace/.dependencies/checkouts/Perfect-CRUD/Sources/PerfectCRUD/Expression/ComparisonInts.swift /Users/admin/builder/spi-builder-workspace/.dependencies/checkouts/Perfect-CRUD/Sources/PerfectCRUD/Expression/Equality.swift (in target 'PerfectCRUD' from project 'PerfectCRUD')
SwiftCompile normal arm64_32 /Users/admin/builder/spi-builder-workspace/.dependencies/checkouts/Perfect-CRUD/Sources/PerfectCRUD/Expression/Comparison.swift (in target 'PerfectCRUD' from project 'PerfectCRUD')
cd /Users/admin/builder/spi-builder-workspace/.swiftpm/xcode
builtin-SwiftPerFileCompile Comparison.swift
SwiftCompile normal arm64_32 /Users/admin/builder/spi-builder-workspace/.dependencies/checkouts/Perfect-CRUD/Sources/PerfectCRUD/Expression/ComparisonInts.swift (in target 'PerfectCRUD' from project 'PerfectCRUD')
cd /Users/admin/builder/spi-builder-workspace/.swiftpm/xcode
builtin-SwiftPerFileCompile ComparisonInts.swift
SwiftCompile normal arm64_32 /Users/admin/builder/spi-builder-workspace/.dependencies/checkouts/Perfect-CRUD/Sources/PerfectCRUD/Expression/Equality.swift (in target 'PerfectCRUD' from project 'PerfectCRUD')
cd /Users/admin/builder/spi-builder-workspace/.swiftpm/xcode
builtin-SwiftPerFileCompile Equality.swift
SwiftCompile normal arm64_32 Compiling\ Insert.swift,\ Join.swift /Users/admin/builder/spi-builder-workspace/.dependencies/checkouts/Perfect-CRUD/Sources/PerfectCRUD/Insert.swift /Users/admin/builder/spi-builder-workspace/.dependencies/checkouts/Perfect-CRUD/Sources/PerfectCRUD/Join.swift (in target 'PerfectCRUD' from project 'PerfectCRUD')
SwiftCompile normal arm64_32 /Users/admin/builder/spi-builder-workspace/.dependencies/checkouts/Perfect-CRUD/Sources/PerfectCRUD/Insert.swift (in target 'PerfectCRUD' from project 'PerfectCRUD')
cd /Users/admin/builder/spi-builder-workspace/.swiftpm/xcode
builtin-SwiftPerFileCompile Insert.swift
SwiftCompile normal arm64_32 /Users/admin/builder/spi-builder-workspace/.dependencies/checkouts/Perfect-CRUD/Sources/PerfectCRUD/Join.swift (in target 'PerfectCRUD' from project 'PerfectCRUD')
cd /Users/admin/builder/spi-builder-workspace/.swiftpm/xcode
builtin-SwiftPerFileCompile Join.swift
SwiftCompile normal arm64_32 Compiling\ Logging.swift,\ PerfectCRUD.swift /Users/admin/builder/spi-builder-workspace/.dependencies/checkouts/Perfect-CRUD/Sources/PerfectCRUD/Logging.swift /Users/admin/builder/spi-builder-workspace/.dependencies/checkouts/Perfect-CRUD/Sources/PerfectCRUD/PerfectCRUD.swift (in target 'PerfectCRUD' from project 'PerfectCRUD')
SwiftCompile normal arm64_32 /Users/admin/builder/spi-builder-workspace/.dependencies/checkouts/Perfect-CRUD/Sources/PerfectCRUD/Logging.swift (in target 'PerfectCRUD' from project 'PerfectCRUD')
cd /Users/admin/builder/spi-builder-workspace/.swiftpm/xcode
builtin-SwiftPerFileCompile Logging.swift
SwiftCompile normal arm64_32 /Users/admin/builder/spi-builder-workspace/.dependencies/checkouts/Perfect-CRUD/Sources/PerfectCRUD/PerfectCRUD.swift (in target 'PerfectCRUD' from project 'PerfectCRUD')
cd /Users/admin/builder/spi-builder-workspace/.swiftpm/xcode
builtin-SwiftPerFileCompile PerfectCRUD.swift
SwiftCompile normal arm64_32 Compiling\ Select.swift,\ Table.swift /Users/admin/builder/spi-builder-workspace/.dependencies/checkouts/Perfect-CRUD/Sources/PerfectCRUD/Select.swift /Users/admin/builder/spi-builder-workspace/.dependencies/checkouts/Perfect-CRUD/Sources/PerfectCRUD/Table.swift (in target 'PerfectCRUD' from project 'PerfectCRUD')
SwiftCompile normal arm64_32 /Users/admin/builder/spi-builder-workspace/.dependencies/checkouts/Perfect-CRUD/Sources/PerfectCRUD/Select.swift (in target 'PerfectCRUD' from project 'PerfectCRUD')
cd /Users/admin/builder/spi-builder-workspace/.swiftpm/xcode
builtin-SwiftPerFileCompile Select.swift
SwiftCompile normal arm64_32 /Users/admin/builder/spi-builder-workspace/.dependencies/checkouts/Perfect-CRUD/Sources/PerfectCRUD/Table.swift (in target 'PerfectCRUD' from project 'PerfectCRUD')
cd /Users/admin/builder/spi-builder-workspace/.swiftpm/xcode
builtin-SwiftPerFileCompile Table.swift
SwiftEmitModule normal arm64 Emitting\ module\ for\ PerfectCRUD (in target 'PerfectCRUD' from project 'PerfectCRUD')
SwiftCompile normal arm64 (in target 'PerfectCRUD' from project 'PerfectCRUD')
cd /Users/admin/builder/spi-builder-workspace/.swiftpm/xcode
SwiftCompile normal arm64 Compiling\ Update.swift,\ Where.swift /Users/admin/builder/spi-builder-workspace/.dependencies/checkouts/Perfect-CRUD/Sources/PerfectCRUD/Update.swift /Users/admin/builder/spi-builder-workspace/.dependencies/checkouts/Perfect-CRUD/Sources/PerfectCRUD/Where.swift (in target 'PerfectCRUD' from project 'PerfectCRUD')
SwiftCompile normal arm64 /Users/admin/builder/spi-builder-workspace/.dependencies/checkouts/Perfect-CRUD/Sources/PerfectCRUD/Update.swift (in target 'PerfectCRUD' from project 'PerfectCRUD')
cd /Users/admin/builder/spi-builder-workspace/.swiftpm/xcode
builtin-SwiftPerFileCompile Update.swift
SwiftCompile normal arm64 /Users/admin/builder/spi-builder-workspace/.dependencies/checkouts/Perfect-CRUD/Sources/PerfectCRUD/Where.swift (in target 'PerfectCRUD' from project 'PerfectCRUD')
cd /Users/admin/builder/spi-builder-workspace/.swiftpm/xcode
builtin-SwiftPerFileCompile Where.swift
SwiftCompile normal arm64 Compiling\ Logging.swift,\ PerfectCRUD.swift /Users/admin/builder/spi-builder-workspace/.dependencies/checkouts/Perfect-CRUD/Sources/PerfectCRUD/Logging.swift /Users/admin/builder/spi-builder-workspace/.dependencies/checkouts/Perfect-CRUD/Sources/PerfectCRUD/PerfectCRUD.swift (in target 'PerfectCRUD' from project 'PerfectCRUD')
SwiftCompile normal arm64 /Users/admin/builder/spi-builder-workspace/.dependencies/checkouts/Perfect-CRUD/Sources/PerfectCRUD/Logging.swift (in target 'PerfectCRUD' from project 'PerfectCRUD')
cd /Users/admin/builder/spi-builder-workspace/.swiftpm/xcode
builtin-SwiftPerFileCompile Logging.swift
SwiftCompile normal arm64 /Users/admin/builder/spi-builder-workspace/.dependencies/checkouts/Perfect-CRUD/Sources/PerfectCRUD/PerfectCRUD.swift (in target 'PerfectCRUD' from project 'PerfectCRUD')
cd /Users/admin/builder/spi-builder-workspace/.swiftpm/xcode
builtin-SwiftPerFileCompile PerfectCRUD.swift
SwiftDriverJobDiscovery normal arm64 Emitting module for PerfectCRUD (in target 'PerfectCRUD' from project 'PerfectCRUD')
SwiftCompile normal arm64 Compiling\ Select.swift,\ Table.swift /Users/admin/builder/spi-builder-workspace/.dependencies/checkouts/Perfect-CRUD/Sources/PerfectCRUD/Select.swift /Users/admin/builder/spi-builder-workspace/.dependencies/checkouts/Perfect-CRUD/Sources/PerfectCRUD/Table.swift (in target 'PerfectCRUD' from project 'PerfectCRUD')
SwiftCompile normal arm64 /Users/admin/builder/spi-builder-workspace/.dependencies/checkouts/Perfect-CRUD/Sources/PerfectCRUD/Select.swift (in target 'PerfectCRUD' from project 'PerfectCRUD')
cd /Users/admin/builder/spi-builder-workspace/.swiftpm/xcode
builtin-SwiftPerFileCompile Select.swift
SwiftCompile normal arm64 /Users/admin/builder/spi-builder-workspace/.dependencies/checkouts/Perfect-CRUD/Sources/PerfectCRUD/Table.swift (in target 'PerfectCRUD' from project 'PerfectCRUD')
cd /Users/admin/builder/spi-builder-workspace/.swiftpm/xcode
builtin-SwiftPerFileCompile Table.swift
SwiftDriverJobDiscovery normal arm64_32 Emitting module for PerfectCRUD (in target 'PerfectCRUD' from project 'PerfectCRUD')
SwiftDriver\ Compilation\ Requirements PerfectCRUD normal arm64_32 com.apple.xcode.tools.swift.compiler (in target 'PerfectCRUD' from project 'PerfectCRUD')
cd /Users/admin/builder/spi-builder-workspace/.swiftpm/xcode
builtin-Swift-Compilation-Requirements -- /Applications/Xcode-27.0.0-Release.Candidate.app/Contents/Developer/Toolchains/XcodeDefault.xctoolchain/usr/bin/swiftc -parse-as-library -module-name PerfectCRUD -Onone @/Users/admin/builder/spi-builder-workspace/.derivedData/Build/Intermediates.noindex/PerfectCRUD.build/Debug-watchos/PerfectCRUD-t.build/Objects-normal/arm64_32/PerfectCRUD.SwiftFileList -DSWIFT_PACKAGE -DDEBUG -DSWIFT_MODULE_RESOURCE_BUNDLE_UNAVAILABLE -DXcode -plugin-path /Applications/Xcode-27.0.0-Release.Candidate.app/Contents/Developer/Toolchains/XcodeDefault.xctoolchain/usr/lib/swift/host/plugins/testing -enable-experimental-feature DebugDescriptionMacro -sdk /Applications/Xcode-27.0.0-Release.Candidate.app/Contents/Developer/Platforms/WatchOS.platform/Developer/SDKs/WatchOS27.0.sdk -target arm64_32-apple-watchos9.0 -g -module-cache-path /Users/admin/builder/spi-builder-workspace/.derivedData/ModuleCache.noindex -Xfrontend -serialize-debugging-options -profile-coverage-mapping -profile-generate -enable-testing -suppress-warnings -index-store-path /Users/admin/builder/spi-builder-workspace/.derivedData/Index.noindex/DataStore -Xcc -D_LIBCPP_HARDENING_MODE\=_LIBCPP_HARDENING_MODE_DEBUG -swift-version 4 -I /Users/admin/builder/spi-builder-workspace/.derivedData/Build/Products/Debug-watchos -Isystem /Applications/Xcode-27.0.0-Release.Candidate.app/Contents/Developer/Platforms/WatchOS.platform/Developer/usr/lib -F /Users/admin/builder/spi-builder-workspace/.derivedData/Build/Products/Debug-watchos -F /Applications/Xcode-27.0.0-Release.Candidate.app/Contents/Developer/Platforms/WatchOS.platform/Developer/Library/Frameworks -F /Applications/Xcode-27.0.0-Release.Candidate.app/Contents/Developer/Platforms/WatchOS.platform/Developer/SDKs/WatchOS27.0.sdk/Developer/Library/Frameworks -c -j10 -enable-batch-mode -incremental -Xcc -ivfsstatcache -Xcc /Users/admin/builder/spi-builder-workspace/.derivedData/SDKStatCaches.noindex/watchos27.0-24R360-e829b21a6f8c9b70876ba0858053c04477534ef55a1706bf4c1112bbb242f0a2.sdkstatcache -output-file-map /Users/admin/builder/spi-builder-workspace/.derivedData/Build/Intermediates.noindex/PerfectCRUD.build/Debug-watchos/PerfectCRUD-t.build/Objects-normal/arm64_32/PerfectCRUD-OutputFileMap.json -save-temps -no-color-diagnostics -emit-dependencies -emit-module -emit-module-path /Users/admin/builder/spi-builder-workspace/.derivedData/Build/Intermediates.noindex/PerfectCRUD.build/Debug-watchos/PerfectCRUD-t.build/Objects-normal/arm64_32/PerfectCRUD.swiftmodule -serialize-diagnostics -validate-clang-modules-once -clang-build-session-file /Users/admin/builder/spi-builder-workspace/.derivedData/ModuleCache.noindex/Session.modulevalidation -Xcc -fmodules-prune-interval\=86400 -Xcc -fmodules-prune-after\=345600 -emit-const-values -const-gather-protocols-list /Users/admin/builder/spi-builder-workspace/.derivedData/Build/Intermediates.noindex/PerfectCRUD.build/Debug-watchos/PerfectCRUD-t.build/Objects-normal/arm64_32/PerfectCRUD_const_extract_protocols.json -Xcc -I/Users/admin/builder/spi-builder-workspace/.derivedData/Build/Products/Debug-watchos/include -Xcc -I/Users/admin/builder/spi-builder-workspace/.derivedData/Build/Intermediates.noindex/PerfectCRUD.build/Debug-watchos/PerfectCRUD-t.build/DerivedSources-normal/arm64_32 -Xcc -I/Users/admin/builder/spi-builder-workspace/.derivedData/Build/Intermediates.noindex/PerfectCRUD.build/Debug-watchos/PerfectCRUD-t.build/DerivedSources/arm64_32 -Xcc -I/Users/admin/builder/spi-builder-workspace/.derivedData/Build/Intermediates.noindex/PerfectCRUD.build/Debug-watchos/PerfectCRUD-t.build/DerivedSources -Xcc -DSWIFT_PACKAGE -Xcc -DDEBUG\=1 -emit-objc-header -emit-objc-header-path /Users/admin/builder/spi-builder-workspace/.derivedData/Build/Intermediates.noindex/PerfectCRUD.build/Debug-watchos/PerfectCRUD-t.build/Objects-normal/arm64_32/PerfectCRUD-Swift.h -working-directory /Users/admin/builder/spi-builder-workspace/.swiftpm/xcode -experimental-emit-module-separately -disable-cmo
SwiftDriverJobDiscovery normal arm64 Compiling Select.swift, Table.swift (in target 'PerfectCRUD' from project 'PerfectCRUD')
SwiftDriver\ Compilation\ Requirements PerfectCRUD normal arm64 com.apple.xcode.tools.swift.compiler (in target 'PerfectCRUD' from project 'PerfectCRUD')
cd /Users/admin/builder/spi-builder-workspace/.swiftpm/xcode
builtin-Swift-Compilation-Requirements -- /Applications/Xcode-27.0.0-Release.Candidate.app/Contents/Developer/Toolchains/XcodeDefault.xctoolchain/usr/bin/swiftc -parse-as-library -module-name PerfectCRUD -Onone @/Users/admin/builder/spi-builder-workspace/.derivedData/Build/Intermediates.noindex/PerfectCRUD.build/Debug-watchos/PerfectCRUD-t.build/Objects-normal/arm64/PerfectCRUD.SwiftFileList -DSWIFT_PACKAGE -DDEBUG -DSWIFT_MODULE_RESOURCE_BUNDLE_UNAVAILABLE -DXcode -plugin-path /Applications/Xcode-27.0.0-Release.Candidate.app/Contents/Developer/Toolchains/XcodeDefault.xctoolchain/usr/lib/swift/host/plugins/testing -enable-experimental-feature DebugDescriptionMacro -sdk /Applications/Xcode-27.0.0-Release.Candidate.app/Contents/Developer/Platforms/WatchOS.platform/Developer/SDKs/WatchOS27.0.sdk -target arm64-apple-watchos9.0 -g -module-cache-path /Users/admin/builder/spi-builder-workspace/.derivedData/ModuleCache.noindex -Xfrontend -serialize-debugging-options -profile-coverage-mapping -profile-generate -enable-testing -suppress-warnings -index-store-path /Users/admin/builder/spi-builder-workspace/.derivedData/Index.noindex/DataStore -Xcc -D_LIBCPP_HARDENING_MODE\=_LIBCPP_HARDENING_MODE_DEBUG -swift-version 4 -I /Users/admin/builder/spi-builder-workspace/.derivedData/Build/Products/Debug-watchos -Isystem /Applications/Xcode-27.0.0-Release.Candidate.app/Contents/Developer/Platforms/WatchOS.platform/Developer/usr/lib -F /Users/admin/builder/spi-builder-workspace/.derivedData/Build/Products/Debug-watchos -F /Applications/Xcode-27.0.0-Release.Candidate.app/Contents/Developer/Platforms/WatchOS.platform/Developer/Library/Frameworks -F /Applications/Xcode-27.0.0-Release.Candidate.app/Contents/Developer/Platforms/WatchOS.platform/Developer/SDKs/WatchOS27.0.sdk/Developer/Library/Frameworks -c -j10 -enable-batch-mode -incremental -Xcc -ivfsstatcache -Xcc /Users/admin/builder/spi-builder-workspace/.derivedData/SDKStatCaches.noindex/watchos27.0-24R360-e829b21a6f8c9b70876ba0858053c04477534ef55a1706bf4c1112bbb242f0a2.sdkstatcache -output-file-map /Users/admin/builder/spi-builder-workspace/.derivedData/Build/Intermediates.noindex/PerfectCRUD.build/Debug-watchos/PerfectCRUD-t.build/Objects-normal/arm64/PerfectCRUD-OutputFileMap.json -save-temps -no-color-diagnostics -emit-dependencies -emit-module -emit-module-path /Users/admin/builder/spi-builder-workspace/.derivedData/Build/Intermediates.noindex/PerfectCRUD.build/Debug-watchos/PerfectCRUD-t.build/Objects-normal/arm64/PerfectCRUD.swiftmodule -serialize-diagnostics -validate-clang-modules-once -clang-build-session-file /Users/admin/builder/spi-builder-workspace/.derivedData/ModuleCache.noindex/Session.modulevalidation -Xcc -fmodules-prune-interval\=86400 -Xcc -fmodules-prune-after\=345600 -emit-const-values -const-gather-protocols-list /Users/admin/builder/spi-builder-workspace/.derivedData/Build/Intermediates.noindex/PerfectCRUD.build/Debug-watchos/PerfectCRUD-t.build/Objects-normal/arm64/PerfectCRUD_const_extract_protocols.json -Xcc -I/Users/admin/builder/spi-builder-workspace/.derivedData/Build/Products/Debug-watchos/include -Xcc -I/Users/admin/builder/spi-builder-workspace/.derivedData/Build/Intermediates.noindex/PerfectCRUD.build/Debug-watchos/PerfectCRUD-t.build/DerivedSources-normal/arm64 -Xcc -I/Users/admin/builder/spi-builder-workspace/.derivedData/Build/Intermediates.noindex/PerfectCRUD.build/Debug-watchos/PerfectCRUD-t.build/DerivedSources/arm64 -Xcc -I/Users/admin/builder/spi-builder-workspace/.derivedData/Build/Intermediates.noindex/PerfectCRUD.build/Debug-watchos/PerfectCRUD-t.build/DerivedSources -Xcc -DSWIFT_PACKAGE -Xcc -DDEBUG\=1 -emit-objc-header -emit-objc-header-path /Users/admin/builder/spi-builder-workspace/.derivedData/Build/Intermediates.noindex/PerfectCRUD.build/Debug-watchos/PerfectCRUD-t.build/Objects-normal/arm64/PerfectCRUD-Swift.h -working-directory /Users/admin/builder/spi-builder-workspace/.swiftpm/xcode -experimental-emit-module-separately -disable-cmo
SwiftCompile normal arm64 Compiling\ Create.swift,\ Database.swift,\ Delete.swift /Users/admin/builder/spi-builder-workspace/.dependencies/checkouts/Perfect-CRUD/Sources/PerfectCRUD/Create.swift /Users/admin/builder/spi-builder-workspace/.dependencies/checkouts/Perfect-CRUD/Sources/PerfectCRUD/Database.swift /Users/admin/builder/spi-builder-workspace/.dependencies/checkouts/Perfect-CRUD/Sources/PerfectCRUD/Delete.swift (in target 'PerfectCRUD' from project 'PerfectCRUD')
SwiftCompile normal arm64 /Users/admin/builder/spi-builder-workspace/.dependencies/checkouts/Perfect-CRUD/Sources/PerfectCRUD/Create.swift (in target 'PerfectCRUD' from project 'PerfectCRUD')
cd /Users/admin/builder/spi-builder-workspace/.swiftpm/xcode
builtin-SwiftPerFileCompile Create.swift
SwiftCompile normal arm64 /Users/admin/builder/spi-builder-workspace/.dependencies/checkouts/Perfect-CRUD/Sources/PerfectCRUD/Database.swift (in target 'PerfectCRUD' from project 'PerfectCRUD')
cd /Users/admin/builder/spi-builder-workspace/.swiftpm/xcode
builtin-SwiftPerFileCompile Database.swift
SwiftCompile normal arm64 /Users/admin/builder/spi-builder-workspace/.dependencies/checkouts/Perfect-CRUD/Sources/PerfectCRUD/Delete.swift (in target 'PerfectCRUD' from project 'PerfectCRUD')
cd /Users/admin/builder/spi-builder-workspace/.swiftpm/xcode
builtin-SwiftPerFileCompile Delete.swift
SwiftCompile normal arm64 Compiling\ Comparison.swift,\ ComparisonInts.swift,\ Equality.swift /Users/admin/builder/spi-builder-workspace/.dependencies/checkouts/Perfect-CRUD/Sources/PerfectCRUD/Expression/Comparison.swift /Users/admin/builder/spi-builder-workspace/.dependencies/checkouts/Perfect-CRUD/Sources/PerfectCRUD/Expression/ComparisonInts.swift /Users/admin/builder/spi-builder-workspace/.dependencies/checkouts/Perfect-CRUD/Sources/PerfectCRUD/Expression/Equality.swift (in target 'PerfectCRUD' from project 'PerfectCRUD')
SwiftCompile normal arm64 /Users/admin/builder/spi-builder-workspace/.dependencies/checkouts/Perfect-CRUD/Sources/PerfectCRUD/Expression/Comparison.swift (in target 'PerfectCRUD' from project 'PerfectCRUD')
cd /Users/admin/builder/spi-builder-workspace/.swiftpm/xcode
builtin-SwiftPerFileCompile Comparison.swift
SwiftCompile normal arm64 /Users/admin/builder/spi-builder-workspace/.dependencies/checkouts/Perfect-CRUD/Sources/PerfectCRUD/Expression/ComparisonInts.swift (in target 'PerfectCRUD' from project 'PerfectCRUD')
cd /Users/admin/builder/spi-builder-workspace/.swiftpm/xcode
builtin-SwiftPerFileCompile ComparisonInts.swift
SwiftCompile normal arm64 /Users/admin/builder/spi-builder-workspace/.dependencies/checkouts/Perfect-CRUD/Sources/PerfectCRUD/Expression/Equality.swift (in target 'PerfectCRUD' from project 'PerfectCRUD')
cd /Users/admin/builder/spi-builder-workspace/.swiftpm/xcode
builtin-SwiftPerFileCompile Equality.swift
SwiftDriverJobDiscovery normal arm64_32 Compiling Insert.swift, Join.swift (in target 'PerfectCRUD' from project 'PerfectCRUD')
SwiftCompile normal arm64 Compiling\ Insert.swift,\ Join.swift /Users/admin/builder/spi-builder-workspace/.dependencies/checkouts/Perfect-CRUD/Sources/PerfectCRUD/Insert.swift /Users/admin/builder/spi-builder-workspace/.dependencies/checkouts/Perfect-CRUD/Sources/PerfectCRUD/Join.swift (in target 'PerfectCRUD' from project 'PerfectCRUD')
SwiftCompile normal arm64 /Users/admin/builder/spi-builder-workspace/.dependencies/checkouts/Perfect-CRUD/Sources/PerfectCRUD/Insert.swift (in target 'PerfectCRUD' from project 'PerfectCRUD')
cd /Users/admin/builder/spi-builder-workspace/.swiftpm/xcode
builtin-SwiftPerFileCompile Insert.swift
SwiftCompile normal arm64 /Users/admin/builder/spi-builder-workspace/.dependencies/checkouts/Perfect-CRUD/Sources/PerfectCRUD/Join.swift (in target 'PerfectCRUD' from project 'PerfectCRUD')
cd /Users/admin/builder/spi-builder-workspace/.swiftpm/xcode
builtin-SwiftPerFileCompile Join.swift
SwiftCompile normal arm64 Compiling\ InInts.swift,\ Like.swift,\ Logical.swift /Users/admin/builder/spi-builder-workspace/.dependencies/checkouts/Perfect-CRUD/Sources/PerfectCRUD/Expression/InInts.swift /Users/admin/builder/spi-builder-workspace/.dependencies/checkouts/Perfect-CRUD/Sources/PerfectCRUD/Expression/Like.swift /Users/admin/builder/spi-builder-workspace/.dependencies/checkouts/Perfect-CRUD/Sources/PerfectCRUD/Expression/Logical.swift (in target 'PerfectCRUD' from project 'PerfectCRUD')
SwiftCompile normal arm64 /Users/admin/builder/spi-builder-workspace/.dependencies/checkouts/Perfect-CRUD/Sources/PerfectCRUD/Expression/InInts.swift (in target 'PerfectCRUD' from project 'PerfectCRUD')
cd /Users/admin/builder/spi-builder-workspace/.swiftpm/xcode
builtin-SwiftPerFileCompile InInts.swift
SwiftCompile normal arm64 /Users/admin/builder/spi-builder-workspace/.dependencies/checkouts/Perfect-CRUD/Sources/PerfectCRUD/Expression/Like.swift (in target 'PerfectCRUD' from project 'PerfectCRUD')
cd /Users/admin/builder/spi-builder-workspace/.swiftpm/xcode
builtin-SwiftPerFileCompile Like.swift
SwiftCompile normal arm64 /Users/admin/builder/spi-builder-workspace/.dependencies/checkouts/Perfect-CRUD/Sources/PerfectCRUD/Expression/Logical.swift (in target 'PerfectCRUD' from project 'PerfectCRUD')
cd /Users/admin/builder/spi-builder-workspace/.swiftpm/xcode
builtin-SwiftPerFileCompile Logical.swift
SwiftDriverJobDiscovery normal arm64_32 Compiling Comparison.swift, ComparisonInts.swift, Equality.swift (in target 'PerfectCRUD' from project 'PerfectCRUD')
SwiftDriverJobDiscovery normal arm64_32 Compiling Coding.swift, CodingBindings.swift, CodingJoins.swift (in target 'PerfectCRUD' from project 'PerfectCRUD')
SwiftCompile normal arm64 Compiling\ CodingKeyPaths.swift,\ CodingNames.swift,\ CodingRows.swift /Users/admin/builder/spi-builder-workspace/.dependencies/checkouts/Perfect-CRUD/Sources/PerfectCRUD/Coding/CodingKeyPaths.swift /Users/admin/builder/spi-builder-workspace/.dependencies/checkouts/Perfect-CRUD/Sources/PerfectCRUD/Coding/CodingNames.swift /Users/admin/builder/spi-builder-workspace/.dependencies/checkouts/Perfect-CRUD/Sources/PerfectCRUD/Coding/CodingRows.swift (in target 'PerfectCRUD' from project 'PerfectCRUD')
SwiftCompile normal arm64 /Users/admin/builder/spi-builder-workspace/.dependencies/checkouts/Perfect-CRUD/Sources/PerfectCRUD/Coding/CodingKeyPaths.swift (in target 'PerfectCRUD' from project 'PerfectCRUD')
cd /Users/admin/builder/spi-builder-workspace/.swiftpm/xcode
builtin-SwiftPerFileCompile CodingKeyPaths.swift
SwiftCompile normal arm64 /Users/admin/builder/spi-builder-workspace/.dependencies/checkouts/Perfect-CRUD/Sources/PerfectCRUD/Coding/CodingNames.swift (in target 'PerfectCRUD' from project 'PerfectCRUD')
cd /Users/admin/builder/spi-builder-workspace/.swiftpm/xcode
builtin-SwiftPerFileCompile CodingNames.swift
SwiftCompile normal arm64 /Users/admin/builder/spi-builder-workspace/.dependencies/checkouts/Perfect-CRUD/Sources/PerfectCRUD/Coding/CodingRows.swift (in target 'PerfectCRUD' from project 'PerfectCRUD')
cd /Users/admin/builder/spi-builder-workspace/.swiftpm/xcode
builtin-SwiftPerFileCompile CodingRows.swift
SwiftCompile normal arm64_32 Compiling\ Update.swift,\ Where.swift /Users/admin/builder/spi-builder-workspace/.dependencies/checkouts/Perfect-CRUD/Sources/PerfectCRUD/Update.swift /Users/admin/builder/spi-builder-workspace/.dependencies/checkouts/Perfect-CRUD/Sources/PerfectCRUD/Where.swift (in target 'PerfectCRUD' from project 'PerfectCRUD')
SwiftCompile normal arm64_32 /Users/admin/builder/spi-builder-workspace/.dependencies/checkouts/Perfect-CRUD/Sources/PerfectCRUD/Update.swift (in target 'PerfectCRUD' from project 'PerfectCRUD')
cd /Users/admin/builder/spi-builder-workspace/.swiftpm/xcode
builtin-SwiftPerFileCompile Update.swift
SwiftCompile normal arm64_32 /Users/admin/builder/spi-builder-workspace/.dependencies/checkouts/Perfect-CRUD/Sources/PerfectCRUD/Where.swift (in target 'PerfectCRUD' from project 'PerfectCRUD')
cd /Users/admin/builder/spi-builder-workspace/.swiftpm/xcode
builtin-SwiftPerFileCompile Where.swift
SwiftCompile normal arm64 Compiling\ EqualityInts.swift,\ Expression.swift,\ In.swift /Users/admin/builder/spi-builder-workspace/.dependencies/checkouts/Perfect-CRUD/Sources/PerfectCRUD/Expression/EqualityInts.swift /Users/admin/builder/spi-builder-workspace/.dependencies/checkouts/Perfect-CRUD/Sources/PerfectCRUD/Expression/Expression.swift /Users/admin/builder/spi-builder-workspace/.dependencies/checkouts/Perfect-CRUD/Sources/PerfectCRUD/Expression/In.swift (in target 'PerfectCRUD' from project 'PerfectCRUD')
SwiftCompile normal arm64 /Users/admin/builder/spi-builder-workspace/.dependencies/checkouts/Perfect-CRUD/Sources/PerfectCRUD/Expression/EqualityInts.swift (in target 'PerfectCRUD' from project 'PerfectCRUD')
cd /Users/admin/builder/spi-builder-workspace/.swiftpm/xcode
builtin-SwiftPerFileCompile EqualityInts.swift
SwiftCompile normal arm64 /Users/admin/builder/spi-builder-workspace/.dependencies/checkouts/Perfect-CRUD/Sources/PerfectCRUD/Expression/Expression.swift (in target 'PerfectCRUD' from project 'PerfectCRUD')
cd /Users/admin/builder/spi-builder-workspace/.swiftpm/xcode
builtin-SwiftPerFileCompile Expression.swift
SwiftCompile normal arm64 /Users/admin/builder/spi-builder-workspace/.dependencies/checkouts/Perfect-CRUD/Sources/PerfectCRUD/Expression/In.swift (in target 'PerfectCRUD' from project 'PerfectCRUD')
cd /Users/admin/builder/spi-builder-workspace/.swiftpm/xcode
builtin-SwiftPerFileCompile In.swift
SwiftDriverJobDiscovery normal arm64_32 Compiling CodingKeyPaths.swift, CodingNames.swift, CodingRows.swift (in target 'PerfectCRUD' from project 'PerfectCRUD')
SwiftMergeGeneratedHeaders /Users/admin/builder/spi-builder-workspace/.derivedData/Build/Intermediates.noindex/GeneratedModuleMaps-watchos/PerfectCRUD-Swift.h /Users/admin/builder/spi-builder-workspace/.derivedData/Build/Intermediates.noindex/PerfectCRUD.build/Debug-watchos/PerfectCRUD-t.build/Objects-normal/arm64/PerfectCRUD-Swift.h /Users/admin/builder/spi-builder-workspace/.derivedData/Build/Intermediates.noindex/PerfectCRUD.build/Debug-watchos/PerfectCRUD-t.build/Objects-normal/arm64_32/PerfectCRUD-Swift.h (in target 'PerfectCRUD' from project 'PerfectCRUD')
cd /Users/admin/builder/spi-builder-workspace/.dependencies/checkouts/Perfect-CRUD
builtin-swiftHeaderTool -arch arm64 /Users/admin/builder/spi-builder-workspace/.derivedData/Build/Intermediates.noindex/PerfectCRUD.build/Debug-watchos/PerfectCRUD-t.build/Objects-normal/arm64/PerfectCRUD-Swift.h -arch arm64_32 /Users/admin/builder/spi-builder-workspace/.derivedData/Build/Intermediates.noindex/PerfectCRUD.build/Debug-watchos/PerfectCRUD-t.build/Objects-normal/arm64_32/PerfectCRUD-Swift.h -o /Users/admin/builder/spi-builder-workspace/.derivedData/Build/Intermediates.noindex/GeneratedModuleMaps-watchos/PerfectCRUD-Swift.h
SwiftCompile normal arm64_32 Compiling\ EqualityInts.swift,\ Expression.swift,\ In.swift /Users/admin/builder/spi-builder-workspace/.dependencies/checkouts/Perfect-CRUD/Sources/PerfectCRUD/Expression/EqualityInts.swift /Users/admin/builder/spi-builder-workspace/.dependencies/checkouts/Perfect-CRUD/Sources/PerfectCRUD/Expression/Expression.swift /Users/admin/builder/spi-builder-workspace/.dependencies/checkouts/Perfect-CRUD/Sources/PerfectCRUD/Expression/In.swift (in target 'PerfectCRUD' from project 'PerfectCRUD')
SwiftCompile normal arm64_32 /Users/admin/builder/spi-builder-workspace/.dependencies/checkouts/Perfect-CRUD/Sources/PerfectCRUD/Expression/EqualityInts.swift (in target 'PerfectCRUD' from project 'PerfectCRUD')
cd /Users/admin/builder/spi-builder-workspace/.swiftpm/xcode
builtin-SwiftPerFileCompile EqualityInts.swift
SwiftCompile normal arm64_32 /Users/admin/builder/spi-builder-workspace/.dependencies/checkouts/Perfect-CRUD/Sources/PerfectCRUD/Expression/Expression.swift (in target 'PerfectCRUD' from project 'PerfectCRUD')
cd /Users/admin/builder/spi-builder-workspace/.swiftpm/xcode
builtin-SwiftPerFileCompile Expression.swift
SwiftCompile normal arm64_32 /Users/admin/builder/spi-builder-workspace/.dependencies/checkouts/Perfect-CRUD/Sources/PerfectCRUD/Expression/In.swift (in target 'PerfectCRUD' from project 'PerfectCRUD')
cd /Users/admin/builder/spi-builder-workspace/.swiftpm/xcode
builtin-SwiftPerFileCompile In.swift
SwiftCompile normal arm64_32 Compiling\ InInts.swift,\ Like.swift,\ Logical.swift /Users/admin/builder/spi-builder-workspace/.dependencies/checkouts/Perfect-CRUD/Sources/PerfectCRUD/Expression/InInts.swift /Users/admin/builder/spi-builder-workspace/.dependencies/checkouts/Perfect-CRUD/Sources/PerfectCRUD/Expression/Like.swift /Users/admin/builder/spi-builder-workspace/.dependencies/checkouts/Perfect-CRUD/Sources/PerfectCRUD/Expression/Logical.swift (in target 'PerfectCRUD' from project 'PerfectCRUD')
SwiftCompile normal arm64_32 /Users/admin/builder/spi-builder-workspace/.dependencies/checkouts/Perfect-CRUD/Sources/PerfectCRUD/Expression/InInts.swift (in target 'PerfectCRUD' from project 'PerfectCRUD')
cd /Users/admin/builder/spi-builder-workspace/.swiftpm/xcode
builtin-SwiftPerFileCompile InInts.swift
SwiftCompile normal arm64_32 /Users/admin/builder/spi-builder-workspace/.dependencies/checkouts/Perfect-CRUD/Sources/PerfectCRUD/Expression/Like.swift (in target 'PerfectCRUD' from project 'PerfectCRUD')
cd /Users/admin/builder/spi-builder-workspace/.swiftpm/xcode
builtin-SwiftPerFileCompile Like.swift
SwiftCompile normal arm64_32 /Users/admin/builder/spi-builder-workspace/.dependencies/checkouts/Perfect-CRUD/Sources/PerfectCRUD/Expression/Logical.swift (in target 'PerfectCRUD' from project 'PerfectCRUD')
cd /Users/admin/builder/spi-builder-workspace/.swiftpm/xcode
builtin-SwiftPerFileCompile Logical.swift
SwiftDriverJobDiscovery normal arm64_32 Compiling Select.swift, Table.swift (in target 'PerfectCRUD' from project 'PerfectCRUD')
SwiftCompile normal arm64 Compiling\ Coding.swift,\ CodingBindings.swift,\ CodingJoins.swift /Users/admin/builder/spi-builder-workspace/.dependencies/checkouts/Perfect-CRUD/Sources/PerfectCRUD/Coding/Coding.swift /Users/admin/builder/spi-builder-workspace/.dependencies/checkouts/Perfect-CRUD/Sources/PerfectCRUD/Coding/CodingBindings.swift /Users/admin/builder/spi-builder-workspace/.dependencies/checkouts/Perfect-CRUD/Sources/PerfectCRUD/Coding/CodingJoins.swift (in target 'PerfectCRUD' from project 'PerfectCRUD')
SwiftCompile normal arm64 /Users/admin/builder/spi-builder-workspace/.dependencies/checkouts/Perfect-CRUD/Sources/PerfectCRUD/Coding/Coding.swift (in target 'PerfectCRUD' from project 'PerfectCRUD')
cd /Users/admin/builder/spi-builder-workspace/.swiftpm/xcode
builtin-SwiftPerFileCompile Coding.swift
SwiftCompile normal arm64 /Users/admin/builder/spi-builder-workspace/.dependencies/checkouts/Perfect-CRUD/Sources/PerfectCRUD/Coding/CodingBindings.swift (in target 'PerfectCRUD' from project 'PerfectCRUD')
cd /Users/admin/builder/spi-builder-workspace/.swiftpm/xcode
builtin-SwiftPerFileCompile CodingBindings.swift
SwiftCompile normal arm64 /Users/admin/builder/spi-builder-workspace/.dependencies/checkouts/Perfect-CRUD/Sources/PerfectCRUD/Coding/CodingJoins.swift (in target 'PerfectCRUD' from project 'PerfectCRUD')
cd /Users/admin/builder/spi-builder-workspace/.swiftpm/xcode
builtin-SwiftPerFileCompile CodingJoins.swift
SwiftDriverJobDiscovery normal arm64 Compiling Logging.swift, PerfectCRUD.swift (in target 'PerfectCRUD' from project 'PerfectCRUD')
SwiftDriverJobDiscovery normal arm64 Compiling Update.swift, Where.swift (in target 'PerfectCRUD' from project 'PerfectCRUD')
SwiftDriverJobDiscovery normal arm64_32 Compiling Create.swift, Database.swift, Delete.swift (in target 'PerfectCRUD' from project 'PerfectCRUD')
SwiftDriverJobDiscovery normal arm64_32 Compiling Logging.swift, PerfectCRUD.swift (in target 'PerfectCRUD' from project 'PerfectCRUD')
SwiftDriverJobDiscovery normal arm64 Compiling InInts.swift, Like.swift, Logical.swift (in target 'PerfectCRUD' from project 'PerfectCRUD')
Copy /Users/admin/builder/spi-builder-workspace/.derivedData/Build/Products/Debug-watchos/PerfectCRUD.swiftmodule/arm64_32-apple-watchos.swiftmodule /Users/admin/builder/spi-builder-workspace/.derivedData/Build/Intermediates.noindex/PerfectCRUD.build/Debug-watchos/PerfectCRUD-t.build/Objects-normal/arm64_32/PerfectCRUD.swiftmodule (in target 'PerfectCRUD' from project 'PerfectCRUD')
cd /Users/admin/builder/spi-builder-workspace/.dependencies/checkouts/Perfect-CRUD
builtin-copy -exclude .DS_Store -exclude CVS -exclude .svn -exclude .git -exclude .hg -resolve-src-symlinks -rename /Users/admin/builder/spi-builder-workspace/.derivedData/Build/Intermediates.noindex/PerfectCRUD.build/Debug-watchos/PerfectCRUD-t.build/Objects-normal/arm64_32/PerfectCRUD.swiftmodule /Users/admin/builder/spi-builder-workspace/.derivedData/Build/Products/Debug-watchos/PerfectCRUD.swiftmodule/arm64_32-apple-watchos.swiftmodule
Copy /Users/admin/builder/spi-builder-workspace/.derivedData/Build/Products/Debug-watchos/PerfectCRUD.swiftmodule/arm64_32-apple-watchos.swiftdoc /Users/admin/builder/spi-builder-workspace/.derivedData/Build/Intermediates.noindex/PerfectCRUD.build/Debug-watchos/PerfectCRUD-t.build/Objects-normal/arm64_32/PerfectCRUD.swiftdoc (in target 'PerfectCRUD' from project 'PerfectCRUD')
cd /Users/admin/builder/spi-builder-workspace/.dependencies/checkouts/Perfect-CRUD
builtin-copy -exclude .DS_Store -exclude CVS -exclude .svn -exclude .git -exclude .hg -resolve-src-symlinks -rename /Users/admin/builder/spi-builder-workspace/.derivedData/Build/Intermediates.noindex/PerfectCRUD.build/Debug-watchos/PerfectCRUD-t.build/Objects-normal/arm64_32/PerfectCRUD.swiftdoc /Users/admin/builder/spi-builder-workspace/.derivedData/Build/Products/Debug-watchos/PerfectCRUD.swiftmodule/arm64_32-apple-watchos.swiftdoc
Copy /Users/admin/builder/spi-builder-workspace/.derivedData/Build/Products/Debug-watchos/PerfectCRUD.swiftmodule/arm64_32-apple-watchos.abi.json /Users/admin/builder/spi-builder-workspace/.derivedData/Build/Intermediates.noindex/PerfectCRUD.build/Debug-watchos/PerfectCRUD-t.build/Objects-normal/arm64_32/PerfectCRUD.abi.json (in target 'PerfectCRUD' from project 'PerfectCRUD')
cd /Users/admin/builder/spi-builder-workspace/.dependencies/checkouts/Perfect-CRUD
builtin-copy -exclude .DS_Store -exclude CVS -exclude .svn -exclude .git -exclude .hg -resolve-src-symlinks -rename /Users/admin/builder/spi-builder-workspace/.derivedData/Build/Intermediates.noindex/PerfectCRUD.build/Debug-watchos/PerfectCRUD-t.build/Objects-normal/arm64_32/PerfectCRUD.abi.json /Users/admin/builder/spi-builder-workspace/.derivedData/Build/Products/Debug-watchos/PerfectCRUD.swiftmodule/arm64_32-apple-watchos.abi.json
Copy /Users/admin/builder/spi-builder-workspace/.derivedData/Build/Products/Debug-watchos/PerfectCRUD.swiftmodule/arm64-apple-watchos.swiftmodule /Users/admin/builder/spi-builder-workspace/.derivedData/Build/Intermediates.noindex/PerfectCRUD.build/Debug-watchos/PerfectCRUD-t.build/Objects-normal/arm64/PerfectCRUD.swiftmodule (in target 'PerfectCRUD' from project 'PerfectCRUD')
cd /Users/admin/builder/spi-builder-workspace/.dependencies/checkouts/Perfect-CRUD
builtin-copy -exclude .DS_Store -exclude CVS -exclude .svn -exclude .git -exclude .hg -resolve-src-symlinks -rename /Users/admin/builder/spi-builder-workspace/.derivedData/Build/Intermediates.noindex/PerfectCRUD.build/Debug-watchos/PerfectCRUD-t.build/Objects-normal/arm64/PerfectCRUD.swiftmodule /Users/admin/builder/spi-builder-workspace/.derivedData/Build/Products/Debug-watchos/PerfectCRUD.swiftmodule/arm64-apple-watchos.swiftmodule
SwiftDriverJobDiscovery normal arm64 Compiling Comparison.swift, ComparisonInts.swift, Equality.swift (in target 'PerfectCRUD' from project 'PerfectCRUD')
Copy /Users/admin/builder/spi-builder-workspace/.derivedData/Build/Products/Debug-watchos/PerfectCRUD.swiftmodule/arm64-apple-watchos.swiftdoc /Users/admin/builder/spi-builder-workspace/.derivedData/Build/Intermediates.noindex/PerfectCRUD.build/Debug-watchos/PerfectCRUD-t.build/Objects-normal/arm64/PerfectCRUD.swiftdoc (in target 'PerfectCRUD' from project 'PerfectCRUD')
cd /Users/admin/builder/spi-builder-workspace/.dependencies/checkouts/Perfect-CRUD
builtin-copy -exclude .DS_Store -exclude CVS -exclude .svn -exclude .git -exclude .hg -resolve-src-symlinks -rename /Users/admin/builder/spi-builder-workspace/.derivedData/Build/Intermediates.noindex/PerfectCRUD.build/Debug-watchos/PerfectCRUD-t.build/Objects-normal/arm64/PerfectCRUD.swiftdoc /Users/admin/builder/spi-builder-workspace/.derivedData/Build/Products/Debug-watchos/PerfectCRUD.swiftmodule/arm64-apple-watchos.swiftdoc
Copy /Users/admin/builder/spi-builder-workspace/.derivedData/Build/Products/Debug-watchos/PerfectCRUD.swiftmodule/arm64-apple-watchos.abi.json /Users/admin/builder/spi-builder-workspace/.derivedData/Build/Intermediates.noindex/PerfectCRUD.build/Debug-watchos/PerfectCRUD-t.build/Objects-normal/arm64/PerfectCRUD.abi.json (in target 'PerfectCRUD' from project 'PerfectCRUD')
cd /Users/admin/builder/spi-builder-workspace/.dependencies/checkouts/Perfect-CRUD
builtin-copy -exclude .DS_Store -exclude CVS -exclude .svn -exclude .git -exclude .hg -resolve-src-symlinks -rename /Users/admin/builder/spi-builder-workspace/.derivedData/Build/Intermediates.noindex/PerfectCRUD.build/Debug-watchos/PerfectCRUD-t.build/Objects-normal/arm64/PerfectCRUD.abi.json /Users/admin/builder/spi-builder-workspace/.derivedData/Build/Products/Debug-watchos/PerfectCRUD.swiftmodule/arm64-apple-watchos.abi.json
Copy /Users/admin/builder/spi-builder-workspace/.derivedData/Build/Products/Debug-watchos/PerfectCRUD.swiftmodule/Project/arm64_32-apple-watchos.swiftsourceinfo /Users/admin/builder/spi-builder-workspace/.derivedData/Build/Intermediates.noindex/PerfectCRUD.build/Debug-watchos/PerfectCRUD-t.build/Objects-normal/arm64_32/PerfectCRUD.swiftsourceinfo (in target 'PerfectCRUD' from project 'PerfectCRUD')
cd /Users/admin/builder/spi-builder-workspace/.dependencies/checkouts/Perfect-CRUD
builtin-copy -exclude .DS_Store -exclude CVS -exclude .svn -exclude .git -exclude .hg -resolve-src-symlinks -rename /Users/admin/builder/spi-builder-workspace/.derivedData/Build/Intermediates.noindex/PerfectCRUD.build/Debug-watchos/PerfectCRUD-t.build/Objects-normal/arm64_32/PerfectCRUD.swiftsourceinfo /Users/admin/builder/spi-builder-workspace/.derivedData/Build/Products/Debug-watchos/PerfectCRUD.swiftmodule/Project/arm64_32-apple-watchos.swiftsourceinfo
Copy /Users/admin/builder/spi-builder-workspace/.derivedData/Build/Products/Debug-watchos/PerfectCRUD.swiftmodule/Project/arm64-apple-watchos.swiftsourceinfo /Users/admin/builder/spi-builder-workspace/.derivedData/Build/Intermediates.noindex/PerfectCRUD.build/Debug-watchos/PerfectCRUD-t.build/Objects-normal/arm64/PerfectCRUD.swiftsourceinfo (in target 'PerfectCRUD' from project 'PerfectCRUD')
cd /Users/admin/builder/spi-builder-workspace/.dependencies/checkouts/Perfect-CRUD
builtin-copy -exclude .DS_Store -exclude CVS -exclude .svn -exclude .git -exclude .hg -resolve-src-symlinks -rename /Users/admin/builder/spi-builder-workspace/.derivedData/Build/Intermediates.noindex/PerfectCRUD.build/Debug-watchos/PerfectCRUD-t.build/Objects-normal/arm64/PerfectCRUD.swiftsourceinfo /Users/admin/builder/spi-builder-workspace/.derivedData/Build/Products/Debug-watchos/PerfectCRUD.swiftmodule/Project/arm64-apple-watchos.swiftsourceinfo
SwiftDriverJobDiscovery normal arm64_32 Compiling InInts.swift, Like.swift, Logical.swift (in target 'PerfectCRUD' from project 'PerfectCRUD')
SwiftDriverJobDiscovery normal arm64_32 Compiling Update.swift, Where.swift (in target 'PerfectCRUD' from project 'PerfectCRUD')
SwiftDriver PerfectMySQL normal arm64_32 com.apple.xcode.tools.swift.compiler (in target 'PerfectMySQL' from project 'PerfectMySQL')
cd /Users/admin/builder/spi-builder-workspace/.swiftpm/xcode
builtin-SwiftDriver -- /Applications/Xcode-27.0.0-Release.Candidate.app/Contents/Developer/Toolchains/XcodeDefault.xctoolchain/usr/bin/swiftc -parse-as-library -module-name PerfectMySQL -Onone @/Users/admin/builder/spi-builder-workspace/.derivedData/Build/Intermediates.noindex/PerfectMySQL.build/Debug-watchos/PerfectMySQL-t.build/Objects-normal/arm64_32/PerfectMySQL.SwiftFileList -DSWIFT_PACKAGE -DDEBUG -DSWIFT_MODULE_RESOURCE_BUNDLE_UNAVAILABLE -Xcc -fmodule-map-file\=/Users/admin/builder/spi-builder-workspace/.dependencies/checkouts/Perfect-mysqlclient/module.modulemap -DXcode -plugin-path /Applications/Xcode-27.0.0-Release.Candidate.app/Contents/Developer/Toolchains/XcodeDefault.xctoolchain/usr/lib/swift/host/plugins/testing -enable-experimental-feature DebugDescriptionMacro -sdk /Applications/Xcode-27.0.0-Release.Candidate.app/Contents/Developer/Platforms/WatchOS.platform/Developer/SDKs/WatchOS27.0.sdk -target arm64_32-apple-watchos9.0 -g -module-cache-path /Users/admin/builder/spi-builder-workspace/.derivedData/ModuleCache.noindex -Xfrontend -serialize-debugging-options -profile-coverage-mapping -profile-generate -enable-testing -index-store-path /Users/admin/builder/spi-builder-workspace/.derivedData/Index.noindex/DataStore -Xcc -D_LIBCPP_HARDENING_MODE\=_LIBCPP_HARDENING_MODE_DEBUG -swift-version 4 -I /Users/admin/builder/spi-builder-workspace/.derivedData/Build/Products/Debug-watchos -Isystem /Applications/Xcode-27.0.0-Release.Candidate.app/Contents/Developer/Platforms/WatchOS.platform/Developer/usr/lib -F /Users/admin/builder/spi-builder-workspace/.derivedData/Build/Products/Debug-watchos/PackageFrameworks -F /Users/admin/builder/spi-builder-workspace/.derivedData/Build/Products/Debug-watchos -F /Applications/Xcode-27.0.0-Release.Candidate.app/Contents/Developer/Platforms/WatchOS.platform/Developer/Library/Frameworks -F /Applications/Xcode-27.0.0-Release.Candidate.app/Contents/Developer/Platforms/WatchOS.platform/Developer/SDKs/WatchOS27.0.sdk/Developer/Library/Frameworks -c -j10 -enable-batch-mode -incremental -Xcc -ivfsstatcache -Xcc /Users/admin/builder/spi-builder-workspace/.derivedData/SDKStatCaches.noindex/watchos27.0-24R360-e829b21a6f8c9b70876ba0858053c04477534ef55a1706bf4c1112bbb242f0a2.sdkstatcache -output-file-map /Users/admin/builder/spi-builder-workspace/.derivedData/Build/Intermediates.noindex/PerfectMySQL.build/Debug-watchos/PerfectMySQL-t.build/Objects-normal/arm64_32/PerfectMySQL-OutputFileMap.json -save-temps -no-color-diagnostics -emit-dependencies -emit-module -emit-module-path /Users/admin/builder/spi-builder-workspace/.derivedData/Build/Intermediates.noindex/PerfectMySQL.build/Debug-watchos/PerfectMySQL-t.build/Objects-normal/arm64_32/PerfectMySQL.swiftmodule -serialize-diagnostics -validate-clang-modules-once -clang-build-session-file /Users/admin/builder/spi-builder-workspace/.derivedData/ModuleCache.noindex/Session.modulevalidation -Xcc -fmodules-prune-interval\=86400 -Xcc -fmodules-prune-after\=345600 -emit-const-values -const-gather-protocols-list /Users/admin/builder/spi-builder-workspace/.derivedData/Build/Intermediates.noindex/PerfectMySQL.build/Debug-watchos/PerfectMySQL-t.build/Objects-normal/arm64_32/PerfectMySQL_const_extract_protocols.json -Xcc -I/Users/admin/builder/spi-builder-workspace/.derivedData/Build/Products/Debug-watchos/include -Xcc -I/Users/admin/builder/spi-builder-workspace/.derivedData/Build/Intermediates.noindex/PerfectMySQL.build/Debug-watchos/PerfectMySQL-t.build/DerivedSources-normal/arm64_32 -Xcc -I/Users/admin/builder/spi-builder-workspace/.derivedData/Build/Intermediates.noindex/PerfectMySQL.build/Debug-watchos/PerfectMySQL-t.build/DerivedSources/arm64_32 -Xcc -I/Users/admin/builder/spi-builder-workspace/.derivedData/Build/Intermediates.noindex/PerfectMySQL.build/Debug-watchos/PerfectMySQL-t.build/DerivedSources -Xcc -DSWIFT_PACKAGE -Xcc -DDEBUG\=1 -emit-objc-header -emit-objc-header-path /Users/admin/builder/spi-builder-workspace/.derivedData/Build/Intermediates.noindex/PerfectMySQL.build/Debug-watchos/PerfectMySQL-t.build/Objects-normal/arm64_32/PerfectMySQL-Swift.h -working-directory /Users/admin/builder/spi-builder-workspace/.swiftpm/xcode -experimental-emit-module-separately -disable-cmo
SwiftDriver PerfectMySQL normal arm64 com.apple.xcode.tools.swift.compiler (in target 'PerfectMySQL' from project 'PerfectMySQL')
cd /Users/admin/builder/spi-builder-workspace/.swiftpm/xcode
builtin-SwiftDriver -- /Applications/Xcode-27.0.0-Release.Candidate.app/Contents/Developer/Toolchains/XcodeDefault.xctoolchain/usr/bin/swiftc -parse-as-library -module-name PerfectMySQL -Onone @/Users/admin/builder/spi-builder-workspace/.derivedData/Build/Intermediates.noindex/PerfectMySQL.build/Debug-watchos/PerfectMySQL-t.build/Objects-normal/arm64/PerfectMySQL.SwiftFileList -DSWIFT_PACKAGE -DDEBUG -DSWIFT_MODULE_RESOURCE_BUNDLE_UNAVAILABLE -Xcc -fmodule-map-file\=/Users/admin/builder/spi-builder-workspace/.dependencies/checkouts/Perfect-mysqlclient/module.modulemap -DXcode -plugin-path /Applications/Xcode-27.0.0-Release.Candidate.app/Contents/Developer/Toolchains/XcodeDefault.xctoolchain/usr/lib/swift/host/plugins/testing -enable-experimental-feature DebugDescriptionMacro -sdk /Applications/Xcode-27.0.0-Release.Candidate.app/Contents/Developer/Platforms/WatchOS.platform/Developer/SDKs/WatchOS27.0.sdk -target arm64-apple-watchos9.0 -g -module-cache-path /Users/admin/builder/spi-builder-workspace/.derivedData/ModuleCache.noindex -Xfrontend -serialize-debugging-options -profile-coverage-mapping -profile-generate -enable-testing -index-store-path /Users/admin/builder/spi-builder-workspace/.derivedData/Index.noindex/DataStore -Xcc -D_LIBCPP_HARDENING_MODE\=_LIBCPP_HARDENING_MODE_DEBUG -swift-version 4 -I /Users/admin/builder/spi-builder-workspace/.derivedData/Build/Products/Debug-watchos -Isystem /Applications/Xcode-27.0.0-Release.Candidate.app/Contents/Developer/Platforms/WatchOS.platform/Developer/usr/lib -F /Users/admin/builder/spi-builder-workspace/.derivedData/Build/Products/Debug-watchos/PackageFrameworks -F /Users/admin/builder/spi-builder-workspace/.derivedData/Build/Products/Debug-watchos -F /Applications/Xcode-27.0.0-Release.Candidate.app/Contents/Developer/Platforms/WatchOS.platform/Developer/Library/Frameworks -F /Applications/Xcode-27.0.0-Release.Candidate.app/Contents/Developer/Platforms/WatchOS.platform/Developer/SDKs/WatchOS27.0.sdk/Developer/Library/Frameworks -c -j10 -enable-batch-mode -incremental -Xcc -ivfsstatcache -Xcc /Users/admin/builder/spi-builder-workspace/.derivedData/SDKStatCaches.noindex/watchos27.0-24R360-e829b21a6f8c9b70876ba0858053c04477534ef55a1706bf4c1112bbb242f0a2.sdkstatcache -output-file-map /Users/admin/builder/spi-builder-workspace/.derivedData/Build/Intermediates.noindex/PerfectMySQL.build/Debug-watchos/PerfectMySQL-t.build/Objects-normal/arm64/PerfectMySQL-OutputFileMap.json -save-temps -no-color-diagnostics -emit-dependencies -emit-module -emit-module-path /Users/admin/builder/spi-builder-workspace/.derivedData/Build/Intermediates.noindex/PerfectMySQL.build/Debug-watchos/PerfectMySQL-t.build/Objects-normal/arm64/PerfectMySQL.swiftmodule -serialize-diagnostics -validate-clang-modules-once -clang-build-session-file /Users/admin/builder/spi-builder-workspace/.derivedData/ModuleCache.noindex/Session.modulevalidation -Xcc -fmodules-prune-interval\=86400 -Xcc -fmodules-prune-after\=345600 -emit-const-values -const-gather-protocols-list /Users/admin/builder/spi-builder-workspace/.derivedData/Build/Intermediates.noindex/PerfectMySQL.build/Debug-watchos/PerfectMySQL-t.build/Objects-normal/arm64/PerfectMySQL_const_extract_protocols.json -Xcc -I/Users/admin/builder/spi-builder-workspace/.derivedData/Build/Products/Debug-watchos/include -Xcc -I/Users/admin/builder/spi-builder-workspace/.derivedData/Build/Intermediates.noindex/PerfectMySQL.build/Debug-watchos/PerfectMySQL-t.build/DerivedSources-normal/arm64 -Xcc -I/Users/admin/builder/spi-builder-workspace/.derivedData/Build/Intermediates.noindex/PerfectMySQL.build/Debug-watchos/PerfectMySQL-t.build/DerivedSources/arm64 -Xcc -I/Users/admin/builder/spi-builder-workspace/.derivedData/Build/Intermediates.noindex/PerfectMySQL.build/Debug-watchos/PerfectMySQL-t.build/DerivedSources -Xcc -DSWIFT_PACKAGE -Xcc -DDEBUG\=1 -emit-objc-header -emit-objc-header-path /Users/admin/builder/spi-builder-workspace/.derivedData/Build/Intermediates.noindex/PerfectMySQL.build/Debug-watchos/PerfectMySQL-t.build/Objects-normal/arm64/PerfectMySQL-Swift.h -working-directory /Users/admin/builder/spi-builder-workspace/.swiftpm/xcode -experimental-emit-module-separately -disable-cmo
SwiftEmitModule normal arm64_32 Emitting\ module\ for\ PerfectMySQL (in target 'PerfectMySQL' from project 'PerfectMySQL')
<module-includes>:1:9: note: in file included from <module-includes>:1:
1 | #import "mysql_osx.h"
| `- note: in file included from <module-includes>:1:
2 |
/Users/admin/builder/spi-builder-workspace/.dependencies/checkouts/Perfect-mysqlclient/mysql_osx.h:3:10: error: '/usr/local/include/mysql/mysql.h' file not found
1 | #ifndef __PERFECT_MYSQL_OSX__
2 | #define __PERFECT_MYSQL_OSX__
3 | #include "/usr/local/include/mysql/mysql.h"
| `- error: '/usr/local/include/mysql/mysql.h' file not found
4 |
5 | #if LIBMYSQL_VERSION_ID > 80000
SwiftCompile normal arm64_32 (in target 'PerfectMySQL' from project 'PerfectMySQL')
cd /Users/admin/builder/spi-builder-workspace/.swiftpm/xcode
SwiftCompile normal arm64_32 Compiling\ MySQLStmt.swift /Users/admin/builder/spi-builder-workspace/Sources/PerfectMySQL/MySQLStmt.swift (in target 'PerfectMySQL' from project 'PerfectMySQL')
<module-includes>:1:9: note: in file included from <module-includes>:1:
1 | #import "mysql_osx.h"
| `- note: in file included from <module-includes>:1:
2 |
/Users/admin/builder/spi-builder-workspace/.dependencies/checkouts/Perfect-mysqlclient/mysql_osx.h:3:10: error: '/usr/local/include/mysql/mysql.h' file not found
1 | #ifndef __PERFECT_MYSQL_OSX__
2 | #define __PERFECT_MYSQL_OSX__
3 | #include "/usr/local/include/mysql/mysql.h"
| `- error: '/usr/local/include/mysql/mysql.h' file not found
4 |
5 | #if LIBMYSQL_VERSION_ID > 80000
SwiftCompile normal arm64_32 /Users/admin/builder/spi-builder-workspace/Sources/PerfectMySQL/MySQLStmt.swift (in target 'PerfectMySQL' from project 'PerfectMySQL')
cd /Users/admin/builder/spi-builder-workspace/.swiftpm/xcode
builtin-SwiftPerFileCompile MySQLStmt.swift
SwiftCompile normal arm64_32 Compiling\ MySQL.swift /Users/admin/builder/spi-builder-workspace/Sources/PerfectMySQL/MySQL.swift (in target 'PerfectMySQL' from project 'PerfectMySQL')
SwiftCompile normal arm64_32 /Users/admin/builder/spi-builder-workspace/Sources/PerfectMySQL/MySQL.swift (in target 'PerfectMySQL' from project 'PerfectMySQL')
cd /Users/admin/builder/spi-builder-workspace/.swiftpm/xcode
builtin-SwiftPerFileCompile MySQL.swift
<module-includes>:1:9: note: in file included from <module-includes>:1:
1 | #import "mysql_osx.h"
| `- note: in file included from <module-includes>:1:
2 |
/Users/admin/builder/spi-builder-workspace/.dependencies/checkouts/Perfect-mysqlclient/mysql_osx.h:3:10: error: '/usr/local/include/mysql/mysql.h' file not found
1 | #ifndef __PERFECT_MYSQL_OSX__
2 | #define __PERFECT_MYSQL_OSX__
3 | #include "/usr/local/include/mysql/mysql.h"
| `- error: '/usr/local/include/mysql/mysql.h' file not found
4 |
5 | #if LIBMYSQL_VERSION_ID > 80000
SwiftCompile normal arm64_32 Compiling\ PerfectMySQL.swift /Users/admin/builder/spi-builder-workspace/Sources/PerfectMySQL/PerfectMySQL.swift (in target 'PerfectMySQL' from project 'PerfectMySQL')
<module-includes>:1:9: note: in file included from <module-includes>:1:
1 | #import "mysql_osx.h"
| `- note: in file included from <module-includes>:1:
2 |
/Users/admin/builder/spi-builder-workspace/.dependencies/checkouts/Perfect-mysqlclient/mysql_osx.h:3:10: error: '/usr/local/include/mysql/mysql.h' file not found
1 | #ifndef __PERFECT_MYSQL_OSX__
2 | #define __PERFECT_MYSQL_OSX__
3 | #include "/usr/local/include/mysql/mysql.h"
| `- error: '/usr/local/include/mysql/mysql.h' file not found
4 |
5 | #if LIBMYSQL_VERSION_ID > 80000
/Users/admin/builder/spi-builder-workspace/Sources/PerfectMySQL/MySQL.swift:13:8: error: could not build Objective-C module 'mysqlclient'
11 | import Darwin
12 | #endif
13 | import mysqlclient
| `- error: could not build Objective-C module 'mysqlclient'
14 |
15 | /// Provide access to MySQL connector functions
Failed frontend command:
/Applications/Xcode-27.0.0-Release.Candidate.app/Contents/Developer/Toolchains/XcodeDefault.xctoolchain/usr/bin/swift-frontend -frontend -c /Users/admin/builder/spi-builder-workspace/Sources/PerfectMySQL/MySQL.swift /Users/admin/builder/spi-builder-workspace/Sources/PerfectMySQL/MySQLCRUD.swift /Users/admin/builder/spi-builder-workspace/Sources/PerfectMySQL/MySQLStmt.swift -primary-file /Users/admin/builder/spi-builder-workspace/Sources/PerfectMySQL/PerfectMySQL.swift -emit-dependencies-path /Users/admin/builder/spi-builder-workspace/.derivedData/Build/Intermediates.noindex/PerfectMySQL.build/Debug-watchos/PerfectMySQL-t.build/Objects-normal/arm64_32/PerfectMySQL.d -emit-const-values-path /Users/admin/builder/spi-builder-workspace/.derivedData/Build/Intermediates.noindex/PerfectMySQL.build/Debug-watchos/PerfectMySQL-t.build/Objects-normal/arm64_32/PerfectMySQL.swiftconstvalues -emit-reference-dependencies-path /Users/admin/builder/spi-builder-workspace/.derivedData/Build/Intermediates.noindex/PerfectMySQL.build/Debug-watchos/PerfectMySQL-t.build/Objects-normal/arm64_32/PerfectMySQL.swiftdeps -serialize-diagnostics-path /Users/admin/builder/spi-builder-workspace/.derivedData/Build/Intermediates.noindex/PerfectMySQL.build/Debug-watchos/PerfectMySQL-t.build/Objects-normal/arm64_32/PerfectMySQL.dia -target arm64_32-apple-watchos9.0 -enable-objc-interop -sdk /Applications/Xcode-27.0.0-Release.Candidate.app/Contents/Developer/Platforms/WatchOS.platform/Developer/SDKs/WatchOS27.0.sdk -I /Users/admin/builder/spi-builder-workspace/.derivedData/Build/Products/Debug-watchos -Isystem /Applications/Xcode-27.0.0-Release.Candidate.app/Contents/Developer/Platforms/WatchOS.platform/Developer/usr/lib -F /Users/admin/builder/spi-builder-workspace/.derivedData/Build/Products/Debug-watchos/PackageFrameworks -F /Users/admin/builder/spi-builder-workspace/.derivedData/Build/Products/Debug-watchos -F /Applications/Xcode-27.0.0-Release.Candidate.app/Contents/Developer/Platforms/WatchOS.platform/Developer/Library/Frameworks -F /Applications/Xcode-27.0.0-Release.Candidate.app/Contents/Developer/Platforms/WatchOS.platform/Developer/SDKs/WatchOS27.0.sdk/Developer/Library/Frameworks -module-cache-path /Users/admin/builder/spi-builder-workspace/.derivedData/ModuleCache.noindex -no-color-diagnostics -Xcc -fno-color-diagnostics -enable-testing -g -debug-info-format\=dwarf -dwarf-version\=4 -profile-generate -profile-coverage-mapping -swift-version 4 -Onone -D SWIFT_PACKAGE -D DEBUG -D SWIFT_MODULE_RESOURCE_BUNDLE_UNAVAILABLE -D Xcode -serialize-debugging-options -enable-experimental-feature DebugDescriptionMacro -empty-abi-descriptor -plugin-path /Applications/Xcode-27.0.0-Release.Candidate.app/Contents/Developer/Toolchains/XcodeDefault.xctoolchain/usr/lib/swift/host/plugins/testing -validate-clang-modules-once -clang-build-session-file /Users/admin/builder/spi-builder-workspace/.derivedData/ModuleCache.noindex/Session.modulevalidation -Xcc -working-directory -Xcc /Users/admin/builder/spi-builder-workspace/.swiftpm/xcode -enable-anonymous-context-mangled-names -file-compilation-dir /Users/admin/builder/spi-builder-workspace/.swiftpm/xcode -Xcc -fmodule-map-file\=/Users/admin/builder/spi-builder-workspace/.dependencies/checkouts/Perfect-mysqlclient/module.modulemap -Xcc -D_LIBCPP_HARDENING_MODE\=_LIBCPP_HARDENING_MODE_DEBUG -Xcc -ivfsstatcache -Xcc /Users/admin/builder/spi-builder-workspace/.derivedData/SDKStatCaches.noindex/watchos27.0-24R360-e829b21a6f8c9b70876ba0858053c04477534ef55a1706bf4c1112bbb242f0a2.sdkstatcache -Xcc -fmodules-prune-interval\=86400 -Xcc -fmodules-prune-after\=345600 -Xcc -I/Users/admin/builder/spi-builder-workspace/.derivedData/Build/Products/Debug-watchos/include -Xcc -I/Users/admin/builder/spi-builder-workspace/.derivedData/Build/Intermediates.noindex/PerfectMySQL.build/Debug-watchos/PerfectMySQL-t.build/DerivedSources-normal/arm64_32 -Xcc -I/Users/admin/builder/spi-builder-workspace/.derivedData/Build/Intermediates.noindex/PerfectMySQL.build/Debug-watchos/PerfectMySQL-t.build/DerivedSources/arm64_32 -Xcc -I/Users/admin/builder/spi-builder-workspace/.derivedData/Build/Intermediates.noindex/PerfectMySQL.build/Debug-watchos/PerfectMySQL-t.build/DerivedSources -Xcc -DSWIFT_PACKAGE -Xcc -DDEBUG\=1 -no-auto-bridging-header-chaining -module-name PerfectMySQL -const-gather-protocols-file /Users/admin/builder/spi-builder-workspace/.derivedData/Build/Intermediates.noindex/PerfectMySQL.build/Debug-watchos/PerfectMySQL-t.build/Objects-normal/arm64_32/PerfectMySQL_const_extract_protocols.json -disable-clang-spi -target-sdk-version 27.0 -target-sdk-name watchos27.0 -external-plugin-path /Applications/Xcode-27.0.0-Release.Candidate.app/Contents/Developer/Platforms/WatchOS.platform/Developer/usr/lib/swift/host/plugins\#/Applications/Xcode-27.0.0-Release.Candidate.app/Contents/Developer/Platforms/WatchOS.platform/Developer/usr/bin/swift-plugin-server -external-plugin-path /Applications/Xcode-27.0.0-Release.Candidate.app/Contents/Developer/Platforms/WatchOS.platform/Developer/usr/local/lib/swift/host/plugins\#/Applications/Xcode-27.0.0-Release.Candidate.app/Contents/Developer/Platforms/WatchOS.platform/Developer/usr/bin/swift-plugin-server -in-process-plugin-server-path /Applications/Xcode-27.0.0-Release.Candidate.app/Contents/Developer/Toolchains/XcodeDefault.xctoolchain/usr/lib/swift/host/libSwiftInProcPluginServer.dylib -plugin-path /Applications/Xcode-27.0.0-Release.Candidate.app/Contents/Developer/Toolchains/XcodeDefault.xctoolchain/usr/lib/swift/host/plugins -plugin-path /Applications/Xcode-27.0.0-Release.Candidate.app/Contents/Developer/Toolchains/XcodeDefault.xctoolchain/usr/local/lib/swift/host/plugins -parse-as-library -o /Users/admin/builder/spi-builder-workspace/.derivedData/Build/Intermediates.noindex/PerfectMySQL.build/Debug-watchos/PerfectMySQL-t.build/Objects-normal/arm64_32/PerfectMySQL.o -index-unit-output-path /PerfectMySQL.build/Debug-watchos/PerfectMySQL-t.build/Objects-normal/arm64_32/PerfectMySQL.o -index-store-path /Users/admin/builder/spi-builder-workspace/.derivedData/Index.noindex/DataStore -index-system-modules
SwiftCompile normal arm64_32 /Users/admin/builder/spi-builder-workspace/Sources/PerfectMySQL/PerfectMySQL.swift (in target 'PerfectMySQL' from project 'PerfectMySQL')
cd /Users/admin/builder/spi-builder-workspace/.swiftpm/xcode
builtin-SwiftPerFileCompile PerfectMySQL.swift
SwiftEmitModule normal arm64 Emitting\ module\ for\ PerfectMySQL (in target 'PerfectMySQL' from project 'PerfectMySQL')
<module-includes>:1:9: note: in file included from <module-includes>:1:
1 | #import "mysql_osx.h"
| `- note: in file included from <module-includes>:1:
2 |
/Users/admin/builder/spi-builder-workspace/.dependencies/checkouts/Perfect-mysqlclient/mysql_osx.h:3:10: error: '/usr/local/include/mysql/mysql.h' file not found
1 | #ifndef __PERFECT_MYSQL_OSX__
2 | #define __PERFECT_MYSQL_OSX__
3 | #include "/usr/local/include/mysql/mysql.h"
| `- error: '/usr/local/include/mysql/mysql.h' file not found
4 |
5 | #if LIBMYSQL_VERSION_ID > 80000
SwiftCompile normal arm64 (in target 'PerfectMySQL' from project 'PerfectMySQL')
cd /Users/admin/builder/spi-builder-workspace/.swiftpm/xcode
SwiftDriverJobDiscovery normal arm64 Compiling Create.swift, Database.swift, Delete.swift (in target 'PerfectCRUD' from project 'PerfectCRUD')
SwiftCompile normal arm64 Compiling\ PerfectMySQL.swift /Users/admin/builder/spi-builder-workspace/Sources/PerfectMySQL/PerfectMySQL.swift (in target 'PerfectMySQL' from project 'PerfectMySQL')
SwiftCompile normal arm64 /Users/admin/builder/spi-builder-workspace/Sources/PerfectMySQL/PerfectMySQL.swift (in target 'PerfectMySQL' from project 'PerfectMySQL')
cd /Users/admin/builder/spi-builder-workspace/.swiftpm/xcode
builtin-SwiftPerFileCompile PerfectMySQL.swift
SwiftDriverJobDiscovery normal arm64 Compiling Insert.swift, Join.swift (in target 'PerfectCRUD' from project 'PerfectCRUD')
SwiftCompile normal arm64 Compiling\ MySQL.swift /Users/admin/builder/spi-builder-workspace/Sources/PerfectMySQL/MySQL.swift (in target 'PerfectMySQL' from project 'PerfectMySQL')
SwiftCompile normal arm64 /Users/admin/builder/spi-builder-workspace/Sources/PerfectMySQL/MySQL.swift (in target 'PerfectMySQL' from project 'PerfectMySQL')
cd /Users/admin/builder/spi-builder-workspace/.swiftpm/xcode
builtin-SwiftPerFileCompile MySQL.swift
PruneExplicitPrecompiledModules /Users/admin/builder/spi-builder-workspace/.derivedData/Build/Intermediates.noindex/SwiftExplicitPrecompiledModules
PruneExplicitPrecompiledModules /Users/admin/builder/spi-builder-workspace/.derivedData/SDKExplicitPrecompiledModules
PruneExplicitPrecompiledModules /Users/admin/builder/spi-builder-workspace/.derivedData/Build/Intermediates.noindex/ExplicitPrecompiledModules
2026-09-16 05:22:02.648 xcodebuild[736:4550] [MT] IDERunDestination: Supported platforms for the buildables in the current scheme is empty.
** BUILD FAILED **
The following build commands failed:
SwiftCompile normal arm64_32 Compiling\ PerfectMySQL.swift /Users/admin/builder/spi-builder-workspace/Sources/PerfectMySQL/PerfectMySQL.swift (in target 'PerfectMySQL' from project 'PerfectMySQL')
SwiftCompile normal arm64_32 /Users/admin/builder/spi-builder-workspace/Sources/PerfectMySQL/PerfectMySQL.swift (in target 'PerfectMySQL' from project 'PerfectMySQL')
Building workspace PerfectMySQL with scheme PerfectMySQL
(3 failures)
Command line invocation:
/Applications/Xcode-27.0.0-Release.Candidate.app/Contents/Developer/usr/bin/xcodebuild -IDEClonedSourcePackagesDirPathOverride=/Users/admin/builder/spi-builder-workspace/.dependencies -resolvePackageDependencies
Resolve Package Graph
ignoring declared target(s) 'mysqlclient' in the system packagedependency 'perfect-mysqlclient' is not used by any targetyou may be able to install mysqlclient using your system-packager:
brew install mysql
Resolved source packages:
PerfectMySQL: /Users/admin/builder/spi-builder-workspace
PerfectCRUD: https://github.com/PerfectlySoft/Perfect-CRUD.git @ 1.2.3
mysqlclient: https://github.com/PerfectlySoft/Perfect-mysqlclient.git @ 2.1.1
resolved source packages: PerfectMySQL, PerfectCRUD, mysqlclient
2026-09-16 05:22:09.155 xcodebuild[802:4939] [MT] IDERunDestination: Supported platforms for the buildables in the current scheme is empty.
{
"dependencies" : [
{
"identity" : "perfect-crud",
"requirement" : {
"range" : [
{
"lower_bound" : "1.2.2",
"upper_bound" : "2.0.0"
}
]
},
"type" : "sourceControl",
"url" : "https://github.com/PerfectlySoft/Perfect-CRUD.git"
},
{
"identity" : "perfect-mysqlclient",
"requirement" : {
"range" : [
{
"lower_bound" : "2.0.0",
"upper_bound" : "3.0.0"
}
]
},
"type" : "sourceControl",
"url" : "https://github.com/PerfectlySoft/Perfect-mysqlclient.git"
}
],
"manifest_display_name" : "PerfectMySQL",
"name" : "PerfectMySQL",
"path" : "/Users/admin/builder/spi-builder-workspace",
"platforms" : [
],
"products" : [
{
"name" : "PerfectMySQL",
"targets" : [
"PerfectMySQL"
],
"type" : {
"library" : [
"automatic"
]
}
}
],
"targets" : [
{
"c99name" : "PerfectMySQLTests",
"module_type" : "SwiftTarget",
"name" : "PerfectMySQLTests",
"path" : "Tests/PerfectMySQLTests",
"sources" : [
"PerfectMySQLTests.swift",
"XCTestManifests.swift"
],
"target_dependencies" : [
"PerfectMySQL"
],
"type" : "test"
},
{
"c99name" : "PerfectMySQL",
"module_type" : "SwiftTarget",
"name" : "PerfectMySQL",
"path" : "Sources/PerfectMySQL",
"product_dependencies" : [
"PerfectCRUD"
],
"product_memberships" : [
"PerfectMySQL"
],
"sources" : [
"MySQL.swift",
"MySQLCRUD.swift",
"MySQLStmt.swift",
"PerfectMySQL.swift"
],
"type" : "library"
}
],
"tools_version" : "4.0"
}
{
"workspace" : {
"name" : "PerfectMySQL",
"schemes" : [
"PerfectMySQL"
]
}
}
2026-09-16 05:22:10.413 xcodebuild[817:5015] [MT] IDERunDestination: Supported platforms for the buildables in the current scheme is empty.
Running build ...
env DEVELOPER_DIR=/Applications/Xcode-27.0.0-Release.Candidate.app xcrun xcodebuild -IDEClonedSourcePackagesDirPathOverride=$PWD/.dependencies -skipMacroValidation -skipPackagePluginValidation -derivedDataPath $PWD/.derivedData build -scheme PerfectMySQL -destination generic/platform=watchOS
Command line invocation:
/Applications/Xcode-27.0.0-Release.Candidate.app/Contents/Developer/usr/bin/xcodebuild -IDEClonedSourcePackagesDirPathOverride=/Users/admin/builder/spi-builder-workspace/.dependencies -skipMacroValidation -skipPackagePluginValidation -derivedDataPath /Users/admin/builder/spi-builder-workspace/.derivedData build -scheme PerfectMySQL -destination generic/platform=watchOS
Resolve Package Graph
ignoring declared target(s) 'mysqlclient' in the system packagedependency 'perfect-mysqlclient' is not used by any targetyou may be able to install mysqlclient using your system-packager:
brew install mysql
Resolved source packages:
PerfectCRUD: https://github.com/PerfectlySoft/Perfect-CRUD.git @ 1.2.3
mysqlclient: https://github.com/PerfectlySoft/Perfect-mysqlclient.git @ 2.1.1
PerfectMySQL: /Users/admin/builder/spi-builder-workspace
ComputePackagePrebuildTargetDependencyGraph
Prepare packages
CreateBuildRequest
SendProjectDescription
CreateBuildOperation
ComputeTargetDependencyGraph
note: Building targets in dependency order
note: Target dependency graph (5 targets)
Target 'PerfectMySQL-product' in project 'PerfectMySQL'
➜ Explicit dependency on target 'PerfectMySQL' in project 'PerfectMySQL'
➜ Explicit dependency on target 'PerfectCRUD-product' in project 'PerfectCRUD'
Target 'PerfectMySQL' in project 'PerfectMySQL'
➜ Explicit dependency on target 'mysqlclient' in project 'mysqlclient'
➜ Explicit dependency on target 'PerfectCRUD-product' in project 'PerfectCRUD'
Target 'PerfectCRUD-product' in project 'PerfectCRUD'
➜ Explicit dependency on target 'PerfectCRUD' in project 'PerfectCRUD'
Target 'PerfectCRUD' in project 'PerfectCRUD' (no dependencies)
Target 'mysqlclient' in project 'mysqlclient' (no dependencies)
GatherProvisioningInputs
CreateBuildDescription
ClangStatCache /Applications/Xcode-27.0.0-Release.Candidate.app/Contents/Developer/Toolchains/XcodeDefault.xctoolchain/usr/bin/clang-stat-cache /Applications/Xcode-27.0.0-Release.Candidate.app/Contents/Developer/Platforms/WatchOS.platform/Developer/SDKs/WatchOS27.0.sdk /Users/admin/builder/spi-builder-workspace/.derivedData/SDKStatCaches.noindex/watchos27.0-24R360-e829b21a6f8c9b70876ba0858053c04477534ef55a1706bf4c1112bbb242f0a2.sdkstatcache
cd /Users/admin/builder/spi-builder-workspace/.swiftpm/xcode
/Applications/Xcode-27.0.0-Release.Candidate.app/Contents/Developer/Toolchains/XcodeDefault.xctoolchain/usr/bin/clang-stat-cache /Applications/Xcode-27.0.0-Release.Candidate.app/Contents/Developer/Platforms/WatchOS.platform/Developer/SDKs/WatchOS27.0.sdk -o /Users/admin/builder/spi-builder-workspace/.derivedData/SDKStatCaches.noindex/watchos27.0-24R360-e829b21a6f8c9b70876ba0858053c04477534ef55a1706bf4c1112bbb242f0a2.sdkstatcache
SwiftDriver PerfectMySQL normal arm64 com.apple.xcode.tools.swift.compiler (in target 'PerfectMySQL' from project 'PerfectMySQL')
cd /Users/admin/builder/spi-builder-workspace/.swiftpm/xcode
builtin-SwiftDriver -- /Applications/Xcode-27.0.0-Release.Candidate.app/Contents/Developer/Toolchains/XcodeDefault.xctoolchain/usr/bin/swiftc -parse-as-library -module-name PerfectMySQL -Onone @/Users/admin/builder/spi-builder-workspace/.derivedData/Build/Intermediates.noindex/PerfectMySQL.build/Debug-watchos/PerfectMySQL-t.build/Objects-normal/arm64/PerfectMySQL.SwiftFileList -DSWIFT_PACKAGE -DDEBUG -DSWIFT_MODULE_RESOURCE_BUNDLE_UNAVAILABLE -Xcc -fmodule-map-file\=/Users/admin/builder/spi-builder-workspace/.dependencies/checkouts/Perfect-mysqlclient/module.modulemap -DXcode -plugin-path /Applications/Xcode-27.0.0-Release.Candidate.app/Contents/Developer/Toolchains/XcodeDefault.xctoolchain/usr/lib/swift/host/plugins/testing -enable-experimental-feature DebugDescriptionMacro -sdk /Applications/Xcode-27.0.0-Release.Candidate.app/Contents/Developer/Platforms/WatchOS.platform/Developer/SDKs/WatchOS27.0.sdk -target arm64-apple-watchos9.0 -g -module-cache-path /Users/admin/builder/spi-builder-workspace/.derivedData/ModuleCache.noindex -Xfrontend -serialize-debugging-options -profile-coverage-mapping -profile-generate -enable-testing -index-store-path /Users/admin/builder/spi-builder-workspace/.derivedData/Index.noindex/DataStore -Xcc -D_LIBCPP_HARDENING_MODE\=_LIBCPP_HARDENING_MODE_DEBUG -swift-version 4 -I /Users/admin/builder/spi-builder-workspace/.derivedData/Build/Products/Debug-watchos -Isystem /Applications/Xcode-27.0.0-Release.Candidate.app/Contents/Developer/Platforms/WatchOS.platform/Developer/usr/lib -F /Users/admin/builder/spi-builder-workspace/.derivedData/Build/Products/Debug-watchos/PackageFrameworks -F /Users/admin/builder/spi-builder-workspace/.derivedData/Build/Products/Debug-watchos -F /Applications/Xcode-27.0.0-Release.Candidate.app/Contents/Developer/Platforms/WatchOS.platform/Developer/Library/Frameworks -F /Applications/Xcode-27.0.0-Release.Candidate.app/Contents/Developer/Platforms/WatchOS.platform/Developer/SDKs/WatchOS27.0.sdk/Developer/Library/Frameworks -c -j10 -enable-batch-mode -incremental -Xcc -ivfsstatcache -Xcc /Users/admin/builder/spi-builder-workspace/.derivedData/SDKStatCaches.noindex/watchos27.0-24R360-e829b21a6f8c9b70876ba0858053c04477534ef55a1706bf4c1112bbb242f0a2.sdkstatcache -output-file-map /Users/admin/builder/spi-builder-workspace/.derivedData/Build/Intermediates.noindex/PerfectMySQL.build/Debug-watchos/PerfectMySQL-t.build/Objects-normal/arm64/PerfectMySQL-OutputFileMap.json -save-temps -no-color-diagnostics -emit-dependencies -emit-module -emit-module-path /Users/admin/builder/spi-builder-workspace/.derivedData/Build/Intermediates.noindex/PerfectMySQL.build/Debug-watchos/PerfectMySQL-t.build/Objects-normal/arm64/PerfectMySQL.swiftmodule -serialize-diagnostics -validate-clang-modules-once -clang-build-session-file /Users/admin/builder/spi-builder-workspace/.derivedData/ModuleCache.noindex/Session.modulevalidation -Xcc -fmodules-prune-interval\=86400 -Xcc -fmodules-prune-after\=345600 -emit-const-values -const-gather-protocols-list /Users/admin/builder/spi-builder-workspace/.derivedData/Build/Intermediates.noindex/PerfectMySQL.build/Debug-watchos/PerfectMySQL-t.build/Objects-normal/arm64/PerfectMySQL_const_extract_protocols.json -Xcc -I/Users/admin/builder/spi-builder-workspace/.derivedData/Build/Products/Debug-watchos/include -Xcc -I/Users/admin/builder/spi-builder-workspace/.derivedData/Build/Intermediates.noindex/PerfectMySQL.build/Debug-watchos/PerfectMySQL-t.build/DerivedSources-normal/arm64 -Xcc -I/Users/admin/builder/spi-builder-workspace/.derivedData/Build/Intermediates.noindex/PerfectMySQL.build/Debug-watchos/PerfectMySQL-t.build/DerivedSources/arm64 -Xcc -I/Users/admin/builder/spi-builder-workspace/.derivedData/Build/Intermediates.noindex/PerfectMySQL.build/Debug-watchos/PerfectMySQL-t.build/DerivedSources -Xcc -DSWIFT_PACKAGE -Xcc -DDEBUG\=1 -emit-objc-header -emit-objc-header-path /Users/admin/builder/spi-builder-workspace/.derivedData/Build/Intermediates.noindex/PerfectMySQL.build/Debug-watchos/PerfectMySQL-t.build/Objects-normal/arm64/PerfectMySQL-Swift.h -working-directory /Users/admin/builder/spi-builder-workspace/.swiftpm/xcode -experimental-emit-module-separately -disable-cmo
SwiftDriver PerfectMySQL normal arm64_32 com.apple.xcode.tools.swift.compiler (in target 'PerfectMySQL' from project 'PerfectMySQL')
cd /Users/admin/builder/spi-builder-workspace/.swiftpm/xcode
builtin-SwiftDriver -- /Applications/Xcode-27.0.0-Release.Candidate.app/Contents/Developer/Toolchains/XcodeDefault.xctoolchain/usr/bin/swiftc -parse-as-library -module-name PerfectMySQL -Onone @/Users/admin/builder/spi-builder-workspace/.derivedData/Build/Intermediates.noindex/PerfectMySQL.build/Debug-watchos/PerfectMySQL-t.build/Objects-normal/arm64_32/PerfectMySQL.SwiftFileList -DSWIFT_PACKAGE -DDEBUG -DSWIFT_MODULE_RESOURCE_BUNDLE_UNAVAILABLE -Xcc -fmodule-map-file\=/Users/admin/builder/spi-builder-workspace/.dependencies/checkouts/Perfect-mysqlclient/module.modulemap -DXcode -plugin-path /Applications/Xcode-27.0.0-Release.Candidate.app/Contents/Developer/Toolchains/XcodeDefault.xctoolchain/usr/lib/swift/host/plugins/testing -enable-experimental-feature DebugDescriptionMacro -sdk /Applications/Xcode-27.0.0-Release.Candidate.app/Contents/Developer/Platforms/WatchOS.platform/Developer/SDKs/WatchOS27.0.sdk -target arm64_32-apple-watchos9.0 -g -module-cache-path /Users/admin/builder/spi-builder-workspace/.derivedData/ModuleCache.noindex -Xfrontend -serialize-debugging-options -profile-coverage-mapping -profile-generate -enable-testing -index-store-path /Users/admin/builder/spi-builder-workspace/.derivedData/Index.noindex/DataStore -Xcc -D_LIBCPP_HARDENING_MODE\=_LIBCPP_HARDENING_MODE_DEBUG -swift-version 4 -I /Users/admin/builder/spi-builder-workspace/.derivedData/Build/Products/Debug-watchos -Isystem /Applications/Xcode-27.0.0-Release.Candidate.app/Contents/Developer/Platforms/WatchOS.platform/Developer/usr/lib -F /Users/admin/builder/spi-builder-workspace/.derivedData/Build/Products/Debug-watchos/PackageFrameworks -F /Users/admin/builder/spi-builder-workspace/.derivedData/Build/Products/Debug-watchos -F /Applications/Xcode-27.0.0-Release.Candidate.app/Contents/Developer/Platforms/WatchOS.platform/Developer/Library/Frameworks -F /Applications/Xcode-27.0.0-Release.Candidate.app/Contents/Developer/Platforms/WatchOS.platform/Developer/SDKs/WatchOS27.0.sdk/Developer/Library/Frameworks -c -j10 -enable-batch-mode -incremental -Xcc -ivfsstatcache -Xcc /Users/admin/builder/spi-builder-workspace/.derivedData/SDKStatCaches.noindex/watchos27.0-24R360-e829b21a6f8c9b70876ba0858053c04477534ef55a1706bf4c1112bbb242f0a2.sdkstatcache -output-file-map /Users/admin/builder/spi-builder-workspace/.derivedData/Build/Intermediates.noindex/PerfectMySQL.build/Debug-watchos/PerfectMySQL-t.build/Objects-normal/arm64_32/PerfectMySQL-OutputFileMap.json -save-temps -no-color-diagnostics -emit-dependencies -emit-module -emit-module-path /Users/admin/builder/spi-builder-workspace/.derivedData/Build/Intermediates.noindex/PerfectMySQL.build/Debug-watchos/PerfectMySQL-t.build/Objects-normal/arm64_32/PerfectMySQL.swiftmodule -serialize-diagnostics -validate-clang-modules-once -clang-build-session-file /Users/admin/builder/spi-builder-workspace/.derivedData/ModuleCache.noindex/Session.modulevalidation -Xcc -fmodules-prune-interval\=86400 -Xcc -fmodules-prune-after\=345600 -emit-const-values -const-gather-protocols-list /Users/admin/builder/spi-builder-workspace/.derivedData/Build/Intermediates.noindex/PerfectMySQL.build/Debug-watchos/PerfectMySQL-t.build/Objects-normal/arm64_32/PerfectMySQL_const_extract_protocols.json -Xcc -I/Users/admin/builder/spi-builder-workspace/.derivedData/Build/Products/Debug-watchos/include -Xcc -I/Users/admin/builder/spi-builder-workspace/.derivedData/Build/Intermediates.noindex/PerfectMySQL.build/Debug-watchos/PerfectMySQL-t.build/DerivedSources-normal/arm64_32 -Xcc -I/Users/admin/builder/spi-builder-workspace/.derivedData/Build/Intermediates.noindex/PerfectMySQL.build/Debug-watchos/PerfectMySQL-t.build/DerivedSources/arm64_32 -Xcc -I/Users/admin/builder/spi-builder-workspace/.derivedData/Build/Intermediates.noindex/PerfectMySQL.build/Debug-watchos/PerfectMySQL-t.build/DerivedSources -Xcc -DSWIFT_PACKAGE -Xcc -DDEBUG\=1 -emit-objc-header -emit-objc-header-path /Users/admin/builder/spi-builder-workspace/.derivedData/Build/Intermediates.noindex/PerfectMySQL.build/Debug-watchos/PerfectMySQL-t.build/Objects-normal/arm64_32/PerfectMySQL-Swift.h -working-directory /Users/admin/builder/spi-builder-workspace/.swiftpm/xcode -experimental-emit-module-separately -disable-cmo
SwiftDriver PerfectCRUD normal arm64_32 com.apple.xcode.tools.swift.compiler (in target 'PerfectCRUD' from project 'PerfectCRUD')
cd /Users/admin/builder/spi-builder-workspace/.swiftpm/xcode
builtin-SwiftDriver -- /Applications/Xcode-27.0.0-Release.Candidate.app/Contents/Developer/Toolchains/XcodeDefault.xctoolchain/usr/bin/swiftc -parse-as-library -module-name PerfectCRUD -Onone @/Users/admin/builder/spi-builder-workspace/.derivedData/Build/Intermediates.noindex/PerfectCRUD.build/Debug-watchos/PerfectCRUD-t.build/Objects-normal/arm64_32/PerfectCRUD.SwiftFileList -DSWIFT_PACKAGE -DDEBUG -DSWIFT_MODULE_RESOURCE_BUNDLE_UNAVAILABLE -DXcode -plugin-path /Applications/Xcode-27.0.0-Release.Candidate.app/Contents/Developer/Toolchains/XcodeDefault.xctoolchain/usr/lib/swift/host/plugins/testing -enable-experimental-feature DebugDescriptionMacro -sdk /Applications/Xcode-27.0.0-Release.Candidate.app/Contents/Developer/Platforms/WatchOS.platform/Developer/SDKs/WatchOS27.0.sdk -target arm64_32-apple-watchos9.0 -g -module-cache-path /Users/admin/builder/spi-builder-workspace/.derivedData/ModuleCache.noindex -Xfrontend -serialize-debugging-options -profile-coverage-mapping -profile-generate -enable-testing -suppress-warnings -index-store-path /Users/admin/builder/spi-builder-workspace/.derivedData/Index.noindex/DataStore -Xcc -D_LIBCPP_HARDENING_MODE\=_LIBCPP_HARDENING_MODE_DEBUG -swift-version 4 -I /Users/admin/builder/spi-builder-workspace/.derivedData/Build/Products/Debug-watchos -Isystem /Applications/Xcode-27.0.0-Release.Candidate.app/Contents/Developer/Platforms/WatchOS.platform/Developer/usr/lib -F /Users/admin/builder/spi-builder-workspace/.derivedData/Build/Products/Debug-watchos -F /Applications/Xcode-27.0.0-Release.Candidate.app/Contents/Developer/Platforms/WatchOS.platform/Developer/Library/Frameworks -F /Applications/Xcode-27.0.0-Release.Candidate.app/Contents/Developer/Platforms/WatchOS.platform/Developer/SDKs/WatchOS27.0.sdk/Developer/Library/Frameworks -c -j10 -enable-batch-mode -incremental -Xcc -ivfsstatcache -Xcc /Users/admin/builder/spi-builder-workspace/.derivedData/SDKStatCaches.noindex/watchos27.0-24R360-e829b21a6f8c9b70876ba0858053c04477534ef55a1706bf4c1112bbb242f0a2.sdkstatcache -output-file-map /Users/admin/builder/spi-builder-workspace/.derivedData/Build/Intermediates.noindex/PerfectCRUD.build/Debug-watchos/PerfectCRUD-t.build/Objects-normal/arm64_32/PerfectCRUD-OutputFileMap.json -save-temps -no-color-diagnostics -emit-dependencies -emit-module -emit-module-path /Users/admin/builder/spi-builder-workspace/.derivedData/Build/Intermediates.noindex/PerfectCRUD.build/Debug-watchos/PerfectCRUD-t.build/Objects-normal/arm64_32/PerfectCRUD.swiftmodule -serialize-diagnostics -validate-clang-modules-once -clang-build-session-file /Users/admin/builder/spi-builder-workspace/.derivedData/ModuleCache.noindex/Session.modulevalidation -Xcc -fmodules-prune-interval\=86400 -Xcc -fmodules-prune-after\=345600 -emit-const-values -const-gather-protocols-list /Users/admin/builder/spi-builder-workspace/.derivedData/Build/Intermediates.noindex/PerfectCRUD.build/Debug-watchos/PerfectCRUD-t.build/Objects-normal/arm64_32/PerfectCRUD_const_extract_protocols.json -Xcc -I/Users/admin/builder/spi-builder-workspace/.derivedData/Build/Products/Debug-watchos/include -Xcc -I/Users/admin/builder/spi-builder-workspace/.derivedData/Build/Intermediates.noindex/PerfectCRUD.build/Debug-watchos/PerfectCRUD-t.build/DerivedSources-normal/arm64_32 -Xcc -I/Users/admin/builder/spi-builder-workspace/.derivedData/Build/Intermediates.noindex/PerfectCRUD.build/Debug-watchos/PerfectCRUD-t.build/DerivedSources/arm64_32 -Xcc -I/Users/admin/builder/spi-builder-workspace/.derivedData/Build/Intermediates.noindex/PerfectCRUD.build/Debug-watchos/PerfectCRUD-t.build/DerivedSources -Xcc -DSWIFT_PACKAGE -Xcc -DDEBUG\=1 -emit-objc-header -emit-objc-header-path /Users/admin/builder/spi-builder-workspace/.derivedData/Build/Intermediates.noindex/PerfectCRUD.build/Debug-watchos/PerfectCRUD-t.build/Objects-normal/arm64_32/PerfectCRUD-Swift.h -working-directory /Users/admin/builder/spi-builder-workspace/.swiftpm/xcode -experimental-emit-module-separately -disable-cmo
SwiftDriver PerfectCRUD normal arm64 com.apple.xcode.tools.swift.compiler (in target 'PerfectCRUD' from project 'PerfectCRUD')
cd /Users/admin/builder/spi-builder-workspace/.swiftpm/xcode
builtin-SwiftDriver -- /Applications/Xcode-27.0.0-Release.Candidate.app/Contents/Developer/Toolchains/XcodeDefault.xctoolchain/usr/bin/swiftc -parse-as-library -module-name PerfectCRUD -Onone @/Users/admin/builder/spi-builder-workspace/.derivedData/Build/Intermediates.noindex/PerfectCRUD.build/Debug-watchos/PerfectCRUD-t.build/Objects-normal/arm64/PerfectCRUD.SwiftFileList -DSWIFT_PACKAGE -DDEBUG -DSWIFT_MODULE_RESOURCE_BUNDLE_UNAVAILABLE -DXcode -plugin-path /Applications/Xcode-27.0.0-Release.Candidate.app/Contents/Developer/Toolchains/XcodeDefault.xctoolchain/usr/lib/swift/host/plugins/testing -enable-experimental-feature DebugDescriptionMacro -sdk /Applications/Xcode-27.0.0-Release.Candidate.app/Contents/Developer/Platforms/WatchOS.platform/Developer/SDKs/WatchOS27.0.sdk -target arm64-apple-watchos9.0 -g -module-cache-path /Users/admin/builder/spi-builder-workspace/.derivedData/ModuleCache.noindex -Xfrontend -serialize-debugging-options -profile-coverage-mapping -profile-generate -enable-testing -suppress-warnings -index-store-path /Users/admin/builder/spi-builder-workspace/.derivedData/Index.noindex/DataStore -Xcc -D_LIBCPP_HARDENING_MODE\=_LIBCPP_HARDENING_MODE_DEBUG -swift-version 4 -I /Users/admin/builder/spi-builder-workspace/.derivedData/Build/Products/Debug-watchos -Isystem /Applications/Xcode-27.0.0-Release.Candidate.app/Contents/Developer/Platforms/WatchOS.platform/Developer/usr/lib -F /Users/admin/builder/spi-builder-workspace/.derivedData/Build/Products/Debug-watchos -F /Applications/Xcode-27.0.0-Release.Candidate.app/Contents/Developer/Platforms/WatchOS.platform/Developer/Library/Frameworks -F /Applications/Xcode-27.0.0-Release.Candidate.app/Contents/Developer/Platforms/WatchOS.platform/Developer/SDKs/WatchOS27.0.sdk/Developer/Library/Frameworks -c -j10 -enable-batch-mode -incremental -Xcc -ivfsstatcache -Xcc /Users/admin/builder/spi-builder-workspace/.derivedData/SDKStatCaches.noindex/watchos27.0-24R360-e829b21a6f8c9b70876ba0858053c04477534ef55a1706bf4c1112bbb242f0a2.sdkstatcache -output-file-map /Users/admin/builder/spi-builder-workspace/.derivedData/Build/Intermediates.noindex/PerfectCRUD.build/Debug-watchos/PerfectCRUD-t.build/Objects-normal/arm64/PerfectCRUD-OutputFileMap.json -save-temps -no-color-diagnostics -emit-dependencies -emit-module -emit-module-path /Users/admin/builder/spi-builder-workspace/.derivedData/Build/Intermediates.noindex/PerfectCRUD.build/Debug-watchos/PerfectCRUD-t.build/Objects-normal/arm64/PerfectCRUD.swiftmodule -serialize-diagnostics -validate-clang-modules-once -clang-build-session-file /Users/admin/builder/spi-builder-workspace/.derivedData/ModuleCache.noindex/Session.modulevalidation -Xcc -fmodules-prune-interval\=86400 -Xcc -fmodules-prune-after\=345600 -emit-const-values -const-gather-protocols-list /Users/admin/builder/spi-builder-workspace/.derivedData/Build/Intermediates.noindex/PerfectCRUD.build/Debug-watchos/PerfectCRUD-t.build/Objects-normal/arm64/PerfectCRUD_const_extract_protocols.json -Xcc -I/Users/admin/builder/spi-builder-workspace/.derivedData/Build/Products/Debug-watchos/include -Xcc -I/Users/admin/builder/spi-builder-workspace/.derivedData/Build/Intermediates.noindex/PerfectCRUD.build/Debug-watchos/PerfectCRUD-t.build/DerivedSources-normal/arm64 -Xcc -I/Users/admin/builder/spi-builder-workspace/.derivedData/Build/Intermediates.noindex/PerfectCRUD.build/Debug-watchos/PerfectCRUD-t.build/DerivedSources/arm64 -Xcc -I/Users/admin/builder/spi-builder-workspace/.derivedData/Build/Intermediates.noindex/PerfectCRUD.build/Debug-watchos/PerfectCRUD-t.build/DerivedSources -Xcc -DSWIFT_PACKAGE -Xcc -DDEBUG\=1 -emit-objc-header -emit-objc-header-path /Users/admin/builder/spi-builder-workspace/.derivedData/Build/Intermediates.noindex/PerfectCRUD.build/Debug-watchos/PerfectCRUD-t.build/Objects-normal/arm64/PerfectCRUD-Swift.h -working-directory /Users/admin/builder/spi-builder-workspace/.swiftpm/xcode -experimental-emit-module-separately -disable-cmo
SwiftEmitModule normal arm64_32 Emitting\ module\ for\ PerfectMySQL (in target 'PerfectMySQL' from project 'PerfectMySQL')
SwiftCompile normal arm64_32 (in target 'PerfectMySQL' from project 'PerfectMySQL')
cd /Users/admin/builder/spi-builder-workspace/.swiftpm/xcode
<module-includes>:1:9: note: in file included from <module-includes>:1:
1 | #import "mysql_osx.h"
| `- note: in file included from <module-includes>:1:
2 |
/Users/admin/builder/spi-builder-workspace/.dependencies/checkouts/Perfect-mysqlclient/mysql_osx.h:3:10: error: '/usr/local/include/mysql/mysql.h' file not found
1 | #ifndef __PERFECT_MYSQL_OSX__
2 | #define __PERFECT_MYSQL_OSX__
3 | #include "/usr/local/include/mysql/mysql.h"
| `- error: '/usr/local/include/mysql/mysql.h' file not found
4 |
5 | #if LIBMYSQL_VERSION_ID > 80000
SwiftCompile normal arm64_32 Compiling\ PerfectMySQL.swift /Users/admin/builder/spi-builder-workspace/Sources/PerfectMySQL/PerfectMySQL.swift (in target 'PerfectMySQL' from project 'PerfectMySQL')
<module-includes>:1:9: note: in file included from <module-includes>:1:
1 | #import "mysql_osx.h"
| `- note: in file included from <module-includes>:1:
2 |
/Users/admin/builder/spi-builder-workspace/.dependencies/checkouts/Perfect-mysqlclient/mysql_osx.h:3:10: error: '/usr/local/include/mysql/mysql.h' file not found
1 | #ifndef __PERFECT_MYSQL_OSX__
2 | #define __PERFECT_MYSQL_OSX__
3 | #include "/usr/local/include/mysql/mysql.h"
| `- error: '/usr/local/include/mysql/mysql.h' file not found
4 |
5 | #if LIBMYSQL_VERSION_ID > 80000
/Users/admin/builder/spi-builder-workspace/Sources/PerfectMySQL/MySQL.swift:13:8: error: could not build Objective-C module 'mysqlclient'
11 | import Darwin
12 | #endif
13 | import mysqlclient
| `- error: could not build Objective-C module 'mysqlclient'
14 |
15 | /// Provide access to MySQL connector functions
Failed frontend command:
/Applications/Xcode-27.0.0-Release.Candidate.app/Contents/Developer/Toolchains/XcodeDefault.xctoolchain/usr/bin/swift-frontend -frontend -c /Users/admin/builder/spi-builder-workspace/Sources/PerfectMySQL/MySQL.swift /Users/admin/builder/spi-builder-workspace/Sources/PerfectMySQL/MySQLCRUD.swift /Users/admin/builder/spi-builder-workspace/Sources/PerfectMySQL/MySQLStmt.swift -primary-file /Users/admin/builder/spi-builder-workspace/Sources/PerfectMySQL/PerfectMySQL.swift -emit-dependencies-path /Users/admin/builder/spi-builder-workspace/.derivedData/Build/Intermediates.noindex/PerfectMySQL.build/Debug-watchos/PerfectMySQL-t.build/Objects-normal/arm64_32/PerfectMySQL.d -emit-const-values-path /Users/admin/builder/spi-builder-workspace/.derivedData/Build/Intermediates.noindex/PerfectMySQL.build/Debug-watchos/PerfectMySQL-t.build/Objects-normal/arm64_32/PerfectMySQL.swiftconstvalues -emit-reference-dependencies-path /Users/admin/builder/spi-builder-workspace/.derivedData/Build/Intermediates.noindex/PerfectMySQL.build/Debug-watchos/PerfectMySQL-t.build/Objects-normal/arm64_32/PerfectMySQL.swiftdeps -serialize-diagnostics-path /Users/admin/builder/spi-builder-workspace/.derivedData/Build/Intermediates.noindex/PerfectMySQL.build/Debug-watchos/PerfectMySQL-t.build/Objects-normal/arm64_32/PerfectMySQL.dia -target arm64_32-apple-watchos9.0 -enable-objc-interop -sdk /Applications/Xcode-27.0.0-Release.Candidate.app/Contents/Developer/Platforms/WatchOS.platform/Developer/SDKs/WatchOS27.0.sdk -I /Users/admin/builder/spi-builder-workspace/.derivedData/Build/Products/Debug-watchos -Isystem /Applications/Xcode-27.0.0-Release.Candidate.app/Contents/Developer/Platforms/WatchOS.platform/Developer/usr/lib -F /Users/admin/builder/spi-builder-workspace/.derivedData/Build/Products/Debug-watchos/PackageFrameworks -F /Users/admin/builder/spi-builder-workspace/.derivedData/Build/Products/Debug-watchos -F /Applications/Xcode-27.0.0-Release.Candidate.app/Contents/Developer/Platforms/WatchOS.platform/Developer/Library/Frameworks -F /Applications/Xcode-27.0.0-Release.Candidate.app/Contents/Developer/Platforms/WatchOS.platform/Developer/SDKs/WatchOS27.0.sdk/Developer/Library/Frameworks -module-cache-path /Users/admin/builder/spi-builder-workspace/.derivedData/ModuleCache.noindex -no-color-diagnostics -Xcc -fno-color-diagnostics -enable-testing -g -debug-info-format\=dwarf -dwarf-version\=4 -profile-generate -profile-coverage-mapping -swift-version 4 -Onone -D SWIFT_PACKAGE -D DEBUG -D SWIFT_MODULE_RESOURCE_BUNDLE_UNAVAILABLE -D Xcode -serialize-debugging-options -enable-experimental-feature DebugDescriptionMacro -empty-abi-descriptor -plugin-path /Applications/Xcode-27.0.0-Release.Candidate.app/Contents/Developer/Toolchains/XcodeDefault.xctoolchain/usr/lib/swift/host/plugins/testing -validate-clang-modules-once -clang-build-session-file /Users/admin/builder/spi-builder-workspace/.derivedData/ModuleCache.noindex/Session.modulevalidation -Xcc -working-directory -Xcc /Users/admin/builder/spi-builder-workspace/.swiftpm/xcode -enable-anonymous-context-mangled-names -file-compilation-dir /Users/admin/builder/spi-builder-workspace/.swiftpm/xcode -Xcc -fmodule-map-file\=/Users/admin/builder/spi-builder-workspace/.dependencies/checkouts/Perfect-mysqlclient/module.modulemap -Xcc -D_LIBCPP_HARDENING_MODE\=_LIBCPP_HARDENING_MODE_DEBUG -Xcc -ivfsstatcache -Xcc /Users/admin/builder/spi-builder-workspace/.derivedData/SDKStatCaches.noindex/watchos27.0-24R360-e829b21a6f8c9b70876ba0858053c04477534ef55a1706bf4c1112bbb242f0a2.sdkstatcache -Xcc -fmodules-prune-interval\=86400 -Xcc -fmodules-prune-after\=345600 -Xcc -I/Users/admin/builder/spi-builder-workspace/.derivedData/Build/Products/Debug-watchos/include -Xcc -I/Users/admin/builder/spi-builder-workspace/.derivedData/Build/Intermediates.noindex/PerfectMySQL.build/Debug-watchos/PerfectMySQL-t.build/DerivedSources-normal/arm64_32 -Xcc -I/Users/admin/builder/spi-builder-workspace/.derivedData/Build/Intermediates.noindex/PerfectMySQL.build/Debug-watchos/PerfectMySQL-t.build/DerivedSources/arm64_32 -Xcc -I/Users/admin/builder/spi-builder-workspace/.derivedData/Build/Intermediates.noindex/PerfectMySQL.build/Debug-watchos/PerfectMySQL-t.build/DerivedSources -Xcc -DSWIFT_PACKAGE -Xcc -DDEBUG\=1 -no-auto-bridging-header-chaining -module-name PerfectMySQL -const-gather-protocols-file /Users/admin/builder/spi-builder-workspace/.derivedData/Build/Intermediates.noindex/PerfectMySQL.build/Debug-watchos/PerfectMySQL-t.build/Objects-normal/arm64_32/PerfectMySQL_const_extract_protocols.json -disable-clang-spi -target-sdk-version 27.0 -target-sdk-name watchos27.0 -external-plugin-path /Applications/Xcode-27.0.0-Release.Candidate.app/Contents/Developer/Platforms/WatchOS.platform/Developer/usr/lib/swift/host/plugins\#/Applications/Xcode-27.0.0-Release.Candidate.app/Contents/Developer/Platforms/WatchOS.platform/Developer/usr/bin/swift-plugin-server -external-plugin-path /Applications/Xcode-27.0.0-Release.Candidate.app/Contents/Developer/Platforms/WatchOS.platform/Developer/usr/local/lib/swift/host/plugins\#/Applications/Xcode-27.0.0-Release.Candidate.app/Contents/Developer/Platforms/WatchOS.platform/Developer/usr/bin/swift-plugin-server -in-process-plugin-server-path /Applications/Xcode-27.0.0-Release.Candidate.app/Contents/Developer/Toolchains/XcodeDefault.xctoolchain/usr/lib/swift/host/libSwiftInProcPluginServer.dylib -plugin-path /Applications/Xcode-27.0.0-Release.Candidate.app/Contents/Developer/Toolchains/XcodeDefault.xctoolchain/usr/lib/swift/host/plugins -plugin-path /Applications/Xcode-27.0.0-Release.Candidate.app/Contents/Developer/Toolchains/XcodeDefault.xctoolchain/usr/local/lib/swift/host/plugins -parse-as-library -o /Users/admin/builder/spi-builder-workspace/.derivedData/Build/Intermediates.noindex/PerfectMySQL.build/Debug-watchos/PerfectMySQL-t.build/Objects-normal/arm64_32/PerfectMySQL.o -index-unit-output-path /PerfectMySQL.build/Debug-watchos/PerfectMySQL-t.build/Objects-normal/arm64_32/PerfectMySQL.o -index-store-path /Users/admin/builder/spi-builder-workspace/.derivedData/Index.noindex/DataStore -index-system-modules
SwiftCompile normal arm64_32 /Users/admin/builder/spi-builder-workspace/Sources/PerfectMySQL/PerfectMySQL.swift (in target 'PerfectMySQL' from project 'PerfectMySQL')
cd /Users/admin/builder/spi-builder-workspace/.swiftpm/xcode
builtin-SwiftPerFileCompile PerfectMySQL.swift
SwiftCompile normal arm64 Compiling\ PerfectMySQL.swift /Users/admin/builder/spi-builder-workspace/Sources/PerfectMySQL/PerfectMySQL.swift (in target 'PerfectMySQL' from project 'PerfectMySQL')
<module-includes>:1:9: note: in file included from <module-includes>:1:
1 | #import "mysql_osx.h"
| `- note: in file included from <module-includes>:1:
2 |
/Users/admin/builder/spi-builder-workspace/.dependencies/checkouts/Perfect-mysqlclient/mysql_osx.h:3:10: error: '/usr/local/include/mysql/mysql.h' file not found
1 | #ifndef __PERFECT_MYSQL_OSX__
2 | #define __PERFECT_MYSQL_OSX__
3 | #include "/usr/local/include/mysql/mysql.h"
| `- error: '/usr/local/include/mysql/mysql.h' file not found
4 |
5 | #if LIBMYSQL_VERSION_ID > 80000
SwiftCompile normal arm64 /Users/admin/builder/spi-builder-workspace/Sources/PerfectMySQL/PerfectMySQL.swift (in target 'PerfectMySQL' from project 'PerfectMySQL')
cd /Users/admin/builder/spi-builder-workspace/.swiftpm/xcode
builtin-SwiftPerFileCompile PerfectMySQL.swift
SwiftCompile normal arm64_32 Compiling\ MySQLCRUD.swift /Users/admin/builder/spi-builder-workspace/Sources/PerfectMySQL/MySQLCRUD.swift (in target 'PerfectMySQL' from project 'PerfectMySQL')
SwiftCompile normal arm64_32 /Users/admin/builder/spi-builder-workspace/Sources/PerfectMySQL/MySQLCRUD.swift (in target 'PerfectMySQL' from project 'PerfectMySQL')
cd /Users/admin/builder/spi-builder-workspace/.swiftpm/xcode
builtin-SwiftPerFileCompile MySQLCRUD.swift
<module-includes>:1:9: note: in file included from <module-includes>:1:
1 | #import "mysql_osx.h"
| `- note: in file included from <module-includes>:1:
2 |
/Users/admin/builder/spi-builder-workspace/.dependencies/checkouts/Perfect-mysqlclient/mysql_osx.h:3:10: error: '/usr/local/include/mysql/mysql.h' file not found
1 | #ifndef __PERFECT_MYSQL_OSX__
2 | #define __PERFECT_MYSQL_OSX__
3 | #include "/usr/local/include/mysql/mysql.h"
| `- error: '/usr/local/include/mysql/mysql.h' file not found
4 |
5 | #if LIBMYSQL_VERSION_ID > 80000
SwiftCompile normal arm64 Compiling\ MySQL.swift /Users/admin/builder/spi-builder-workspace/Sources/PerfectMySQL/MySQL.swift (in target 'PerfectMySQL' from project 'PerfectMySQL')
SwiftCompile normal arm64 /Users/admin/builder/spi-builder-workspace/Sources/PerfectMySQL/MySQL.swift (in target 'PerfectMySQL' from project 'PerfectMySQL')
cd /Users/admin/builder/spi-builder-workspace/.swiftpm/xcode
builtin-SwiftPerFileCompile MySQL.swift
<module-includes>:1:9: note: in file included from <module-includes>:1:
1 | #import "mysql_osx.h"
| `- note: in file included from <module-includes>:1:
2 |
/Users/admin/builder/spi-builder-workspace/.dependencies/checkouts/Perfect-mysqlclient/mysql_osx.h:3:10: error: '/usr/local/include/mysql/mysql.h' file not found
1 | #ifndef __PERFECT_MYSQL_OSX__
2 | #define __PERFECT_MYSQL_OSX__
3 | #include "/usr/local/include/mysql/mysql.h"
| `- error: '/usr/local/include/mysql/mysql.h' file not found
4 |
5 | #if LIBMYSQL_VERSION_ID > 80000
SwiftEmitModule normal arm64 Emitting\ module\ for\ PerfectMySQL (in target 'PerfectMySQL' from project 'PerfectMySQL')
<module-includes>:1:9: note: in file included from <module-includes>:1:
1 | #import "mysql_osx.h"
| `- note: in file included from <module-includes>:1:
2 |
/Users/admin/builder/spi-builder-workspace/.dependencies/checkouts/Perfect-mysqlclient/mysql_osx.h:3:10: error: '/usr/local/include/mysql/mysql.h' file not found
1 | #ifndef __PERFECT_MYSQL_OSX__
2 | #define __PERFECT_MYSQL_OSX__
3 | #include "/usr/local/include/mysql/mysql.h"
| `- error: '/usr/local/include/mysql/mysql.h' file not found
4 |
5 | #if LIBMYSQL_VERSION_ID > 80000
SwiftCompile normal arm64 (in target 'PerfectMySQL' from project 'PerfectMySQL')
cd /Users/admin/builder/spi-builder-workspace/.swiftpm/xcode
SwiftCompile normal arm64_32 Compiling\ MySQLStmt.swift /Users/admin/builder/spi-builder-workspace/Sources/PerfectMySQL/MySQLStmt.swift (in target 'PerfectMySQL' from project 'PerfectMySQL')
<module-includes>:1:9: note: in file included from <module-includes>:1:
1 | #import "mysql_osx.h"
| `- note: in file included from <module-includes>:1:
2 |
/Users/admin/builder/spi-builder-workspace/.dependencies/checkouts/Perfect-mysqlclient/mysql_osx.h:3:10: error: '/usr/local/include/mysql/mysql.h' file not found
1 | #ifndef __PERFECT_MYSQL_OSX__
2 | #define __PERFECT_MYSQL_OSX__
3 | #include "/usr/local/include/mysql/mysql.h"
| `- error: '/usr/local/include/mysql/mysql.h' file not found
4 |
5 | #if LIBMYSQL_VERSION_ID > 80000
SwiftCompile normal arm64_32 /Users/admin/builder/spi-builder-workspace/Sources/PerfectMySQL/MySQLStmt.swift (in target 'PerfectMySQL' from project 'PerfectMySQL')
cd /Users/admin/builder/spi-builder-workspace/.swiftpm/xcode
builtin-SwiftPerFileCompile MySQLStmt.swift
SwiftCompile normal arm64 Compiling\ MySQLStmt.swift /Users/admin/builder/spi-builder-workspace/Sources/PerfectMySQL/MySQLStmt.swift (in target 'PerfectMySQL' from project 'PerfectMySQL')
<module-includes>:1:9: note: in file included from <module-includes>:1:
1 | #import "mysql_osx.h"
| `- note: in file included from <module-includes>:1:
2 |
/Users/admin/builder/spi-builder-workspace/.dependencies/checkouts/Perfect-mysqlclient/mysql_osx.h:3:10: error: '/usr/local/include/mysql/mysql.h' file not found
1 | #ifndef __PERFECT_MYSQL_OSX__
2 | #define __PERFECT_MYSQL_OSX__
3 | #include "/usr/local/include/mysql/mysql.h"
| `- error: '/usr/local/include/mysql/mysql.h' file not found
4 |
5 | #if LIBMYSQL_VERSION_ID > 80000
SwiftCompile normal arm64 /Users/admin/builder/spi-builder-workspace/Sources/PerfectMySQL/MySQLStmt.swift (in target 'PerfectMySQL' from project 'PerfectMySQL')
cd /Users/admin/builder/spi-builder-workspace/.swiftpm/xcode
builtin-SwiftPerFileCompile MySQLStmt.swift
SwiftCompile normal arm64_32 Compiling\ MySQL.swift /Users/admin/builder/spi-builder-workspace/Sources/PerfectMySQL/MySQL.swift (in target 'PerfectMySQL' from project 'PerfectMySQL')
SwiftCompile normal arm64_32 /Users/admin/builder/spi-builder-workspace/Sources/PerfectMySQL/MySQL.swift (in target 'PerfectMySQL' from project 'PerfectMySQL')
cd /Users/admin/builder/spi-builder-workspace/.swiftpm/xcode
builtin-SwiftPerFileCompile MySQL.swift
<module-includes>:1:9: note: in file included from <module-includes>:1:
1 | #import "mysql_osx.h"
| `- note: in file included from <module-includes>:1:
2 |
/Users/admin/builder/spi-builder-workspace/.dependencies/checkouts/Perfect-mysqlclient/mysql_osx.h:3:10: error: '/usr/local/include/mysql/mysql.h' file not found
1 | #ifndef __PERFECT_MYSQL_OSX__
2 | #define __PERFECT_MYSQL_OSX__
3 | #include "/usr/local/include/mysql/mysql.h"
| `- error: '/usr/local/include/mysql/mysql.h' file not found
4 |
5 | #if LIBMYSQL_VERSION_ID > 80000
SwiftCompile normal arm64 Compiling\ MySQLCRUD.swift /Users/admin/builder/spi-builder-workspace/Sources/PerfectMySQL/MySQLCRUD.swift (in target 'PerfectMySQL' from project 'PerfectMySQL')
<module-includes>:1:9: note: in file included from <module-includes>:1:
1 | #import "mysql_osx.h"
| `- note: in file included from <module-includes>:1:
2 |
/Users/admin/builder/spi-builder-workspace/.dependencies/checkouts/Perfect-mysqlclient/mysql_osx.h:3:10: error: '/usr/local/include/mysql/mysql.h' file not found
1 | #ifndef __PERFECT_MYSQL_OSX__
2 | #define __PERFECT_MYSQL_OSX__
3 | #include "/usr/local/include/mysql/mysql.h"
| `- error: '/usr/local/include/mysql/mysql.h' file not found
4 |
5 | #if LIBMYSQL_VERSION_ID > 80000
SwiftCompile normal arm64 /Users/admin/builder/spi-builder-workspace/Sources/PerfectMySQL/MySQLCRUD.swift (in target 'PerfectMySQL' from project 'PerfectMySQL')
cd /Users/admin/builder/spi-builder-workspace/.swiftpm/xcode
builtin-SwiftPerFileCompile MySQLCRUD.swift
SwiftEmitModule normal arm64_32 Emitting\ module\ for\ PerfectCRUD (in target 'PerfectCRUD' from project 'PerfectCRUD')
SwiftCompile normal arm64_32 (in target 'PerfectCRUD' from project 'PerfectCRUD')
cd /Users/admin/builder/spi-builder-workspace/.swiftpm/xcode
PruneExplicitPrecompiledModules /Users/admin/builder/spi-builder-workspace/.derivedData/SDKExplicitPrecompiledModules
PruneExplicitPrecompiledModules /Users/admin/builder/spi-builder-workspace/.derivedData/Build/Intermediates.noindex/ExplicitPrecompiledModules
PruneExplicitPrecompiledModules /Users/admin/builder/spi-builder-workspace/.derivedData/Build/Intermediates.noindex/SwiftExplicitPrecompiledModules
2026-09-16 05:22:11.415 xcodebuild[825:5050] [MT] IDERunDestination: Supported platforms for the buildables in the current scheme is empty.
** BUILD FAILED **
The following build commands failed:
SwiftCompile normal arm64_32 Compiling\ PerfectMySQL.swift /Users/admin/builder/spi-builder-workspace/Sources/PerfectMySQL/PerfectMySQL.swift (in target 'PerfectMySQL' from project 'PerfectMySQL')
SwiftCompile normal arm64_32 /Users/admin/builder/spi-builder-workspace/Sources/PerfectMySQL/PerfectMySQL.swift (in target 'PerfectMySQL' from project 'PerfectMySQL')
Building workspace PerfectMySQL with scheme PerfectMySQL
(3 failures)
BUILD FAILURE 6.4 watchOS