Build Information
Failed to build EnumKit, reference master (ae639d), with Swift 6.4 for tvOS using Xcode 27.0 on 17 Sep 2026 00:57:11 UTC.
Build Command
env DEVELOPER_DIR=/Applications/Xcode-27.0.0-Release.Candidate.app xcrun xcodebuild -IDEClonedSourcePackagesDirPathOverride=$PWD/.dependencies -skipMacroValidation -skipPackagePluginValidation -derivedDataPath $PWD/.derivedData build -scheme EnumKit-Package -destination generic/platform=tvOSBuild Log
========================================
RunAll
========================================
Builder version: 5.1.0
Interrupt handler set up.
========================================
Checkout
========================================
Clone URL: https://github.com/gringoireDM/EnumKit.git
Reference: master
Initialized empty Git repository in /Users/admin/builder/spi-builder-workspace/.git/
From https://github.com/gringoireDM/EnumKit
* branch master -> FETCH_HEAD
* [new branch] master -> origin/master
HEAD is now at ae639df Merge pull request #6 from gringoireDM/add_label_compare
Cloned https://github.com/gringoireDM/EnumKit.git
Revision (git rev-parse @):
ae639dfac5c7116abb64c5f62124915f627140e4
SUCCESS checkout https://github.com/gringoireDM/EnumKit.git at master
========================================
Build
========================================
Selected platform: tvOS
Swift version: 6.4
Building package at path: $PWD
https://github.com/gringoireDM/EnumKit.git
Command line invocation:
/Applications/Xcode-27.0.0-Release.Candidate.app/Contents/Developer/usr/bin/xcodebuild -IDEClonedSourcePackagesDirPathOverride=/Users/admin/builder/spi-builder-workspace/.dependencies -resolvePackageDependencies
resolved source packages:
{
"dependencies" : [
],
"manifest_display_name" : "EnumKit",
"name" : "EnumKit",
"path" : "/Users/admin/builder/spi-builder-workspace",
"platforms" : [
{
"name" : "macos",
"version" : "10.10"
},
{
"name" : "ios",
"version" : "10.0"
},
{
"name" : "tvos",
"version" : "10.0"
},
{
"name" : "watchos",
"version" : "4.0"
}
],
"products" : [
{
"name" : "EnumKit",
"targets" : [
"EnumKit"
],
"type" : {
"library" : [
"automatic"
]
}
}
],
"targets" : [
{
"c99name" : "EnumKitTests",
"module_type" : "SwiftTarget",
"name" : "EnumKitTests",
"path" : "Tests/EnumKitTests",
"sources" : [
"CaseAccessibleExtractionTests.swift",
"CaseAccessibleLabelsTests.swift",
"CaseAccessibleMatchingTests.swift",
"CaseAccessiblePatternExtractionTests.swift",
"CaseAccessibleSequenceTests.swift",
"CaseAccessibleUpdateTests.swift",
"CombineCaptureTests.swift",
"CombineExcludeTests.swift",
"CombineFilterTests.swift",
"CombineMapTests.swift",
"Mocks/MockCaseAccessible.swift",
"Mocks/RecordingObserver.swift",
"XCTestManifests.swift"
],
"target_dependencies" : [
"EnumKit"
],
"type" : "test"
},
{
"c99name" : "EnumKit",
"module_type" : "SwiftTarget",
"name" : "EnumKit",
"path" : "Sources/EnumKit",
"product_memberships" : [
"EnumKit"
],
"sources" : [
"Core/CaseAccessible.swift",
"Extensions/CapturePublisher.swift",
"Extensions/Combine+CaseAccessible.swift",
"Extensions/Sequence+CaseAccessible.swift"
],
"type" : "library"
}
],
"tools_version" : "5.1"
}
{
"project" : {
"configurations" : [
"Debug",
"Release"
],
"name" : "EnumKit",
"schemes" : [
"EnumKit-Package"
],
"targets" : [
"EnumKit",
"EnumKitPackageDescription",
"EnumKitPackageTests",
"EnumKitTests"
]
}
}
Running build ...
env DEVELOPER_DIR=/Applications/Xcode-27.0.0-Release.Candidate.app xcrun xcodebuild -IDEClonedSourcePackagesDirPathOverride=$PWD/.dependencies -skipMacroValidation -skipPackagePluginValidation -derivedDataPath $PWD/.derivedData build -scheme EnumKit-Package -destination generic/platform=tvOS
Command line invocation:
/Applications/Xcode-27.0.0-Release.Candidate.app/Contents/Developer/usr/bin/xcodebuild -IDEClonedSourcePackagesDirPathOverride=/Users/admin/builder/spi-builder-workspace/.dependencies -skipMacroValidation -skipPackagePluginValidation -derivedDataPath /Users/admin/builder/spi-builder-workspace/.derivedData build -scheme EnumKit-Package -destination generic/platform=tvOS
ComputePackagePrebuildTargetDependencyGraph
Prepare packages
CreateBuildRequest
SendProjectDescription
CreateBuildOperation
ComputeTargetDependencyGraph
note: Building targets in dependency order
note: Target dependency graph (1 target)
Target 'EnumKit' in project 'EnumKit' (no dependencies)
GatherProvisioningInputs
CreateBuildDescription
ExecuteExternalTool /Applications/Xcode-27.0.0-Release.Candidate.app/Contents/Developer/Toolchains/XcodeDefault.xctoolchain/usr/bin/clang -v -E -dM -isysroot /Applications/Xcode-27.0.0-Release.Candidate.app/Contents/Developer/Platforms/AppleTVOS.platform/Developer/SDKs/AppleTVOS27.0.sdk -x c -c /dev/null
ExecuteExternalTool /Applications/Xcode-27.0.0-Release.Candidate.app/Contents/Developer/Toolchains/XcodeDefault.xctoolchain/usr/bin/swiftc --version
ExecuteExternalTool /Applications/Xcode-27.0.0-Release.Candidate.app/Contents/Developer/Toolchains/XcodeDefault.xctoolchain/usr/bin/ld -version_details
Build description signature: 08acef25120075c14491177d60df40ac
Build description path: /Users/admin/builder/spi-builder-workspace/.derivedData/Build/Intermediates.noindex/XCBuildData/08acef25120075c14491177d60df40ac.xcbuilddata
/Users/admin/builder/spi-builder-workspace/EnumKit.xcodeproj: error: The tvOS deployment target 'TVOS_DEPLOYMENT_TARGET' is set to 10.0, but the range of supported deployment target versions is 15.0 to 27.0.x. (in target 'EnumKit' from project 'EnumKit')
** BUILD FAILED **
The following build commands failed:
Building project EnumKit with scheme EnumKit-Package
(1 failure)
Command line invocation:
/Applications/Xcode-27.0.0-Release.Candidate.app/Contents/Developer/usr/bin/xcodebuild -IDEClonedSourcePackagesDirPathOverride=/Users/admin/builder/spi-builder-workspace/.dependencies -resolvePackageDependencies
resolved source packages:
{
"dependencies" : [
],
"manifest_display_name" : "EnumKit",
"name" : "EnumKit",
"path" : "/Users/admin/builder/spi-builder-workspace",
"platforms" : [
{
"name" : "macos",
"version" : "10.10"
},
{
"name" : "ios",
"version" : "10.0"
},
{
"name" : "tvos",
"version" : "10.0"
},
{
"name" : "watchos",
"version" : "4.0"
}
],
"products" : [
{
"name" : "EnumKit",
"targets" : [
"EnumKit"
],
"type" : {
"library" : [
"automatic"
]
}
}
],
"targets" : [
{
"c99name" : "EnumKitTests",
"module_type" : "SwiftTarget",
"name" : "EnumKitTests",
"path" : "Tests/EnumKitTests",
"sources" : [
"CaseAccessibleExtractionTests.swift",
"CaseAccessibleLabelsTests.swift",
"CaseAccessibleMatchingTests.swift",
"CaseAccessiblePatternExtractionTests.swift",
"CaseAccessibleSequenceTests.swift",
"CaseAccessibleUpdateTests.swift",
"CombineCaptureTests.swift",
"CombineExcludeTests.swift",
"CombineFilterTests.swift",
"CombineMapTests.swift",
"Mocks/MockCaseAccessible.swift",
"Mocks/RecordingObserver.swift",
"XCTestManifests.swift"
],
"target_dependencies" : [
"EnumKit"
],
"type" : "test"
},
{
"c99name" : "EnumKit",
"module_type" : "SwiftTarget",
"name" : "EnumKit",
"path" : "Sources/EnumKit",
"product_memberships" : [
"EnumKit"
],
"sources" : [
"Core/CaseAccessible.swift",
"Extensions/CapturePublisher.swift",
"Extensions/Combine+CaseAccessible.swift",
"Extensions/Sequence+CaseAccessible.swift"
],
"type" : "library"
}
],
"tools_version" : "5.1"
}
{
"project" : {
"configurations" : [
"Debug",
"Release"
],
"name" : "EnumKit",
"schemes" : [
"EnumKit-Package"
],
"targets" : [
"EnumKit",
"EnumKitPackageDescription",
"EnumKitPackageTests",
"EnumKitTests"
]
}
}
Running build ...
env DEVELOPER_DIR=/Applications/Xcode-27.0.0-Release.Candidate.app xcrun xcodebuild -IDEClonedSourcePackagesDirPathOverride=$PWD/.dependencies -skipMacroValidation -skipPackagePluginValidation -derivedDataPath $PWD/.derivedData build -scheme EnumKit-Package -destination generic/platform=tvOS
Command line invocation:
/Applications/Xcode-27.0.0-Release.Candidate.app/Contents/Developer/usr/bin/xcodebuild -IDEClonedSourcePackagesDirPathOverride=/Users/admin/builder/spi-builder-workspace/.dependencies -skipMacroValidation -skipPackagePluginValidation -derivedDataPath /Users/admin/builder/spi-builder-workspace/.derivedData build -scheme EnumKit-Package -destination generic/platform=tvOS
ComputePackagePrebuildTargetDependencyGraph
Prepare packages
CreateBuildRequest
SendProjectDescription
CreateBuildOperation
ComputeTargetDependencyGraph
note: Building targets in dependency order
note: Target dependency graph (1 target)
Target 'EnumKit' in project 'EnumKit' (no dependencies)
GatherProvisioningInputs
CreateBuildDescription
/Users/admin/builder/spi-builder-workspace/EnumKit.xcodeproj: error: The tvOS deployment target 'TVOS_DEPLOYMENT_TARGET' is set to 10.0, but the range of supported deployment target versions is 15.0 to 27.0.x. (in target 'EnumKit' from project 'EnumKit')
** BUILD FAILED **
The following build commands failed:
Building project EnumKit with scheme EnumKit-Package
(1 failure)
BUILD FAILURE 6.4 tvOS