Build Information
Failed to build Nook, reference v0.4.0 (db42d1), with Swift 6.1 for Wasm on 12 Aug 2026 11:37:06 UTC.
Build Command
bash -c docker run --pull=always --rm -v "checkouts-53886770-1":/host -w "$PWD" -e JAVA_HOME="/root/.sdkman/candidates/java/current" -e SPI_BUILD="1" -e SPI_PROCESSING="1" registry.gitlab.com/saguaro1/spi-images:wasm-6.1-latest swift build --swift-sdk wasm32-unknown-wasi 2>&1Build Log
========================================
RunAll
========================================
Builder version: 729ceb5fcd9493dc13ee340bc4f0908bd201f85d
Interrupt handler set up.
========================================
Checkout
========================================
Clone URL: https://github.com/twinkling-reality/opennook.git
Reference: v0.4.0
Initialized empty Git repository in /host/spi-builder-workspace/.git/
hint: Using 'master' as the name for the initial branch. This default branch name
hint: is subject to change. To configure the initial branch name to use in all
hint: of your new repositories, which will suppress this warning, call:
hint:
hint: git config --global init.defaultBranch <name>
hint:
hint: Names commonly chosen instead of 'master' are 'main', 'trunk' and
hint: 'development'. The just-created branch can be renamed via this command:
hint:
hint: git branch -m <name>
From https://github.com/twinkling-reality/opennook
* tag v0.4.0 -> FETCH_HEAD
HEAD is now at db42d19 Fix activity queue dwell timing flake on CI.
Cloned https://github.com/twinkling-reality/opennook.git
Revision (git rev-parse @):
db42d19f0636bd95115f25c2ca0d2cb75d8f9b75
SPI manifest file found: $PWD/.spi.yml
SUCCESS checkout https://github.com/twinkling-reality/opennook.git at v0.4.0
========================================
Build
========================================
Selected platform: wasm
Swift version: 6.1
Building package at path: $PWD
https://github.com/twinkling-reality/opennook.git
https://github.com/twinkling-reality/opennook.git
WARNING: environment variable SUPPRESS_SWIFT_6_FLAGS is not set
Running build ...
bash -c docker run --pull=always --rm -v "checkouts-53886770-1":/host -w "$PWD" -e JAVA_HOME="/root/.sdkman/candidates/java/current" -e SPI_BUILD="1" -e SPI_PROCESSING="1" registry.gitlab.com/saguaro1/spi-images:wasm-6.1-latest swift build --swift-sdk wasm32-unknown-wasi -Xswiftc -Xfrontend -Xswiftc -stats-output-dir -Xswiftc -Xfrontend -Xswiftc .stats -Xswiftc -strict-concurrency=complete -Xswiftc -enable-upcoming-feature -Xswiftc StrictConcurrency -Xswiftc -enable-upcoming-feature -Xswiftc DisableOutwardActorInference -Xswiftc -enable-upcoming-feature -Xswiftc GlobalActorIsolatedTypesUsability -Xswiftc -enable-upcoming-feature -Xswiftc InferSendableFromCaptures 2>&1
wasm-6.1-latest: Pulling from saguaro1/spi-images
Digest: sha256:290f441d1f5b7bf0dbbe61e8b7514208804cdcb507d57b3c762463ad036298f7
Status: Image is up to date for registry.gitlab.com/saguaro1/spi-images:wasm-6.1-latest
Building for debugging...
[0/49] Write sources
[14/49] Write swift-version-24593BA9C3E375BF.txt
[16/69] Compiling NookSurface NookContentInsets.swift
/host/spi-builder-workspace/Sources/NookSurface/Internal/BlurModifier.swift:9:8: error: no such module 'SwiftUI'
7 | // Modifications license: /LICENSE-MIT-NOOKSURFACE
8 |
9 | import SwiftUI
| `- error: no such module 'SwiftUI'
10 |
11 | /// Internal helpers used by the chrome's expand/collapse transitions.
[17/69] Compiling NookSurface NookControllable.swift
/host/spi-builder-workspace/Sources/NookSurface/Internal/BlurModifier.swift:9:8: error: no such module 'SwiftUI'
7 | // Modifications license: /LICENSE-MIT-NOOKSURFACE
8 |
9 | import SwiftUI
| `- error: no such module 'SwiftUI'
10 |
11 | /// Internal helpers used by the chrome's expand/collapse transitions.
[18/69] Compiling NookSurface NookFeedback.swift
/host/spi-builder-workspace/Sources/NookSurface/Internal/BlurModifier.swift:9:8: error: no such module 'SwiftUI'
7 | // Modifications license: /LICENSE-MIT-NOOKSURFACE
8 |
9 | import SwiftUI
| `- error: no such module 'SwiftUI'
10 |
11 | /// Internal helpers used by the chrome's expand/collapse transitions.
[19/69] Compiling NookSurface BlurModifier.swift
/host/spi-builder-workspace/Sources/NookSurface/Internal/BlurModifier.swift:9:8: error: no such module 'SwiftUI'
7 | // Modifications license: /LICENSE-MIT-NOOKSURFACE
8 |
9 | import SwiftUI
| `- error: no such module 'SwiftUI'
10 |
11 | /// Internal helpers used by the chrome's expand/collapse transitions.
[20/69] Compiling NookSurface NSScreen+Extensions.swift
/host/spi-builder-workspace/Sources/NookSurface/Internal/BlurModifier.swift:9:8: error: no such module 'SwiftUI'
7 | // Modifications license: /LICENSE-MIT-NOOKSURFACE
8 |
9 | import SwiftUI
| `- error: no such module 'SwiftUI'
10 |
11 | /// Internal helpers used by the chrome's expand/collapse transitions.
[21/69] Compiling NookSurface Nook+Drag.swift
/host/spi-builder-workspace/Sources/NookSurface/Internal/BlurModifier.swift:9:8: error: no such module 'SwiftUI'
7 | // Modifications license: /LICENSE-MIT-NOOKSURFACE
8 |
9 | import SwiftUI
| `- error: no such module 'SwiftUI'
10 |
11 | /// Internal helpers used by the chrome's expand/collapse transitions.
[22/71] Compiling NookSurface NookState.swift
/host/spi-builder-workspace/Sources/NookSurface/Internal/BlurModifier.swift:9:8: error: no such module 'SwiftUI'
7 | // Modifications license: /LICENSE-MIT-NOOKSURFACE
8 |
9 | import SwiftUI
| `- error: no such module 'SwiftUI'
10 |
11 | /// Internal helpers used by the chrome's expand/collapse transitions.
[23/71] Compiling NookSurface NookStyle.swift
/host/spi-builder-workspace/Sources/NookSurface/Internal/BlurModifier.swift:9:8: error: no such module 'SwiftUI'
7 | // Modifications license: /LICENSE-MIT-NOOKSURFACE
8 |
9 | import SwiftUI
| `- error: no such module 'SwiftUI'
10 |
11 | /// Internal helpers used by the chrome's expand/collapse transitions.
[24/71] Compiling NookSurface NookDragDestination.swift
/host/spi-builder-workspace/Sources/NookSurface/Internal/BlurModifier.swift:9:8: error: no such module 'SwiftUI'
7 | // Modifications license: /LICENSE-MIT-NOOKSURFACE
8 |
9 | import SwiftUI
| `- error: no such module 'SwiftUI'
10 |
11 | /// Internal helpers used by the chrome's expand/collapse transitions.
[25/71] Compiling NookSurface NookFeedbackEvent.swift
/host/spi-builder-workspace/Sources/NookSurface/Internal/BlurModifier.swift:9:8: error: no such module 'SwiftUI'
7 | // Modifications license: /LICENSE-MIT-NOOKSURFACE
8 |
9 | import SwiftUI
| `- error: no such module 'SwiftUI'
10 |
11 | /// Internal helpers used by the chrome's expand/collapse transitions.
[26/71] Compiling NookSurface NookFeedbackOverlay.swift
/host/spi-builder-workspace/Sources/NookSurface/Internal/BlurModifier.swift:9:8: error: no such module 'SwiftUI'
7 | // Modifications license: /LICENSE-MIT-NOOKSURFACE
8 |
9 | import SwiftUI
| `- error: no such module 'SwiftUI'
10 |
11 | /// Internal helpers used by the chrome's expand/collapse transitions.
[27/71] Compiling NookSurface NookSurfaceAmbience.swift
/host/spi-builder-workspace/Sources/NookSurface/Internal/BlurModifier.swift:9:8: error: no such module 'SwiftUI'
7 | // Modifications license: /LICENSE-MIT-NOOKSURFACE
8 |
9 | import SwiftUI
| `- error: no such module 'SwiftUI'
10 |
11 | /// Internal helpers used by the chrome's expand/collapse transitions.
[28/71] Compiling NookSurface NookTransitionConfiguration.swift
/host/spi-builder-workspace/Sources/NookSurface/Internal/BlurModifier.swift:9:8: error: no such module 'SwiftUI'
7 | // Modifications license: /LICENSE-MIT-NOOKSURFACE
8 |
9 | import SwiftUI
| `- error: no such module 'SwiftUI'
10 |
11 | /// Internal helpers used by the chrome's expand/collapse transitions.
[29/71] Compiling NookSurface VisualEffectView.swift
/host/spi-builder-workspace/Sources/NookSurface/Internal/BlurModifier.swift:9:8: error: no such module 'SwiftUI'
7 | // Modifications license: /LICENSE-MIT-NOOKSURFACE
8 |
9 | import SwiftUI
| `- error: no such module 'SwiftUI'
10 |
11 | /// Internal helpers used by the chrome's expand/collapse transitions.
[30/71] Compiling NookSurface Nook.swift
/host/spi-builder-workspace/Sources/NookSurface/Internal/BlurModifier.swift:9:8: error: no such module 'SwiftUI'
7 | // Modifications license: /LICENSE-MIT-NOOKSURFACE
8 |
9 | import SwiftUI
| `- error: no such module 'SwiftUI'
10 |
11 | /// Internal helpers used by the chrome's expand/collapse transitions.
[31/71] Compiling NookSurface NookBackdrop.swift
/host/spi-builder-workspace/Sources/NookSurface/Internal/BlurModifier.swift:9:8: error: no such module 'SwiftUI'
7 | // Modifications license: /LICENSE-MIT-NOOKSURFACE
8 |
9 | import SwiftUI
| `- error: no such module 'SwiftUI'
10 |
11 | /// Internal helpers used by the chrome's expand/collapse transitions.
[32/71] Compiling NookSurface NookHoverBehavior.swift
/host/spi-builder-workspace/Sources/NookSurface/Internal/BlurModifier.swift:9:8: error: no such module 'SwiftUI'
7 | // Modifications license: /LICENSE-MIT-NOOKSURFACE
8 |
9 | import SwiftUI
| `- error: no such module 'SwiftUI'
10 |
11 | /// Internal helpers used by the chrome's expand/collapse transitions.
[33/71] Compiling NookSurface NookPresentation.swift
/host/spi-builder-workspace/Sources/NookSurface/Internal/BlurModifier.swift:9:8: error: no such module 'SwiftUI'
7 | // Modifications license: /LICENSE-MIT-NOOKSURFACE
8 |
9 | import SwiftUI
| `- error: no such module 'SwiftUI'
10 |
11 | /// Internal helpers used by the chrome's expand/collapse transitions.
error: emit-module command failed with exit code 1 (use -v to see invocation)
[34/71] Emitting module NookSurface
/host/spi-builder-workspace/Sources/NookSurface/Internal/BlurModifier.swift:9:8: error: no such module 'SwiftUI'
7 | // Modifications license: /LICENSE-MIT-NOOKSURFACE
8 |
9 | import SwiftUI
| `- error: no such module 'SwiftUI'
10 |
11 | /// Internal helpers used by the chrome's expand/collapse transitions.
[35/71] Compiling NookSurface NookPanel.swift
/host/spi-builder-workspace/Sources/NookSurface/Internal/BlurModifier.swift:9:8: error: no such module 'SwiftUI'
7 | // Modifications license: /LICENSE-MIT-NOOKSURFACE
8 |
9 | import SwiftUI
| `- error: no such module 'SwiftUI'
10 |
11 | /// Internal helpers used by the chrome's expand/collapse transitions.
[36/71] Compiling NookSurface NookShape.swift
/host/spi-builder-workspace/Sources/NookSurface/Internal/BlurModifier.swift:9:8: error: no such module 'SwiftUI'
7 | // Modifications license: /LICENSE-MIT-NOOKSURFACE
8 |
9 | import SwiftUI
| `- error: no such module 'SwiftUI'
10 |
11 | /// Internal helpers used by the chrome's expand/collapse transitions.
[37/71] Compiling NookSurface NookView.swift
/host/spi-builder-workspace/Sources/NookSurface/Internal/BlurModifier.swift:9:8: error: no such module 'SwiftUI'
7 | // Modifications license: /LICENSE-MIT-NOOKSURFACE
8 |
9 | import SwiftUI
| `- error: no such module 'SwiftUI'
10 |
11 | /// Internal helpers used by the chrome's expand/collapse transitions.
Running build ...
bash -c docker run --pull=always --rm -v "checkouts-53886770-1":/host -w "$PWD" -e JAVA_HOME="/root/.sdkman/candidates/java/current" -e SPI_BUILD="1" -e SPI_PROCESSING="1" registry.gitlab.com/saguaro1/spi-images:wasm-6.1-latest swift build --swift-sdk wasm32-unknown-wasi 2>&1
wasm-6.1-latest: Pulling from saguaro1/spi-images
Digest: sha256:290f441d1f5b7bf0dbbe61e8b7514208804cdcb507d57b3c762463ad036298f7
Status: Image is up to date for registry.gitlab.com/saguaro1/spi-images:wasm-6.1-latest
[0/1] Planning build
Building for debugging...
[0/35] Write swift-version-24593BA9C3E375BF.txt
[2/55] Compiling NookSurface NookHoverBehavior.swift
/host/spi-builder-workspace/Sources/NookSurface/Internal/BlurModifier.swift:9:8: error: no such module 'SwiftUI'
7 | // Modifications license: /LICENSE-MIT-NOOKSURFACE
8 |
9 | import SwiftUI
| `- error: no such module 'SwiftUI'
10 |
11 | /// Internal helpers used by the chrome's expand/collapse transitions.
[3/55] Compiling NookSurface NookPresentation.swift
/host/spi-builder-workspace/Sources/NookSurface/Internal/BlurModifier.swift:9:8: error: no such module 'SwiftUI'
7 | // Modifications license: /LICENSE-MIT-NOOKSURFACE
8 |
9 | import SwiftUI
| `- error: no such module 'SwiftUI'
10 |
11 | /// Internal helpers used by the chrome's expand/collapse transitions.
[4/57] Compiling NookSurface BlurModifier.swift
/host/spi-builder-workspace/Sources/NookSurface/Internal/BlurModifier.swift:9:8: error: no such module 'SwiftUI'
7 | // Modifications license: /LICENSE-MIT-NOOKSURFACE
8 |
9 | import SwiftUI
| `- error: no such module 'SwiftUI'
10 |
11 | /// Internal helpers used by the chrome's expand/collapse transitions.
[5/57] Compiling NookSurface NSScreen+Extensions.swift
/host/spi-builder-workspace/Sources/NookSurface/Internal/BlurModifier.swift:9:8: error: no such module 'SwiftUI'
7 | // Modifications license: /LICENSE-MIT-NOOKSURFACE
8 |
9 | import SwiftUI
| `- error: no such module 'SwiftUI'
10 |
11 | /// Internal helpers used by the chrome's expand/collapse transitions.
[6/57] Compiling NookSurface Nook+Drag.swift
/host/spi-builder-workspace/Sources/NookSurface/Internal/BlurModifier.swift:9:8: error: no such module 'SwiftUI'
7 | // Modifications license: /LICENSE-MIT-NOOKSURFACE
8 |
9 | import SwiftUI
| `- error: no such module 'SwiftUI'
10 |
11 | /// Internal helpers used by the chrome's expand/collapse transitions.
error: emit-module command failed with exit code 1 (use -v to see invocation)
[7/57] Emitting module NookSurface
/host/spi-builder-workspace/Sources/NookSurface/Internal/BlurModifier.swift:9:8: error: no such module 'SwiftUI'
7 | // Modifications license: /LICENSE-MIT-NOOKSURFACE
8 |
9 | import SwiftUI
| `- error: no such module 'SwiftUI'
10 |
11 | /// Internal helpers used by the chrome's expand/collapse transitions.
[8/57] Compiling NookSurface NookSurfaceAmbience.swift
/host/spi-builder-workspace/Sources/NookSurface/Internal/BlurModifier.swift:9:8: error: no such module 'SwiftUI'
7 | // Modifications license: /LICENSE-MIT-NOOKSURFACE
8 |
9 | import SwiftUI
| `- error: no such module 'SwiftUI'
10 |
11 | /// Internal helpers used by the chrome's expand/collapse transitions.
[9/57] Compiling NookSurface NookTransitionConfiguration.swift
/host/spi-builder-workspace/Sources/NookSurface/Internal/BlurModifier.swift:9:8: error: no such module 'SwiftUI'
7 | // Modifications license: /LICENSE-MIT-NOOKSURFACE
8 |
9 | import SwiftUI
| `- error: no such module 'SwiftUI'
10 |
11 | /// Internal helpers used by the chrome's expand/collapse transitions.
[10/57] Compiling NookSurface NookState.swift
/host/spi-builder-workspace/Sources/NookSurface/Internal/BlurModifier.swift:9:8: error: no such module 'SwiftUI'
7 | // Modifications license: /LICENSE-MIT-NOOKSURFACE
8 |
9 | import SwiftUI
| `- error: no such module 'SwiftUI'
10 |
11 | /// Internal helpers used by the chrome's expand/collapse transitions.
[11/57] Compiling NookSurface NookStyle.swift
/host/spi-builder-workspace/Sources/NookSurface/Internal/BlurModifier.swift:9:8: error: no such module 'SwiftUI'
7 | // Modifications license: /LICENSE-MIT-NOOKSURFACE
8 |
9 | import SwiftUI
| `- error: no such module 'SwiftUI'
10 |
11 | /// Internal helpers used by the chrome's expand/collapse transitions.
[12/57] Compiling NookSurface NookContentInsets.swift
/host/spi-builder-workspace/Sources/NookSurface/Internal/BlurModifier.swift:9:8: error: no such module 'SwiftUI'
7 | // Modifications license: /LICENSE-MIT-NOOKSURFACE
8 |
9 | import SwiftUI
| `- error: no such module 'SwiftUI'
10 |
11 | /// Internal helpers used by the chrome's expand/collapse transitions.
[13/57] Compiling NookSurface NookControllable.swift
/host/spi-builder-workspace/Sources/NookSurface/Internal/BlurModifier.swift:9:8: error: no such module 'SwiftUI'
7 | // Modifications license: /LICENSE-MIT-NOOKSURFACE
8 |
9 | import SwiftUI
| `- error: no such module 'SwiftUI'
10 |
11 | /// Internal helpers used by the chrome's expand/collapse transitions.
[14/57] Compiling NookSurface NookFeedback.swift
/host/spi-builder-workspace/Sources/NookSurface/Internal/BlurModifier.swift:9:8: error: no such module 'SwiftUI'
7 | // Modifications license: /LICENSE-MIT-NOOKSURFACE
8 |
9 | import SwiftUI
| `- error: no such module 'SwiftUI'
10 |
11 | /// Internal helpers used by the chrome's expand/collapse transitions.
[15/57] Compiling NookSurface VisualEffectView.swift
/host/spi-builder-workspace/Sources/NookSurface/Internal/BlurModifier.swift:9:8: error: no such module 'SwiftUI'
7 | // Modifications license: /LICENSE-MIT-NOOKSURFACE
8 |
9 | import SwiftUI
| `- error: no such module 'SwiftUI'
10 |
11 | /// Internal helpers used by the chrome's expand/collapse transitions.
[16/57] Compiling NookSurface Nook.swift
/host/spi-builder-workspace/Sources/NookSurface/Internal/BlurModifier.swift:9:8: error: no such module 'SwiftUI'
7 | // Modifications license: /LICENSE-MIT-NOOKSURFACE
8 |
9 | import SwiftUI
| `- error: no such module 'SwiftUI'
10 |
11 | /// Internal helpers used by the chrome's expand/collapse transitions.
[17/57] Compiling NookSurface NookBackdrop.swift
/host/spi-builder-workspace/Sources/NookSurface/Internal/BlurModifier.swift:9:8: error: no such module 'SwiftUI'
7 | // Modifications license: /LICENSE-MIT-NOOKSURFACE
8 |
9 | import SwiftUI
| `- error: no such module 'SwiftUI'
10 |
11 | /// Internal helpers used by the chrome's expand/collapse transitions.
[18/57] Compiling NookSurface NookDragDestination.swift
/host/spi-builder-workspace/Sources/NookSurface/Internal/BlurModifier.swift:9:8: error: no such module 'SwiftUI'
7 | // Modifications license: /LICENSE-MIT-NOOKSURFACE
8 |
9 | import SwiftUI
| `- error: no such module 'SwiftUI'
10 |
11 | /// Internal helpers used by the chrome's expand/collapse transitions.
[19/57] Compiling NookSurface NookFeedbackEvent.swift
/host/spi-builder-workspace/Sources/NookSurface/Internal/BlurModifier.swift:9:8: error: no such module 'SwiftUI'
7 | // Modifications license: /LICENSE-MIT-NOOKSURFACE
8 |
9 | import SwiftUI
| `- error: no such module 'SwiftUI'
10 |
11 | /// Internal helpers used by the chrome's expand/collapse transitions.
[20/57] Compiling NookSurface NookFeedbackOverlay.swift
/host/spi-builder-workspace/Sources/NookSurface/Internal/BlurModifier.swift:9:8: error: no such module 'SwiftUI'
7 | // Modifications license: /LICENSE-MIT-NOOKSURFACE
8 |
9 | import SwiftUI
| `- error: no such module 'SwiftUI'
10 |
11 | /// Internal helpers used by the chrome's expand/collapse transitions.
[21/57] Compiling NookSurface NookPanel.swift
/host/spi-builder-workspace/Sources/NookSurface/Internal/BlurModifier.swift:9:8: error: no such module 'SwiftUI'
7 | // Modifications license: /LICENSE-MIT-NOOKSURFACE
8 |
9 | import SwiftUI
| `- error: no such module 'SwiftUI'
10 |
11 | /// Internal helpers used by the chrome's expand/collapse transitions.
[22/57] Compiling NookSurface NookShape.swift
/host/spi-builder-workspace/Sources/NookSurface/Internal/BlurModifier.swift:9:8: error: no such module 'SwiftUI'
7 | // Modifications license: /LICENSE-MIT-NOOKSURFACE
8 |
9 | import SwiftUI
| `- error: no such module 'SwiftUI'
10 |
11 | /// Internal helpers used by the chrome's expand/collapse transitions.
[23/57] Compiling NookSurface NookView.swift
/host/spi-builder-workspace/Sources/NookSurface/Internal/BlurModifier.swift:9:8: error: no such module 'SwiftUI'
7 | // Modifications license: /LICENSE-MIT-NOOKSURFACE
8 |
9 | import SwiftUI
| `- error: no such module 'SwiftUI'
10 |
11 | /// Internal helpers used by the chrome's expand/collapse transitions.
BUILD FAILURE 6.1 wasm