Build Information
Failed to build UIScrollView_InfiniteScroll, reference 1.3.0 (ff0c2b), with Swift 6.4 for watchOS using Xcode 27.0 on 20 Sep 2026 23:05:46 UTC.
Build Command
No build command. This typically means the build failed at an early stage where we determine the build command.Build Log
========================================
RunAll
========================================
Builder version: 5.1.0
Interrupt handler set up.
========================================
Checkout
========================================
Clone URL: https://github.com/pronebird/UIScrollView-InfiniteScroll.git
Reference: 1.3.0
Initialized empty Git repository in /Users/admin/builder/spi-builder-workspace/.git/
From https://github.com/pronebird/UIScrollView-InfiniteScroll
* tag 1.3.0 -> FETCH_HEAD
HEAD is now at ff0c2b0 Merge branch 'refactor'
Cloned https://github.com/pronebird/UIScrollView-InfiniteScroll.git
Revision (git rev-parse @):
ff0c2b0d0d83961f36df3dfb3e6ff6929ff46dd3
SUCCESS checkout https://github.com/pronebird/UIScrollView-InfiniteScroll.git at 1.3.0
========================================
Build
========================================
Selected platform: watchOS
Swift version: 6.4
Building package at path: $PWD
https://github.com/pronebird/UIScrollView-InfiniteScroll.git
Command line invocation:
/Applications/Xcode-27.0.0-Release.Candidate.app/Contents/Developer/usr/bin/xcodebuild -IDEClonedSourcePackagesDirPathOverride=/Users/admin/builder/spi-builder-workspace/.dependencies -resolvePackageDependencies
2026-09-20 19:05:45.742 xcodebuild[525:2978] Writing error result bundle to /var/folders/xq/y_g06wb113726d38xsyx71_h0000gn/T/ResultBundle_2026-20-09_19-05-0045.xcresult
xcodebuild: error: The directory /Users/admin/builder/spi-builder-workspace contains 2 projects, including multiple projects with the current extension (.xcodeproj). Specify the project to use with the -project option.
Command line invocation:
/Applications/Xcode-27.0.0-Release.Candidate.app/Contents/Developer/usr/bin/xcodebuild -IDEClonedSourcePackagesDirPathOverride=/Users/admin/builder/spi-builder-workspace/.dependencies -resolvePackageDependencies
2026-09-20 19:05:46.759 xcodebuild[535:3059] Writing error result bundle to /var/folders/xq/y_g06wb113726d38xsyx71_h0000gn/T/ResultBundle_2026-20-09_19-05-0046.xcresult
xcodebuild: error: The directory /Users/admin/builder/spi-builder-workspace contains 2 projects, including multiple projects with the current extension (.xcodeproj). Specify the project to use with the -project option.
BUILD FAILURE 6.4 watchOS