The Swift Package Index logo.Swift Package Index

Build Information

Failed to build M3U8Falcon, reference v1.3.2 (735264), with Swift 6.2 for Android on 26 Jun 2026 16:17:59 UTC.

Build Command

bash -c docker run --pull=always --rm -v "checkouts-53886768-0":/host -w "$PWD" -e JAVA_HOME="/root/.sdkman/candidates/java/current" -e SPI_BUILD="1" -e SPI_PROCESSING="1" registry.gitlab.com/saguaro1/spi-images:android-6.2-latest swift build --swift-sdk aarch64-unknown-linux-android28 2>&1

Build Log

========================================
RunAll
========================================
Builder version: 0e64495ecc1688c3b3e031a5ef1348b5c05091ae
Interrupt handler set up.
========================================
Checkout
========================================
Clone URL: https://github.com/ftitreefly/m3u8-falcon.git
Reference: v1.3.2
Initialized empty Git repository in /host/spi-builder-workspace/.git/
hint: Using 'master' as the name for the initial branch. This default branch name
hint: is subject to change. To configure the initial branch name to use in all
hint: of your new repositories, which will suppress this warning, call:
hint:
hint: 	git config --global init.defaultBranch <name>
hint:
hint: Names commonly chosen instead of 'master' are 'main', 'trunk' and
hint: 'development'. The just-created branch can be renamed via this command:
hint:
hint: 	git branch -m <name>
From https://github.com/ftitreefly/m3u8-falcon
 * tag               v1.3.2     -> FETCH_HEAD
HEAD is now at 7352641 docs: Remove platform-specific features section from README
Cloned https://github.com/ftitreefly/m3u8-falcon.git
Revision (git rev-parse @):
73526416fdc4ec315a3db5e98cbd7330bd693f38
SUCCESS checkout https://github.com/ftitreefly/m3u8-falcon.git at v1.3.2
========================================
Build
========================================
Selected platform:         android
Swift version:             6.2
Building package at path:  $PWD
https://github.com/ftitreefly/m3u8-falcon.git
Running build ...
bash -c docker run --pull=always --rm -v "checkouts-53886768-0":/host -w "$PWD" -e JAVA_HOME="/root/.sdkman/candidates/java/current" -e SPI_BUILD="1" -e SPI_PROCESSING="1" registry.gitlab.com/saguaro1/spi-images:android-6.2-latest swift build --swift-sdk aarch64-unknown-linux-android28 2>&1
android-6.2-latest: Pulling from saguaro1/spi-images
Digest: sha256:3f0849bce0d177c252f57ff0847fffe59d625aee973279c71a52a43c740d3c90
Status: Image is up to date for registry.gitlab.com/saguaro1/spi-images:android-6.2-latest
Fetching https://github.com/apple/swift-argument-parser.git
Fetching https://github.com/swiftlang/swift-docc-plugin
[1/2299] Fetching swift-docc-plugin
[2300/20248] Fetching swift-docc-plugin, swift-argument-parser
Fetched https://github.com/swiftlang/swift-docc-plugin from cache (0.71s)
Fetched https://github.com/apple/swift-argument-parser.git from cache (0.71s)
Computing version for https://github.com/swiftlang/swift-docc-plugin
Computed https://github.com/swiftlang/swift-docc-plugin at 1.5.0 (1.58s)
Fetching https://github.com/swiftlang/swift-docc-symbolkit
[1/3749] Fetching swift-docc-symbolkit
Fetched https://github.com/swiftlang/swift-docc-symbolkit from cache (0.60s)
Computing version for https://github.com/swiftlang/swift-docc-symbolkit
Computed https://github.com/swiftlang/swift-docc-symbolkit at 1.0.0 (0.79s)
Computing version for https://github.com/apple/swift-argument-parser.git
Computed https://github.com/apple/swift-argument-parser.git at 1.8.2 (0.14s)
Creating working copy for https://github.com/swiftlang/swift-docc-plugin
Working copy of https://github.com/swiftlang/swift-docc-plugin resolved at 1.5.0
Creating working copy for https://github.com/swiftlang/swift-docc-symbolkit
Working copy of https://github.com/swiftlang/swift-docc-symbolkit resolved at 1.0.0
Creating working copy for https://github.com/apple/swift-argument-parser.git
Working copy of https://github.com/apple/swift-argument-parser.git resolved at 1.8.2
[1/1] Compiling plugin Swift-DocC Preview
[2/2] Compiling plugin Swift-DocC
[3/3] Compiling plugin GenerateManual
[4/4] Compiling plugin GenerateDoccReference
Building for debugging...
[4/15] Write sources
[8/15] Write swift-version--11D90AFD9DD3AB2.txt
error: emit-module command failed with exit code 1 (use -v to see invocation)
[10/54] Emitting module M3U8Falcon
/host/spi-builder-workspace/Sources/M3U8Falcon/Utilities/Logging/Logger.swift:202:45: error: cannot find 'isatty' in scope
200 |
201 |     /// TTY detection for color/emoji output
202 |     private static let stdoutIsTTY: Bool = (isatty(STDOUT_FILENO) != 0)
    |                                             `- error: cannot find 'isatty' in scope
203 |
204 |     /// Cached DateFormatter (used only on logQueue)
/host/spi-builder-workspace/Sources/M3U8Falcon/Utilities/Logging/Logger.swift:202:52: error: cannot find 'STDOUT_FILENO' in scope
200 |
201 |     /// TTY detection for color/emoji output
202 |     private static let stdoutIsTTY: Bool = (isatty(STDOUT_FILENO) != 0)
    |                                                    `- error: cannot find 'STDOUT_FILENO' in scope
203 |
204 |     /// Cached DateFormatter (used only on logQueue)
[11/59] Emitting module ArgumentParserToolInfo
[12/59] Compiling ArgumentParserToolInfo ToolInfo.swift
[13/60] Wrapping AST for ArgumentParserToolInfo for debugging
[15/107] Emitting module ArgumentParser
[16/113] Compiling ArgumentParser AsyncCompletionsValidator.swift
[17/113] Compiling ArgumentParser CodingKeyValidator.swift
[18/113] Compiling ArgumentParser NonsenseFlagsValidator.swift
[19/113] Compiling ArgumentParser ParsableArgumentsValidation.swift
[20/113] Compiling ArgumentParser PositionalArgumentsValidator.swift
[21/113] Compiling ArgumentParser UniqueNamesValidator.swift
[22/113] Compiling ArgumentParser Mutex.swift
[23/113] Compiling ArgumentParser Platform.swift
[24/113] Compiling ArgumentParser SequenceExtensions.swift
[25/113] Compiling ArgumentParser StringExtensions.swift
[26/113] Compiling ArgumentParser SwiftExtensions.swift
[27/113] Compiling ArgumentParser Tree.swift
[28/113] Compiling ArgumentParser HelpCommand.swift
[29/113] Compiling ArgumentParser HelpGenerator.swift
[30/113] Compiling ArgumentParser MessageInfo.swift
[31/113] Compiling ArgumentParser UsageGenerator.swift
[32/113] Compiling ArgumentParser CollectionExtensions.swift
[33/113] Compiling ArgumentParser Foundation.swift
[34/113] Compiling ArgumentParser Name.swift
[35/113] Compiling ArgumentParser Parsed.swift
[36/113] Compiling ArgumentParser ParsedValues.swift
[37/113] Compiling ArgumentParser ParserError.swift
[38/113] Compiling ArgumentParser SplitArguments.swift
[39/113] Compiling ArgumentParser DumpHelpGenerator.swift
[40/113] Compiling ArgumentParser Flag.swift
/host/spi-builder-workspace/Sources/M3U8Falcon/Utilities/Logging/Logger.swift:202:45: error: cannot find 'isatty' in scope
200 |
201 |     /// TTY detection for color/emoji output
202 |     private static let stdoutIsTTY: Bool = (isatty(STDOUT_FILENO) != 0)
    |                                             `- error: cannot find 'isatty' in scope
203 |
204 |     /// Cached DateFormatter (used only on logQueue)
/host/spi-builder-workspace/Sources/M3U8Falcon/Utilities/Logging/Logger.swift:202:52: error: cannot find 'STDOUT_FILENO' in scope
200 |
201 |     /// TTY detection for color/emoji output
202 |     private static let stdoutIsTTY: Bool = (isatty(STDOUT_FILENO) != 0)
    |                                                    `- error: cannot find 'STDOUT_FILENO' in scope
203 |
204 |     /// Cached DateFormatter (used only on logQueue)
[41/113] Compiling ArgumentParser NameSpecification.swift
/host/spi-builder-workspace/Sources/M3U8Falcon/Utilities/Logging/Logger.swift:202:45: error: cannot find 'isatty' in scope
200 |
201 |     /// TTY detection for color/emoji output
202 |     private static let stdoutIsTTY: Bool = (isatty(STDOUT_FILENO) != 0)
    |                                             `- error: cannot find 'isatty' in scope
203 |
204 |     /// Cached DateFormatter (used only on logQueue)
/host/spi-builder-workspace/Sources/M3U8Falcon/Utilities/Logging/Logger.swift:202:52: error: cannot find 'STDOUT_FILENO' in scope
200 |
201 |     /// TTY detection for color/emoji output
202 |     private static let stdoutIsTTY: Bool = (isatty(STDOUT_FILENO) != 0)
    |                                                    `- error: cannot find 'STDOUT_FILENO' in scope
203 |
204 |     /// Cached DateFormatter (used only on logQueue)
[42/113] Compiling ArgumentParser Option.swift
/host/spi-builder-workspace/Sources/M3U8Falcon/Utilities/Logging/Logger.swift:202:45: error: cannot find 'isatty' in scope
200 |
201 |     /// TTY detection for color/emoji output
202 |     private static let stdoutIsTTY: Bool = (isatty(STDOUT_FILENO) != 0)
    |                                             `- error: cannot find 'isatty' in scope
203 |
204 |     /// Cached DateFormatter (used only on logQueue)
/host/spi-builder-workspace/Sources/M3U8Falcon/Utilities/Logging/Logger.swift:202:52: error: cannot find 'STDOUT_FILENO' in scope
200 |
201 |     /// TTY detection for color/emoji output
202 |     private static let stdoutIsTTY: Bool = (isatty(STDOUT_FILENO) != 0)
    |                                                    `- error: cannot find 'STDOUT_FILENO' in scope
203 |
204 |     /// Cached DateFormatter (used only on logQueue)
[43/113] Compiling ArgumentParser OptionGroup.swift
/host/spi-builder-workspace/Sources/M3U8Falcon/Utilities/Logging/Logger.swift:202:45: error: cannot find 'isatty' in scope
200 |
201 |     /// TTY detection for color/emoji output
202 |     private static let stdoutIsTTY: Bool = (isatty(STDOUT_FILENO) != 0)
    |                                             `- error: cannot find 'isatty' in scope
203 |
204 |     /// Cached DateFormatter (used only on logQueue)
/host/spi-builder-workspace/Sources/M3U8Falcon/Utilities/Logging/Logger.swift:202:52: error: cannot find 'STDOUT_FILENO' in scope
200 |
201 |     /// TTY detection for color/emoji output
202 |     private static let stdoutIsTTY: Bool = (isatty(STDOUT_FILENO) != 0)
    |                                                    `- error: cannot find 'STDOUT_FILENO' in scope
203 |
204 |     /// Cached DateFormatter (used only on logQueue)
/host/spi-builder-workspace/Sources/M3U8Falcon/Utilities/Logging/Logger.swift:202:45: error: cannot find 'isatty' in scope
200 |
201 |     /// TTY detection for color/emoji output
202 |     private static let stdoutIsTTY: Bool = (isatty(STDOUT_FILENO) != 0)
    |                                             `- error: cannot find 'isatty' in scope
203 |
204 |     /// Cached DateFormatter (used only on logQueue)
/host/spi-builder-workspace/Sources/M3U8Falcon/Utilities/Logging/Logger.swift:202:52: error: cannot find 'STDOUT_FILENO' in scope
200 |
201 |     /// TTY detection for color/emoji output
202 |     private static let stdoutIsTTY: Bool = (isatty(STDOUT_FILENO) != 0)
    |                                                    `- error: cannot find 'STDOUT_FILENO' in scope
203 |
204 |     /// Cached DateFormatter (used only on logQueue)
[45/113] Compiling ArgumentParser ArgumentDiscussion.swift
[46/113] Compiling ArgumentParser ArgumentHelp.swift
[47/113] Compiling ArgumentParser ArgumentVisibility.swift
[48/113] Compiling ArgumentParser CompletionKind.swift
[49/113] Compiling ArgumentParser Errors.swift
[58/113] Compiling ArgumentParser ParentCommand.swift
[59/113] Compiling ArgumentParser AsyncParsableCommand.swift
[60/113] Compiling ArgumentParser BashCompletionsGenerator.swift
[61/113] Compiling ArgumentParser CompletionsGenerator.swift
[62/113] Compiling ArgumentParser FishCompletionsGenerator.swift
[63/113] Compiling ArgumentParser ZshCompletionsGenerator.swift
[64/113] Compiling ArgumentParser Argument.swift
[65/113] Compiling ArgumentParser CommandConfiguration.swift
[66/113] Compiling ArgumentParser CommandGroup.swift
[67/113] Compiling ArgumentParser EnumerableFlag.swift
[68/113] Compiling ArgumentParser ExpressibleByArgument.swift
[69/113] Compiling ArgumentParser ParsableArguments.swift
[70/113] Compiling ArgumentParser ParsableCommand.swift
[71/113] Compiling ArgumentParser ArgumentDecoder.swift
[72/113] Compiling ArgumentParser ArgumentDefinition.swift
[73/113] Compiling ArgumentParser ArgumentSet.swift
[74/113] Compiling ArgumentParser CommandParser.swift
[75/113] Compiling ArgumentParser InputKey.swift
[76/113] Compiling ArgumentParser InputOrigin.swift
BUILD FAILURE 6.2 android