The Swift Package Index logo.Swift Package Index

Build Information

Failed to build SentrySwiftyBeaver, reference main (a19cba), with Swift 6.1 for Wasm on 24 Oct 2026 21:49:26 UTC.

Build Command

bash -c docker run --pull=always --rm -v "checkouts-54344849-0":/host -w "$PWD" -e JAVA_HOME="/root/.sdkman/candidates/java/current" -e SPI_BUILD="1" -e SPI_PROCESSING="1" registry.gitlab.com/saguaro1/spi-images:wasm-6.1-latest swift build --swift-sdk wasm32-unknown-wasi 2>&1

Build Log

========================================
RunAll
========================================
Builder version: 5.1.3
Interrupt handler set up.
========================================
Checkout
========================================
Clone URL: https://github.com/getsentry/sentry-apple-swiftybeaver.git
Reference: main
Initialized empty Git repository in /host/spi-builder-workspace/.git/
hint: Using 'master' as the name for the initial branch. This default branch name
hint: is subject to change. To configure the initial branch name to use in all
hint: of your new repositories, which will suppress this warning, call:
hint:
hint: 	git config --global init.defaultBranch <name>
hint:
hint: Names commonly chosen instead of 'master' are 'main', 'trunk' and
hint: 'development'. The just-created branch can be renamed via this command:
hint:
hint: 	git branch -m <name>
From https://github.com/getsentry/sentry-apple-swiftybeaver
 * branch            main       -> FETCH_HEAD
 * [new branch]      main       -> origin/main
HEAD is now at a19cbad release: 9.31.0
Cloned https://github.com/getsentry/sentry-apple-swiftybeaver.git
Revision (git rev-parse @):
a19cbadc1015bd13e0921ab1bed550cb095c1bd4
SPI manifest file found: $PWD/.spi.yml
SUCCESS checkout https://github.com/getsentry/sentry-apple-swiftybeaver.git at main
========================================
Build
========================================
Selected platform:         wasm
Swift version:             6.1
Building package at path:  $PWD
https://github.com/getsentry/sentry-apple-swiftybeaver.git
https://github.com/getsentry/sentry-apple-swiftybeaver.git
WARNING: environment variable SUPPRESS_SWIFT_6_FLAGS is not set
Running build ...
bash -c docker run --pull=always --rm -v "checkouts-54344849-0":/host -w "$PWD" -e JAVA_HOME="/root/.sdkman/candidates/java/current" -e SPI_BUILD="1" -e SPI_PROCESSING="1" registry.gitlab.com/saguaro1/spi-images:wasm-6.1-latest swift build --swift-sdk wasm32-unknown-wasi -Xswiftc -Xfrontend -Xswiftc -stats-output-dir -Xswiftc -Xfrontend -Xswiftc .stats -Xswiftc -strict-concurrency=complete -Xswiftc -enable-upcoming-feature -Xswiftc StrictConcurrency -Xswiftc -enable-upcoming-feature -Xswiftc DisableOutwardActorInference -Xswiftc -enable-upcoming-feature -Xswiftc GlobalActorIsolatedTypesUsability -Xswiftc -enable-upcoming-feature -Xswiftc InferSendableFromCaptures 2>&1
wasm-6.1-latest: Pulling from saguaro1/spi-images
Digest: sha256:f257c9b8465670613eb336f6def351d681b1d395aebdb231a45bac980c1f9d3c
Status: Image is up to date for registry.gitlab.com/saguaro1/spi-images:wasm-6.1-latest
Fetching https://github.com/getsentry/sentry-cocoa
Fetching https://github.com/SwiftyBeaver/SwiftyBeaver.git
[1/4084] Fetching swiftybeaver
Fetched https://github.com/SwiftyBeaver/SwiftyBeaver.git from cache (0.49s)
[1/272378] Fetching sentry-cocoa
Fetched https://github.com/getsentry/sentry-cocoa from cache (8.54s)
Computing version for https://github.com/getsentry/sentry-cocoa
Computed https://github.com/getsentry/sentry-cocoa at 9.31.0 (25.00s)
Computing version for https://github.com/SwiftyBeaver/SwiftyBeaver.git
Computed https://github.com/SwiftyBeaver/SwiftyBeaver.git at 2.1.1 (0.90s)
Creating working copy for https://github.com/SwiftyBeaver/SwiftyBeaver.git
Working copy of https://github.com/SwiftyBeaver/SwiftyBeaver.git resolved at 2.1.1
Creating working copy for https://github.com/getsentry/sentry-cocoa
Working copy of https://github.com/getsentry/sentry-cocoa resolved at 9.31.0
Downloading binary artifact https://github.com/getsentry/sentry-cocoa/releases/download/9.31.0/Sentry-Dynamic-WithARM64e.xcframework.zip
Downloading binary artifact https://github.com/getsentry/sentry-cocoa/releases/download/9.31.0/Sentry.xcframework.zip
Downloading binary artifact https://github.com/getsentry/sentry-cocoa/releases/download/9.31.0/Sentry-Dynamic.xcframework.zip
Downloading binary artifact https://github.com/getsentry/sentry-cocoa/releases/download/9.31.0/Sentry-WithoutUIKitOrAppKit-WithARM64e.xcframework.zip
Downloading binary artifact https://github.com/getsentry/sentry-cocoa/releases/download/9.31.0/Sentry-WithoutUIKitOrAppKit.xcframework.zip
Downloading binary artifact https://github.com/getsentry/sentry-cocoa/releases/download/9.31.0/SentryObjC-Dynamic.xcframework.zip
Downloading binary artifact https://github.com/getsentry/sentry-cocoa/releases/download/9.31.0/SentryObjC-Static.xcframework.zip
[822/41287692] Downloading https://github.com/getsentry/sentry-cocoa/releases/download/9.31.0/SentryObjC-Static.xcframework.zip
[17681/183600636] Downloading https://github.com/getsentry/sentry-cocoa/releases/download/9.31.0/SentryObjC-Static.xcframework.zip, https://github.com/getsentry/sentry-cocoa/releases/download/9.31.0/Sentry-WithoutUIKitOrAppKit-WithARM64e.xcframework.zip
[52304/294306195] Downloading https://github.com/getsentry/sentry-cocoa/releases/download/9.31.0/SentryObjC-Static.xcframework.zip, https://github.com/getsentry/sentry-cocoa/releases/download/9.31.0/Sentry-WithoutUIKitOrAppKit-WithARM64e.xcframework.zip, https://github.com/getsentry/sentry-cocoa/releases/download/9.31.0/SentryObjC-Dynamic.xcframework.zip
[152953/460887501] Downloading https://github.com/getsentry/sentry-cocoa/releases/download/9.31.0/SentryObjC-Static.xcframework.zip, https://github.com/getsentry/sentry-cocoa/releases/download/9.31.0/Sentry-WithoutUIKitOrAppKit-WithARM64e.xcframework.zip, https://github.com/getsentry/sentry-cocoa/releases/download/9.31.0/SentryObjC-Dynamic.xcframework.zip, https://github.com/getsentry/sentry-cocoa/releases/download/9.31.0/Sentry-Dynamic.xcframework.zip
[355960/541413762] Downloading https://github.com/getsentry/sentry-cocoa/releases/download/9.31.0/SentryObjC-Static.xcframework.zip, https://github.com/getsentry/sentry-cocoa/releases/download/9.31.0/Sentry-WithoutUIKitOrAppKit-WithARM64e.xcframework.zip, https://github.com/getsentry/sentry-cocoa/releases/download/9.31.0/SentryObjC-Dynamic.xcframework.zip, https://github.com/getsentry/sentry-cocoa/releases/download/9.31.0/Sentry-Dynamic.xcframework.zip, https://github.com/getsentry/sentry-cocoa/releases/download/9.31.0/Sentry.xcframework.zip
[30417093/669985851] Downloading https://github.com/getsentry/sentry-cocoa/releases/download/9.31.0/SentryObjC-Static.xcframework.zip, https://github.com/getsentry/sentry-cocoa/releases/download/9.31.0/Sentry-WithoutUIKitOrAppKit-WithARM64e.xcframework.zip, https://github.com/getsentry/sentry-cocoa/releases/download/9.31.0/SentryObjC-Dynamic.xcframework.zip, https://github.com/getsentry/sentry-cocoa/releases/download/9.31.0/Sentry-Dynamic.xcframework.zip, https://github.com/getsentry/sentry-cocoa/releases/download/9.31.0/Sentry.xcframework.zip, https://github.com/getsentry/sentry-cocoa/releases/download/9.31.0/Sentry-WithoutUIKitOrAppKit.xcframework.zip
[101233757/854228681] Downloading https://github.com/getsentry/sentry-cocoa/releases/download/9.31.0/SentryObjC-Static.xcframework.zip, https://github.com/getsentry/sentry-cocoa/releases/download/9.31.0/Sentry-WithoutUIKitOrAppKit-WithARM64e.xcframework.zip, https://github.com/getsentry/sentry-cocoa/releases/download/9.31.0/SentryObjC-Dynamic.xcframework.zip, https://github.com/getsentry/sentry-cocoa/releases/download/9.31.0/Sentry-Dynamic.xcframework.zip, https://github.com/getsentry/sentry-cocoa/releases/download/9.31.0/Sentry.xcframework.zip, https://github.com/getsentry/sentry-cocoa/releases/download/9.31.0/Sentry-WithoutUIKitOrAppKit.xcframework.zip, https://github.com/getsentry/sentry-cocoa/releases/download/9.31.0/Sentry-Dynamic-WithARM64e.xcframework.zip
Downloaded https://github.com/getsentry/sentry-cocoa/releases/download/9.31.0/SentryObjC-Static.xcframework.zip (2.83s)
Downloaded https://github.com/getsentry/sentry-cocoa/releases/download/9.31.0/Sentry.xcframework.zip (8.78s)
Downloaded https://github.com/getsentry/sentry-cocoa/releases/download/9.31.0/SentryObjC-Dynamic.xcframework.zip (20.43s)
Downloaded https://github.com/getsentry/sentry-cocoa/releases/download/9.31.0/Sentry-WithoutUIKitOrAppKit.xcframework.zip (29.48s)
Downloaded https://github.com/getsentry/sentry-cocoa/releases/download/9.31.0/Sentry-WithoutUIKitOrAppKit-WithARM64e.xcframework.zip (36.13s)
Downloaded https://github.com/getsentry/sentry-cocoa/releases/download/9.31.0/Sentry-Dynamic.xcframework.zip (38.13s)
Downloaded https://github.com/getsentry/sentry-cocoa/releases/download/9.31.0/Sentry-Dynamic-WithARM64e.xcframework.zip (39.34s)
Building for debugging...
[0/4] Write sources
[3/4] Write swift-version-24593BA9C3E375BF.txt
[5/15] Compiling SentryCppHelper SentryCppHelper.swift
[6/15] Emitting module SentryCppHelper
[8/16] Compiling SwiftyBeaver Filter.swift
/host/spi-builder-workspace/.build/checkouts/SwiftyBeaver/Sources/BaseDestination.swift:11:8: error: no such module 'Dispatch'
  9 |
 10 | import Foundation
 11 | import Dispatch
    |        `- error: no such module 'Dispatch'
 12 |
 13 | // store operating system / platform
[9/16] Compiling SwiftyBeaver FilterValidator.swift
/host/spi-builder-workspace/.build/checkouts/SwiftyBeaver/Sources/BaseDestination.swift:11:8: error: no such module 'Dispatch'
  9 |
 10 | import Foundation
 11 | import Dispatch
    |        `- error: no such module 'Dispatch'
 12 |
 13 | // store operating system / platform
[10/16] Compiling SwiftyBeaver GoogleCloudDestination.swift
/host/spi-builder-workspace/.build/checkouts/SwiftyBeaver/Sources/BaseDestination.swift:11:8: error: no such module 'Dispatch'
  9 |
 10 | import Foundation
 11 | import Dispatch
    |        `- error: no such module 'Dispatch'
 12 |
 13 | // store operating system / platform
[11/16] Compiling SwiftyBeaver FileDestination.swift
/host/spi-builder-workspace/.build/checkouts/SwiftyBeaver/Sources/BaseDestination.swift:11:8: error: no such module 'Dispatch'
  9 |
 10 | import Foundation
 11 | import Dispatch
    |        `- error: no such module 'Dispatch'
 12 |
 13 | // store operating system / platform
error: emit-module command failed with exit code 1 (use -v to see invocation)
[12/17] Emitting module SwiftyBeaver
/host/spi-builder-workspace/.build/checkouts/SwiftyBeaver/Sources/BaseDestination.swift:11:8: error: no such module 'Dispatch'
  9 |
 10 | import Foundation
 11 | import Dispatch
    |        `- error: no such module 'Dispatch'
 12 |
 13 | // store operating system / platform
[13/17] Compiling SwiftyBeaver Extensions.swift
/host/spi-builder-workspace/.build/checkouts/SwiftyBeaver/Sources/BaseDestination.swift:11:8: error: no such module 'Dispatch'
  9 |
 10 | import Foundation
 11 | import Dispatch
    |        `- error: no such module 'Dispatch'
 12 |
 13 | // store operating system / platform
[14/17] Compiling SwiftyBeaver ConsoleDestination.swift
/host/spi-builder-workspace/.build/checkouts/SwiftyBeaver/Sources/BaseDestination.swift:11:8: error: no such module 'Dispatch'
  9 |
 10 | import Foundation
 11 | import Dispatch
    |        `- error: no such module 'Dispatch'
 12 |
 13 | // store operating system / platform
[15/17] Compiling SwiftyBeaver Base64.swift
/host/spi-builder-workspace/.build/checkouts/SwiftyBeaver/Sources/BaseDestination.swift:11:8: error: no such module 'Dispatch'
  9 |
 10 | import Foundation
 11 | import Dispatch
    |        `- error: no such module 'Dispatch'
 12 |
 13 | // store operating system / platform
[16/17] Compiling SwiftyBeaver BaseDestination.swift
/host/spi-builder-workspace/.build/checkouts/SwiftyBeaver/Sources/BaseDestination.swift:11:8: error: no such module 'Dispatch'
  9 |
 10 | import Foundation
 11 | import Dispatch
    |        `- error: no such module 'Dispatch'
 12 |
 13 | // store operating system / platform
[17/17] Compiling SwiftyBeaver SwiftyBeaver.swift
/host/spi-builder-workspace/.build/checkouts/SwiftyBeaver/Sources/BaseDestination.swift:11:8: error: no such module 'Dispatch'
  9 |
 10 | import Foundation
 11 | import Dispatch
    |        `- error: no such module 'Dispatch'
 12 |
 13 | // store operating system / platform
Running build ...
bash -c docker run --pull=always --rm -v "checkouts-54344849-0":/host -w "$PWD" -e JAVA_HOME="/root/.sdkman/candidates/java/current" -e SPI_BUILD="1" -e SPI_PROCESSING="1" registry.gitlab.com/saguaro1/spi-images:wasm-6.1-latest swift build --swift-sdk wasm32-unknown-wasi 2>&1
wasm-6.1-latest: Pulling from saguaro1/spi-images
Digest: sha256:f257c9b8465670613eb336f6def351d681b1d395aebdb231a45bac980c1f9d3c
Status: Image is up to date for registry.gitlab.com/saguaro1/spi-images:wasm-6.1-latest
[0/1] Planning build
Building for debugging...
[0/1] Write swift-version-24593BA9C3E375BF.txt
[2/12] Emitting module SentryCppHelper
[3/12] Compiling SentryCppHelper SentryCppHelper.swift
[4/13] Compiling SwiftyBeaver FileDestination.swift
/host/spi-builder-workspace/.build/checkouts/SwiftyBeaver/Sources/BaseDestination.swift:11:8: error: no such module 'Dispatch'
  9 |
 10 | import Foundation
 11 | import Dispatch
    |        `- error: no such module 'Dispatch'
 12 |
 13 | // store operating system / platform
[5/14] Compiling SwiftyBeaver Filter.swift
/host/spi-builder-workspace/.build/checkouts/SwiftyBeaver/Sources/BaseDestination.swift:11:8: error: no such module 'Dispatch'
  9 |
 10 | import Foundation
 11 | import Dispatch
    |        `- error: no such module 'Dispatch'
 12 |
 13 | // store operating system / platform
[6/14] Compiling SwiftyBeaver Extensions.swift
/host/spi-builder-workspace/.build/checkouts/SwiftyBeaver/Sources/BaseDestination.swift:11:8: error: no such module 'Dispatch'
  9 |
 10 | import Foundation
 11 | import Dispatch
    |        `- error: no such module 'Dispatch'
 12 |
 13 | // store operating system / platform
[7/14] Compiling SwiftyBeaver FilterValidator.swift
/host/spi-builder-workspace/.build/checkouts/SwiftyBeaver/Sources/BaseDestination.swift:11:8: error: no such module 'Dispatch'
  9 |
 10 | import Foundation
 11 | import Dispatch
    |        `- error: no such module 'Dispatch'
 12 |
 13 | // store operating system / platform
[8/14] Compiling SwiftyBeaver GoogleCloudDestination.swift
/host/spi-builder-workspace/.build/checkouts/SwiftyBeaver/Sources/BaseDestination.swift:11:8: error: no such module 'Dispatch'
  9 |
 10 | import Foundation
 11 | import Dispatch
    |        `- error: no such module 'Dispatch'
 12 |
 13 | // store operating system / platform
[10/14] Compiling SwiftyBeaver ConsoleDestination.swift
/host/spi-builder-workspace/.build/checkouts/SwiftyBeaver/Sources/BaseDestination.swift:11:8: error: no such module 'Dispatch'
  9 |
 10 | import Foundation
 11 | import Dispatch
    |        `- error: no such module 'Dispatch'
 12 |
 13 | // store operating system / platform
error: emit-module command failed with exit code 1 (use -v to see invocation)
[11/14] Emitting module SwiftyBeaver
/host/spi-builder-workspace/.build/checkouts/SwiftyBeaver/Sources/BaseDestination.swift:11:8: error: no such module 'Dispatch'
  9 |
 10 | import Foundation
 11 | import Dispatch
    |        `- error: no such module 'Dispatch'
 12 |
 13 | // store operating system / platform
[12/14] Compiling SwiftyBeaver Base64.swift
/host/spi-builder-workspace/.build/checkouts/SwiftyBeaver/Sources/BaseDestination.swift:11:8: error: no such module 'Dispatch'
  9 |
 10 | import Foundation
 11 | import Dispatch
    |        `- error: no such module 'Dispatch'
 12 |
 13 | // store operating system / platform
[13/14] Compiling SwiftyBeaver BaseDestination.swift
/host/spi-builder-workspace/.build/checkouts/SwiftyBeaver/Sources/BaseDestination.swift:11:8: error: no such module 'Dispatch'
  9 |
 10 | import Foundation
 11 | import Dispatch
    |        `- error: no such module 'Dispatch'
 12 |
 13 | // store operating system / platform
[14/14] Compiling SwiftyBeaver SwiftyBeaver.swift
/host/spi-builder-workspace/.build/checkouts/SwiftyBeaver/Sources/BaseDestination.swift:11:8: error: no such module 'Dispatch'
  9 |
 10 | import Foundation
 11 | import Dispatch
    |        `- error: no such module 'Dispatch'
 12 |
 13 | // store operating system / platform
BUILD FAILURE 6.1 wasm