The Swift Package Index logo.Swift Package Index

Build Information

Failed to build gysb, reference master (ef621b), with Swift 6.4 for watchOS using Xcode 27.0 on 16 Sep 2026 11:20:43 UTC.

Build Command

No build command. This typically means the build failed at an early stage where we determine the build command.

Build Log

========================================
RunAll
========================================
Builder version: 5.1.0
Interrupt handler set up.
========================================
Checkout
========================================
Clone URL: https://github.com/omochi/gysb.git
Reference: master
Initialized empty Git repository in /Users/admin/builder/spi-builder-workspace/.git/
From https://github.com/omochi/gysb
 * branch            master     -> FETCH_HEAD
 * [new branch]      master     -> origin/master
HEAD is now at ef621bf docs
Cloned https://github.com/omochi/gysb.git
Revision (git rev-parse @):
ef621bfaa89ef73e1dc25fd280df8fe85ef0dce8
SUCCESS checkout https://github.com/omochi/gysb.git at master
========================================
Build
========================================
Selected platform:         watchOS
Swift version:             6.4
Building package at path:  $PWD
https://github.com/omochi/gysb.git
Command line invocation:
    /Applications/Xcode-27.0.0-Release.Candidate.app/Contents/Developer/usr/bin/xcodebuild -IDEClonedSourcePackagesDirPathOverride=/Users/admin/builder/spi-builder-workspace/.dependencies -resolvePackageDependencies
Resolve Package Graph
Fetching from https://github.com/IBM-Swift/BlueCryptor.git
the Swift tools version specification is missing a label; consider inserting 'swift-tools-version:' between the comment marker and the version specifierResolve Package Graph
Updating from https://github.com/IBM-Swift/BlueCryptor.git
the Swift tools version specification is missing a label; consider inserting 'swift-tools-version:' between the comment marker and the version specifierResolve Package Graph
Updating from https://github.com/IBM-Swift/BlueCryptor.git
the Swift tools version specification is missing a label; consider inserting 'swift-tools-version:' between the comment marker and the version specifierResolve Package Graph
Updating from https://github.com/IBM-Swift/BlueCryptor.git
the Swift tools version specification is missing a label; consider inserting 'swift-tools-version:' between the comment marker and the version specifier
Resolved source packages:
  spi-builder-workspace: (null)
2026-09-16 07:20:40.794 xcodebuild[524:3012] Writing error result bundle to /var/folders/xq/y_g06wb113726d38xsyx71_h0000gn/T/ResultBundle_2026-16-09_07-20-0040.xcresult
xcodebuild: error: Could not resolve package dependencies:
  the Swift tools version specification is missing a label; consider inserting 'swift-tools-version:' between the comment marker and the version specifier
Command line invocation:
    /Applications/Xcode-27.0.0-Release.Candidate.app/Contents/Developer/usr/bin/xcodebuild -IDEClonedSourcePackagesDirPathOverride=/Users/admin/builder/spi-builder-workspace/.dependencies -resolvePackageDependencies
Resolve Package Graph
Updating from https://github.com/IBM-Swift/BlueCryptor.git
the Swift tools version specification is missing a label; consider inserting 'swift-tools-version:' between the comment marker and the version specifier
Resolved source packages:
  spi-builder-workspace: (null)
2026-09-16 07:20:43.368 xcodebuild[761:4131] Writing error result bundle to /var/folders/xq/y_g06wb113726d38xsyx71_h0000gn/T/ResultBundle_2026-16-09_07-20-0043.xcresult
xcodebuild: error: Could not resolve package dependencies:
  the Swift tools version specification is missing a label; consider inserting 'swift-tools-version:' between the comment marker and the version specifier
BUILD FAILURE 6.4 watchOS