Build Information
Failed to build swiftui-hosting-transitions, reference 0.1.0 (065587), with Swift 6.4 for watchOS using Xcode 27.0 on 20 Sep 2026 08:58:34 UTC.
Build Command
env DEVELOPER_DIR=/Applications/Xcode-27.0.0-Release.Candidate.app xcrun xcodebuild -IDEClonedSourcePackagesDirPathOverride=$PWD/.dependencies -skipMacroValidation -skipPackagePluginValidation -derivedDataPath $PWD/.derivedData build -scheme swiftui-hosting-transitions -destination generic/platform=watchOSBuild Log
========================================
RunAll
========================================
Builder version: 5.1.0
Interrupt handler set up.
========================================
Checkout
========================================
Clone URL: https://github.com/pbalduz/swiftui-hosting-transitions.git
Reference: 0.1.0
Initialized empty Git repository in /Users/admin/builder/spi-builder-workspace/.git/
From https://github.com/pbalduz/swiftui-hosting-transitions
* tag 0.1.0 -> FETCH_HEAD
HEAD is now at 0655870 Update README.md
Cloned https://github.com/pbalduz/swiftui-hosting-transitions.git
Revision (git rev-parse @):
065587095f9dfa0823661aa280a49fe90c310860
SUCCESS checkout https://github.com/pbalduz/swiftui-hosting-transitions.git at 0.1.0
========================================
Build
========================================
Selected platform: watchOS
Swift version: 6.4
Building package at path: $PWD
https://github.com/pbalduz/swiftui-hosting-transitions.git
Command line invocation:
/Applications/Xcode-27.0.0-Release.Candidate.app/Contents/Developer/usr/bin/xcodebuild -IDEClonedSourcePackagesDirPathOverride=/Users/admin/builder/spi-builder-workspace/.dependencies -resolvePackageDependencies
Resolve Package Graph
Resolve Package Graph
Resolved source packages:
swiftui-hosting-transitions: /Users/admin/builder/spi-builder-workspace
resolved source packages: swiftui-hosting-transitions
2026-09-20 04:57:50.408 xcodebuild[524:3015] [MT] IDERunDestination: Supported platforms for the buildables in the current scheme is empty.
{
"dependencies" : [
],
"manifest_display_name" : "swiftui-hosting-transitions",
"name" : "swiftui-hosting-transitions",
"path" : "/Users/admin/builder/spi-builder-workspace",
"platforms" : [
{
"name" : "ios",
"version" : "14.0"
}
],
"products" : [
{
"name" : "MatchedTransitions",
"targets" : [
"MatchedTransitions"
],
"type" : {
"library" : [
"automatic"
]
}
}
],
"targets" : [
{
"c99name" : "MatchedTransitions",
"module_type" : "SwiftTarget",
"name" : "MatchedTransitions",
"path" : "Sources/MatchedTransitions",
"product_memberships" : [
"MatchedTransitions"
],
"sources" : [
"MatchedContainerView.swift",
"MatchedGeometryModifier.swift",
"MatchedGeometryState.swift",
"MatchedHostingController.swift",
"TransitionManager.swift",
"TransitionView.swift"
],
"type" : "library"
}
],
"tools_version" : "5.9"
}
{
"workspace" : {
"name" : "swiftui-hosting-transitions",
"schemes" : [
"swiftui-hosting-transitions"
]
}
}
2026-09-20 04:58:22.582 xcodebuild[622:3812] [MT] IDERunDestination: Supported platforms for the buildables in the current scheme is empty.
Running build ...
env DEVELOPER_DIR=/Applications/Xcode-27.0.0-Release.Candidate.app xcrun xcodebuild -IDEClonedSourcePackagesDirPathOverride=$PWD/.dependencies -skipMacroValidation -skipPackagePluginValidation -derivedDataPath $PWD/.derivedData build -scheme swiftui-hosting-transitions -destination generic/platform=watchOS
Command line invocation:
/Applications/Xcode-27.0.0-Release.Candidate.app/Contents/Developer/usr/bin/xcodebuild -IDEClonedSourcePackagesDirPathOverride=/Users/admin/builder/spi-builder-workspace/.dependencies -skipMacroValidation -skipPackagePluginValidation -derivedDataPath /Users/admin/builder/spi-builder-workspace/.derivedData build -scheme swiftui-hosting-transitions -destination generic/platform=watchOS
Resolve Package Graph
Resolved source packages:
swiftui-hosting-transitions: /Users/admin/builder/spi-builder-workspace
ComputePackagePrebuildTargetDependencyGraph
Prepare packages
CreateBuildRequest
SendProjectDescription
CreateBuildOperation
ComputeTargetDependencyGraph
note: Building targets in dependency order
note: Target dependency graph (2 targets)
Target 'MatchedTransitions-product' in project 'swiftui-hosting-transitions'
➜ Explicit dependency on target 'MatchedTransitions' in project 'swiftui-hosting-transitions'
Target 'MatchedTransitions' in project 'swiftui-hosting-transitions' (no dependencies)
GatherProvisioningInputs
CreateBuildDescription
ExecuteExternalTool /Applications/Xcode-27.0.0-Release.Candidate.app/Contents/Developer/Toolchains/XcodeDefault.xctoolchain/usr/bin/clang -v -E -dM -isysroot /Applications/Xcode-27.0.0-Release.Candidate.app/Contents/Developer/Platforms/WatchOS.platform/Developer/SDKs/WatchOS27.0.sdk -x c -c /dev/null
ExecuteExternalTool /Applications/Xcode-27.0.0-Release.Candidate.app/Contents/Developer/Toolchains/XcodeDefault.xctoolchain/usr/bin/swiftc --version
ExecuteExternalTool /Applications/Xcode-27.0.0-Release.Candidate.app/Contents/Developer/Toolchains/XcodeDefault.xctoolchain/usr/bin/ld -version_details
Build description signature: 372225fe75216c38ded761948db42baa
Build description path: /Users/admin/builder/spi-builder-workspace/.derivedData/Build/Intermediates.noindex/XCBuildData/372225fe75216c38ded761948db42baa.xcbuilddata
CreateBuildDirectory /Users/admin/builder/spi-builder-workspace/.derivedData/ModuleCache.noindex
cd /Users/admin/builder/spi-builder-workspace/.swiftpm/xcode
builtin-create-build-directory /Users/admin/builder/spi-builder-workspace/.derivedData/ModuleCache.noindex
CreateBuildDirectory /Users/admin/builder/spi-builder-workspace/.derivedData/SDKExplicitPrecompiledModules
cd /Users/admin/builder/spi-builder-workspace/.swiftpm/xcode
builtin-create-build-directory /Users/admin/builder/spi-builder-workspace/.derivedData/SDKExplicitPrecompiledModules
CreateBuildDirectory /Users/admin/builder/spi-builder-workspace/.derivedData/CompilationCache.noindex
cd /Users/admin/builder/spi-builder-workspace/.swiftpm/xcode
builtin-create-build-directory /Users/admin/builder/spi-builder-workspace/.derivedData/CompilationCache.noindex
CreateBuildDirectory /Users/admin/builder/spi-builder-workspace/.derivedData/Build/Products
cd /Users/admin/builder/spi-builder-workspace/.swiftpm/xcode
builtin-create-build-directory /Users/admin/builder/spi-builder-workspace/.derivedData/Build/Products
ClangStatCache /Applications/Xcode-27.0.0-Release.Candidate.app/Contents/Developer/Toolchains/XcodeDefault.xctoolchain/usr/bin/clang-stat-cache /Applications/Xcode-27.0.0-Release.Candidate.app/Contents/Developer/Platforms/WatchOS.platform/Developer/SDKs/WatchOS27.0.sdk /Users/admin/builder/spi-builder-workspace/.derivedData/SDKStatCaches.noindex/watchos27.0-24R360-e829b21a6f8c9b70876ba0858053c04477534ef55a1706bf4c1112bbb242f0a2.sdkstatcache
cd /Users/admin/builder/spi-builder-workspace/.swiftpm/xcode
/Applications/Xcode-27.0.0-Release.Candidate.app/Contents/Developer/Toolchains/XcodeDefault.xctoolchain/usr/bin/clang-stat-cache /Applications/Xcode-27.0.0-Release.Candidate.app/Contents/Developer/Platforms/WatchOS.platform/Developer/SDKs/WatchOS27.0.sdk -o /Users/admin/builder/spi-builder-workspace/.derivedData/SDKStatCaches.noindex/watchos27.0-24R360-e829b21a6f8c9b70876ba0858053c04477534ef55a1706bf4c1112bbb242f0a2.sdkstatcache
CreateBuildDirectory /Users/admin/builder/spi-builder-workspace/.derivedData/Build/Intermediates.noindex
cd /Users/admin/builder/spi-builder-workspace/.swiftpm/xcode
builtin-create-build-directory /Users/admin/builder/spi-builder-workspace/.derivedData/Build/Intermediates.noindex
CreateBuildDirectory /Users/admin/builder/spi-builder-workspace/.derivedData/Build/Products/Debug-watchos
cd /Users/admin/builder/spi-builder-workspace/.swiftpm/xcode
builtin-create-build-directory /Users/admin/builder/spi-builder-workspace/.derivedData/Build/Products/Debug-watchos
CreateBuildDirectory /Users/admin/builder/spi-builder-workspace/.derivedData/Build/Intermediates.noindex/SwiftExplicitPrecompiledModules
cd /Users/admin/builder/spi-builder-workspace/.swiftpm/xcode
builtin-create-build-directory /Users/admin/builder/spi-builder-workspace/.derivedData/Build/Intermediates.noindex/SwiftExplicitPrecompiledModules
CreateBuildDirectory /Users/admin/builder/spi-builder-workspace/.derivedData/Build/Intermediates.noindex/PrecompiledHeaders
cd /Users/admin/builder/spi-builder-workspace/.swiftpm/xcode
builtin-create-build-directory /Users/admin/builder/spi-builder-workspace/.derivedData/Build/Intermediates.noindex/PrecompiledHeaders
CreateBuildDirectory /Users/admin/builder/spi-builder-workspace/.derivedData/Build/Intermediates.noindex/ExplicitPrecompiledModules
cd /Users/admin/builder/spi-builder-workspace/.swiftpm/xcode
builtin-create-build-directory /Users/admin/builder/spi-builder-workspace/.derivedData/Build/Intermediates.noindex/ExplicitPrecompiledModules
CreateBuildDirectory /Users/admin/builder/spi-builder-workspace/.derivedData/Build/Intermediates.noindex/EagerLinkingTBDs/Debug-watchos
cd /Users/admin/builder/spi-builder-workspace/.swiftpm/xcode
builtin-create-build-directory /Users/admin/builder/spi-builder-workspace/.derivedData/Build/Intermediates.noindex/EagerLinkingTBDs/Debug-watchos
CreateBuildDirectory /Users/admin/builder/spi-builder-workspace/.derivedData/Build/Products/Debug-watchos/PackageFrameworks
cd /Users/admin/builder/spi-builder-workspace/.swiftpm/xcode
builtin-create-build-directory /Users/admin/builder/spi-builder-workspace/.derivedData/Build/Products/Debug-watchos/PackageFrameworks
WriteAuxiliaryFile /Users/admin/builder/spi-builder-workspace/.derivedData/Build/Intermediates.noindex/swiftui-hosting-transitions.build/Debug-watchos/MatchedTransitions-t.build/Objects-normal/arm64_32/MatchedTransitions_const_extract_protocols.json (in target 'MatchedTransitions' from project 'swiftui-hosting-transitions')
cd /Users/admin/builder/spi-builder-workspace
write-file /Users/admin/builder/spi-builder-workspace/.derivedData/Build/Intermediates.noindex/swiftui-hosting-transitions.build/Debug-watchos/MatchedTransitions-t.build/Objects-normal/arm64_32/MatchedTransitions_const_extract_protocols.json
WriteAuxiliaryFile /Users/admin/builder/spi-builder-workspace/.derivedData/Build/Intermediates.noindex/swiftui-hosting-transitions.build/Debug-watchos/MatchedTransitions-t.build/Objects-normal/arm64_32/MatchedTransitions.SwiftFileList (in target 'MatchedTransitions' from project 'swiftui-hosting-transitions')
cd /Users/admin/builder/spi-builder-workspace
write-file /Users/admin/builder/spi-builder-workspace/.derivedData/Build/Intermediates.noindex/swiftui-hosting-transitions.build/Debug-watchos/MatchedTransitions-t.build/Objects-normal/arm64_32/MatchedTransitions.SwiftFileList
WriteAuxiliaryFile /Users/admin/builder/spi-builder-workspace/.derivedData/Build/Intermediates.noindex/swiftui-hosting-transitions.build/Debug-watchos/MatchedTransitions-t.build/Objects-normal/arm64/MatchedTransitions.SwiftFileList (in target 'MatchedTransitions' from project 'swiftui-hosting-transitions')
cd /Users/admin/builder/spi-builder-workspace
write-file /Users/admin/builder/spi-builder-workspace/.derivedData/Build/Intermediates.noindex/swiftui-hosting-transitions.build/Debug-watchos/MatchedTransitions-t.build/Objects-normal/arm64/MatchedTransitions.SwiftFileList
WriteAuxiliaryFile /Users/admin/builder/spi-builder-workspace/.derivedData/Build/Intermediates.noindex/swiftui-hosting-transitions.build/Debug-watchos/MatchedTransitions-t.build/Objects-normal/arm64_32/MatchedTransitions-OutputFileMap.json (in target 'MatchedTransitions' from project 'swiftui-hosting-transitions')
cd /Users/admin/builder/spi-builder-workspace
write-file /Users/admin/builder/spi-builder-workspace/.derivedData/Build/Intermediates.noindex/swiftui-hosting-transitions.build/Debug-watchos/MatchedTransitions-t.build/Objects-normal/arm64_32/MatchedTransitions-OutputFileMap.json
WriteAuxiliaryFile /Users/admin/builder/spi-builder-workspace/.derivedData/Build/Intermediates.noindex/swiftui-hosting-transitions.build/Debug-watchos/MatchedTransitions-t.build/Objects-normal/arm64/MatchedTransitions.LinkFileList (in target 'MatchedTransitions' from project 'swiftui-hosting-transitions')
cd /Users/admin/builder/spi-builder-workspace
write-file /Users/admin/builder/spi-builder-workspace/.derivedData/Build/Intermediates.noindex/swiftui-hosting-transitions.build/Debug-watchos/MatchedTransitions-t.build/Objects-normal/arm64/MatchedTransitions.LinkFileList
WriteAuxiliaryFile /Users/admin/builder/spi-builder-workspace/.derivedData/Build/Intermediates.noindex/swiftui-hosting-transitions.build/Debug-watchos/MatchedTransitions-t.build/Objects-normal/arm64/MatchedTransitions_const_extract_protocols.json (in target 'MatchedTransitions' from project 'swiftui-hosting-transitions')
cd /Users/admin/builder/spi-builder-workspace
write-file /Users/admin/builder/spi-builder-workspace/.derivedData/Build/Intermediates.noindex/swiftui-hosting-transitions.build/Debug-watchos/MatchedTransitions-t.build/Objects-normal/arm64/MatchedTransitions_const_extract_protocols.json
WriteAuxiliaryFile /Users/admin/builder/spi-builder-workspace/.derivedData/Build/Intermediates.noindex/swiftui-hosting-transitions.build/Debug-watchos/MatchedTransitions-t.build/Objects-normal/arm64_32/MatchedTransitions.LinkFileList (in target 'MatchedTransitions' from project 'swiftui-hosting-transitions')
cd /Users/admin/builder/spi-builder-workspace
write-file /Users/admin/builder/spi-builder-workspace/.derivedData/Build/Intermediates.noindex/swiftui-hosting-transitions.build/Debug-watchos/MatchedTransitions-t.build/Objects-normal/arm64_32/MatchedTransitions.LinkFileList
WriteAuxiliaryFile /Users/admin/builder/spi-builder-workspace/.derivedData/Build/Intermediates.noindex/swiftui-hosting-transitions.build/Debug-watchos/MatchedTransitions-t.build/Objects-normal/arm64/MatchedTransitions.SwiftConstValuesFileList (in target 'MatchedTransitions' from project 'swiftui-hosting-transitions')
cd /Users/admin/builder/spi-builder-workspace
write-file /Users/admin/builder/spi-builder-workspace/.derivedData/Build/Intermediates.noindex/swiftui-hosting-transitions.build/Debug-watchos/MatchedTransitions-t.build/Objects-normal/arm64/MatchedTransitions.SwiftConstValuesFileList
WriteAuxiliaryFile /Users/admin/builder/spi-builder-workspace/.derivedData/Build/Intermediates.noindex/swiftui-hosting-transitions.build/Debug-watchos/MatchedTransitions-t.build/Objects-normal/arm64_32/MatchedTransitions.SwiftConstValuesFileList (in target 'MatchedTransitions' from project 'swiftui-hosting-transitions')
cd /Users/admin/builder/spi-builder-workspace
write-file /Users/admin/builder/spi-builder-workspace/.derivedData/Build/Intermediates.noindex/swiftui-hosting-transitions.build/Debug-watchos/MatchedTransitions-t.build/Objects-normal/arm64_32/MatchedTransitions.SwiftConstValuesFileList
WriteAuxiliaryFile /Users/admin/builder/spi-builder-workspace/.derivedData/Build/Intermediates.noindex/swiftui-hosting-transitions.build/Debug-watchos/MatchedTransitions-t.build/Objects-normal/arm64/MatchedTransitions-OutputFileMap.json (in target 'MatchedTransitions' from project 'swiftui-hosting-transitions')
cd /Users/admin/builder/spi-builder-workspace
write-file /Users/admin/builder/spi-builder-workspace/.derivedData/Build/Intermediates.noindex/swiftui-hosting-transitions.build/Debug-watchos/MatchedTransitions-t.build/Objects-normal/arm64/MatchedTransitions-OutputFileMap.json
WriteAuxiliaryFile /Users/admin/builder/spi-builder-workspace/.derivedData/Build/Intermediates.noindex/swiftui-hosting-transitions.build/Debug-watchos/MatchedTransitions-t.build/MatchedTransitions.modulemap (in target 'MatchedTransitions' from project 'swiftui-hosting-transitions')
cd /Users/admin/builder/spi-builder-workspace
write-file /Users/admin/builder/spi-builder-workspace/.derivedData/Build/Intermediates.noindex/swiftui-hosting-transitions.build/Debug-watchos/MatchedTransitions-t.build/MatchedTransitions.modulemap
WriteAuxiliaryFile /Users/admin/builder/spi-builder-workspace/.derivedData/Build/Intermediates.noindex/swiftui-hosting-transitions.build/Debug-watchos/MatchedTransitions-t.build/MatchedTransitions.DependencyStaticMetadataFileList (in target 'MatchedTransitions' from project 'swiftui-hosting-transitions')
cd /Users/admin/builder/spi-builder-workspace
write-file /Users/admin/builder/spi-builder-workspace/.derivedData/Build/Intermediates.noindex/swiftui-hosting-transitions.build/Debug-watchos/MatchedTransitions-t.build/MatchedTransitions.DependencyStaticMetadataFileList
WriteAuxiliaryFile /Users/admin/builder/spi-builder-workspace/.derivedData/Build/Intermediates.noindex/swiftui-hosting-transitions.build/Debug-watchos/MatchedTransitions-t.build/MatchedTransitions.DependencyMetadataFileList (in target 'MatchedTransitions' from project 'swiftui-hosting-transitions')
cd /Users/admin/builder/spi-builder-workspace
write-file /Users/admin/builder/spi-builder-workspace/.derivedData/Build/Intermediates.noindex/swiftui-hosting-transitions.build/Debug-watchos/MatchedTransitions-t.build/MatchedTransitions.DependencyMetadataFileList
Copy /Users/admin/builder/spi-builder-workspace/.derivedData/Build/Intermediates.noindex/GeneratedModuleMaps-watchos/MatchedTransitions.modulemap /Users/admin/builder/spi-builder-workspace/.derivedData/Build/Intermediates.noindex/swiftui-hosting-transitions.build/Debug-watchos/MatchedTransitions-t.build/MatchedTransitions.modulemap (in target 'MatchedTransitions' from project 'swiftui-hosting-transitions')
cd /Users/admin/builder/spi-builder-workspace
builtin-copy -exclude .DS_Store -exclude CVS -exclude .svn -exclude .git -exclude .hg -resolve-src-symlinks /Users/admin/builder/spi-builder-workspace/.derivedData/Build/Intermediates.noindex/swiftui-hosting-transitions.build/Debug-watchos/MatchedTransitions-t.build/MatchedTransitions.modulemap /Users/admin/builder/spi-builder-workspace/.derivedData/Build/Intermediates.noindex/GeneratedModuleMaps-watchos
SwiftDriver MatchedTransitions normal arm64_32 com.apple.xcode.tools.swift.compiler (in target 'MatchedTransitions' from project 'swiftui-hosting-transitions')
cd /Users/admin/builder/spi-builder-workspace/.swiftpm/xcode
builtin-SwiftDriver -- /Applications/Xcode-27.0.0-Release.Candidate.app/Contents/Developer/Toolchains/XcodeDefault.xctoolchain/usr/bin/swiftc -parse-as-library -module-name MatchedTransitions -Onone @/Users/admin/builder/spi-builder-workspace/.derivedData/Build/Intermediates.noindex/swiftui-hosting-transitions.build/Debug-watchos/MatchedTransitions-t.build/Objects-normal/arm64_32/MatchedTransitions.SwiftFileList -DSWIFT_PACKAGE -DDEBUG -DSWIFT_MODULE_RESOURCE_BUNDLE_UNAVAILABLE -DXcode -plugin-path /Applications/Xcode-27.0.0-Release.Candidate.app/Contents/Developer/Toolchains/XcodeDefault.xctoolchain/usr/lib/swift/host/plugins/testing -enable-experimental-feature DebugDescriptionMacro -sdk /Applications/Xcode-27.0.0-Release.Candidate.app/Contents/Developer/Platforms/WatchOS.platform/Developer/SDKs/WatchOS27.0.sdk -target arm64_32-apple-watchos9.0 -g -module-cache-path /Users/admin/builder/spi-builder-workspace/.derivedData/ModuleCache.noindex -Xfrontend -serialize-debugging-options -enable-testing -index-store-path /Users/admin/builder/spi-builder-workspace/.derivedData/Index.noindex/DataStore -Xcc -D_LIBCPP_HARDENING_MODE\=_LIBCPP_HARDENING_MODE_DEBUG -swift-version 5 -I /Users/admin/builder/spi-builder-workspace/.derivedData/Build/Products/Debug-watchos -Isystem /Applications/Xcode-27.0.0-Release.Candidate.app/Contents/Developer/Platforms/WatchOS.platform/Developer/usr/lib -F /Users/admin/builder/spi-builder-workspace/.derivedData/Build/Products/Debug-watchos -F /Applications/Xcode-27.0.0-Release.Candidate.app/Contents/Developer/Platforms/WatchOS.platform/Developer/Library/Frameworks -F /Applications/Xcode-27.0.0-Release.Candidate.app/Contents/Developer/Platforms/WatchOS.platform/Developer/SDKs/WatchOS27.0.sdk/Developer/Library/Frameworks -c -j10 -enable-batch-mode -incremental -Xcc -ivfsstatcache -Xcc /Users/admin/builder/spi-builder-workspace/.derivedData/SDKStatCaches.noindex/watchos27.0-24R360-e829b21a6f8c9b70876ba0858053c04477534ef55a1706bf4c1112bbb242f0a2.sdkstatcache -output-file-map /Users/admin/builder/spi-builder-workspace/.derivedData/Build/Intermediates.noindex/swiftui-hosting-transitions.build/Debug-watchos/MatchedTransitions-t.build/Objects-normal/arm64_32/MatchedTransitions-OutputFileMap.json -save-temps -no-color-diagnostics -explicit-module-build -module-cache-path /Users/admin/builder/spi-builder-workspace/.derivedData/Build/Intermediates.noindex/SwiftExplicitPrecompiledModules -clang-scanner-module-cache-path /Users/admin/builder/spi-builder-workspace/.derivedData/ModuleCache.noindex -sdk-module-cache-path /Users/admin/builder/spi-builder-workspace/.derivedData/SDKExplicitPrecompiledModules -emit-dependencies -emit-module -emit-module-path /Users/admin/builder/spi-builder-workspace/.derivedData/Build/Intermediates.noindex/swiftui-hosting-transitions.build/Debug-watchos/MatchedTransitions-t.build/Objects-normal/arm64_32/MatchedTransitions.swiftmodule -serialize-diagnostics -dependency-scan-serialize-diagnostics-path /Users/admin/builder/spi-builder-workspace/.derivedData/Build/Intermediates.noindex/swiftui-hosting-transitions.build/Debug-watchos/MatchedTransitions-t.build/Objects-normal/arm64_32/MatchedTransitions-dependency-scan.dia -validate-clang-modules-once -clang-build-session-file /Users/admin/builder/spi-builder-workspace/.derivedData/ModuleCache.noindex/Session.modulevalidation -Xcc -fmodules-prune-interval\=86400 -Xcc -fmodules-prune-after\=345600 -package-name spi_builder_workspace -emit-const-values -const-gather-protocols-list /Users/admin/builder/spi-builder-workspace/.derivedData/Build/Intermediates.noindex/swiftui-hosting-transitions.build/Debug-watchos/MatchedTransitions-t.build/Objects-normal/arm64_32/MatchedTransitions_const_extract_protocols.json -Xcc -I/Users/admin/builder/spi-builder-workspace/.derivedData/Build/Products/Debug-watchos/include -Xcc -I/Users/admin/builder/spi-builder-workspace/.derivedData/Build/Intermediates.noindex/swiftui-hosting-transitions.build/Debug-watchos/MatchedTransitions-t.build/DerivedSources-normal/arm64_32 -Xcc -I/Users/admin/builder/spi-builder-workspace/.derivedData/Build/Intermediates.noindex/swiftui-hosting-transitions.build/Debug-watchos/MatchedTransitions-t.build/DerivedSources/arm64_32 -Xcc -I/Users/admin/builder/spi-builder-workspace/.derivedData/Build/Intermediates.noindex/swiftui-hosting-transitions.build/Debug-watchos/MatchedTransitions-t.build/DerivedSources -Xcc -DSWIFT_PACKAGE -Xcc -DDEBUG\=1 -emit-objc-header -emit-objc-header-path /Users/admin/builder/spi-builder-workspace/.derivedData/Build/Intermediates.noindex/swiftui-hosting-transitions.build/Debug-watchos/MatchedTransitions-t.build/Objects-normal/arm64_32/MatchedTransitions-Swift.h -working-directory /Users/admin/builder/spi-builder-workspace/.swiftpm/xcode -experimental-emit-module-separately -disable-cmo
SwiftDriver MatchedTransitions normal arm64 com.apple.xcode.tools.swift.compiler (in target 'MatchedTransitions' from project 'swiftui-hosting-transitions')
cd /Users/admin/builder/spi-builder-workspace/.swiftpm/xcode
builtin-SwiftDriver -- /Applications/Xcode-27.0.0-Release.Candidate.app/Contents/Developer/Toolchains/XcodeDefault.xctoolchain/usr/bin/swiftc -parse-as-library -module-name MatchedTransitions -Onone @/Users/admin/builder/spi-builder-workspace/.derivedData/Build/Intermediates.noindex/swiftui-hosting-transitions.build/Debug-watchos/MatchedTransitions-t.build/Objects-normal/arm64/MatchedTransitions.SwiftFileList -DSWIFT_PACKAGE -DDEBUG -DSWIFT_MODULE_RESOURCE_BUNDLE_UNAVAILABLE -DXcode -plugin-path /Applications/Xcode-27.0.0-Release.Candidate.app/Contents/Developer/Toolchains/XcodeDefault.xctoolchain/usr/lib/swift/host/plugins/testing -enable-experimental-feature DebugDescriptionMacro -sdk /Applications/Xcode-27.0.0-Release.Candidate.app/Contents/Developer/Platforms/WatchOS.platform/Developer/SDKs/WatchOS27.0.sdk -target arm64-apple-watchos9.0 -g -module-cache-path /Users/admin/builder/spi-builder-workspace/.derivedData/ModuleCache.noindex -Xfrontend -serialize-debugging-options -enable-testing -index-store-path /Users/admin/builder/spi-builder-workspace/.derivedData/Index.noindex/DataStore -Xcc -D_LIBCPP_HARDENING_MODE\=_LIBCPP_HARDENING_MODE_DEBUG -swift-version 5 -I /Users/admin/builder/spi-builder-workspace/.derivedData/Build/Products/Debug-watchos -Isystem /Applications/Xcode-27.0.0-Release.Candidate.app/Contents/Developer/Platforms/WatchOS.platform/Developer/usr/lib -F /Users/admin/builder/spi-builder-workspace/.derivedData/Build/Products/Debug-watchos -F /Applications/Xcode-27.0.0-Release.Candidate.app/Contents/Developer/Platforms/WatchOS.platform/Developer/Library/Frameworks -F /Applications/Xcode-27.0.0-Release.Candidate.app/Contents/Developer/Platforms/WatchOS.platform/Developer/SDKs/WatchOS27.0.sdk/Developer/Library/Frameworks -c -j10 -enable-batch-mode -incremental -Xcc -ivfsstatcache -Xcc /Users/admin/builder/spi-builder-workspace/.derivedData/SDKStatCaches.noindex/watchos27.0-24R360-e829b21a6f8c9b70876ba0858053c04477534ef55a1706bf4c1112bbb242f0a2.sdkstatcache -output-file-map /Users/admin/builder/spi-builder-workspace/.derivedData/Build/Intermediates.noindex/swiftui-hosting-transitions.build/Debug-watchos/MatchedTransitions-t.build/Objects-normal/arm64/MatchedTransitions-OutputFileMap.json -save-temps -no-color-diagnostics -explicit-module-build -module-cache-path /Users/admin/builder/spi-builder-workspace/.derivedData/Build/Intermediates.noindex/SwiftExplicitPrecompiledModules -clang-scanner-module-cache-path /Users/admin/builder/spi-builder-workspace/.derivedData/ModuleCache.noindex -sdk-module-cache-path /Users/admin/builder/spi-builder-workspace/.derivedData/SDKExplicitPrecompiledModules -emit-dependencies -emit-module -emit-module-path /Users/admin/builder/spi-builder-workspace/.derivedData/Build/Intermediates.noindex/swiftui-hosting-transitions.build/Debug-watchos/MatchedTransitions-t.build/Objects-normal/arm64/MatchedTransitions.swiftmodule -serialize-diagnostics -dependency-scan-serialize-diagnostics-path /Users/admin/builder/spi-builder-workspace/.derivedData/Build/Intermediates.noindex/swiftui-hosting-transitions.build/Debug-watchos/MatchedTransitions-t.build/Objects-normal/arm64/MatchedTransitions-dependency-scan.dia -validate-clang-modules-once -clang-build-session-file /Users/admin/builder/spi-builder-workspace/.derivedData/ModuleCache.noindex/Session.modulevalidation -Xcc -fmodules-prune-interval\=86400 -Xcc -fmodules-prune-after\=345600 -package-name spi_builder_workspace -emit-const-values -const-gather-protocols-list /Users/admin/builder/spi-builder-workspace/.derivedData/Build/Intermediates.noindex/swiftui-hosting-transitions.build/Debug-watchos/MatchedTransitions-t.build/Objects-normal/arm64/MatchedTransitions_const_extract_protocols.json -Xcc -I/Users/admin/builder/spi-builder-workspace/.derivedData/Build/Products/Debug-watchos/include -Xcc -I/Users/admin/builder/spi-builder-workspace/.derivedData/Build/Intermediates.noindex/swiftui-hosting-transitions.build/Debug-watchos/MatchedTransitions-t.build/DerivedSources-normal/arm64 -Xcc -I/Users/admin/builder/spi-builder-workspace/.derivedData/Build/Intermediates.noindex/swiftui-hosting-transitions.build/Debug-watchos/MatchedTransitions-t.build/DerivedSources/arm64 -Xcc -I/Users/admin/builder/spi-builder-workspace/.derivedData/Build/Intermediates.noindex/swiftui-hosting-transitions.build/Debug-watchos/MatchedTransitions-t.build/DerivedSources -Xcc -DSWIFT_PACKAGE -Xcc -DDEBUG\=1 -emit-objc-header -emit-objc-header-path /Users/admin/builder/spi-builder-workspace/.derivedData/Build/Intermediates.noindex/swiftui-hosting-transitions.build/Debug-watchos/MatchedTransitions-t.build/Objects-normal/arm64/MatchedTransitions-Swift.h -working-directory /Users/admin/builder/spi-builder-workspace/.swiftpm/xcode -experimental-emit-module-separately -disable-cmo
SwiftExplicitDependencyGeneratePcm arm64_32 /Users/admin/builder/spi-builder-workspace/.derivedData/SDKExplicitPrecompiledModules/ptrauth-BFXF358ME5AK535N5A9Z766WU.pcm
SwiftExplicitDependencyGeneratePcm arm64_32 /Users/admin/builder/spi-builder-workspace/.derivedData/SDKExplicitPrecompiledModules/_Builtin_stdbool-A967K8W8YUYEC9SN52KJ7OO88.pcm
SwiftExplicitDependencyGeneratePcm arm64_32 /Users/admin/builder/spi-builder-workspace/.derivedData/SDKExplicitPrecompiledModules/_Builtin_stdarg-D305JG44A2WPI6CJY37X3QJE8.pcm
SwiftExplicitDependencyGeneratePcm arm64_32 /Users/admin/builder/spi-builder-workspace/.derivedData/SDKExplicitPrecompiledModules/DeveloperToolsSupport-DZU5G1OCMNWU0AQRULIFHUJ1Z.pcm
SwiftExplicitDependencyGeneratePcm arm64_32 /Users/admin/builder/spi-builder-workspace/.derivedData/SDKExplicitPrecompiledModules/_Builtin_stddef-H44EFHQX6XSS5MZ7QP6YJZ76.pcm
SwiftExplicitDependencyGeneratePcm arm64_32 /Users/admin/builder/spi-builder-workspace/.derivedData/SDKExplicitPrecompiledModules/_Builtin_float-6KO8O3PEWRCA4WC6PPLOYO6WJ.pcm
SwiftExplicitDependencyGeneratePcm arm64_32 /Users/admin/builder/spi-builder-workspace/.derivedData/SDKExplicitPrecompiledModules/ptrcheck-7ELIH9BTIGVKX3UBITM9N72WD.pcm
SwiftExplicitDependencyGeneratePcm arm64_32 /Users/admin/builder/spi-builder-workspace/.derivedData/SDKExplicitPrecompiledModules/SwiftShims-9CQQGWTSNTN9EB5NSHDWUJICH.pcm
SwiftExplicitDependencyGeneratePcm arm64_32 /Users/admin/builder/spi-builder-workspace/.derivedData/SDKExplicitPrecompiledModules/_AvailabilityInternal-244WAN3Z1QBT7PIA64EZEFY1R.pcm
SwiftExplicitDependencyGeneratePcm arm64_32 /Users/admin/builder/spi-builder-workspace/.derivedData/SDKExplicitPrecompiledModules/_SwiftConcurrencyShims-6RTBPQ03V7BM9SPRK8SUE055H.pcm
SwiftExplicitDependencyGeneratePcm arm64 /Users/admin/builder/spi-builder-workspace/.derivedData/SDKExplicitPrecompiledModules/_Builtin_stdarg-A7UU8LE6MP85SM26YO7PBZNUQ.pcm
SwiftExplicitDependencyGeneratePcm arm64 /Users/admin/builder/spi-builder-workspace/.derivedData/SDKExplicitPrecompiledModules/DeveloperToolsSupport-E7CNISCB36UE8XQ9IOHK9XDX1.pcm
SwiftExplicitDependencyGeneratePcm arm64 /Users/admin/builder/spi-builder-workspace/.derivedData/SDKExplicitPrecompiledModules/_Builtin_stdbool-83J96QSOFE9VX04AAS6310UAE.pcm
SwiftExplicitDependencyGeneratePcm arm64 /Users/admin/builder/spi-builder-workspace/.derivedData/SDKExplicitPrecompiledModules/SwiftShims-4MXFZPV6FEB0XBYXCGPWAMQGL.pcm
SwiftExplicitDependencyGeneratePcm arm64 /Users/admin/builder/spi-builder-workspace/.derivedData/SDKExplicitPrecompiledModules/ptrauth-3TZ9WJCGLYD25HQPWH4968ONX.pcm
SwiftExplicitDependencyGeneratePcm arm64 /Users/admin/builder/spi-builder-workspace/.derivedData/SDKExplicitPrecompiledModules/_Builtin_stddef-1FU30Y8SWFB7OUUHMJQH5J6FM.pcm
SwiftExplicitDependencyGeneratePcm arm64 /Users/admin/builder/spi-builder-workspace/.derivedData/SDKExplicitPrecompiledModules/_SwiftConcurrencyShims-659N52XSKR5F0QSB880BH2FJR.pcm
SwiftExplicitDependencyGeneratePcm arm64 /Users/admin/builder/spi-builder-workspace/.derivedData/SDKExplicitPrecompiledModules/_AvailabilityInternal-BUNV3UXM65NT37THI4W1AM0SF.pcm
SwiftExplicitDependencyGeneratePcm arm64 /Users/admin/builder/spi-builder-workspace/.derivedData/SDKExplicitPrecompiledModules/_Builtin_float-C0CW5Q4HGBQYKE77TC42IAFB5.pcm
SwiftExplicitDependencyGeneratePcm arm64 /Users/admin/builder/spi-builder-workspace/.derivedData/SDKExplicitPrecompiledModules/ptrcheck-AIF0NDOYZ8ORBNHQAQR5NNB8M.pcm
SwiftExplicitDependencyGeneratePcm arm64_32 /Users/admin/builder/spi-builder-workspace/.derivedData/SDKExplicitPrecompiledModules/_DarwinFoundation1-2GWF9RFMPLQW4PDHS3NARVI3G.pcm
SwiftExplicitDependencyGeneratePcm arm64 /Users/admin/builder/spi-builder-workspace/.derivedData/SDKExplicitPrecompiledModules/_DarwinFoundation1-7SPX3MD0HMP55E4OLNCPNDQ53.pcm
SwiftExplicitDependencyGeneratePcm arm64_32 /Users/admin/builder/spi-builder-workspace/.derivedData/SDKExplicitPrecompiledModules/_DarwinFoundation2-9MY8GOSYRO0M9MKNXF6D3MBNK.pcm
SwiftExplicitDependencyGeneratePcm arm64_32 /Users/admin/builder/spi-builder-workspace/.derivedData/SDKExplicitPrecompiledModules/_Builtin_limits-3VKBU2AFTD65PAJZ5CJ3LHFM2.pcm
SwiftExplicitDependencyGeneratePcm arm64 /Users/admin/builder/spi-builder-workspace/.derivedData/SDKExplicitPrecompiledModules/_DarwinFoundation2-D0XAPJU49S5E9XMKYOFGSTB1Q.pcm
SwiftExplicitDependencyGeneratePcm arm64 /Users/admin/builder/spi-builder-workspace/.derivedData/SDKExplicitPrecompiledModules/_Builtin_limits-9GWPA2B0H20DYUNYHYCWKABJG.pcm
SwiftExplicitDependencyGeneratePcm arm64_32 /Users/admin/builder/spi-builder-workspace/.derivedData/SDKExplicitPrecompiledModules/string_h-BFVLUQUSBZWYMLCU9QI7VZALW.pcm
SwiftExplicitDependencyGeneratePcm arm64_32 /Users/admin/builder/spi-builder-workspace/.derivedData/SDKExplicitPrecompiledModules/sys_types-8TLLMW08ZJWDGIIPKOYFGHHZW.pcm
SwiftExplicitDependencyGeneratePcm arm64_32 /Users/admin/builder/spi-builder-workspace/.derivedData/SDKExplicitPrecompiledModules/_Builtin_stdint-1HMXWI3V0V4TXHRWZOMZGZ80Y.pcm
SwiftExplicitDependencyGeneratePcm arm64_32 /Users/admin/builder/spi-builder-workspace/.derivedData/SDKExplicitPrecompiledModules/_Builtin_tgmath-23PGCKURCQILXMK0MYZRYDCOU.pcm
SwiftExplicitDependencyGeneratePcm arm64 /Users/admin/builder/spi-builder-workspace/.derivedData/SDKExplicitPrecompiledModules/string_h-E6PRXK75PHIPCZFWOFCQ3QBMK.pcm
SwiftExplicitDependencyGeneratePcm arm64 /Users/admin/builder/spi-builder-workspace/.derivedData/SDKExplicitPrecompiledModules/_Builtin_stdint-8XMILLJZEGRN2XG7XZUXZ5RLX.pcm
SwiftExplicitDependencyGeneratePcm arm64 /Users/admin/builder/spi-builder-workspace/.derivedData/SDKExplicitPrecompiledModules/_Builtin_tgmath-8NQ96OZ0YHXEC24JI95P01UF8.pcm
SwiftExplicitDependencyGeneratePcm arm64 /Users/admin/builder/spi-builder-workspace/.derivedData/SDKExplicitPrecompiledModules/sys_types-2KXQLI78OUCDP779AE68GZJ2.pcm
SwiftExplicitDependencyGeneratePcm arm64_32 /Users/admin/builder/spi-builder-workspace/.derivedData/SDKExplicitPrecompiledModules/_Builtin_stdatomic-1TY035TURL76BF2U98PZPPZRX.pcm
SwiftExplicitDependencyGeneratePcm arm64_32 /Users/admin/builder/spi-builder-workspace/.derivedData/SDKExplicitPrecompiledModules/_DarwinFoundation3-3DUTYQDQSD9HUAAVY947NMWOI.pcm
SwiftExplicitDependencyGeneratePcm arm64_32 /Users/admin/builder/spi-builder-workspace/.derivedData/SDKExplicitPrecompiledModules/_Builtin_intrinsics-196IIAKDQVU42DLOZP9OQCV76.pcm
SwiftExplicitDependencyGeneratePcm arm64 /Users/admin/builder/spi-builder-workspace/.derivedData/SDKExplicitPrecompiledModules/_Builtin_intrinsics-75960HIPCIYA06IUW8FIIPQT.pcm
SwiftExplicitDependencyGeneratePcm arm64 /Users/admin/builder/spi-builder-workspace/.derivedData/SDKExplicitPrecompiledModules/_DarwinFoundation3-B97LRG0E9GON2NUE65TVG81HU.pcm
SwiftExplicitDependencyGeneratePcm arm64 /Users/admin/builder/spi-builder-workspace/.derivedData/SDKExplicitPrecompiledModules/_Builtin_stdatomic-7JEFA3KBJJJN6TKJWY3OG1VG5.pcm
SwiftExplicitDependencyGeneratePcm arm64_32 /Users/admin/builder/spi-builder-workspace/.derivedData/SDKExplicitPrecompiledModules/_Builtin_inttypes-D2KPCR4PEX9AQA33NGLUT5SBR.pcm
SwiftExplicitDependencyGeneratePcm arm64 /Users/admin/builder/spi-builder-workspace/.derivedData/SDKExplicitPrecompiledModules/_Builtin_inttypes-3UQSCM7WNM9EK4HZML8TY5J3D.pcm
SwiftExplicitDependencyGeneratePcm arm64_32 /Users/admin/builder/spi-builder-workspace/.derivedData/SDKExplicitPrecompiledModules/Darwin-3FVT1SKLN2ZQ5RVOABMTQBB34.pcm
SwiftExplicitDependencyGeneratePcm arm64 /Users/admin/builder/spi-builder-workspace/.derivedData/SDKExplicitPrecompiledModules/Darwin-3984OXKFNSPE77NT743WK8SEX.pcm
SwiftExplicitDependencyGeneratePcm arm64_32 /Users/admin/builder/spi-builder-workspace/.derivedData/SDKExplicitPrecompiledModules/simd-21UNWYOBUZI1LVSQ99S1XBLMO.pcm
SwiftExplicitDependencyGeneratePcm arm64 /Users/admin/builder/spi-builder-workspace/.derivedData/SDKExplicitPrecompiledModules/simd-EH08NODU6574T74ZKU61VP9BW.pcm
SwiftExplicitDependencyGeneratePcm arm64_32 /Users/admin/builder/spi-builder-workspace/.derivedData/SDKExplicitPrecompiledModules/ObjectiveC-6IJNELR2E80E7LUKESVCP2KET.pcm
SwiftExplicitDependencyGeneratePcm arm64_32 /Users/admin/builder/spi-builder-workspace/.derivedData/SDKExplicitPrecompiledModules/MachO-56838ZJ0NC1EBAJ0O6O8QMPDX.pcm
SwiftExplicitDependencyGeneratePcm arm64 /Users/admin/builder/spi-builder-workspace/.derivedData/SDKExplicitPrecompiledModules/ObjectiveC-72IVD3VS2RS8Q28D9PIMY0KQP.pcm
SwiftExplicitDependencyGeneratePcm arm64 /Users/admin/builder/spi-builder-workspace/.derivedData/SDKExplicitPrecompiledModules/MachO-2U90NNSAQILBNBPS1SA4F8TYP.pcm
SwiftExplicitDependencyGeneratePcm arm64_32 /Users/admin/builder/spi-builder-workspace/.derivedData/SDKExplicitPrecompiledModules/os_object-5YWTC6L4756IWSTPGXS5NM0D0.pcm
SwiftExplicitDependencyGeneratePcm arm64 /Users/admin/builder/spi-builder-workspace/.derivedData/SDKExplicitPrecompiledModules/os_object-3SDKD7F87FTZ26OON37DRYT6O.pcm
SwiftExplicitDependencyGeneratePcm arm64_32 /Users/admin/builder/spi-builder-workspace/.derivedData/SDKExplicitPrecompiledModules/os_workgroup-5JHTPDMNBUNHLJI8LPHKQK1JK.pcm
SwiftExplicitDependencyGeneratePcm arm64 /Users/admin/builder/spi-builder-workspace/.derivedData/SDKExplicitPrecompiledModules/os_workgroup-89GG5G7YC2D0ZTK6AZXXQ20DH.pcm
SwiftExplicitDependencyGeneratePcm arm64_32 /Users/admin/builder/spi-builder-workspace/.derivedData/SDKExplicitPrecompiledModules/Spatial-CWVWNML3T0NXVHZDKVLD3X1YZ.pcm
SwiftExplicitDependencyGeneratePcm arm64_32 /Users/admin/builder/spi-builder-workspace/.derivedData/SDKExplicitPrecompiledModules/Dispatch-2P62F1T4XV63S4P99TUDTOK2Q.pcm
SwiftExplicitDependencyGeneratePcm arm64 /Users/admin/builder/spi-builder-workspace/.derivedData/SDKExplicitPrecompiledModules/Dispatch-1NLJOVAK60XP0DUB05XA59EIM.pcm
SwiftExplicitDependencyGeneratePcm arm64 /Users/admin/builder/spi-builder-workspace/.derivedData/SDKExplicitPrecompiledModules/Spatial-44FJGYXFAT2AQAW9Z6T7YS02U.pcm
SwiftExplicitDependencyGeneratePcm arm64_32 /Users/admin/builder/spi-builder-workspace/.derivedData/SDKExplicitPrecompiledModules/XPC-81Y45QFY96XYYFCW2GT6FY8S4.pcm
SwiftExplicitDependencyGeneratePcm arm64_32 /Users/admin/builder/spi-builder-workspace/.derivedData/SDKExplicitPrecompiledModules/CoreFoundation-8E6Y4BA3EXYKUGJ24GT9LGV3N.pcm
SwiftExplicitDependencyGeneratePcm arm64 /Users/admin/builder/spi-builder-workspace/.derivedData/SDKExplicitPrecompiledModules/XPC-40DR0X1DHKGCV4J1IOLFS8MOU.pcm
SwiftExplicitDependencyGeneratePcm arm64 /Users/admin/builder/spi-builder-workspace/.derivedData/SDKExplicitPrecompiledModules/CoreFoundation-8T2L24YC5NU7WO6WQJWRY7W08.pcm
SwiftExplicitDependencyGeneratePcm arm64_32 /Users/admin/builder/spi-builder-workspace/.derivedData/SDKExplicitPrecompiledModules/os-E5IGB442IA6SBB25TTCOLK2OC.pcm
SwiftExplicitDependencyGeneratePcm arm64 /Users/admin/builder/spi-builder-workspace/.derivedData/SDKExplicitPrecompiledModules/os-5DIL6Z9LFIGLMZAHM7X2T5435.pcm
SwiftExplicitDependencyGeneratePcm arm64_32 /Users/admin/builder/spi-builder-workspace/.derivedData/SDKExplicitPrecompiledModules/Security-D7TOWF88VWF67TB9HAFP5UWB1.pcm
SwiftExplicitDependencyGeneratePcm arm64_32 /Users/admin/builder/spi-builder-workspace/.derivedData/SDKExplicitPrecompiledModules/CoreGraphics-9FDXYX6BKBUT6TJ2VF819E7T5.pcm
SwiftExplicitDependencyGeneratePcm arm64_32 /Users/admin/builder/spi-builder-workspace/.derivedData/SDKExplicitPrecompiledModules/CoreAudioTypes-9GVB1DHA32M46R4A9NWSI3I2K.pcm
SwiftExplicitDependencyGeneratePcm arm64 /Users/admin/builder/spi-builder-workspace/.derivedData/SDKExplicitPrecompiledModules/CoreAudioTypes-A9MF7N5LT63G21HNFVM6BT14B.pcm
SwiftExplicitDependencyGeneratePcm arm64 /Users/admin/builder/spi-builder-workspace/.derivedData/SDKExplicitPrecompiledModules/Security-6RZ6YBRU8WCUHRFFRVUK5WKMM.pcm
SwiftExplicitDependencyGeneratePcm arm64 /Users/admin/builder/spi-builder-workspace/.derivedData/SDKExplicitPrecompiledModules/CoreGraphics-DWNZ73GEH98SBJXZ7DEXB420K.pcm
SwiftExplicitDependencyGeneratePcm arm64_32 /Users/admin/builder/spi-builder-workspace/.derivedData/SDKExplicitPrecompiledModules/CoreAudio-5W6MX6OUPWBMUR8VD5LHT1PZF.pcm
SwiftExplicitDependencyGeneratePcm arm64 /Users/admin/builder/spi-builder-workspace/.derivedData/SDKExplicitPrecompiledModules/CoreAudio-1B79RJJTP71GE6UY9WLESAN3C.pcm
SwiftExplicitDependencyGeneratePcm arm64_32 /Users/admin/builder/spi-builder-workspace/.derivedData/SDKExplicitPrecompiledModules/Foundation-BJ2VQGI3OGR34500MEQ1VKHPH.pcm
SwiftExplicitDependencyGeneratePcm arm64_32 /Users/admin/builder/spi-builder-workspace/.derivedData/SDKExplicitPrecompiledModules/CoreVideo-2P8HI0403J99LBDPKNFJ5D4DL.pcm
SwiftExplicitDependencyGeneratePcm arm64_32 /Users/admin/builder/spi-builder-workspace/.derivedData/SDKExplicitPrecompiledModules/CoreText-C9X2REPZN2V5BSU4G80FCETDR.pcm
SwiftExplicitDependencyGeneratePcm arm64 /Users/admin/builder/spi-builder-workspace/.derivedData/SDKExplicitPrecompiledModules/Foundation-DLBKUSGXN8QHAT8W0OARR9S8A.pcm
SwiftExplicitDependencyGeneratePcm arm64 /Users/admin/builder/spi-builder-workspace/.derivedData/SDKExplicitPrecompiledModules/CoreVideo-8MRR5MNWUOAW2DBPGUQ8FKK4.pcm
SwiftExplicitDependencyGeneratePcm arm64 /Users/admin/builder/spi-builder-workspace/.derivedData/SDKExplicitPrecompiledModules/CoreText-970YJN6NIYGK1316L35Z0O8QT.pcm
SwiftExplicitDependencyGeneratePcm arm64_32 /Users/admin/builder/spi-builder-workspace/.derivedData/SDKExplicitPrecompiledModules/CoreMedia-AO387T8CHWTTZODD1DGT0UAFA.pcm
SwiftExplicitDependencyGeneratePcm arm64 /Users/admin/builder/spi-builder-workspace/.derivedData/SDKExplicitPrecompiledModules/CoreMedia-1AJVCUZNAO74KIKMFVFUUHWDI.pcm
SwiftExplicitDependencyGeneratePcm arm64_32 /Users/admin/builder/spi-builder-workspace/.derivedData/SDKExplicitPrecompiledModules/CoreTransferable-5D4IR6X37682FPHJ5CBPTKQV6.pcm
SwiftExplicitDependencyGeneratePcm arm64_32 /Users/admin/builder/spi-builder-workspace/.derivedData/SDKExplicitPrecompiledModules/DataDetection-U9BF7WHFVA6BZGFXXXP272PS.pcm
SwiftExplicitDependencyGeneratePcm arm64_32 /Users/admin/builder/spi-builder-workspace/.derivedData/SDKExplicitPrecompiledModules/UserNotifications-6TBN8TEAKO014N1T2QD926XED.pcm
SwiftExplicitDependencyGeneratePcm arm64_32 /Users/admin/builder/spi-builder-workspace/.derivedData/SDKExplicitPrecompiledModules/Symbols-1H97WMG76HU94F5VGJR19PXFY.pcm
SwiftExplicitDependencyGeneratePcm arm64_32 /Users/admin/builder/spi-builder-workspace/.derivedData/SDKExplicitPrecompiledModules/QuartzCore-6375NPYACK5NYVHPMC1QQ8MC2.pcm
SwiftExplicitDependencyGeneratePcm arm64_32 /Users/admin/builder/spi-builder-workspace/.derivedData/SDKExplicitPrecompiledModules/UIUtilities-9YFVNIMRC5HRVOIARNWHP1E3H.pcm
SwiftExplicitDependencyGeneratePcm arm64_32 /Users/admin/builder/spi-builder-workspace/.derivedData/SDKExplicitPrecompiledModules/UniformTypeIdentifiers-CJZ3NTHPSBH4XWX5EVOG56UZS.pcm
SwiftExplicitDependencyGeneratePcm arm64_32 /Users/admin/builder/spi-builder-workspace/.derivedData/SDKExplicitPrecompiledModules/_LocationEssentials-AQ1OL9QKC3LQLY5CNSRM1HB53.pcm
SwiftExplicitDependencyGeneratePcm arm64_32 /Users/admin/builder/spi-builder-workspace/.derivedData/SDKExplicitPrecompiledModules/CoreData-7AU1AFQWUH88EAPDKVMLJPKVD.pcm
SwiftExplicitDependencyGeneratePcm arm64_32 /Users/admin/builder/spi-builder-workspace/.derivedData/SDKExplicitPrecompiledModules/SceneKit-DKNLHKM5FJBQ79LSNMSSMBUBR.pcm
SwiftExplicitDependencyGeneratePcm arm64 /Users/admin/builder/spi-builder-workspace/.derivedData/SDKExplicitPrecompiledModules/UIUtilities-IR7RNW23VAUKYI9MLCS9NL9A.pcm
SwiftExplicitDependencyGeneratePcm arm64 /Users/admin/builder/spi-builder-workspace/.derivedData/SDKExplicitPrecompiledModules/UniformTypeIdentifiers-8L08Q8DQJV8C4AW84YVGFGTRN.pcm
SwiftExplicitDependencyGeneratePcm arm64 /Users/admin/builder/spi-builder-workspace/.derivedData/SDKExplicitPrecompiledModules/Symbols-3EFABTJ9L5PQDJ7RQCYQWEJMM.pcm
SwiftExplicitDependencyGeneratePcm arm64 /Users/admin/builder/spi-builder-workspace/.derivedData/SDKExplicitPrecompiledModules/Accessibility-27QMG6ZQ1NKYTNBYFPM1XKNFC.pcm
SwiftExplicitDependencyGeneratePcm arm64 /Users/admin/builder/spi-builder-workspace/.derivedData/SDKExplicitPrecompiledModules/QuartzCore-94KFMWNOU7ZLUZNB4T5DLZC9D.pcm
SwiftExplicitDependencyGeneratePcm arm64 /Users/admin/builder/spi-builder-workspace/.derivedData/SDKExplicitPrecompiledModules/OSLog-B7VGO357Y3GJG35TST7DKDSI3.pcm
SwiftExplicitDependencyGeneratePcm arm64 /Users/admin/builder/spi-builder-workspace/.derivedData/SDKExplicitPrecompiledModules/SceneKit-5HZKIL7XETTTD8TOHYPN8JKRJ.pcm
SwiftExplicitDependencyGeneratePcm arm64 /Users/admin/builder/spi-builder-workspace/.derivedData/SDKExplicitPrecompiledModules/UserNotifications-ARAH8MEQ0C2L0FBO39HITJMAO.pcm
SwiftExplicitDependencyGeneratePcm arm64_32 /Users/admin/builder/spi-builder-workspace/.derivedData/SDKExplicitPrecompiledModules/CoreLocation-8XU5YMYM4P11RQMYCQAG65ITK.pcm
SwiftExplicitDependencyGeneratePcm arm64 /Users/admin/builder/spi-builder-workspace/.derivedData/SDKExplicitPrecompiledModules/CoreTransferable-9PPG3SLJ55T4LITIFYX2M0NOZ.pcm
SwiftExplicitDependencyGeneratePcm arm64 /Users/admin/builder/spi-builder-workspace/.derivedData/SDKExplicitPrecompiledModules/DataDetection-7BNVI1SZW5ISQL5SX4WL2X7I5.pcm
SwiftExplicitDependencyGeneratePcm arm64_32 /Users/admin/builder/spi-builder-workspace/.derivedData/SDKExplicitPrecompiledModules/SwiftUICore-3Q7WLRD8MR9R3NGIPUBQCP6F6.pcm
SwiftExplicitDependencyGeneratePcm arm64 /Users/admin/builder/spi-builder-workspace/.derivedData/SDKExplicitPrecompiledModules/CoreData-9JFJC4UET8BAO5IPV2JU6W9V8.pcm
SwiftExplicitDependencyGeneratePcm arm64 /Users/admin/builder/spi-builder-workspace/.derivedData/SDKExplicitPrecompiledModules/_LocationEssentials-5ZZDGDXB6HLQUC72SJW7YJ7MK.pcm
SwiftExplicitDependencyGeneratePcm arm64_32 /Users/admin/builder/spi-builder-workspace/.derivedData/SDKExplicitPrecompiledModules/OSLog-D9AVFY0KWO7RVBIQ73CBIJVCN.pcm
SwiftExplicitDependencyGeneratePcm arm64_32 /Users/admin/builder/spi-builder-workspace/.derivedData/SDKExplicitPrecompiledModules/Accessibility-F385OMZ5GYBUY5O4QAJB4NRII.pcm
SwiftExplicitDependencyGeneratePcm arm64 /Users/admin/builder/spi-builder-workspace/.derivedData/SDKExplicitPrecompiledModules/SwiftUICore-C1DST1IX2Z0PTH5SJJZ1IULRB.pcm
SwiftExplicitDependencyGeneratePcm arm64_32 /Users/admin/builder/spi-builder-workspace/.derivedData/SDKExplicitPrecompiledModules/CoreMotion-1XGTVTE5PP32UHME8AC63TL6.pcm
SwiftExplicitDependencyGeneratePcm arm64 /Users/admin/builder/spi-builder-workspace/.derivedData/SDKExplicitPrecompiledModules/CoreLocation-ACKJ9K7ABI14F97Y46Y6SRR17.pcm
SwiftExplicitDependencyGeneratePcm arm64_32 /Users/admin/builder/spi-builder-workspace/.derivedData/SDKExplicitPrecompiledModules/UIKit-6PPV7YPZ89CZPHYAP072QH8B6.pcm
SwiftExplicitDependencyGeneratePcm arm64 /Users/admin/builder/spi-builder-workspace/.derivedData/SDKExplicitPrecompiledModules/CoreMotion-6RD5K48QT1F4L9CATNFD2O7YB.pcm
SwiftExplicitDependencyGeneratePcm arm64 /Users/admin/builder/spi-builder-workspace/.derivedData/SDKExplicitPrecompiledModules/UIKit-27R3P1YMV4C6JLDT661G3MRIA.pcm
SwiftExplicitDependencyGeneratePcm arm64_32 /Users/admin/builder/spi-builder-workspace/.derivedData/SDKExplicitPrecompiledModules/MapKit-CWGB4YMP1VX1NYQN5FULFD5DR.pcm
SwiftExplicitDependencyGeneratePcm arm64_32 /Users/admin/builder/spi-builder-workspace/.derivedData/SDKExplicitPrecompiledModules/HomeKit-DUDZOMSN3UK8GNTNBNMPIWJRN.pcm
SwiftExplicitDependencyGeneratePcm arm64 /Users/admin/builder/spi-builder-workspace/.derivedData/SDKExplicitPrecompiledModules/HomeKit-DTS1N4AWILAL1URZ5IOXV5221.pcm
SwiftExplicitDependencyGeneratePcm arm64 /Users/admin/builder/spi-builder-workspace/.derivedData/SDKExplicitPrecompiledModules/MapKit-EJJWC7IL56MPLQMI93GJRE5OG.pcm
SwiftExplicitDependencyGeneratePcm arm64_32 /Users/admin/builder/spi-builder-workspace/.derivedData/SDKExplicitPrecompiledModules/WatchKit-FHF6WTKLC2APGK3LA2XJ6516.pcm
SwiftExplicitDependencyGeneratePcm arm64 /Users/admin/builder/spi-builder-workspace/.derivedData/SDKExplicitPrecompiledModules/WatchKit-3VT3K8YON6FJ6OWSUFJMFMP8J.pcm
SwiftExplicitDependencyGeneratePcm arm64_32 /Users/admin/builder/spi-builder-workspace/.derivedData/SDKExplicitPrecompiledModules/SwiftUI-9AYG9OCT5VOJK7V4MX1WYR86T.pcm
SwiftCompile normal arm64_32 Compiling\ MatchedHostingController.swift /Users/admin/builder/spi-builder-workspace/Sources/MatchedTransitions/MatchedHostingController.swift (in target 'MatchedTransitions' from project 'swiftui-hosting-transitions')
SwiftCompile normal arm64_32 /Users/admin/builder/spi-builder-workspace/Sources/MatchedTransitions/MatchedHostingController.swift (in target 'MatchedTransitions' from project 'swiftui-hosting-transitions')
cd /Users/admin/builder/spi-builder-workspace/.swiftpm/xcode
builtin-SwiftPerFileCompile MatchedHostingController.swift
/Users/admin/builder/spi-builder-workspace/Sources/MatchedTransitions/MatchedHostingController.swift:4:53: error: cannot find type 'UIHostingController' in scope
2 | import SwiftUI
3 |
4 | open class MatchedHostingController<Content: View>: UIHostingController<MatchedContainerView<Content>> {
| `- error: cannot find type 'UIHostingController' in scope
5 | private let state: MatchedGeometryState
6 | private lazy var transitionManager = TransitionManager(state: state)
/Users/admin/builder/spi-builder-workspace/Sources/MatchedTransitions/MatchedHostingController.swift:25:24: error: method does not override any method from its superclass
23 | }
24 |
25 | override open func viewDidAppear(_ animated: Bool) {
| `- error: method does not override any method from its superclass
26 | super.viewDidAppear(animated)
27 | navigationController?.delegate = transitionManager
/Users/admin/builder/spi-builder-workspace/Sources/MatchedTransitions/MatchedHostingController.swift:13:9: error: 'super' cannot be used in class 'MatchedHostingController' because it has no superclass
11 | ) {
12 | self.state = state
13 | super.init(
| `- error: 'super' cannot be used in class 'MatchedHostingController' because it has no superclass
14 | rootView: .init(
15 | content: rootView,
/Users/admin/builder/spi-builder-workspace/Sources/MatchedTransitions/MatchedHostingController.swift:26:9: error: 'super' cannot be used in class 'MatchedHostingController' because it has no superclass
24 |
25 | override open func viewDidAppear(_ animated: Bool) {
26 | super.viewDidAppear(animated)
| `- error: 'super' cannot be used in class 'MatchedHostingController' because it has no superclass
27 | navigationController?.delegate = transitionManager
28 | }
SwiftCompile normal arm64_32 Compiling\ MatchedGeometryState.swift /Users/admin/builder/spi-builder-workspace/Sources/MatchedTransitions/MatchedGeometryState.swift (in target 'MatchedTransitions' from project 'swiftui-hosting-transitions')
SwiftCompile normal arm64_32 /Users/admin/builder/spi-builder-workspace/Sources/MatchedTransitions/MatchedGeometryState.swift (in target 'MatchedTransitions' from project 'swiftui-hosting-transitions')
cd /Users/admin/builder/spi-builder-workspace/.swiftpm/xcode
builtin-SwiftPerFileCompile MatchedGeometryState.swift
SwiftEmitModule normal arm64_32 Emitting\ module\ for\ MatchedTransitions (in target 'MatchedTransitions' from project 'swiftui-hosting-transitions')
/Users/admin/builder/spi-builder-workspace/Sources/MatchedTransitions/MatchedHostingController.swift:4:53: error: cannot find type 'UIHostingController' in scope
2 | import SwiftUI
3 |
4 | open class MatchedHostingController<Content: View>: UIHostingController<MatchedContainerView<Content>> {
| `- error: cannot find type 'UIHostingController' in scope
5 | private let state: MatchedGeometryState
6 | private lazy var transitionManager = TransitionManager(state: state)
/Users/admin/builder/spi-builder-workspace/Sources/MatchedTransitions/MatchedHostingController.swift:25:24: error: method does not override any method from its superclass
23 | }
24 |
25 | override open func viewDidAppear(_ animated: Bool) {
| `- error: method does not override any method from its superclass
26 | super.viewDidAppear(animated)
27 | navigationController?.delegate = transitionManager
/Users/admin/builder/spi-builder-workspace/Sources/MatchedTransitions/TransitionManager.swift:7:29: error: 'UINavigationController' is unavailable in watchOS
5 | let state: MatchedGeometryState
6 |
7 | private var operation = UINavigationController.Operation.push
| `- error: 'UINavigationController' is unavailable in watchOS
8 |
9 | init(state: MatchedGeometryState) {
/Applications/Xcode-27.0.0-Release.Candidate.app/Contents/Developer/Platforms/WatchOS.platform/Developer/SDKs/WatchOS27.0.sdk/System/Library/Frameworks/UIKit.framework/Headers/UINavigationController.h:46:12: note: 'UINavigationController' has been explicitly marked unavailable here
44 |
45 | UIKIT_EXTERN API_AVAILABLE(ios(2.0)) API_UNAVAILABLE(watchos) NS_SWIFT_UI_ACTOR
46 | @interface UINavigationController : UIViewController
| `- note: 'UINavigationController' has been explicitly marked unavailable here
47 |
48 |
/Users/admin/builder/spi-builder-workspace/Sources/MatchedTransitions/TransitionManager.swift:13:54: error: 'UIViewControllerContextTransitioning' is unavailable in watchOS
11 | }
12 |
13 | func transitionDuration(using transitionContext: UIViewControllerContextTransitioning?) -> TimeInterval { state.animationDuration }
| `- error: 'UIViewControllerContextTransitioning' is unavailable in watchOS
14 |
15 | func animateTransition(using transitionContext: UIViewControllerContextTransitioning) {
/Applications/Xcode-27.0.0-Release.Candidate.app/Contents/Developer/Platforms/WatchOS.platform/Developer/SDKs/WatchOS27.0.sdk/System/Library/Frameworks/UIKit.framework/Headers/UIViewControllerTransitioning.h:68:11: note: 'UIViewControllerContextTransitioning' has been explicitly marked unavailable here
66 |
67 | API_UNAVAILABLE(watchos) NS_SWIFT_UI_ACTOR
68 | @protocol UIViewControllerContextTransitioning <NSObject>
| `- note: 'UIViewControllerContextTransitioning' has been explicitly marked unavailable here
69 |
70 | // The view in which the animated transition should take place.
/Users/admin/builder/spi-builder-workspace/Sources/MatchedTransitions/TransitionManager.swift:15:53: error: 'UIViewControllerContextTransitioning' is unavailable in watchOS
13 | func transitionDuration(using transitionContext: UIViewControllerContextTransitioning?) -> TimeInterval { state.animationDuration }
14 |
15 | func animateTransition(using transitionContext: UIViewControllerContextTransitioning) {
| `- error: 'UIViewControllerContextTransitioning' is unavailable in watchOS
16 | switch operation {
17 | case .push:
/Applications/Xcode-27.0.0-Release.Candidate.app/Contents/Developer/Platforms/WatchOS.platform/Developer/SDKs/WatchOS27.0.sdk/System/Library/Frameworks/UIKit.framework/Headers/UIViewControllerTransitioning.h:68:11: note: 'UIViewControllerContextTransitioning' has been explicitly marked unavailable here
66 |
67 | API_UNAVAILABLE(watchos) NS_SWIFT_UI_ACTOR
68 | @protocol UIViewControllerContextTransitioning <NSObject>
| `- note: 'UIViewControllerContextTransitioning' has been explicitly marked unavailable here
69 |
70 | // The view in which the animated transition should take place.
/Users/admin/builder/spi-builder-workspace/Sources/MatchedTransitions/TransitionManager.swift:37:29: error: 'UIViewController' is unavailable in watchOS
35 |
36 | func push(
37 | _ toViewController: UIViewController,
| `- error: 'UIViewController' is unavailable in watchOS
38 | from fromViewController: UIViewController,
39 | using transitionContext: UIViewControllerContextTransitioning
/Applications/Xcode-27.0.0-Release.Candidate.app/Contents/Developer/Platforms/WatchOS.platform/Developer/SDKs/WatchOS27.0.sdk/System/Library/Frameworks/UIKit.framework/Headers/UIViewController.h:104:12: note: 'UIViewController' has been explicitly marked unavailable here
102 |
103 | UIKIT_EXTERN API_AVAILABLE(ios(2.0)) API_UNAVAILABLE(watchos) NS_SWIFT_UI_ACTOR
104 | @interface UIViewController : UIResponder <NSCoding, UIAppearanceContainer, UITraitEnvironment, UIContentContainer, UIFocusEnvironment>
| `- note: 'UIViewController' has been explicitly marked unavailable here
105 |
106 | /*
/Users/admin/builder/spi-builder-workspace/Sources/MatchedTransitions/TransitionManager.swift:38:34: error: 'UIViewController' is unavailable in watchOS
36 | func push(
37 | _ toViewController: UIViewController,
38 | from fromViewController: UIViewController,
| `- error: 'UIViewController' is unavailable in watchOS
39 | using transitionContext: UIViewControllerContextTransitioning
40 | ) {
/Applications/Xcode-27.0.0-Release.Candidate.app/Contents/Developer/Platforms/WatchOS.platform/Developer/SDKs/WatchOS27.0.sdk/System/Library/Frameworks/UIKit.framework/Headers/UIViewController.h:104:12: note: 'UIViewController' has been explicitly marked unavailable here
102 |
103 | UIKIT_EXTERN API_AVAILABLE(ios(2.0)) API_UNAVAILABLE(watchos) NS_SWIFT_UI_ACTOR
104 | @interface UIViewController : UIResponder <NSCoding, UIAppearanceContainer, UITraitEnvironment, UIContentContainer, UIFocusEnvironment>
| `- note: 'UIViewController' has been explicitly marked unavailable here
105 |
106 | /*
/Users/admin/builder/spi-builder-workspace/Sources/MatchedTransitions/TransitionManager.swift:39:34: error: 'UIViewControllerContextTransitioning' is unavailable in watchOS
37 | _ toViewController: UIViewController,
38 | from fromViewController: UIViewController,
39 | using transitionContext: UIViewControllerContextTransitioning
| `- error: 'UIViewControllerContextTransitioning' is unavailable in watchOS
40 | ) {
41 | let containerView = transitionContext.containerView
/Applications/Xcode-27.0.0-Release.Candidate.app/Contents/Developer/Platforms/WatchOS.platform/Developer/SDKs/WatchOS27.0.sdk/System/Library/Frameworks/UIKit.framework/Headers/UIViewControllerTransitioning.h:68:11: note: 'UIViewControllerContextTransitioning' has been explicitly marked unavailable here
66 |
67 | API_UNAVAILABLE(watchos) NS_SWIFT_UI_ACTOR
68 | @protocol UIViewControllerContextTransitioning <NSObject>
| `- note: 'UIViewControllerContextTransitioning' has been explicitly marked unavailable here
69 |
70 | // The view in which the animated transition should take place.
/Users/admin/builder/spi-builder-workspace/Sources/MatchedTransitions/TransitionManager.swift:80:31: error: 'UIViewController' is unavailable in watchOS
78 |
79 | func pop(
80 | _ fromViewController: UIViewController,
| `- error: 'UIViewController' is unavailable in watchOS
81 | to toViewController: UIViewController,
82 | using transitionContext: UIViewControllerContextTransitioning
/Applications/Xcode-27.0.0-Release.Candidate.app/Contents/Developer/Platforms/WatchOS.platform/Developer/SDKs/WatchOS27.0.sdk/System/Library/Frameworks/UIKit.framework/Headers/UIViewController.h:104:12: note: 'UIViewController' has been explicitly marked unavailable here
102 |
103 | UIKIT_EXTERN API_AVAILABLE(ios(2.0)) API_UNAVAILABLE(watchos) NS_SWIFT_UI_ACTOR
104 | @interface UIViewController : UIResponder <NSCoding, UIAppearanceContainer, UITraitEnvironment, UIContentContainer, UIFocusEnvironment>
| `- note: 'UIViewController' has been explicitly marked unavailable here
105 |
106 | /*
/Users/admin/builder/spi-builder-workspace/Sources/MatchedTransitions/TransitionManager.swift:81:30: error: 'UIViewController' is unavailable in watchOS
79 | func pop(
80 | _ fromViewController: UIViewController,
81 | to toViewController: UIViewController,
| `- error: 'UIViewController' is unavailable in watchOS
82 | using transitionContext: UIViewControllerContextTransitioning
83 | ) {
/Applications/Xcode-27.0.0-Release.Candidate.app/Contents/Developer/Platforms/WatchOS.platform/Developer/SDKs/WatchOS27.0.sdk/System/Library/Frameworks/UIKit.framework/Headers/UIViewController.h:104:12: note: 'UIViewController' has been explicitly marked unavailable here
102 |
103 | UIKIT_EXTERN API_AVAILABLE(ios(2.0)) API_UNAVAILABLE(watchos) NS_SWIFT_UI_ACTOR
104 | @interface UIViewController : UIResponder <NSCoding, UIAppearanceContainer, UITraitEnvironment, UIContentContainer, UIFocusEnvironment>
| `- note: 'UIViewController' has been explicitly marked unavailable here
105 |
106 | /*
/Users/admin/builder/spi-builder-workspace/Sources/MatchedTransitions/TransitionManager.swift:82:34: error: 'UIViewControllerContextTransitioning' is unavailable in watchOS
80 | _ fromViewController: UIViewController,
81 | to toViewController: UIViewController,
82 | using transitionContext: UIViewControllerContextTransitioning
| `- error: 'UIViewControllerContextTransitioning' is unavailable in watchOS
83 | ) {
84 | let containerView = transitionContext.containerView
/Applications/Xcode-27.0.0-Release.Candidate.app/Contents/Developer/Platforms/WatchOS.platform/Developer/SDKs/WatchOS27.0.sdk/System/Library/Frameworks/UIKit.framework/Headers/UIViewControllerTransitioning.h:68:11: note: 'UIViewControllerContextTransitioning' has been explicitly marked unavailable here
66 |
67 | API_UNAVAILABLE(watchos) NS_SWIFT_UI_ACTOR
68 | @protocol UIViewControllerContextTransitioning <NSObject>
| `- note: 'UIViewControllerContextTransitioning' has been explicitly marked unavailable here
69 |
70 | // The view in which the animated transition should take place.
/Users/admin/builder/spi-builder-workspace/Sources/MatchedTransitions/TransitionManager.swift:4:36: error: 'UIViewControllerAnimatedTransitioning' is unavailable in watchOS
2 | import UIKit
3 |
4 | class TransitionManager: NSObject, UIViewControllerAnimatedTransitioning {
| `- error: 'UIViewControllerAnimatedTransitioning' is unavailable in watchOS
5 | let state: MatchedGeometryState
6 |
/Applications/Xcode-27.0.0-Release.Candidate.app/Contents/Developer/Platforms/WatchOS.platform/Developer/SDKs/WatchOS27.0.sdk/System/Library/Frameworks/UIKit.framework/Headers/UIViewControllerTransitioning.h:137:11: note: 'UIViewControllerAnimatedTransitioning' has been explicitly marked unavailable here
135 |
136 | API_UNAVAILABLE(watchos) NS_SWIFT_UI_ACTOR
137 | @protocol UIViewControllerAnimatedTransitioning <NSObject>
| `- note: 'UIViewControllerAnimatedTransitioning' has been explicitly marked unavailable here
138 |
139 | // This is used for percent driven interactive transitions, as well as for
/Users/admin/builder/spi-builder-workspace/Sources/MatchedTransitions/TransitionManager.swift:115:33: error: 'UINavigationController' is unavailable in watchOS
113 | extension TransitionManager: UINavigationControllerDelegate {
114 | func navigationController(
115 | _ navigationController: UINavigationController,
| `- error: 'UINavigationController' is unavailable in watchOS
116 | animationControllerFor operation: UINavigationController.Operation,
117 | from fromVC: UIViewController,
/Applications/Xcode-27.0.0-Release.Candidate.app/Contents/Developer/Platforms/WatchOS.platform/Developer/SDKs/WatchOS27.0.sdk/System/Library/Frameworks/UIKit.framework/Headers/UINavigationController.h:46:12: note: 'UINavigationController' has been explicitly marked unavailable here
44 |
45 | UIKIT_EXTERN API_AVAILABLE(ios(2.0)) API_UNAVAILABLE(watchos) NS_SWIFT_UI_ACTOR
46 | @interface UINavigationController : UIViewController
| `- note: 'UINavigationController' has been explicitly marked unavailable here
47 |
48 |
/Users/admin/builder/spi-builder-workspace/Sources/MatchedTransitions/TransitionManager.swift:116:43: error: 'UINavigationController' is unavailable in watchOS
114 | func navigationController(
115 | _ navigationController: UINavigationController,
116 | animationControllerFor operation: UINavigationController.Operation,
| `- error: 'UINavigationController' is unavailable in watchOS
117 | from fromVC: UIViewController,
118 | to toVC: UIViewController
/Applications/Xcode-27.0.0-Release.Candidate.app/Contents/Developer/Platforms/WatchOS.platform/Developer/SDKs/WatchOS27.0.sdk/System/Library/Frameworks/UIKit.framework/Headers/UINavigationController.h:46:12: note: 'UINavigationController' has been explicitly marked unavailable here
44 |
45 | UIKIT_EXTERN API_AVAILABLE(ios(2.0)) API_UNAVAILABLE(watchos) NS_SWIFT_UI_ACTOR
46 | @interface UINavigationController : UIViewController
| `- note: 'UINavigationController' has been explicitly marked unavailable here
47 |
48 |
/Users/admin/builder/spi-builder-workspace/Sources/MatchedTransitions/TransitionManager.swift:117:22: error: 'UIViewController' is unavailable in watchOS
115 | _ navigationController: UINavigationController,
116 | animationControllerFor operation: UINavigationController.Operation,
117 | from fromVC: UIViewController,
| `- error: 'UIViewController' is unavailable in watchOS
118 | to toVC: UIViewController
119 | ) -> UIViewControllerAnimatedTransitioning? {
/Applications/Xcode-27.0.0-Release.Candidate.app/Contents/Developer/Platforms/WatchOS.platform/Developer/SDKs/WatchOS27.0.sdk/System/Library/Frameworks/UIKit.framework/Headers/UIViewController.h:104:12: note: 'UIViewController' has been explicitly marked unavailable here
102 |
103 | UIKIT_EXTERN API_AVAILABLE(ios(2.0)) API_UNAVAILABLE(watchos) NS_SWIFT_UI_ACTOR
104 | @interface UIViewController : UIResponder <NSCoding, UIAppearanceContainer, UITraitEnvironment, UIContentContainer, UIFocusEnvironment>
| `- note: 'UIViewController' has been explicitly marked unavailable here
105 |
106 | /*
/Users/admin/builder/spi-builder-workspace/Sources/MatchedTransitions/TransitionManager.swift:118:18: error: 'UIViewController' is unavailable in watchOS
116 | animationControllerFor operation: UINavigationController.Operation,
117 | from fromVC: UIViewController,
118 | to toVC: UIViewController
| `- error: 'UIViewController' is unavailable in watchOS
119 | ) -> UIViewControllerAnimatedTransitioning? {
120 | self.operation = operation
/Applications/Xcode-27.0.0-Release.Candidate.app/Contents/Developer/Platforms/WatchOS.platform/Developer/SDKs/WatchOS27.0.sdk/System/Library/Frameworks/UIKit.framework/Headers/UIViewController.h:104:12: note: 'UIViewController' has been explicitly marked unavailable here
102 |
103 | UIKIT_EXTERN API_AVAILABLE(ios(2.0)) API_UNAVAILABLE(watchos) NS_SWIFT_UI_ACTOR
104 | @interface UIViewController : UIResponder <NSCoding, UIAppearanceContainer, UITraitEnvironment, UIContentContainer, UIFocusEnvironment>
| `- note: 'UIViewController' has been explicitly marked unavailable here
105 |
106 | /*
/Users/admin/builder/spi-builder-workspace/Sources/MatchedTransitions/TransitionManager.swift:119:10: error: 'UIViewControllerAnimatedTransitioning' is unavailable in watchOS
117 | from fromVC: UIViewController,
118 | to toVC: UIViewController
119 | ) -> UIViewControllerAnimatedTransitioning? {
| `- error: 'UIViewControllerAnimatedTransitioning' is unavailable in watchOS
120 | self.operation = operation
121 | return self
/Applications/Xcode-27.0.0-Release.Candidate.app/Contents/Developer/Platforms/WatchOS.platform/Developer/SDKs/WatchOS27.0.sdk/System/Library/Frameworks/UIKit.framework/Headers/UIViewControllerTransitioning.h:137:11: note: 'UIViewControllerAnimatedTransitioning' has been explicitly marked unavailable here
135 |
136 | API_UNAVAILABLE(watchos) NS_SWIFT_UI_ACTOR
137 | @protocol UIViewControllerAnimatedTransitioning <NSObject>
| `- note: 'UIViewControllerAnimatedTransitioning' has been explicitly marked unavailable here
138 |
139 | // This is used for percent driven interactive transitions, as well as for
/Users/admin/builder/spi-builder-workspace/Sources/MatchedTransitions/TransitionManager.swift:113:30: error: 'UINavigationControllerDelegate' is unavailable in watchOS
111 | }
112 |
113 | extension TransitionManager: UINavigationControllerDelegate {
| `- error: 'UINavigationControllerDelegate' is unavailable in watchOS
114 | func navigationController(
115 | _ navigationController: UINavigationController,
/Applications/Xcode-27.0.0-Release.Candidate.app/Contents/Developer/Platforms/WatchOS.platform/Developer/SDKs/WatchOS27.0.sdk/System/Library/Frameworks/UIKit.framework/Headers/UINavigationController.h:128:11: note: 'UINavigationControllerDelegate' has been explicitly marked unavailable here
126 |
127 | API_UNAVAILABLE(watchos) NS_SWIFT_UI_ACTOR
128 | @protocol UINavigationControllerDelegate <NSObject>
| `- note: 'UINavigationControllerDelegate' has been explicitly marked unavailable here
129 |
130 | @optional
Failed frontend command:
/Applications/Xcode-27.0.0-Release.Candidate.app/Contents/Developer/Toolchains/XcodeDefault.xctoolchain/usr/bin/swift-frontend -frontend -emit-module -experimental-skip-non-inlinable-function-bodies-without-types /Users/admin/builder/spi-builder-workspace/Sources/MatchedTransitions/MatchedContainerView.swift /Users/admin/builder/spi-builder-workspace/Sources/MatchedTransitions/MatchedGeometryModifier.swift /Users/admin/builder/spi-builder-workspace/Sources/MatchedTransitions/MatchedGeometryState.swift /Users/admin/builder/spi-builder-workspace/Sources/MatchedTransitions/MatchedHostingController.swift /Users/admin/builder/spi-builder-workspace/Sources/MatchedTransitions/TransitionManager.swift /Users/admin/builder/spi-builder-workspace/Sources/MatchedTransitions/TransitionView.swift -target arm64_32-apple-watchos9.0 -disable-cross-import-overlay-search -load-resolved-plugin /Applications/Xcode-27.0.0-Release.Candidate.app/Contents/Developer/Platforms/WatchOS.platform/Developer/usr/lib/swift/host/plugins/libFoundationMacros.dylib\#/Applications/Xcode-27.0.0-Release.Candidate.app/Contents/Developer/Platforms/WatchOS.platform/Developer/usr/bin/swift-plugin-server\#FoundationMacros -load-resolved-plugin /Applications/Xcode-27.0.0-Release.Candidate.app/Contents/Developer/Platforms/WatchOS.platform/Developer/usr/lib/swift/host/plugins/libObservationMacros.dylib\#/Applications/Xcode-27.0.0-Release.Candidate.app/Contents/Developer/Platforms/WatchOS.platform/Developer/usr/bin/swift-plugin-server\#ObservationMacros -load-resolved-plugin /Applications/Xcode-27.0.0-Release.Candidate.app/Contents/Developer/Platforms/WatchOS.platform/Developer/usr/lib/swift/host/plugins/libPreviewsMacros.dylib\#/Applications/Xcode-27.0.0-Release.Candidate.app/Contents/Developer/Platforms/WatchOS.platform/Developer/usr/bin/swift-plugin-server\#PreviewsMacros -load-resolved-plugin /Applications/Xcode-27.0.0-Release.Candidate.app/Contents/Developer/Platforms/WatchOS.platform/Developer/usr/lib/swift/host/plugins/libSwiftMacros.dylib\#/Applications/Xcode-27.0.0-Release.Candidate.app/Contents/Developer/Platforms/WatchOS.platform/Developer/usr/bin/swift-plugin-server\#SwiftMacros -load-resolved-plugin /Applications/Xcode-27.0.0-Release.Candidate.app/Contents/Developer/Platforms/WatchOS.platform/Developer/usr/lib/swift/host/plugins/libSwiftUIMacros.dylib\#/Applications/Xcode-27.0.0-Release.Candidate.app/Contents/Developer/Platforms/WatchOS.platform/Developer/usr/bin/swift-plugin-server\#SwiftUIMacros -disable-implicit-swift-modules -Xcc -fno-implicit-modules -Xcc -fno-implicit-module-maps -explicit-swift-module-map-file /Users/admin/builder/spi-builder-workspace/.derivedData/Build/Intermediates.noindex/swiftui-hosting-transitions.build/Debug-watchos/MatchedTransitions-t.build/Objects-normal/arm64_32/MatchedTransitions-dependencies-2.json -enable-objc-interop -sdk /Applications/Xcode-27.0.0-Release.Candidate.app/Contents/Developer/Platforms/WatchOS.platform/Developer/SDKs/WatchOS27.0.sdk -I /Users/admin/builder/spi-builder-workspace/.derivedData/Build/Products/Debug-watchos -Isystem /Applications/Xcode-27.0.0-Release.Candidate.app/Contents/Developer/Platforms/WatchOS.platform/Developer/usr/lib -F /Users/admin/builder/spi-builder-workspace/.derivedData/Build/Products/Debug-watchos -F /Applications/Xcode-27.0.0-Release.Candidate.app/Contents/Developer/Platforms/WatchOS.platform/Developer/Library/Frameworks -F /Applications/Xcode-27.0.0-Release.Candidate.app/Contents/Developer/Platforms/WatchOS.platform/Developer/SDKs/WatchOS27.0.sdk/Developer/Library/Frameworks -module-cache-path /Users/admin/builder/spi-builder-workspace/.derivedData/Build/Intermediates.noindex/SwiftExplicitPrecompiledModules -no-color-diagnostics -Xcc -fno-color-diagnostics -enable-testing -g -debug-info-format\=dwarf -dwarf-version\=4 -swift-version 5 -Onone -D SWIFT_PACKAGE -D DEBUG -D SWIFT_MODULE_RESOURCE_BUNDLE_UNAVAILABLE -D Xcode -serialize-debugging-options -enable-experimental-feature DebugDescriptionMacro -empty-abi-descriptor -validate-clang-modules-once -clang-build-session-file /Users/admin/builder/spi-builder-workspace/.derivedData/ModuleCache.noindex/Session.modulevalidation -Xcc -working-directory -Xcc /Users/admin/builder/spi-builder-workspace/.swiftpm/xcode -enable-anonymous-context-mangled-names -file-compilation-dir /Users/admin/builder/spi-builder-workspace/.swiftpm/xcode -Xcc -D_LIBCPP_HARDENING_MODE\=_LIBCPP_HARDENING_MODE_DEBUG -Xcc -ivfsstatcache -Xcc /Users/admin/builder/spi-builder-workspace/.derivedData/SDKStatCaches.noindex/watchos27.0-24R360-e829b21a6f8c9b70876ba0858053c04477534ef55a1706bf4c1112bbb242f0a2.sdkstatcache -Xcc -fmodules-prune-interval\=86400 -Xcc -fmodules-prune-after\=345600 -Xcc -I/Users/admin/builder/spi-builder-workspace/.derivedData/Build/Products/Debug-watchos/include -Xcc -I/Users/admin/builder/spi-builder-workspace/.derivedData/Build/Intermediates.noindex/swiftui-hosting-transitions.build/Debug-watchos/MatchedTransitions-t.build/DerivedSources-normal/arm64_32 -Xcc -I/Users/admin/builder/spi-builder-workspace/.derivedData/Build/Intermediates.noindex/swiftui-hosting-transitions.build/Debug-watchos/MatchedTransitions-t.build/DerivedSources/arm64_32 -Xcc -I/Users/admin/builder/spi-builder-workspace/.derivedData/Build/Intermediates.noindex/swiftui-hosting-transitions.build/Debug-watchos/MatchedTransitions-t.build/DerivedSources -Xcc -DSWIFT_PACKAGE -Xcc -DDEBUG\=1 -no-auto-bridging-header-chaining -module-name MatchedTransitions -package-name spi_builder_workspace -const-gather-protocols-file /Users/admin/builder/spi-builder-workspace/.derivedData/Build/Intermediates.noindex/swiftui-hosting-transitions.build/Debug-watchos/MatchedTransitions-t.build/Objects-normal/arm64_32/MatchedTransitions_const_extract_protocols.json -disable-clang-spi -clang-target arm64_32-apple-watchos27.0 -target-sdk-version 27.0 -target-sdk-name watchos27.0 -in-process-plugin-server-path /Applications/Xcode-27.0.0-Release.Candidate.app/Contents/Developer/Toolchains/XcodeDefault.xctoolchain/usr/lib/swift/host/libSwiftInProcPluginServer.dylib -emit-module-doc-path /Users/admin/builder/spi-builder-workspace/.derivedData/Build/Intermediates.noindex/swiftui-hosting-transitions.build/Debug-watchos/MatchedTransitions-t.build/Objects-normal/arm64_32/MatchedTransitions.swiftdoc -emit-module-source-info-path /Users/admin/builder/spi-builder-workspace/.derivedData/Build/Intermediates.noindex/swiftui-hosting-transitions.build/Debug-watchos/MatchedTransitions-t.build/Objects-normal/arm64_32/MatchedTransitions.swiftsourceinfo -emit-objc-header-path /Users/admin/builder/spi-builder-workspace/.derivedData/Build/Intermediates.noindex/swiftui-hosting-transitions.build/Debug-watchos/MatchedTransitions-t.build/Objects-normal/arm64_32/MatchedTransitions-Swift.h -serialize-diagnostics-path /Users/admin/builder/spi-builder-workspace/.derivedData/Build/Intermediates.noindex/swiftui-hosting-transitions.build/Debug-watchos/MatchedTransitions-t.build/Objects-normal/arm64_32/MatchedTransitions-primary-emit-module.dia -emit-dependencies-path /Users/admin/builder/spi-builder-workspace/.derivedData/Build/Intermediates.noindex/swiftui-hosting-transitions.build/Debug-watchos/MatchedTransitions-t.build/Objects-normal/arm64_32/MatchedTransitions-primary-emit-module.d -parse-as-library -o /Users/admin/builder/spi-builder-workspace/.derivedData/Build/Intermediates.noindex/swiftui-hosting-transitions.build/Debug-watchos/MatchedTransitions-t.build/Objects-normal/arm64_32/MatchedTransitions.swiftmodule -emit-abi-descriptor-path /Users/admin/builder/spi-builder-workspace/.derivedData/Build/Intermediates.noindex/swiftui-hosting-transitions.build/Debug-watchos/MatchedTransitions-t.build/Objects-normal/arm64_32/MatchedTransitions.abi.json
SwiftCompile normal arm64_32 (in target 'MatchedTransitions' from project 'swiftui-hosting-transitions')
cd /Users/admin/builder/spi-builder-workspace/.swiftpm/xcode
SwiftCompile normal arm64_32 Compiling\ MatchedGeometryModifier.swift /Users/admin/builder/spi-builder-workspace/Sources/MatchedTransitions/MatchedGeometryModifier.swift (in target 'MatchedTransitions' from project 'swiftui-hosting-transitions')
SwiftCompile normal arm64_32 /Users/admin/builder/spi-builder-workspace/Sources/MatchedTransitions/MatchedGeometryModifier.swift (in target 'MatchedTransitions' from project 'swiftui-hosting-transitions')
cd /Users/admin/builder/spi-builder-workspace/.swiftpm/xcode
builtin-SwiftPerFileCompile MatchedGeometryModifier.swift
SwiftCompile normal arm64_32 Compiling\ MatchedContainerView.swift /Users/admin/builder/spi-builder-workspace/Sources/MatchedTransitions/MatchedContainerView.swift (in target 'MatchedTransitions' from project 'swiftui-hosting-transitions')
SwiftCompile normal arm64_32 /Users/admin/builder/spi-builder-workspace/Sources/MatchedTransitions/MatchedContainerView.swift (in target 'MatchedTransitions' from project 'swiftui-hosting-transitions')
cd /Users/admin/builder/spi-builder-workspace/.swiftpm/xcode
builtin-SwiftPerFileCompile MatchedContainerView.swift
SwiftCompile normal arm64_32 Compiling\ TransitionView.swift /Users/admin/builder/spi-builder-workspace/Sources/MatchedTransitions/TransitionView.swift (in target 'MatchedTransitions' from project 'swiftui-hosting-transitions')
SwiftCompile normal arm64_32 /Users/admin/builder/spi-builder-workspace/Sources/MatchedTransitions/TransitionView.swift (in target 'MatchedTransitions' from project 'swiftui-hosting-transitions')
cd /Users/admin/builder/spi-builder-workspace/.swiftpm/xcode
builtin-SwiftPerFileCompile TransitionView.swift
SwiftCompile normal arm64_32 Compiling\ TransitionManager.swift /Users/admin/builder/spi-builder-workspace/Sources/MatchedTransitions/TransitionManager.swift (in target 'MatchedTransitions' from project 'swiftui-hosting-transitions')
/Users/admin/builder/spi-builder-workspace/Sources/MatchedTransitions/TransitionManager.swift:7:29: error: 'UINavigationController' is unavailable in watchOS
5 | let state: MatchedGeometryState
6 |
7 | private var operation = UINavigationController.Operation.push
| `- error: 'UINavigationController' is unavailable in watchOS
8 |
9 | init(state: MatchedGeometryState) {
/Applications/Xcode-27.0.0-Release.Candidate.app/Contents/Developer/Platforms/WatchOS.platform/Developer/SDKs/WatchOS27.0.sdk/System/Library/Frameworks/UIKit.framework/Headers/UINavigationController.h:46:12: note: 'UINavigationController' has been explicitly marked unavailable here
44 |
45 | UIKIT_EXTERN API_AVAILABLE(ios(2.0)) API_UNAVAILABLE(watchos) NS_SWIFT_UI_ACTOR
46 | @interface UINavigationController : UIViewController
| `- note: 'UINavigationController' has been explicitly marked unavailable here
47 |
48 |
/Users/admin/builder/spi-builder-workspace/Sources/MatchedTransitions/TransitionManager.swift:13:54: error: 'UIViewControllerContextTransitioning' is unavailable in watchOS
11 | }
12 |
13 | func transitionDuration(using transitionContext: UIViewControllerContextTransitioning?) -> TimeInterval { state.animationDuration }
| `- error: 'UIViewControllerContextTransitioning' is unavailable in watchOS
14 |
15 | func animateTransition(using transitionContext: UIViewControllerContextTransitioning) {
/Applications/Xcode-27.0.0-Release.Candidate.app/Contents/Developer/Platforms/WatchOS.platform/Developer/SDKs/WatchOS27.0.sdk/System/Library/Frameworks/UIKit.framework/Headers/UIViewControllerTransitioning.h:68:11: note: 'UIViewControllerContextTransitioning' has been explicitly marked unavailable here
66 |
67 | API_UNAVAILABLE(watchos) NS_SWIFT_UI_ACTOR
68 | @protocol UIViewControllerContextTransitioning <NSObject>
| `- note: 'UIViewControllerContextTransitioning' has been explicitly marked unavailable here
69 |
70 | // The view in which the animated transition should take place.
/Users/admin/builder/spi-builder-workspace/Sources/MatchedTransitions/TransitionManager.swift:15:53: error: 'UIViewControllerContextTransitioning' is unavailable in watchOS
13 | func transitionDuration(using transitionContext: UIViewControllerContextTransitioning?) -> TimeInterval { state.animationDuration }
14 |
15 | func animateTransition(using transitionContext: UIViewControllerContextTransitioning) {
| `- error: 'UIViewControllerContextTransitioning' is unavailable in watchOS
16 | switch operation {
17 | case .push:
/Applications/Xcode-27.0.0-Release.Candidate.app/Contents/Developer/Platforms/WatchOS.platform/Developer/SDKs/WatchOS27.0.sdk/System/Library/Frameworks/UIKit.framework/Headers/UIViewControllerTransitioning.h:68:11: note: 'UIViewControllerContextTransitioning' has been explicitly marked unavailable here
66 |
67 | API_UNAVAILABLE(watchos) NS_SWIFT_UI_ACTOR
68 | @protocol UIViewControllerContextTransitioning <NSObject>
| `- note: 'UIViewControllerContextTransitioning' has been explicitly marked unavailable here
69 |
70 | // The view in which the animated transition should take place.
/Users/admin/builder/spi-builder-workspace/Sources/MatchedTransitions/TransitionManager.swift:37:29: error: 'UIViewController' is unavailable in watchOS
35 |
36 | func push(
37 | _ toViewController: UIViewController,
| `- error: 'UIViewController' is unavailable in watchOS
38 | from fromViewController: UIViewController,
39 | using transitionContext: UIViewControllerContextTransitioning
/Applications/Xcode-27.0.0-Release.Candidate.app/Contents/Developer/Platforms/WatchOS.platform/Developer/SDKs/WatchOS27.0.sdk/System/Library/Frameworks/UIKit.framework/Headers/UIViewController.h:104:12: note: 'UIViewController' has been explicitly marked unavailable here
102 |
103 | UIKIT_EXTERN API_AVAILABLE(ios(2.0)) API_UNAVAILABLE(watchos) NS_SWIFT_UI_ACTOR
104 | @interface UIViewController : UIResponder <NSCoding, UIAppearanceContainer, UITraitEnvironment, UIContentContainer, UIFocusEnvironment>
| `- note: 'UIViewController' has been explicitly marked unavailable here
105 |
106 | /*
/Users/admin/builder/spi-builder-workspace/Sources/MatchedTransitions/TransitionManager.swift:38:34: error: 'UIViewController' is unavailable in watchOS
36 | func push(
37 | _ toViewController: UIViewController,
38 | from fromViewController: UIViewController,
| `- error: 'UIViewController' is unavailable in watchOS
39 | using transitionContext: UIViewControllerContextTransitioning
40 | ) {
/Applications/Xcode-27.0.0-Release.Candidate.app/Contents/Developer/Platforms/WatchOS.platform/Developer/SDKs/WatchOS27.0.sdk/System/Library/Frameworks/UIKit.framework/Headers/UIViewController.h:104:12: note: 'UIViewController' has been explicitly marked unavailable here
102 |
103 | UIKIT_EXTERN API_AVAILABLE(ios(2.0)) API_UNAVAILABLE(watchos) NS_SWIFT_UI_ACTOR
104 | @interface UIViewController : UIResponder <NSCoding, UIAppearanceContainer, UITraitEnvironment, UIContentContainer, UIFocusEnvironment>
| `- note: 'UIViewController' has been explicitly marked unavailable here
105 |
106 | /*
/Users/admin/builder/spi-builder-workspace/Sources/MatchedTransitions/TransitionManager.swift:39:34: error: 'UIViewControllerContextTransitioning' is unavailable in watchOS
37 | _ toViewController: UIViewController,
38 | from fromViewController: UIViewController,
39 | using transitionContext: UIViewControllerContextTransitioning
| `- error: 'UIViewControllerContextTransitioning' is unavailable in watchOS
40 | ) {
41 | let containerView = transitionContext.containerView
/Applications/Xcode-27.0.0-Release.Candidate.app/Contents/Developer/Platforms/WatchOS.platform/Developer/SDKs/WatchOS27.0.sdk/System/Library/Frameworks/UIKit.framework/Headers/UIViewControllerTransitioning.h:68:11: note: 'UIViewControllerContextTransitioning' has been explicitly marked unavailable here
66 |
67 | API_UNAVAILABLE(watchos) NS_SWIFT_UI_ACTOR
68 | @protocol UIViewControllerContextTransitioning <NSObject>
| `- note: 'UIViewControllerContextTransitioning' has been explicitly marked unavailable here
69 |
70 | // The view in which the animated transition should take place.
/Users/admin/builder/spi-builder-workspace/Sources/MatchedTransitions/TransitionManager.swift:80:31: error: 'UIViewController' is unavailable in watchOS
78 |
79 | func pop(
80 | _ fromViewController: UIViewController,
| `- error: 'UIViewController' is unavailable in watchOS
81 | to toViewController: UIViewController,
82 | using transitionContext: UIViewControllerContextTransitioning
/Applications/Xcode-27.0.0-Release.Candidate.app/Contents/Developer/Platforms/WatchOS.platform/Developer/SDKs/WatchOS27.0.sdk/System/Library/Frameworks/UIKit.framework/Headers/UIViewController.h:104:12: note: 'UIViewController' has been explicitly marked unavailable here
102 |
103 | UIKIT_EXTERN API_AVAILABLE(ios(2.0)) API_UNAVAILABLE(watchos) NS_SWIFT_UI_ACTOR
104 | @interface UIViewController : UIResponder <NSCoding, UIAppearanceContainer, UITraitEnvironment, UIContentContainer, UIFocusEnvironment>
| `- note: 'UIViewController' has been explicitly marked unavailable here
105 |
106 | /*
/Users/admin/builder/spi-builder-workspace/Sources/MatchedTransitions/TransitionManager.swift:81:30: error: 'UIViewController' is unavailable in watchOS
79 | func pop(
80 | _ fromViewController: UIViewController,
81 | to toViewController: UIViewController,
| `- error: 'UIViewController' is unavailable in watchOS
82 | using transitionContext: UIViewControllerContextTransitioning
83 | ) {
/Applications/Xcode-27.0.0-Release.Candidate.app/Contents/Developer/Platforms/WatchOS.platform/Developer/SDKs/WatchOS27.0.sdk/System/Library/Frameworks/UIKit.framework/Headers/UIViewController.h:104:12: note: 'UIViewController' has been explicitly marked unavailable here
102 |
103 | UIKIT_EXTERN API_AVAILABLE(ios(2.0)) API_UNAVAILABLE(watchos) NS_SWIFT_UI_ACTOR
104 | @interface UIViewController : UIResponder <NSCoding, UIAppearanceContainer, UITraitEnvironment, UIContentContainer, UIFocusEnvironment>
| `- note: 'UIViewController' has been explicitly marked unavailable here
105 |
106 | /*
/Users/admin/builder/spi-builder-workspace/Sources/MatchedTransitions/TransitionManager.swift:82:34: error: 'UIViewControllerContextTransitioning' is unavailable in watchOS
80 | _ fromViewController: UIViewController,
81 | to toViewController: UIViewController,
82 | using transitionContext: UIViewControllerContextTransitioning
| `- error: 'UIViewControllerContextTransitioning' is unavailable in watchOS
83 | ) {
84 | let containerView = transitionContext.containerView
/Applications/Xcode-27.0.0-Release.Candidate.app/Contents/Developer/Platforms/WatchOS.platform/Developer/SDKs/WatchOS27.0.sdk/System/Library/Frameworks/UIKit.framework/Headers/UIViewControllerTransitioning.h:68:11: note: 'UIViewControllerContextTransitioning' has been explicitly marked unavailable here
66 |
67 | API_UNAVAILABLE(watchos) NS_SWIFT_UI_ACTOR
68 | @protocol UIViewControllerContextTransitioning <NSObject>
| `- note: 'UIViewControllerContextTransitioning' has been explicitly marked unavailable here
69 |
70 | // The view in which the animated transition should take place.
/Users/admin/builder/spi-builder-workspace/Sources/MatchedTransitions/TransitionManager.swift:4:36: error: 'UIViewControllerAnimatedTransitioning' is unavailable in watchOS
2 | import UIKit
3 |
4 | class TransitionManager: NSObject, UIViewControllerAnimatedTransitioning {
| `- error: 'UIViewControllerAnimatedTransitioning' is unavailable in watchOS
5 | let state: MatchedGeometryState
6 |
/Applications/Xcode-27.0.0-Release.Candidate.app/Contents/Developer/Platforms/WatchOS.platform/Developer/SDKs/WatchOS27.0.sdk/System/Library/Frameworks/UIKit.framework/Headers/UIViewControllerTransitioning.h:137:11: note: 'UIViewControllerAnimatedTransitioning' has been explicitly marked unavailable here
135 |
136 | API_UNAVAILABLE(watchos) NS_SWIFT_UI_ACTOR
137 | @protocol UIViewControllerAnimatedTransitioning <NSObject>
| `- note: 'UIViewControllerAnimatedTransitioning' has been explicitly marked unavailable here
138 |
139 | // This is used for percent driven interactive transitions, as well as for
/Users/admin/builder/spi-builder-workspace/Sources/MatchedTransitions/TransitionManager.swift:115:33: error: 'UINavigationController' is unavailable in watchOS
113 | extension TransitionManager: UINavigationControllerDelegate {
114 | func navigationController(
115 | _ navigationController: UINavigationController,
| `- error: 'UINavigationController' is unavailable in watchOS
116 | animationControllerFor operation: UINavigationController.Operation,
117 | from fromVC: UIViewController,
/Applications/Xcode-27.0.0-Release.Candidate.app/Contents/Developer/Platforms/WatchOS.platform/Developer/SDKs/WatchOS27.0.sdk/System/Library/Frameworks/UIKit.framework/Headers/UINavigationController.h:46:12: note: 'UINavigationController' has been explicitly marked unavailable here
44 |
45 | UIKIT_EXTERN API_AVAILABLE(ios(2.0)) API_UNAVAILABLE(watchos) NS_SWIFT_UI_ACTOR
46 | @interface UINavigationController : UIViewController
| `- note: 'UINavigationController' has been explicitly marked unavailable here
47 |
48 |
/Users/admin/builder/spi-builder-workspace/Sources/MatchedTransitions/TransitionManager.swift:116:43: error: 'UINavigationController' is unavailable in watchOS
114 | func navigationController(
115 | _ navigationController: UINavigationController,
116 | animationControllerFor operation: UINavigationController.Operation,
| `- error: 'UINavigationController' is unavailable in watchOS
117 | from fromVC: UIViewController,
118 | to toVC: UIViewController
/Applications/Xcode-27.0.0-Release.Candidate.app/Contents/Developer/Platforms/WatchOS.platform/Developer/SDKs/WatchOS27.0.sdk/System/Library/Frameworks/UIKit.framework/Headers/UINavigationController.h:46:12: note: 'UINavigationController' has been explicitly marked unavailable here
44 |
45 | UIKIT_EXTERN API_AVAILABLE(ios(2.0)) API_UNAVAILABLE(watchos) NS_SWIFT_UI_ACTOR
46 | @interface UINavigationController : UIViewController
| `- note: 'UINavigationController' has been explicitly marked unavailable here
47 |
48 |
/Users/admin/builder/spi-builder-workspace/Sources/MatchedTransitions/TransitionManager.swift:117:22: error: 'UIViewController' is unavailable in watchOS
115 | _ navigationController: UINavigationController,
116 | animationControllerFor operation: UINavigationController.Operation,
117 | from fromVC: UIViewController,
| `- error: 'UIViewController' is unavailable in watchOS
118 | to toVC: UIViewController
119 | ) -> UIViewControllerAnimatedTransitioning? {
/Applications/Xcode-27.0.0-Release.Candidate.app/Contents/Developer/Platforms/WatchOS.platform/Developer/SDKs/WatchOS27.0.sdk/System/Library/Frameworks/UIKit.framework/Headers/UIViewController.h:104:12: note: 'UIViewController' has been explicitly marked unavailable here
102 |
103 | UIKIT_EXTERN API_AVAILABLE(ios(2.0)) API_UNAVAILABLE(watchos) NS_SWIFT_UI_ACTOR
104 | @interface UIViewController : UIResponder <NSCoding, UIAppearanceContainer, UITraitEnvironment, UIContentContainer, UIFocusEnvironment>
| `- note: 'UIViewController' has been explicitly marked unavailable here
105 |
106 | /*
/Users/admin/builder/spi-builder-workspace/Sources/MatchedTransitions/TransitionManager.swift:118:18: error: 'UIViewController' is unavailable in watchOS
116 | animationControllerFor operation: UINavigationController.Operation,
117 | from fromVC: UIViewController,
118 | to toVC: UIViewController
| `- error: 'UIViewController' is unavailable in watchOS
119 | ) -> UIViewControllerAnimatedTransitioning? {
120 | self.operation = operation
/Applications/Xcode-27.0.0-Release.Candidate.app/Contents/Developer/Platforms/WatchOS.platform/Developer/SDKs/WatchOS27.0.sdk/System/Library/Frameworks/UIKit.framework/Headers/UIViewController.h:104:12: note: 'UIViewController' has been explicitly marked unavailable here
102 |
103 | UIKIT_EXTERN API_AVAILABLE(ios(2.0)) API_UNAVAILABLE(watchos) NS_SWIFT_UI_ACTOR
104 | @interface UIViewController : UIResponder <NSCoding, UIAppearanceContainer, UITraitEnvironment, UIContentContainer, UIFocusEnvironment>
| `- note: 'UIViewController' has been explicitly marked unavailable here
105 |
106 | /*
/Users/admin/builder/spi-builder-workspace/Sources/MatchedTransitions/TransitionManager.swift:119:10: error: 'UIViewControllerAnimatedTransitioning' is unavailable in watchOS
117 | from fromVC: UIViewController,
118 | to toVC: UIViewController
119 | ) -> UIViewControllerAnimatedTransitioning? {
| `- error: 'UIViewControllerAnimatedTransitioning' is unavailable in watchOS
120 | self.operation = operation
121 | return self
/Applications/Xcode-27.0.0-Release.Candidate.app/Contents/Developer/Platforms/WatchOS.platform/Developer/SDKs/WatchOS27.0.sdk/System/Library/Frameworks/UIKit.framework/Headers/UIViewControllerTransitioning.h:137:11: note: 'UIViewControllerAnimatedTransitioning' has been explicitly marked unavailable here
135 |
136 | API_UNAVAILABLE(watchos) NS_SWIFT_UI_ACTOR
137 | @protocol UIViewControllerAnimatedTransitioning <NSObject>
| `- note: 'UIViewControllerAnimatedTransitioning' has been explicitly marked unavailable here
138 |
139 | // This is used for percent driven interactive transitions, as well as for
/Users/admin/builder/spi-builder-workspace/Sources/MatchedTransitions/TransitionManager.swift:113:30: error: 'UINavigationControllerDelegate' is unavailable in watchOS
111 | }
112 |
113 | extension TransitionManager: UINavigationControllerDelegate {
| `- error: 'UINavigationControllerDelegate' is unavailable in watchOS
114 | func navigationController(
115 | _ navigationController: UINavigationController,
/Applications/Xcode-27.0.0-Release.Candidate.app/Contents/Developer/Platforms/WatchOS.platform/Developer/SDKs/WatchOS27.0.sdk/System/Library/Frameworks/UIKit.framework/Headers/UINavigationController.h:128:11: note: 'UINavigationControllerDelegate' has been explicitly marked unavailable here
126 |
127 | API_UNAVAILABLE(watchos) NS_SWIFT_UI_ACTOR
128 | @protocol UINavigationControllerDelegate <NSObject>
| `- note: 'UINavigationControllerDelegate' has been explicitly marked unavailable here
129 |
130 | @optional
/Users/admin/builder/spi-builder-workspace/Sources/MatchedTransitions/TransitionManager.swift:19:84: error: 'from' is unavailable in watchOS
17 | case .push:
18 | guard
19 | let fromViewController = transitionContext.viewController(forKey: .from),
| `- error: 'from' is unavailable in watchOS
20 | let toViewController = transitionContext.viewController(forKey: .to)
21 | else { return }
/Applications/Xcode-27.0.0-Release.Candidate.app/Contents/Developer/Platforms/WatchOS.platform/Developer/SDKs/WatchOS27.0.sdk/System/Library/Frameworks/UIKit.framework/Headers/UIViewControllerTransitioning.h:23:57: note: 'from' has been explicitly marked unavailable here
21 | // that are created by the system.
22 |
23 | UIKIT_EXTERN UITransitionContextViewControllerKey const UITransitionContextFromViewControllerKey API_UNAVAILABLE(watchos) NS_SWIFT_NAME(from) API_AVAILABLE(ios(7.0));
| `- note: 'from' has been explicitly marked unavailable here
24 | UIKIT_EXTERN UITransitionContextViewControllerKey const UITransitionContextToViewControllerKey API_UNAVAILABLE(watchos) NS_SWIFT_NAME(to) API_AVAILABLE(ios(7.0));
25 |
/Users/admin/builder/spi-builder-workspace/Sources/MatchedTransitions/TransitionManager.swift:20:82: error: 'to' is unavailable in watchOS
18 | guard
19 | let fromViewController = transitionContext.viewController(forKey: .from),
20 | let toViewController = transitionContext.viewController(forKey: .to)
| `- error: 'to' is unavailable in watchOS
21 | else { return }
22 | push(toViewController, from: fromViewController, using: transitionContext)
/Applications/Xcode-27.0.0-Release.Candidate.app/Contents/Developer/Platforms/WatchOS.platform/Developer/SDKs/WatchOS27.0.sdk/System/Library/Frameworks/UIKit.framework/Headers/UIViewControllerTransitioning.h:24:57: note: 'to' has been explicitly marked unavailable here
22 |
23 | UIKIT_EXTERN UITransitionContextViewControllerKey const UITransitionContextFromViewControllerKey API_UNAVAILABLE(watchos) NS_SWIFT_NAME(from) API_AVAILABLE(ios(7.0));
24 | UIKIT_EXTERN UITransitionContextViewControllerKey const UITransitionContextToViewControllerKey API_UNAVAILABLE(watchos) NS_SWIFT_NAME(to) API_AVAILABLE(ios(7.0));
| `- note: 'to' has been explicitly marked unavailable here
25 |
26 | UIKIT_EXTERN UITransitionContextViewKey const UITransitionContextFromViewKey API_UNAVAILABLE(watchos) NS_SWIFT_NAME(from) API_AVAILABLE(ios(8.0));
/Users/admin/builder/spi-builder-workspace/Sources/MatchedTransitions/TransitionManager.swift:26:84: error: 'from' is unavailable in watchOS
24 | case .pop:
25 | guard
26 | let fromViewController = transitionContext.viewController(forKey: .from),
| `- error: 'from' is unavailable in watchOS
27 | let toViewController = transitionContext.viewController(forKey: .to)
28 | else { return }
/Applications/Xcode-27.0.0-Release.Candidate.app/Contents/Developer/Platforms/WatchOS.platform/Developer/SDKs/WatchOS27.0.sdk/System/Library/Frameworks/UIKit.framework/Headers/UIViewControllerTransitioning.h:23:57: note: 'from' has been explicitly marked unavailable here
21 | // that are created by the system.
22 |
23 | UIKIT_EXTERN UITransitionContextViewControllerKey const UITransitionContextFromViewControllerKey API_UNAVAILABLE(watchos) NS_SWIFT_NAME(from) API_AVAILABLE(ios(7.0));
| `- note: 'from' has been explicitly marked unavailable here
24 | UIKIT_EXTERN UITransitionContextViewControllerKey const UITransitionContextToViewControllerKey API_UNAVAILABLE(watchos) NS_SWIFT_NAME(to) API_AVAILABLE(ios(7.0));
25 |
/Users/admin/builder/spi-builder-workspace/Sources/MatchedTransitions/TransitionManager.swift:27:82: error: 'to' is unavailable in watchOS
25 | guard
26 | let fromViewController = transitionContext.viewController(forKey: .from),
27 | let toViewController = transitionContext.viewController(forKey: .to)
| `- error: 'to' is unavailable in watchOS
28 | else { return }
29 | pop(fromViewController, to: toViewController, using: transitionContext)
/Applications/Xcode-27.0.0-Release.Candidate.app/Contents/Developer/Platforms/WatchOS.platform/Developer/SDKs/WatchOS27.0.sdk/System/Library/Frameworks/UIKit.framework/Headers/UIViewControllerTransitioning.h:24:57: note: 'to' has been explicitly marked unavailable here
22 |
23 | UIKIT_EXTERN UITransitionContextViewControllerKey const UITransitionContextFromViewControllerKey API_UNAVAILABLE(watchos) NS_SWIFT_NAME(from) API_AVAILABLE(ios(7.0));
24 | UIKIT_EXTERN UITransitionContextViewControllerKey const UITransitionContextToViewControllerKey API_UNAVAILABLE(watchos) NS_SWIFT_NAME(to) API_AVAILABLE(ios(7.0));
| `- note: 'to' has been explicitly marked unavailable here
25 |
26 | UIKIT_EXTERN UITransitionContextViewKey const UITransitionContextFromViewKey API_UNAVAILABLE(watchos) NS_SWIFT_NAME(from) API_AVAILABLE(ios(8.0));
/Users/admin/builder/spi-builder-workspace/Sources/MatchedTransitions/TransitionManager.swift:41:47: error: 'containerView' is unavailable in watchOS
39 | using transitionContext: UIViewControllerContextTransitioning
40 | ) {
41 | let containerView = transitionContext.containerView
| `- error: 'containerView' is unavailable in watchOS
42 |
43 | let transitionViewController = UIHostingController(
/Applications/Xcode-27.0.0-Release.Candidate.app/Contents/Developer/Platforms/WatchOS.platform/Developer/SDKs/WatchOS27.0.sdk/System/Library/Frameworks/UIKit.framework/Headers/UIViewControllerTransitioning.h:71:40: note: 'containerView' has been explicitly marked unavailable here
69 |
70 | // The view in which the animated transition should take place.
71 | @property(nonatomic, readonly) UIView *containerView API_UNAVAILABLE(watchos);
| `- note: 'containerView' has been explicitly marked unavailable here
72 |
73 | // Most of the time this is YES. For custom transitions that use the new UIModalPresentationCustom
/Users/admin/builder/spi-builder-workspace/Sources/MatchedTransitions/TransitionManager.swift:43:40: error: cannot find 'UIHostingController' in scope
41 | let containerView = transitionContext.containerView
42 |
43 | let transitionViewController = UIHostingController(
| `- error: cannot find 'UIHostingController' in scope
44 | rootView: TransitionView(state: state)
45 | )
SwiftCompile normal arm64_32 /Users/admin/builder/spi-builder-workspace/Sources/MatchedTransitions/TransitionManager.swift (in target 'MatchedTransitions' from project 'swiftui-hosting-transitions')
cd /Users/admin/builder/spi-builder-workspace/.swiftpm/xcode
builtin-SwiftPerFileCompile TransitionManager.swift
SwiftExplicitDependencyGeneratePcm arm64 /Users/admin/builder/spi-builder-workspace/.derivedData/SDKExplicitPrecompiledModules/SwiftUI-APXDH8ULYLM6FD17YRA73TULO.pcm
SwiftEmitModule normal arm64 Emitting\ module\ for\ MatchedTransitions (in target 'MatchedTransitions' from project 'swiftui-hosting-transitions')
SwiftCompile normal arm64 (in target 'MatchedTransitions' from project 'swiftui-hosting-transitions')
cd /Users/admin/builder/spi-builder-workspace/.swiftpm/xcode
SwiftCompile normal arm64 Compiling\ MatchedContainerView.swift /Users/admin/builder/spi-builder-workspace/Sources/MatchedTransitions/MatchedContainerView.swift (in target 'MatchedTransitions' from project 'swiftui-hosting-transitions')
SwiftCompile normal arm64 /Users/admin/builder/spi-builder-workspace/Sources/MatchedTransitions/MatchedContainerView.swift (in target 'MatchedTransitions' from project 'swiftui-hosting-transitions')
cd /Users/admin/builder/spi-builder-workspace/.swiftpm/xcode
builtin-SwiftPerFileCompile MatchedContainerView.swift
SwiftCompile normal arm64 Compiling\ MatchedGeometryState.swift /Users/admin/builder/spi-builder-workspace/Sources/MatchedTransitions/MatchedGeometryState.swift (in target 'MatchedTransitions' from project 'swiftui-hosting-transitions')
SwiftCompile normal arm64 /Users/admin/builder/spi-builder-workspace/Sources/MatchedTransitions/MatchedGeometryState.swift (in target 'MatchedTransitions' from project 'swiftui-hosting-transitions')
cd /Users/admin/builder/spi-builder-workspace/.swiftpm/xcode
builtin-SwiftPerFileCompile MatchedGeometryState.swift
SwiftCompile normal arm64 Compiling\ TransitionView.swift /Users/admin/builder/spi-builder-workspace/Sources/MatchedTransitions/TransitionView.swift (in target 'MatchedTransitions' from project 'swiftui-hosting-transitions')
SwiftCompile normal arm64 /Users/admin/builder/spi-builder-workspace/Sources/MatchedTransitions/TransitionView.swift (in target 'MatchedTransitions' from project 'swiftui-hosting-transitions')
cd /Users/admin/builder/spi-builder-workspace/.swiftpm/xcode
builtin-SwiftPerFileCompile TransitionView.swift
PruneExplicitPrecompiledModules /Users/admin/builder/spi-builder-workspace/.derivedData/Build/Intermediates.noindex/ExplicitPrecompiledModules
PruneExplicitPrecompiledModules /Users/admin/builder/spi-builder-workspace/.derivedData/Build/Intermediates.noindex/SwiftExplicitPrecompiledModules
PruneExplicitPrecompiledModules /Users/admin/builder/spi-builder-workspace/.derivedData/SDKExplicitPrecompiledModules
2026-09-20 04:58:24.135 xcodebuild[623:3852] [MT] IDERunDestination: Supported platforms for the buildables in the current scheme is empty.
** BUILD FAILED **
The following build commands failed:
SwiftEmitModule normal arm64_32 Emitting\ module\ for\ MatchedTransitions (in target 'MatchedTransitions' from project 'swiftui-hosting-transitions')
SwiftCompile normal arm64_32 (in target 'MatchedTransitions' from project 'swiftui-hosting-transitions')
Building workspace swiftui-hosting-transitions with scheme swiftui-hosting-transitions
(3 failures)
Command line invocation:
/Applications/Xcode-27.0.0-Release.Candidate.app/Contents/Developer/usr/bin/xcodebuild -IDEClonedSourcePackagesDirPathOverride=/Users/admin/builder/spi-builder-workspace/.dependencies -resolvePackageDependencies
Resolve Package Graph
Resolved source packages:
swiftui-hosting-transitions: /Users/admin/builder/spi-builder-workspace
resolved source packages: swiftui-hosting-transitions
2026-09-20 04:58:30.747 xcodebuild[768:4397] [MT] IDERunDestination: Supported platforms for the buildables in the current scheme is empty.
{
"dependencies" : [
],
"manifest_display_name" : "swiftui-hosting-transitions",
"name" : "swiftui-hosting-transitions",
"path" : "/Users/admin/builder/spi-builder-workspace",
"platforms" : [
{
"name" : "ios",
"version" : "14.0"
}
],
"products" : [
{
"name" : "MatchedTransitions",
"targets" : [
"MatchedTransitions"
],
"type" : {
"library" : [
"automatic"
]
}
}
],
"targets" : [
{
"c99name" : "MatchedTransitions",
"module_type" : "SwiftTarget",
"name" : "MatchedTransitions",
"path" : "Sources/MatchedTransitions",
"product_memberships" : [
"MatchedTransitions"
],
"sources" : [
"MatchedContainerView.swift",
"MatchedGeometryModifier.swift",
"MatchedGeometryState.swift",
"MatchedHostingController.swift",
"TransitionManager.swift",
"TransitionView.swift"
],
"type" : "library"
}
],
"tools_version" : "5.9"
}
{
"workspace" : {
"name" : "swiftui-hosting-transitions",
"schemes" : [
"swiftui-hosting-transitions"
]
}
}
2026-09-20 04:58:32.066 xcodebuild[777:4495] [MT] IDERunDestination: Supported platforms for the buildables in the current scheme is empty.
Running build ...
env DEVELOPER_DIR=/Applications/Xcode-27.0.0-Release.Candidate.app xcrun xcodebuild -IDEClonedSourcePackagesDirPathOverride=$PWD/.dependencies -skipMacroValidation -skipPackagePluginValidation -derivedDataPath $PWD/.derivedData build -scheme swiftui-hosting-transitions -destination generic/platform=watchOS
Command line invocation:
/Applications/Xcode-27.0.0-Release.Candidate.app/Contents/Developer/usr/bin/xcodebuild -IDEClonedSourcePackagesDirPathOverride=/Users/admin/builder/spi-builder-workspace/.dependencies -skipMacroValidation -skipPackagePluginValidation -derivedDataPath /Users/admin/builder/spi-builder-workspace/.derivedData build -scheme swiftui-hosting-transitions -destination generic/platform=watchOS
Resolve Package Graph
Resolved source packages:
swiftui-hosting-transitions: /Users/admin/builder/spi-builder-workspace
ComputePackagePrebuildTargetDependencyGraph
Prepare packages
CreateBuildRequest
SendProjectDescription
CreateBuildOperation
ComputeTargetDependencyGraph
note: Building targets in dependency order
note: Target dependency graph (2 targets)
Target 'MatchedTransitions-product' in project 'swiftui-hosting-transitions'
➜ Explicit dependency on target 'MatchedTransitions' in project 'swiftui-hosting-transitions'
Target 'MatchedTransitions' in project 'swiftui-hosting-transitions' (no dependencies)
GatherProvisioningInputs
CreateBuildDescription
ClangStatCache /Applications/Xcode-27.0.0-Release.Candidate.app/Contents/Developer/Toolchains/XcodeDefault.xctoolchain/usr/bin/clang-stat-cache /Applications/Xcode-27.0.0-Release.Candidate.app/Contents/Developer/Platforms/WatchOS.platform/Developer/SDKs/WatchOS27.0.sdk /Users/admin/builder/spi-builder-workspace/.derivedData/SDKStatCaches.noindex/watchos27.0-24R360-e829b21a6f8c9b70876ba0858053c04477534ef55a1706bf4c1112bbb242f0a2.sdkstatcache
cd /Users/admin/builder/spi-builder-workspace/.swiftpm/xcode
/Applications/Xcode-27.0.0-Release.Candidate.app/Contents/Developer/Toolchains/XcodeDefault.xctoolchain/usr/bin/clang-stat-cache /Applications/Xcode-27.0.0-Release.Candidate.app/Contents/Developer/Platforms/WatchOS.platform/Developer/SDKs/WatchOS27.0.sdk -o /Users/admin/builder/spi-builder-workspace/.derivedData/SDKStatCaches.noindex/watchos27.0-24R360-e829b21a6f8c9b70876ba0858053c04477534ef55a1706bf4c1112bbb242f0a2.sdkstatcache
SwiftDriver MatchedTransitions normal arm64_32 com.apple.xcode.tools.swift.compiler (in target 'MatchedTransitions' from project 'swiftui-hosting-transitions')
cd /Users/admin/builder/spi-builder-workspace/.swiftpm/xcode
builtin-SwiftDriver -- /Applications/Xcode-27.0.0-Release.Candidate.app/Contents/Developer/Toolchains/XcodeDefault.xctoolchain/usr/bin/swiftc -parse-as-library -module-name MatchedTransitions -Onone @/Users/admin/builder/spi-builder-workspace/.derivedData/Build/Intermediates.noindex/swiftui-hosting-transitions.build/Debug-watchos/MatchedTransitions-t.build/Objects-normal/arm64_32/MatchedTransitions.SwiftFileList -DSWIFT_PACKAGE -DDEBUG -DSWIFT_MODULE_RESOURCE_BUNDLE_UNAVAILABLE -DXcode -plugin-path /Applications/Xcode-27.0.0-Release.Candidate.app/Contents/Developer/Toolchains/XcodeDefault.xctoolchain/usr/lib/swift/host/plugins/testing -enable-experimental-feature DebugDescriptionMacro -sdk /Applications/Xcode-27.0.0-Release.Candidate.app/Contents/Developer/Platforms/WatchOS.platform/Developer/SDKs/WatchOS27.0.sdk -target arm64_32-apple-watchos9.0 -g -module-cache-path /Users/admin/builder/spi-builder-workspace/.derivedData/ModuleCache.noindex -Xfrontend -serialize-debugging-options -enable-testing -index-store-path /Users/admin/builder/spi-builder-workspace/.derivedData/Index.noindex/DataStore -Xcc -D_LIBCPP_HARDENING_MODE\=_LIBCPP_HARDENING_MODE_DEBUG -swift-version 5 -I /Users/admin/builder/spi-builder-workspace/.derivedData/Build/Products/Debug-watchos -Isystem /Applications/Xcode-27.0.0-Release.Candidate.app/Contents/Developer/Platforms/WatchOS.platform/Developer/usr/lib -F /Users/admin/builder/spi-builder-workspace/.derivedData/Build/Products/Debug-watchos -F /Applications/Xcode-27.0.0-Release.Candidate.app/Contents/Developer/Platforms/WatchOS.platform/Developer/Library/Frameworks -F /Applications/Xcode-27.0.0-Release.Candidate.app/Contents/Developer/Platforms/WatchOS.platform/Developer/SDKs/WatchOS27.0.sdk/Developer/Library/Frameworks -c -j10 -enable-batch-mode -incremental -Xcc -ivfsstatcache -Xcc /Users/admin/builder/spi-builder-workspace/.derivedData/SDKStatCaches.noindex/watchos27.0-24R360-e829b21a6f8c9b70876ba0858053c04477534ef55a1706bf4c1112bbb242f0a2.sdkstatcache -output-file-map /Users/admin/builder/spi-builder-workspace/.derivedData/Build/Intermediates.noindex/swiftui-hosting-transitions.build/Debug-watchos/MatchedTransitions-t.build/Objects-normal/arm64_32/MatchedTransitions-OutputFileMap.json -save-temps -no-color-diagnostics -explicit-module-build -module-cache-path /Users/admin/builder/spi-builder-workspace/.derivedData/Build/Intermediates.noindex/SwiftExplicitPrecompiledModules -clang-scanner-module-cache-path /Users/admin/builder/spi-builder-workspace/.derivedData/ModuleCache.noindex -sdk-module-cache-path /Users/admin/builder/spi-builder-workspace/.derivedData/SDKExplicitPrecompiledModules -emit-dependencies -emit-module -emit-module-path /Users/admin/builder/spi-builder-workspace/.derivedData/Build/Intermediates.noindex/swiftui-hosting-transitions.build/Debug-watchos/MatchedTransitions-t.build/Objects-normal/arm64_32/MatchedTransitions.swiftmodule -serialize-diagnostics -dependency-scan-serialize-diagnostics-path /Users/admin/builder/spi-builder-workspace/.derivedData/Build/Intermediates.noindex/swiftui-hosting-transitions.build/Debug-watchos/MatchedTransitions-t.build/Objects-normal/arm64_32/MatchedTransitions-dependency-scan.dia -validate-clang-modules-once -clang-build-session-file /Users/admin/builder/spi-builder-workspace/.derivedData/ModuleCache.noindex/Session.modulevalidation -Xcc -fmodules-prune-interval\=86400 -Xcc -fmodules-prune-after\=345600 -package-name spi_builder_workspace -emit-const-values -const-gather-protocols-list /Users/admin/builder/spi-builder-workspace/.derivedData/Build/Intermediates.noindex/swiftui-hosting-transitions.build/Debug-watchos/MatchedTransitions-t.build/Objects-normal/arm64_32/MatchedTransitions_const_extract_protocols.json -Xcc -I/Users/admin/builder/spi-builder-workspace/.derivedData/Build/Products/Debug-watchos/include -Xcc -I/Users/admin/builder/spi-builder-workspace/.derivedData/Build/Intermediates.noindex/swiftui-hosting-transitions.build/Debug-watchos/MatchedTransitions-t.build/DerivedSources-normal/arm64_32 -Xcc -I/Users/admin/builder/spi-builder-workspace/.derivedData/Build/Intermediates.noindex/swiftui-hosting-transitions.build/Debug-watchos/MatchedTransitions-t.build/DerivedSources/arm64_32 -Xcc -I/Users/admin/builder/spi-builder-workspace/.derivedData/Build/Intermediates.noindex/swiftui-hosting-transitions.build/Debug-watchos/MatchedTransitions-t.build/DerivedSources -Xcc -DSWIFT_PACKAGE -Xcc -DDEBUG\=1 -emit-objc-header -emit-objc-header-path /Users/admin/builder/spi-builder-workspace/.derivedData/Build/Intermediates.noindex/swiftui-hosting-transitions.build/Debug-watchos/MatchedTransitions-t.build/Objects-normal/arm64_32/MatchedTransitions-Swift.h -working-directory /Users/admin/builder/spi-builder-workspace/.swiftpm/xcode -experimental-emit-module-separately -disable-cmo
SwiftDriver MatchedTransitions normal arm64 com.apple.xcode.tools.swift.compiler (in target 'MatchedTransitions' from project 'swiftui-hosting-transitions')
cd /Users/admin/builder/spi-builder-workspace/.swiftpm/xcode
builtin-SwiftDriver -- /Applications/Xcode-27.0.0-Release.Candidate.app/Contents/Developer/Toolchains/XcodeDefault.xctoolchain/usr/bin/swiftc -parse-as-library -module-name MatchedTransitions -Onone @/Users/admin/builder/spi-builder-workspace/.derivedData/Build/Intermediates.noindex/swiftui-hosting-transitions.build/Debug-watchos/MatchedTransitions-t.build/Objects-normal/arm64/MatchedTransitions.SwiftFileList -DSWIFT_PACKAGE -DDEBUG -DSWIFT_MODULE_RESOURCE_BUNDLE_UNAVAILABLE -DXcode -plugin-path /Applications/Xcode-27.0.0-Release.Candidate.app/Contents/Developer/Toolchains/XcodeDefault.xctoolchain/usr/lib/swift/host/plugins/testing -enable-experimental-feature DebugDescriptionMacro -sdk /Applications/Xcode-27.0.0-Release.Candidate.app/Contents/Developer/Platforms/WatchOS.platform/Developer/SDKs/WatchOS27.0.sdk -target arm64-apple-watchos9.0 -g -module-cache-path /Users/admin/builder/spi-builder-workspace/.derivedData/ModuleCache.noindex -Xfrontend -serialize-debugging-options -enable-testing -index-store-path /Users/admin/builder/spi-builder-workspace/.derivedData/Index.noindex/DataStore -Xcc -D_LIBCPP_HARDENING_MODE\=_LIBCPP_HARDENING_MODE_DEBUG -swift-version 5 -I /Users/admin/builder/spi-builder-workspace/.derivedData/Build/Products/Debug-watchos -Isystem /Applications/Xcode-27.0.0-Release.Candidate.app/Contents/Developer/Platforms/WatchOS.platform/Developer/usr/lib -F /Users/admin/builder/spi-builder-workspace/.derivedData/Build/Products/Debug-watchos -F /Applications/Xcode-27.0.0-Release.Candidate.app/Contents/Developer/Platforms/WatchOS.platform/Developer/Library/Frameworks -F /Applications/Xcode-27.0.0-Release.Candidate.app/Contents/Developer/Platforms/WatchOS.platform/Developer/SDKs/WatchOS27.0.sdk/Developer/Library/Frameworks -c -j10 -enable-batch-mode -incremental -Xcc -ivfsstatcache -Xcc /Users/admin/builder/spi-builder-workspace/.derivedData/SDKStatCaches.noindex/watchos27.0-24R360-e829b21a6f8c9b70876ba0858053c04477534ef55a1706bf4c1112bbb242f0a2.sdkstatcache -output-file-map /Users/admin/builder/spi-builder-workspace/.derivedData/Build/Intermediates.noindex/swiftui-hosting-transitions.build/Debug-watchos/MatchedTransitions-t.build/Objects-normal/arm64/MatchedTransitions-OutputFileMap.json -save-temps -no-color-diagnostics -explicit-module-build -module-cache-path /Users/admin/builder/spi-builder-workspace/.derivedData/Build/Intermediates.noindex/SwiftExplicitPrecompiledModules -clang-scanner-module-cache-path /Users/admin/builder/spi-builder-workspace/.derivedData/ModuleCache.noindex -sdk-module-cache-path /Users/admin/builder/spi-builder-workspace/.derivedData/SDKExplicitPrecompiledModules -emit-dependencies -emit-module -emit-module-path /Users/admin/builder/spi-builder-workspace/.derivedData/Build/Intermediates.noindex/swiftui-hosting-transitions.build/Debug-watchos/MatchedTransitions-t.build/Objects-normal/arm64/MatchedTransitions.swiftmodule -serialize-diagnostics -dependency-scan-serialize-diagnostics-path /Users/admin/builder/spi-builder-workspace/.derivedData/Build/Intermediates.noindex/swiftui-hosting-transitions.build/Debug-watchos/MatchedTransitions-t.build/Objects-normal/arm64/MatchedTransitions-dependency-scan.dia -validate-clang-modules-once -clang-build-session-file /Users/admin/builder/spi-builder-workspace/.derivedData/ModuleCache.noindex/Session.modulevalidation -Xcc -fmodules-prune-interval\=86400 -Xcc -fmodules-prune-after\=345600 -package-name spi_builder_workspace -emit-const-values -const-gather-protocols-list /Users/admin/builder/spi-builder-workspace/.derivedData/Build/Intermediates.noindex/swiftui-hosting-transitions.build/Debug-watchos/MatchedTransitions-t.build/Objects-normal/arm64/MatchedTransitions_const_extract_protocols.json -Xcc -I/Users/admin/builder/spi-builder-workspace/.derivedData/Build/Products/Debug-watchos/include -Xcc -I/Users/admin/builder/spi-builder-workspace/.derivedData/Build/Intermediates.noindex/swiftui-hosting-transitions.build/Debug-watchos/MatchedTransitions-t.build/DerivedSources-normal/arm64 -Xcc -I/Users/admin/builder/spi-builder-workspace/.derivedData/Build/Intermediates.noindex/swiftui-hosting-transitions.build/Debug-watchos/MatchedTransitions-t.build/DerivedSources/arm64 -Xcc -I/Users/admin/builder/spi-builder-workspace/.derivedData/Build/Intermediates.noindex/swiftui-hosting-transitions.build/Debug-watchos/MatchedTransitions-t.build/DerivedSources -Xcc -DSWIFT_PACKAGE -Xcc -DDEBUG\=1 -emit-objc-header -emit-objc-header-path /Users/admin/builder/spi-builder-workspace/.derivedData/Build/Intermediates.noindex/swiftui-hosting-transitions.build/Debug-watchos/MatchedTransitions-t.build/Objects-normal/arm64/MatchedTransitions-Swift.h -working-directory /Users/admin/builder/spi-builder-workspace/.swiftpm/xcode -experimental-emit-module-separately -disable-cmo
SwiftCompile normal arm64 Compiling\ MatchedGeometryModifier.swift /Users/admin/builder/spi-builder-workspace/Sources/MatchedTransitions/MatchedGeometryModifier.swift (in target 'MatchedTransitions' from project 'swiftui-hosting-transitions')
SwiftCompile normal arm64 /Users/admin/builder/spi-builder-workspace/Sources/MatchedTransitions/MatchedGeometryModifier.swift (in target 'MatchedTransitions' from project 'swiftui-hosting-transitions')
cd /Users/admin/builder/spi-builder-workspace/.swiftpm/xcode
builtin-SwiftPerFileCompile MatchedGeometryModifier.swift
SwiftCompile normal arm64 Compiling\ MatchedGeometryState.swift /Users/admin/builder/spi-builder-workspace/Sources/MatchedTransitions/MatchedGeometryState.swift (in target 'MatchedTransitions' from project 'swiftui-hosting-transitions')
SwiftCompile normal arm64 /Users/admin/builder/spi-builder-workspace/Sources/MatchedTransitions/MatchedGeometryState.swift (in target 'MatchedTransitions' from project 'swiftui-hosting-transitions')
cd /Users/admin/builder/spi-builder-workspace/.swiftpm/xcode
builtin-SwiftPerFileCompile MatchedGeometryState.swift
SwiftCompile normal arm64 Compiling\ TransitionManager.swift /Users/admin/builder/spi-builder-workspace/Sources/MatchedTransitions/TransitionManager.swift (in target 'MatchedTransitions' from project 'swiftui-hosting-transitions')
/Users/admin/builder/spi-builder-workspace/Sources/MatchedTransitions/TransitionManager.swift:7:29: error: 'UINavigationController' is unavailable in watchOS
5 | let state: MatchedGeometryState
6 |
7 | private var operation = UINavigationController.Operation.push
| `- error: 'UINavigationController' is unavailable in watchOS
8 |
9 | init(state: MatchedGeometryState) {
/Applications/Xcode-27.0.0-Release.Candidate.app/Contents/Developer/Platforms/WatchOS.platform/Developer/SDKs/WatchOS27.0.sdk/System/Library/Frameworks/UIKit.framework/Headers/UINavigationController.h:46:12: note: 'UINavigationController' has been explicitly marked unavailable here
44 |
45 | UIKIT_EXTERN API_AVAILABLE(ios(2.0)) API_UNAVAILABLE(watchos) NS_SWIFT_UI_ACTOR
46 | @interface UINavigationController : UIViewController
| `- note: 'UINavigationController' has been explicitly marked unavailable here
47 |
48 |
/Users/admin/builder/spi-builder-workspace/Sources/MatchedTransitions/TransitionManager.swift:13:54: error: 'UIViewControllerContextTransitioning' is unavailable in watchOS
11 | }
12 |
13 | func transitionDuration(using transitionContext: UIViewControllerContextTransitioning?) -> TimeInterval { state.animationDuration }
| `- error: 'UIViewControllerContextTransitioning' is unavailable in watchOS
14 |
15 | func animateTransition(using transitionContext: UIViewControllerContextTransitioning) {
/Applications/Xcode-27.0.0-Release.Candidate.app/Contents/Developer/Platforms/WatchOS.platform/Developer/SDKs/WatchOS27.0.sdk/System/Library/Frameworks/UIKit.framework/Headers/UIViewControllerTransitioning.h:68:11: note: 'UIViewControllerContextTransitioning' has been explicitly marked unavailable here
66 |
67 | API_UNAVAILABLE(watchos) NS_SWIFT_UI_ACTOR
68 | @protocol UIViewControllerContextTransitioning <NSObject>
| `- note: 'UIViewControllerContextTransitioning' has been explicitly marked unavailable here
69 |
70 | // The view in which the animated transition should take place.
/Users/admin/builder/spi-builder-workspace/Sources/MatchedTransitions/TransitionManager.swift:15:53: error: 'UIViewControllerContextTransitioning' is unavailable in watchOS
13 | func transitionDuration(using transitionContext: UIViewControllerContextTransitioning?) -> TimeInterval { state.animationDuration }
14 |
15 | func animateTransition(using transitionContext: UIViewControllerContextTransitioning) {
| `- error: 'UIViewControllerContextTransitioning' is unavailable in watchOS
16 | switch operation {
17 | case .push:
/Applications/Xcode-27.0.0-Release.Candidate.app/Contents/Developer/Platforms/WatchOS.platform/Developer/SDKs/WatchOS27.0.sdk/System/Library/Frameworks/UIKit.framework/Headers/UIViewControllerTransitioning.h:68:11: note: 'UIViewControllerContextTransitioning' has been explicitly marked unavailable here
66 |
67 | API_UNAVAILABLE(watchos) NS_SWIFT_UI_ACTOR
68 | @protocol UIViewControllerContextTransitioning <NSObject>
| `- note: 'UIViewControllerContextTransitioning' has been explicitly marked unavailable here
69 |
70 | // The view in which the animated transition should take place.
/Users/admin/builder/spi-builder-workspace/Sources/MatchedTransitions/TransitionManager.swift:37:29: error: 'UIViewController' is unavailable in watchOS
35 |
36 | func push(
37 | _ toViewController: UIViewController,
| `- error: 'UIViewController' is unavailable in watchOS
38 | from fromViewController: UIViewController,
39 | using transitionContext: UIViewControllerContextTransitioning
/Applications/Xcode-27.0.0-Release.Candidate.app/Contents/Developer/Platforms/WatchOS.platform/Developer/SDKs/WatchOS27.0.sdk/System/Library/Frameworks/UIKit.framework/Headers/UIViewController.h:104:12: note: 'UIViewController' has been explicitly marked unavailable here
102 |
103 | UIKIT_EXTERN API_AVAILABLE(ios(2.0)) API_UNAVAILABLE(watchos) NS_SWIFT_UI_ACTOR
104 | @interface UIViewController : UIResponder <NSCoding, UIAppearanceContainer, UITraitEnvironment, UIContentContainer, UIFocusEnvironment>
| `- note: 'UIViewController' has been explicitly marked unavailable here
105 |
106 | /*
/Users/admin/builder/spi-builder-workspace/Sources/MatchedTransitions/TransitionManager.swift:38:34: error: 'UIViewController' is unavailable in watchOS
36 | func push(
37 | _ toViewController: UIViewController,
38 | from fromViewController: UIViewController,
| `- error: 'UIViewController' is unavailable in watchOS
39 | using transitionContext: UIViewControllerContextTransitioning
40 | ) {
/Applications/Xcode-27.0.0-Release.Candidate.app/Contents/Developer/Platforms/WatchOS.platform/Developer/SDKs/WatchOS27.0.sdk/System/Library/Frameworks/UIKit.framework/Headers/UIViewController.h:104:12: note: 'UIViewController' has been explicitly marked unavailable here
102 |
103 | UIKIT_EXTERN API_AVAILABLE(ios(2.0)) API_UNAVAILABLE(watchos) NS_SWIFT_UI_ACTOR
104 | @interface UIViewController : UIResponder <NSCoding, UIAppearanceContainer, UITraitEnvironment, UIContentContainer, UIFocusEnvironment>
| `- note: 'UIViewController' has been explicitly marked unavailable here
105 |
106 | /*
/Users/admin/builder/spi-builder-workspace/Sources/MatchedTransitions/TransitionManager.swift:39:34: error: 'UIViewControllerContextTransitioning' is unavailable in watchOS
37 | _ toViewController: UIViewController,
38 | from fromViewController: UIViewController,
39 | using transitionContext: UIViewControllerContextTransitioning
| `- error: 'UIViewControllerContextTransitioning' is unavailable in watchOS
40 | ) {
41 | let containerView = transitionContext.containerView
/Applications/Xcode-27.0.0-Release.Candidate.app/Contents/Developer/Platforms/WatchOS.platform/Developer/SDKs/WatchOS27.0.sdk/System/Library/Frameworks/UIKit.framework/Headers/UIViewControllerTransitioning.h:68:11: note: 'UIViewControllerContextTransitioning' has been explicitly marked unavailable here
66 |
67 | API_UNAVAILABLE(watchos) NS_SWIFT_UI_ACTOR
68 | @protocol UIViewControllerContextTransitioning <NSObject>
| `- note: 'UIViewControllerContextTransitioning' has been explicitly marked unavailable here
69 |
70 | // The view in which the animated transition should take place.
/Users/admin/builder/spi-builder-workspace/Sources/MatchedTransitions/TransitionManager.swift:80:31: error: 'UIViewController' is unavailable in watchOS
78 |
79 | func pop(
80 | _ fromViewController: UIViewController,
| `- error: 'UIViewController' is unavailable in watchOS
81 | to toViewController: UIViewController,
82 | using transitionContext: UIViewControllerContextTransitioning
/Applications/Xcode-27.0.0-Release.Candidate.app/Contents/Developer/Platforms/WatchOS.platform/Developer/SDKs/WatchOS27.0.sdk/System/Library/Frameworks/UIKit.framework/Headers/UIViewController.h:104:12: note: 'UIViewController' has been explicitly marked unavailable here
102 |
103 | UIKIT_EXTERN API_AVAILABLE(ios(2.0)) API_UNAVAILABLE(watchos) NS_SWIFT_UI_ACTOR
104 | @interface UIViewController : UIResponder <NSCoding, UIAppearanceContainer, UITraitEnvironment, UIContentContainer, UIFocusEnvironment>
| `- note: 'UIViewController' has been explicitly marked unavailable here
105 |
106 | /*
/Users/admin/builder/spi-builder-workspace/Sources/MatchedTransitions/TransitionManager.swift:81:30: error: 'UIViewController' is unavailable in watchOS
79 | func pop(
80 | _ fromViewController: UIViewController,
81 | to toViewController: UIViewController,
| `- error: 'UIViewController' is unavailable in watchOS
82 | using transitionContext: UIViewControllerContextTransitioning
83 | ) {
/Applications/Xcode-27.0.0-Release.Candidate.app/Contents/Developer/Platforms/WatchOS.platform/Developer/SDKs/WatchOS27.0.sdk/System/Library/Frameworks/UIKit.framework/Headers/UIViewController.h:104:12: note: 'UIViewController' has been explicitly marked unavailable here
102 |
103 | UIKIT_EXTERN API_AVAILABLE(ios(2.0)) API_UNAVAILABLE(watchos) NS_SWIFT_UI_ACTOR
104 | @interface UIViewController : UIResponder <NSCoding, UIAppearanceContainer, UITraitEnvironment, UIContentContainer, UIFocusEnvironment>
| `- note: 'UIViewController' has been explicitly marked unavailable here
105 |
106 | /*
/Users/admin/builder/spi-builder-workspace/Sources/MatchedTransitions/TransitionManager.swift:82:34: error: 'UIViewControllerContextTransitioning' is unavailable in watchOS
80 | _ fromViewController: UIViewController,
81 | to toViewController: UIViewController,
82 | using transitionContext: UIViewControllerContextTransitioning
| `- error: 'UIViewControllerContextTransitioning' is unavailable in watchOS
83 | ) {
84 | let containerView = transitionContext.containerView
/Applications/Xcode-27.0.0-Release.Candidate.app/Contents/Developer/Platforms/WatchOS.platform/Developer/SDKs/WatchOS27.0.sdk/System/Library/Frameworks/UIKit.framework/Headers/UIViewControllerTransitioning.h:68:11: note: 'UIViewControllerContextTransitioning' has been explicitly marked unavailable here
66 |
67 | API_UNAVAILABLE(watchos) NS_SWIFT_UI_ACTOR
68 | @protocol UIViewControllerContextTransitioning <NSObject>
| `- note: 'UIViewControllerContextTransitioning' has been explicitly marked unavailable here
69 |
70 | // The view in which the animated transition should take place.
/Users/admin/builder/spi-builder-workspace/Sources/MatchedTransitions/TransitionManager.swift:4:36: error: 'UIViewControllerAnimatedTransitioning' is unavailable in watchOS
2 | import UIKit
3 |
4 | class TransitionManager: NSObject, UIViewControllerAnimatedTransitioning {
| `- error: 'UIViewControllerAnimatedTransitioning' is unavailable in watchOS
5 | let state: MatchedGeometryState
6 |
/Applications/Xcode-27.0.0-Release.Candidate.app/Contents/Developer/Platforms/WatchOS.platform/Developer/SDKs/WatchOS27.0.sdk/System/Library/Frameworks/UIKit.framework/Headers/UIViewControllerTransitioning.h:137:11: note: 'UIViewControllerAnimatedTransitioning' has been explicitly marked unavailable here
135 |
136 | API_UNAVAILABLE(watchos) NS_SWIFT_UI_ACTOR
137 | @protocol UIViewControllerAnimatedTransitioning <NSObject>
| `- note: 'UIViewControllerAnimatedTransitioning' has been explicitly marked unavailable here
138 |
139 | // This is used for percent driven interactive transitions, as well as for
/Users/admin/builder/spi-builder-workspace/Sources/MatchedTransitions/TransitionManager.swift:115:33: error: 'UINavigationController' is unavailable in watchOS
113 | extension TransitionManager: UINavigationControllerDelegate {
114 | func navigationController(
115 | _ navigationController: UINavigationController,
| `- error: 'UINavigationController' is unavailable in watchOS
116 | animationControllerFor operation: UINavigationController.Operation,
117 | from fromVC: UIViewController,
/Applications/Xcode-27.0.0-Release.Candidate.app/Contents/Developer/Platforms/WatchOS.platform/Developer/SDKs/WatchOS27.0.sdk/System/Library/Frameworks/UIKit.framework/Headers/UINavigationController.h:46:12: note: 'UINavigationController' has been explicitly marked unavailable here
44 |
45 | UIKIT_EXTERN API_AVAILABLE(ios(2.0)) API_UNAVAILABLE(watchos) NS_SWIFT_UI_ACTOR
46 | @interface UINavigationController : UIViewController
| `- note: 'UINavigationController' has been explicitly marked unavailable here
47 |
48 |
/Users/admin/builder/spi-builder-workspace/Sources/MatchedTransitions/TransitionManager.swift:116:43: error: 'UINavigationController' is unavailable in watchOS
114 | func navigationController(
115 | _ navigationController: UINavigationController,
116 | animationControllerFor operation: UINavigationController.Operation,
| `- error: 'UINavigationController' is unavailable in watchOS
117 | from fromVC: UIViewController,
118 | to toVC: UIViewController
/Applications/Xcode-27.0.0-Release.Candidate.app/Contents/Developer/Platforms/WatchOS.platform/Developer/SDKs/WatchOS27.0.sdk/System/Library/Frameworks/UIKit.framework/Headers/UINavigationController.h:46:12: note: 'UINavigationController' has been explicitly marked unavailable here
44 |
45 | UIKIT_EXTERN API_AVAILABLE(ios(2.0)) API_UNAVAILABLE(watchos) NS_SWIFT_UI_ACTOR
46 | @interface UINavigationController : UIViewController
| `- note: 'UINavigationController' has been explicitly marked unavailable here
47 |
48 |
/Users/admin/builder/spi-builder-workspace/Sources/MatchedTransitions/TransitionManager.swift:117:22: error: 'UIViewController' is unavailable in watchOS
115 | _ navigationController: UINavigationController,
116 | animationControllerFor operation: UINavigationController.Operation,
117 | from fromVC: UIViewController,
| `- error: 'UIViewController' is unavailable in watchOS
118 | to toVC: UIViewController
119 | ) -> UIViewControllerAnimatedTransitioning? {
/Applications/Xcode-27.0.0-Release.Candidate.app/Contents/Developer/Platforms/WatchOS.platform/Developer/SDKs/WatchOS27.0.sdk/System/Library/Frameworks/UIKit.framework/Headers/UIViewController.h:104:12: note: 'UIViewController' has been explicitly marked unavailable here
102 |
103 | UIKIT_EXTERN API_AVAILABLE(ios(2.0)) API_UNAVAILABLE(watchos) NS_SWIFT_UI_ACTOR
104 | @interface UIViewController : UIResponder <NSCoding, UIAppearanceContainer, UITraitEnvironment, UIContentContainer, UIFocusEnvironment>
| `- note: 'UIViewController' has been explicitly marked unavailable here
105 |
106 | /*
/Users/admin/builder/spi-builder-workspace/Sources/MatchedTransitions/TransitionManager.swift:118:18: error: 'UIViewController' is unavailable in watchOS
116 | animationControllerFor operation: UINavigationController.Operation,
117 | from fromVC: UIViewController,
118 | to toVC: UIViewController
| `- error: 'UIViewController' is unavailable in watchOS
119 | ) -> UIViewControllerAnimatedTransitioning? {
120 | self.operation = operation
/Applications/Xcode-27.0.0-Release.Candidate.app/Contents/Developer/Platforms/WatchOS.platform/Developer/SDKs/WatchOS27.0.sdk/System/Library/Frameworks/UIKit.framework/Headers/UIViewController.h:104:12: note: 'UIViewController' has been explicitly marked unavailable here
102 |
103 | UIKIT_EXTERN API_AVAILABLE(ios(2.0)) API_UNAVAILABLE(watchos) NS_SWIFT_UI_ACTOR
104 | @interface UIViewController : UIResponder <NSCoding, UIAppearanceContainer, UITraitEnvironment, UIContentContainer, UIFocusEnvironment>
| `- note: 'UIViewController' has been explicitly marked unavailable here
105 |
106 | /*
/Users/admin/builder/spi-builder-workspace/Sources/MatchedTransitions/TransitionManager.swift:119:10: error: 'UIViewControllerAnimatedTransitioning' is unavailable in watchOS
117 | from fromVC: UIViewController,
118 | to toVC: UIViewController
119 | ) -> UIViewControllerAnimatedTransitioning? {
| `- error: 'UIViewControllerAnimatedTransitioning' is unavailable in watchOS
120 | self.operation = operation
121 | return self
/Applications/Xcode-27.0.0-Release.Candidate.app/Contents/Developer/Platforms/WatchOS.platform/Developer/SDKs/WatchOS27.0.sdk/System/Library/Frameworks/UIKit.framework/Headers/UIViewControllerTransitioning.h:137:11: note: 'UIViewControllerAnimatedTransitioning' has been explicitly marked unavailable here
135 |
136 | API_UNAVAILABLE(watchos) NS_SWIFT_UI_ACTOR
137 | @protocol UIViewControllerAnimatedTransitioning <NSObject>
| `- note: 'UIViewControllerAnimatedTransitioning' has been explicitly marked unavailable here
138 |
139 | // This is used for percent driven interactive transitions, as well as for
/Users/admin/builder/spi-builder-workspace/Sources/MatchedTransitions/TransitionManager.swift:113:30: error: 'UINavigationControllerDelegate' is unavailable in watchOS
111 | }
112 |
113 | extension TransitionManager: UINavigationControllerDelegate {
| `- error: 'UINavigationControllerDelegate' is unavailable in watchOS
114 | func navigationController(
115 | _ navigationController: UINavigationController,
/Applications/Xcode-27.0.0-Release.Candidate.app/Contents/Developer/Platforms/WatchOS.platform/Developer/SDKs/WatchOS27.0.sdk/System/Library/Frameworks/UIKit.framework/Headers/UINavigationController.h:128:11: note: 'UINavigationControllerDelegate' has been explicitly marked unavailable here
126 |
127 | API_UNAVAILABLE(watchos) NS_SWIFT_UI_ACTOR
128 | @protocol UINavigationControllerDelegate <NSObject>
| `- note: 'UINavigationControllerDelegate' has been explicitly marked unavailable here
129 |
130 | @optional
/Users/admin/builder/spi-builder-workspace/Sources/MatchedTransitions/TransitionManager.swift:19:84: error: 'from' is unavailable in watchOS
17 | case .push:
18 | guard
19 | let fromViewController = transitionContext.viewController(forKey: .from),
| `- error: 'from' is unavailable in watchOS
20 | let toViewController = transitionContext.viewController(forKey: .to)
21 | else { return }
/Applications/Xcode-27.0.0-Release.Candidate.app/Contents/Developer/Platforms/WatchOS.platform/Developer/SDKs/WatchOS27.0.sdk/System/Library/Frameworks/UIKit.framework/Headers/UIViewControllerTransitioning.h:23:57: note: 'from' has been explicitly marked unavailable here
21 | // that are created by the system.
22 |
23 | UIKIT_EXTERN UITransitionContextViewControllerKey const UITransitionContextFromViewControllerKey API_UNAVAILABLE(watchos) NS_SWIFT_NAME(from) API_AVAILABLE(ios(7.0));
| `- note: 'from' has been explicitly marked unavailable here
24 | UIKIT_EXTERN UITransitionContextViewControllerKey const UITransitionContextToViewControllerKey API_UNAVAILABLE(watchos) NS_SWIFT_NAME(to) API_AVAILABLE(ios(7.0));
25 |
/Users/admin/builder/spi-builder-workspace/Sources/MatchedTransitions/TransitionManager.swift:20:82: error: 'to' is unavailable in watchOS
18 | guard
19 | let fromViewController = transitionContext.viewController(forKey: .from),
20 | let toViewController = transitionContext.viewController(forKey: .to)
| `- error: 'to' is unavailable in watchOS
21 | else { return }
22 | push(toViewController, from: fromViewController, using: transitionContext)
/Applications/Xcode-27.0.0-Release.Candidate.app/Contents/Developer/Platforms/WatchOS.platform/Developer/SDKs/WatchOS27.0.sdk/System/Library/Frameworks/UIKit.framework/Headers/UIViewControllerTransitioning.h:24:57: note: 'to' has been explicitly marked unavailable here
22 |
23 | UIKIT_EXTERN UITransitionContextViewControllerKey const UITransitionContextFromViewControllerKey API_UNAVAILABLE(watchos) NS_SWIFT_NAME(from) API_AVAILABLE(ios(7.0));
24 | UIKIT_EXTERN UITransitionContextViewControllerKey const UITransitionContextToViewControllerKey API_UNAVAILABLE(watchos) NS_SWIFT_NAME(to) API_AVAILABLE(ios(7.0));
| `- note: 'to' has been explicitly marked unavailable here
25 |
26 | UIKIT_EXTERN UITransitionContextViewKey const UITransitionContextFromViewKey API_UNAVAILABLE(watchos) NS_SWIFT_NAME(from) API_AVAILABLE(ios(8.0));
/Users/admin/builder/spi-builder-workspace/Sources/MatchedTransitions/TransitionManager.swift:26:84: error: 'from' is unavailable in watchOS
24 | case .pop:
25 | guard
26 | let fromViewController = transitionContext.viewController(forKey: .from),
| `- error: 'from' is unavailable in watchOS
27 | let toViewController = transitionContext.viewController(forKey: .to)
28 | else { return }
/Applications/Xcode-27.0.0-Release.Candidate.app/Contents/Developer/Platforms/WatchOS.platform/Developer/SDKs/WatchOS27.0.sdk/System/Library/Frameworks/UIKit.framework/Headers/UIViewControllerTransitioning.h:23:57: note: 'from' has been explicitly marked unavailable here
21 | // that are created by the system.
22 |
23 | UIKIT_EXTERN UITransitionContextViewControllerKey const UITransitionContextFromViewControllerKey API_UNAVAILABLE(watchos) NS_SWIFT_NAME(from) API_AVAILABLE(ios(7.0));
| `- note: 'from' has been explicitly marked unavailable here
24 | UIKIT_EXTERN UITransitionContextViewControllerKey const UITransitionContextToViewControllerKey API_UNAVAILABLE(watchos) NS_SWIFT_NAME(to) API_AVAILABLE(ios(7.0));
25 |
/Users/admin/builder/spi-builder-workspace/Sources/MatchedTransitions/TransitionManager.swift:27:82: error: 'to' is unavailable in watchOS
25 | guard
26 | let fromViewController = transitionContext.viewController(forKey: .from),
27 | let toViewController = transitionContext.viewController(forKey: .to)
| `- error: 'to' is unavailable in watchOS
28 | else { return }
29 | pop(fromViewController, to: toViewController, using: transitionContext)
/Applications/Xcode-27.0.0-Release.Candidate.app/Contents/Developer/Platforms/WatchOS.platform/Developer/SDKs/WatchOS27.0.sdk/System/Library/Frameworks/UIKit.framework/Headers/UIViewControllerTransitioning.h:24:57: note: 'to' has been explicitly marked unavailable here
22 |
23 | UIKIT_EXTERN UITransitionContextViewControllerKey const UITransitionContextFromViewControllerKey API_UNAVAILABLE(watchos) NS_SWIFT_NAME(from) API_AVAILABLE(ios(7.0));
24 | UIKIT_EXTERN UITransitionContextViewControllerKey const UITransitionContextToViewControllerKey API_UNAVAILABLE(watchos) NS_SWIFT_NAME(to) API_AVAILABLE(ios(7.0));
| `- note: 'to' has been explicitly marked unavailable here
25 |
26 | UIKIT_EXTERN UITransitionContextViewKey const UITransitionContextFromViewKey API_UNAVAILABLE(watchos) NS_SWIFT_NAME(from) API_AVAILABLE(ios(8.0));
/Users/admin/builder/spi-builder-workspace/Sources/MatchedTransitions/TransitionManager.swift:41:47: error: 'containerView' is unavailable in watchOS
39 | using transitionContext: UIViewControllerContextTransitioning
40 | ) {
41 | let containerView = transitionContext.containerView
| `- error: 'containerView' is unavailable in watchOS
42 |
43 | let transitionViewController = UIHostingController(
/Applications/Xcode-27.0.0-Release.Candidate.app/Contents/Developer/Platforms/WatchOS.platform/Developer/SDKs/WatchOS27.0.sdk/System/Library/Frameworks/UIKit.framework/Headers/UIViewControllerTransitioning.h:71:40: note: 'containerView' has been explicitly marked unavailable here
69 |
70 | // The view in which the animated transition should take place.
71 | @property(nonatomic, readonly) UIView *containerView API_UNAVAILABLE(watchos);
| `- note: 'containerView' has been explicitly marked unavailable here
72 |
73 | // Most of the time this is YES. For custom transitions that use the new UIModalPresentationCustom
SwiftCompile normal arm64 /Users/admin/builder/spi-builder-workspace/Sources/MatchedTransitions/TransitionManager.swift (in target 'MatchedTransitions' from project 'swiftui-hosting-transitions')
cd /Users/admin/builder/spi-builder-workspace/.swiftpm/xcode
builtin-SwiftPerFileCompile TransitionManager.swift
SwiftCompile normal arm64 Compiling\ TransitionView.swift /Users/admin/builder/spi-builder-workspace/Sources/MatchedTransitions/TransitionView.swift (in target 'MatchedTransitions' from project 'swiftui-hosting-transitions')
SwiftCompile normal arm64 /Users/admin/builder/spi-builder-workspace/Sources/MatchedTransitions/TransitionView.swift (in target 'MatchedTransitions' from project 'swiftui-hosting-transitions')
cd /Users/admin/builder/spi-builder-workspace/.swiftpm/xcode
builtin-SwiftPerFileCompile TransitionView.swift
SwiftCompile normal arm64 Compiling\ MatchedContainerView.swift /Users/admin/builder/spi-builder-workspace/Sources/MatchedTransitions/MatchedContainerView.swift (in target 'MatchedTransitions' from project 'swiftui-hosting-transitions')
SwiftCompile normal arm64 /Users/admin/builder/spi-builder-workspace/Sources/MatchedTransitions/MatchedContainerView.swift (in target 'MatchedTransitions' from project 'swiftui-hosting-transitions')
cd /Users/admin/builder/spi-builder-workspace/.swiftpm/xcode
builtin-SwiftPerFileCompile MatchedContainerView.swift
SwiftEmitModule normal arm64 Emitting\ module\ for\ MatchedTransitions (in target 'MatchedTransitions' from project 'swiftui-hosting-transitions')
/Users/admin/builder/spi-builder-workspace/Sources/MatchedTransitions/MatchedHostingController.swift:4:53: error: cannot find type 'UIHostingController' in scope
2 | import SwiftUI
3 |
4 | open class MatchedHostingController<Content: View>: UIHostingController<MatchedContainerView<Content>> {
| `- error: cannot find type 'UIHostingController' in scope
5 | private let state: MatchedGeometryState
6 | private lazy var transitionManager = TransitionManager(state: state)
/Users/admin/builder/spi-builder-workspace/Sources/MatchedTransitions/MatchedHostingController.swift:25:24: error: method does not override any method from its superclass
23 | }
24 |
25 | override open func viewDidAppear(_ animated: Bool) {
| `- error: method does not override any method from its superclass
26 | super.viewDidAppear(animated)
27 | navigationController?.delegate = transitionManager
/Users/admin/builder/spi-builder-workspace/Sources/MatchedTransitions/TransitionManager.swift:7:29: error: 'UINavigationController' is unavailable in watchOS
5 | let state: MatchedGeometryState
6 |
7 | private var operation = UINavigationController.Operation.push
| `- error: 'UINavigationController' is unavailable in watchOS
8 |
9 | init(state: MatchedGeometryState) {
/Applications/Xcode-27.0.0-Release.Candidate.app/Contents/Developer/Platforms/WatchOS.platform/Developer/SDKs/WatchOS27.0.sdk/System/Library/Frameworks/UIKit.framework/Headers/UINavigationController.h:46:12: note: 'UINavigationController' has been explicitly marked unavailable here
44 |
45 | UIKIT_EXTERN API_AVAILABLE(ios(2.0)) API_UNAVAILABLE(watchos) NS_SWIFT_UI_ACTOR
46 | @interface UINavigationController : UIViewController
| `- note: 'UINavigationController' has been explicitly marked unavailable here
47 |
48 |
/Users/admin/builder/spi-builder-workspace/Sources/MatchedTransitions/TransitionManager.swift:13:54: error: 'UIViewControllerContextTransitioning' is unavailable in watchOS
11 | }
12 |
13 | func transitionDuration(using transitionContext: UIViewControllerContextTransitioning?) -> TimeInterval { state.animationDuration }
| `- error: 'UIViewControllerContextTransitioning' is unavailable in watchOS
14 |
15 | func animateTransition(using transitionContext: UIViewControllerContextTransitioning) {
/Applications/Xcode-27.0.0-Release.Candidate.app/Contents/Developer/Platforms/WatchOS.platform/Developer/SDKs/WatchOS27.0.sdk/System/Library/Frameworks/UIKit.framework/Headers/UIViewControllerTransitioning.h:68:11: note: 'UIViewControllerContextTransitioning' has been explicitly marked unavailable here
66 |
67 | API_UNAVAILABLE(watchos) NS_SWIFT_UI_ACTOR
68 | @protocol UIViewControllerContextTransitioning <NSObject>
| `- note: 'UIViewControllerContextTransitioning' has been explicitly marked unavailable here
69 |
70 | // The view in which the animated transition should take place.
/Users/admin/builder/spi-builder-workspace/Sources/MatchedTransitions/TransitionManager.swift:15:53: error: 'UIViewControllerContextTransitioning' is unavailable in watchOS
13 | func transitionDuration(using transitionContext: UIViewControllerContextTransitioning?) -> TimeInterval { state.animationDuration }
14 |
15 | func animateTransition(using transitionContext: UIViewControllerContextTransitioning) {
| `- error: 'UIViewControllerContextTransitioning' is unavailable in watchOS
16 | switch operation {
17 | case .push:
/Applications/Xcode-27.0.0-Release.Candidate.app/Contents/Developer/Platforms/WatchOS.platform/Developer/SDKs/WatchOS27.0.sdk/System/Library/Frameworks/UIKit.framework/Headers/UIViewControllerTransitioning.h:68:11: note: 'UIViewControllerContextTransitioning' has been explicitly marked unavailable here
66 |
67 | API_UNAVAILABLE(watchos) NS_SWIFT_UI_ACTOR
68 | @protocol UIViewControllerContextTransitioning <NSObject>
| `- note: 'UIViewControllerContextTransitioning' has been explicitly marked unavailable here
69 |
70 | // The view in which the animated transition should take place.
/Users/admin/builder/spi-builder-workspace/Sources/MatchedTransitions/TransitionManager.swift:37:29: error: 'UIViewController' is unavailable in watchOS
35 |
36 | func push(
37 | _ toViewController: UIViewController,
| `- error: 'UIViewController' is unavailable in watchOS
38 | from fromViewController: UIViewController,
39 | using transitionContext: UIViewControllerContextTransitioning
/Applications/Xcode-27.0.0-Release.Candidate.app/Contents/Developer/Platforms/WatchOS.platform/Developer/SDKs/WatchOS27.0.sdk/System/Library/Frameworks/UIKit.framework/Headers/UIViewController.h:104:12: note: 'UIViewController' has been explicitly marked unavailable here
102 |
103 | UIKIT_EXTERN API_AVAILABLE(ios(2.0)) API_UNAVAILABLE(watchos) NS_SWIFT_UI_ACTOR
104 | @interface UIViewController : UIResponder <NSCoding, UIAppearanceContainer, UITraitEnvironment, UIContentContainer, UIFocusEnvironment>
| `- note: 'UIViewController' has been explicitly marked unavailable here
105 |
106 | /*
/Users/admin/builder/spi-builder-workspace/Sources/MatchedTransitions/TransitionManager.swift:38:34: error: 'UIViewController' is unavailable in watchOS
36 | func push(
37 | _ toViewController: UIViewController,
38 | from fromViewController: UIViewController,
| `- error: 'UIViewController' is unavailable in watchOS
39 | using transitionContext: UIViewControllerContextTransitioning
40 | ) {
/Applications/Xcode-27.0.0-Release.Candidate.app/Contents/Developer/Platforms/WatchOS.platform/Developer/SDKs/WatchOS27.0.sdk/System/Library/Frameworks/UIKit.framework/Headers/UIViewController.h:104:12: note: 'UIViewController' has been explicitly marked unavailable here
102 |
103 | UIKIT_EXTERN API_AVAILABLE(ios(2.0)) API_UNAVAILABLE(watchos) NS_SWIFT_UI_ACTOR
104 | @interface UIViewController : UIResponder <NSCoding, UIAppearanceContainer, UITraitEnvironment, UIContentContainer, UIFocusEnvironment>
| `- note: 'UIViewController' has been explicitly marked unavailable here
105 |
106 | /*
/Users/admin/builder/spi-builder-workspace/Sources/MatchedTransitions/TransitionManager.swift:39:34: error: 'UIViewControllerContextTransitioning' is unavailable in watchOS
37 | _ toViewController: UIViewController,
38 | from fromViewController: UIViewController,
39 | using transitionContext: UIViewControllerContextTransitioning
| `- error: 'UIViewControllerContextTransitioning' is unavailable in watchOS
40 | ) {
41 | let containerView = transitionContext.containerView
/Applications/Xcode-27.0.0-Release.Candidate.app/Contents/Developer/Platforms/WatchOS.platform/Developer/SDKs/WatchOS27.0.sdk/System/Library/Frameworks/UIKit.framework/Headers/UIViewControllerTransitioning.h:68:11: note: 'UIViewControllerContextTransitioning' has been explicitly marked unavailable here
66 |
67 | API_UNAVAILABLE(watchos) NS_SWIFT_UI_ACTOR
68 | @protocol UIViewControllerContextTransitioning <NSObject>
| `- note: 'UIViewControllerContextTransitioning' has been explicitly marked unavailable here
69 |
70 | // The view in which the animated transition should take place.
/Users/admin/builder/spi-builder-workspace/Sources/MatchedTransitions/TransitionManager.swift:80:31: error: 'UIViewController' is unavailable in watchOS
78 |
79 | func pop(
80 | _ fromViewController: UIViewController,
| `- error: 'UIViewController' is unavailable in watchOS
81 | to toViewController: UIViewController,
82 | using transitionContext: UIViewControllerContextTransitioning
/Applications/Xcode-27.0.0-Release.Candidate.app/Contents/Developer/Platforms/WatchOS.platform/Developer/SDKs/WatchOS27.0.sdk/System/Library/Frameworks/UIKit.framework/Headers/UIViewController.h:104:12: note: 'UIViewController' has been explicitly marked unavailable here
102 |
103 | UIKIT_EXTERN API_AVAILABLE(ios(2.0)) API_UNAVAILABLE(watchos) NS_SWIFT_UI_ACTOR
104 | @interface UIViewController : UIResponder <NSCoding, UIAppearanceContainer, UITraitEnvironment, UIContentContainer, UIFocusEnvironment>
| `- note: 'UIViewController' has been explicitly marked unavailable here
105 |
106 | /*
/Users/admin/builder/spi-builder-workspace/Sources/MatchedTransitions/TransitionManager.swift:81:30: error: 'UIViewController' is unavailable in watchOS
79 | func pop(
80 | _ fromViewController: UIViewController,
81 | to toViewController: UIViewController,
| `- error: 'UIViewController' is unavailable in watchOS
82 | using transitionContext: UIViewControllerContextTransitioning
83 | ) {
/Applications/Xcode-27.0.0-Release.Candidate.app/Contents/Developer/Platforms/WatchOS.platform/Developer/SDKs/WatchOS27.0.sdk/System/Library/Frameworks/UIKit.framework/Headers/UIViewController.h:104:12: note: 'UIViewController' has been explicitly marked unavailable here
102 |
103 | UIKIT_EXTERN API_AVAILABLE(ios(2.0)) API_UNAVAILABLE(watchos) NS_SWIFT_UI_ACTOR
104 | @interface UIViewController : UIResponder <NSCoding, UIAppearanceContainer, UITraitEnvironment, UIContentContainer, UIFocusEnvironment>
| `- note: 'UIViewController' has been explicitly marked unavailable here
105 |
106 | /*
/Users/admin/builder/spi-builder-workspace/Sources/MatchedTransitions/TransitionManager.swift:82:34: error: 'UIViewControllerContextTransitioning' is unavailable in watchOS
80 | _ fromViewController: UIViewController,
81 | to toViewController: UIViewController,
82 | using transitionContext: UIViewControllerContextTransitioning
| `- error: 'UIViewControllerContextTransitioning' is unavailable in watchOS
83 | ) {
84 | let containerView = transitionContext.containerView
/Applications/Xcode-27.0.0-Release.Candidate.app/Contents/Developer/Platforms/WatchOS.platform/Developer/SDKs/WatchOS27.0.sdk/System/Library/Frameworks/UIKit.framework/Headers/UIViewControllerTransitioning.h:68:11: note: 'UIViewControllerContextTransitioning' has been explicitly marked unavailable here
66 |
67 | API_UNAVAILABLE(watchos) NS_SWIFT_UI_ACTOR
68 | @protocol UIViewControllerContextTransitioning <NSObject>
| `- note: 'UIViewControllerContextTransitioning' has been explicitly marked unavailable here
69 |
70 | // The view in which the animated transition should take place.
/Users/admin/builder/spi-builder-workspace/Sources/MatchedTransitions/TransitionManager.swift:4:36: error: 'UIViewControllerAnimatedTransitioning' is unavailable in watchOS
2 | import UIKit
3 |
4 | class TransitionManager: NSObject, UIViewControllerAnimatedTransitioning {
| `- error: 'UIViewControllerAnimatedTransitioning' is unavailable in watchOS
5 | let state: MatchedGeometryState
6 |
/Applications/Xcode-27.0.0-Release.Candidate.app/Contents/Developer/Platforms/WatchOS.platform/Developer/SDKs/WatchOS27.0.sdk/System/Library/Frameworks/UIKit.framework/Headers/UIViewControllerTransitioning.h:137:11: note: 'UIViewControllerAnimatedTransitioning' has been explicitly marked unavailable here
135 |
136 | API_UNAVAILABLE(watchos) NS_SWIFT_UI_ACTOR
137 | @protocol UIViewControllerAnimatedTransitioning <NSObject>
| `- note: 'UIViewControllerAnimatedTransitioning' has been explicitly marked unavailable here
138 |
139 | // This is used for percent driven interactive transitions, as well as for
/Users/admin/builder/spi-builder-workspace/Sources/MatchedTransitions/TransitionManager.swift:115:33: error: 'UINavigationController' is unavailable in watchOS
113 | extension TransitionManager: UINavigationControllerDelegate {
114 | func navigationController(
115 | _ navigationController: UINavigationController,
| `- error: 'UINavigationController' is unavailable in watchOS
116 | animationControllerFor operation: UINavigationController.Operation,
117 | from fromVC: UIViewController,
/Applications/Xcode-27.0.0-Release.Candidate.app/Contents/Developer/Platforms/WatchOS.platform/Developer/SDKs/WatchOS27.0.sdk/System/Library/Frameworks/UIKit.framework/Headers/UINavigationController.h:46:12: note: 'UINavigationController' has been explicitly marked unavailable here
44 |
45 | UIKIT_EXTERN API_AVAILABLE(ios(2.0)) API_UNAVAILABLE(watchos) NS_SWIFT_UI_ACTOR
46 | @interface UINavigationController : UIViewController
| `- note: 'UINavigationController' has been explicitly marked unavailable here
47 |
48 |
/Users/admin/builder/spi-builder-workspace/Sources/MatchedTransitions/TransitionManager.swift:116:43: error: 'UINavigationController' is unavailable in watchOS
114 | func navigationController(
115 | _ navigationController: UINavigationController,
116 | animationControllerFor operation: UINavigationController.Operation,
| `- error: 'UINavigationController' is unavailable in watchOS
117 | from fromVC: UIViewController,
118 | to toVC: UIViewController
/Applications/Xcode-27.0.0-Release.Candidate.app/Contents/Developer/Platforms/WatchOS.platform/Developer/SDKs/WatchOS27.0.sdk/System/Library/Frameworks/UIKit.framework/Headers/UINavigationController.h:46:12: note: 'UINavigationController' has been explicitly marked unavailable here
44 |
45 | UIKIT_EXTERN API_AVAILABLE(ios(2.0)) API_UNAVAILABLE(watchos) NS_SWIFT_UI_ACTOR
46 | @interface UINavigationController : UIViewController
| `- note: 'UINavigationController' has been explicitly marked unavailable here
47 |
48 |
/Users/admin/builder/spi-builder-workspace/Sources/MatchedTransitions/TransitionManager.swift:117:22: error: 'UIViewController' is unavailable in watchOS
115 | _ navigationController: UINavigationController,
116 | animationControllerFor operation: UINavigationController.Operation,
117 | from fromVC: UIViewController,
| `- error: 'UIViewController' is unavailable in watchOS
118 | to toVC: UIViewController
119 | ) -> UIViewControllerAnimatedTransitioning? {
/Applications/Xcode-27.0.0-Release.Candidate.app/Contents/Developer/Platforms/WatchOS.platform/Developer/SDKs/WatchOS27.0.sdk/System/Library/Frameworks/UIKit.framework/Headers/UIViewController.h:104:12: note: 'UIViewController' has been explicitly marked unavailable here
102 |
103 | UIKIT_EXTERN API_AVAILABLE(ios(2.0)) API_UNAVAILABLE(watchos) NS_SWIFT_UI_ACTOR
104 | @interface UIViewController : UIResponder <NSCoding, UIAppearanceContainer, UITraitEnvironment, UIContentContainer, UIFocusEnvironment>
| `- note: 'UIViewController' has been explicitly marked unavailable here
105 |
106 | /*
/Users/admin/builder/spi-builder-workspace/Sources/MatchedTransitions/TransitionManager.swift:118:18: error: 'UIViewController' is unavailable in watchOS
116 | animationControllerFor operation: UINavigationController.Operation,
117 | from fromVC: UIViewController,
118 | to toVC: UIViewController
| `- error: 'UIViewController' is unavailable in watchOS
119 | ) -> UIViewControllerAnimatedTransitioning? {
120 | self.operation = operation
/Applications/Xcode-27.0.0-Release.Candidate.app/Contents/Developer/Platforms/WatchOS.platform/Developer/SDKs/WatchOS27.0.sdk/System/Library/Frameworks/UIKit.framework/Headers/UIViewController.h:104:12: note: 'UIViewController' has been explicitly marked unavailable here
102 |
103 | UIKIT_EXTERN API_AVAILABLE(ios(2.0)) API_UNAVAILABLE(watchos) NS_SWIFT_UI_ACTOR
104 | @interface UIViewController : UIResponder <NSCoding, UIAppearanceContainer, UITraitEnvironment, UIContentContainer, UIFocusEnvironment>
| `- note: 'UIViewController' has been explicitly marked unavailable here
105 |
106 | /*
SwiftCompile normal arm64 (in target 'MatchedTransitions' from project 'swiftui-hosting-transitions')
cd /Users/admin/builder/spi-builder-workspace/.swiftpm/xcode
SwiftEmitModule normal arm64_32 Emitting\ module\ for\ MatchedTransitions (in target 'MatchedTransitions' from project 'swiftui-hosting-transitions')
/Users/admin/builder/spi-builder-workspace/Sources/MatchedTransitions/MatchedHostingController.swift:4:53: error: cannot find type 'UIHostingController' in scope
2 | import SwiftUI
3 |
4 | open class MatchedHostingController<Content: View>: UIHostingController<MatchedContainerView<Content>> {
| `- error: cannot find type 'UIHostingController' in scope
5 | private let state: MatchedGeometryState
6 | private lazy var transitionManager = TransitionManager(state: state)
/Users/admin/builder/spi-builder-workspace/Sources/MatchedTransitions/MatchedHostingController.swift:25:24: error: method does not override any method from its superclass
23 | }
24 |
25 | override open func viewDidAppear(_ animated: Bool) {
| `- error: method does not override any method from its superclass
26 | super.viewDidAppear(animated)
27 | navigationController?.delegate = transitionManager
/Users/admin/builder/spi-builder-workspace/Sources/MatchedTransitions/TransitionManager.swift:7:29: error: 'UINavigationController' is unavailable in watchOS
5 | let state: MatchedGeometryState
6 |
7 | private var operation = UINavigationController.Operation.push
| `- error: 'UINavigationController' is unavailable in watchOS
8 |
9 | init(state: MatchedGeometryState) {
/Applications/Xcode-27.0.0-Release.Candidate.app/Contents/Developer/Platforms/WatchOS.platform/Developer/SDKs/WatchOS27.0.sdk/System/Library/Frameworks/UIKit.framework/Headers/UINavigationController.h:46:12: note: 'UINavigationController' has been explicitly marked unavailable here
44 |
45 | UIKIT_EXTERN API_AVAILABLE(ios(2.0)) API_UNAVAILABLE(watchos) NS_SWIFT_UI_ACTOR
46 | @interface UINavigationController : UIViewController
| `- note: 'UINavigationController' has been explicitly marked unavailable here
47 |
48 |
/Users/admin/builder/spi-builder-workspace/Sources/MatchedTransitions/TransitionManager.swift:13:54: error: 'UIViewControllerContextTransitioning' is unavailable in watchOS
11 | }
12 |
13 | func transitionDuration(using transitionContext: UIViewControllerContextTransitioning?) -> TimeInterval { state.animationDuration }
| `- error: 'UIViewControllerContextTransitioning' is unavailable in watchOS
14 |
15 | func animateTransition(using transitionContext: UIViewControllerContextTransitioning) {
/Applications/Xcode-27.0.0-Release.Candidate.app/Contents/Developer/Platforms/WatchOS.platform/Developer/SDKs/WatchOS27.0.sdk/System/Library/Frameworks/UIKit.framework/Headers/UIViewControllerTransitioning.h:68:11: note: 'UIViewControllerContextTransitioning' has been explicitly marked unavailable here
66 |
67 | API_UNAVAILABLE(watchos) NS_SWIFT_UI_ACTOR
68 | @protocol UIViewControllerContextTransitioning <NSObject>
| `- note: 'UIViewControllerContextTransitioning' has been explicitly marked unavailable here
69 |
70 | // The view in which the animated transition should take place.
/Users/admin/builder/spi-builder-workspace/Sources/MatchedTransitions/TransitionManager.swift:15:53: error: 'UIViewControllerContextTransitioning' is unavailable in watchOS
13 | func transitionDuration(using transitionContext: UIViewControllerContextTransitioning?) -> TimeInterval { state.animationDuration }
14 |
15 | func animateTransition(using transitionContext: UIViewControllerContextTransitioning) {
| `- error: 'UIViewControllerContextTransitioning' is unavailable in watchOS
16 | switch operation {
17 | case .push:
/Applications/Xcode-27.0.0-Release.Candidate.app/Contents/Developer/Platforms/WatchOS.platform/Developer/SDKs/WatchOS27.0.sdk/System/Library/Frameworks/UIKit.framework/Headers/UIViewControllerTransitioning.h:68:11: note: 'UIViewControllerContextTransitioning' has been explicitly marked unavailable here
66 |
67 | API_UNAVAILABLE(watchos) NS_SWIFT_UI_ACTOR
68 | @protocol UIViewControllerContextTransitioning <NSObject>
| `- note: 'UIViewControllerContextTransitioning' has been explicitly marked unavailable here
69 |
70 | // The view in which the animated transition should take place.
/Users/admin/builder/spi-builder-workspace/Sources/MatchedTransitions/TransitionManager.swift:37:29: error: 'UIViewController' is unavailable in watchOS
35 |
36 | func push(
37 | _ toViewController: UIViewController,
| `- error: 'UIViewController' is unavailable in watchOS
38 | from fromViewController: UIViewController,
39 | using transitionContext: UIViewControllerContextTransitioning
/Applications/Xcode-27.0.0-Release.Candidate.app/Contents/Developer/Platforms/WatchOS.platform/Developer/SDKs/WatchOS27.0.sdk/System/Library/Frameworks/UIKit.framework/Headers/UIViewController.h:104:12: note: 'UIViewController' has been explicitly marked unavailable here
102 |
103 | UIKIT_EXTERN API_AVAILABLE(ios(2.0)) API_UNAVAILABLE(watchos) NS_SWIFT_UI_ACTOR
104 | @interface UIViewController : UIResponder <NSCoding, UIAppearanceContainer, UITraitEnvironment, UIContentContainer, UIFocusEnvironment>
| `- note: 'UIViewController' has been explicitly marked unavailable here
105 |
106 | /*
/Users/admin/builder/spi-builder-workspace/Sources/MatchedTransitions/TransitionManager.swift:38:34: error: 'UIViewController' is unavailable in watchOS
36 | func push(
37 | _ toViewController: UIViewController,
38 | from fromViewController: UIViewController,
| `- error: 'UIViewController' is unavailable in watchOS
39 | using transitionContext: UIViewControllerContextTransitioning
40 | ) {
/Applications/Xcode-27.0.0-Release.Candidate.app/Contents/Developer/Platforms/WatchOS.platform/Developer/SDKs/WatchOS27.0.sdk/System/Library/Frameworks/UIKit.framework/Headers/UIViewController.h:104:12: note: 'UIViewController' has been explicitly marked unavailable here
102 |
103 | UIKIT_EXTERN API_AVAILABLE(ios(2.0)) API_UNAVAILABLE(watchos) NS_SWIFT_UI_ACTOR
104 | @interface UIViewController : UIResponder <NSCoding, UIAppearanceContainer, UITraitEnvironment, UIContentContainer, UIFocusEnvironment>
| `- note: 'UIViewController' has been explicitly marked unavailable here
105 |
106 | /*
/Users/admin/builder/spi-builder-workspace/Sources/MatchedTransitions/TransitionManager.swift:39:34: error: 'UIViewControllerContextTransitioning' is unavailable in watchOS
37 | _ toViewController: UIViewController,
38 | from fromViewController: UIViewController,
39 | using transitionContext: UIViewControllerContextTransitioning
| `- error: 'UIViewControllerContextTransitioning' is unavailable in watchOS
40 | ) {
41 | let containerView = transitionContext.containerView
/Applications/Xcode-27.0.0-Release.Candidate.app/Contents/Developer/Platforms/WatchOS.platform/Developer/SDKs/WatchOS27.0.sdk/System/Library/Frameworks/UIKit.framework/Headers/UIViewControllerTransitioning.h:68:11: note: 'UIViewControllerContextTransitioning' has been explicitly marked unavailable here
66 |
67 | API_UNAVAILABLE(watchos) NS_SWIFT_UI_ACTOR
68 | @protocol UIViewControllerContextTransitioning <NSObject>
| `- note: 'UIViewControllerContextTransitioning' has been explicitly marked unavailable here
69 |
70 | // The view in which the animated transition should take place.
/Users/admin/builder/spi-builder-workspace/Sources/MatchedTransitions/TransitionManager.swift:80:31: error: 'UIViewController' is unavailable in watchOS
78 |
79 | func pop(
80 | _ fromViewController: UIViewController,
| `- error: 'UIViewController' is unavailable in watchOS
81 | to toViewController: UIViewController,
82 | using transitionContext: UIViewControllerContextTransitioning
/Applications/Xcode-27.0.0-Release.Candidate.app/Contents/Developer/Platforms/WatchOS.platform/Developer/SDKs/WatchOS27.0.sdk/System/Library/Frameworks/UIKit.framework/Headers/UIViewController.h:104:12: note: 'UIViewController' has been explicitly marked unavailable here
102 |
103 | UIKIT_EXTERN API_AVAILABLE(ios(2.0)) API_UNAVAILABLE(watchos) NS_SWIFT_UI_ACTOR
104 | @interface UIViewController : UIResponder <NSCoding, UIAppearanceContainer, UITraitEnvironment, UIContentContainer, UIFocusEnvironment>
| `- note: 'UIViewController' has been explicitly marked unavailable here
105 |
106 | /*
/Users/admin/builder/spi-builder-workspace/Sources/MatchedTransitions/TransitionManager.swift:81:30: error: 'UIViewController' is unavailable in watchOS
79 | func pop(
80 | _ fromViewController: UIViewController,
81 | to toViewController: UIViewController,
| `- error: 'UIViewController' is unavailable in watchOS
82 | using transitionContext: UIViewControllerContextTransitioning
83 | ) {
/Applications/Xcode-27.0.0-Release.Candidate.app/Contents/Developer/Platforms/WatchOS.platform/Developer/SDKs/WatchOS27.0.sdk/System/Library/Frameworks/UIKit.framework/Headers/UIViewController.h:104:12: note: 'UIViewController' has been explicitly marked unavailable here
102 |
103 | UIKIT_EXTERN API_AVAILABLE(ios(2.0)) API_UNAVAILABLE(watchos) NS_SWIFT_UI_ACTOR
104 | @interface UIViewController : UIResponder <NSCoding, UIAppearanceContainer, UITraitEnvironment, UIContentContainer, UIFocusEnvironment>
| `- note: 'UIViewController' has been explicitly marked unavailable here
105 |
106 | /*
/Users/admin/builder/spi-builder-workspace/Sources/MatchedTransitions/TransitionManager.swift:82:34: error: 'UIViewControllerContextTransitioning' is unavailable in watchOS
80 | _ fromViewController: UIViewController,
81 | to toViewController: UIViewController,
82 | using transitionContext: UIViewControllerContextTransitioning
| `- error: 'UIViewControllerContextTransitioning' is unavailable in watchOS
83 | ) {
84 | let containerView = transitionContext.containerView
/Applications/Xcode-27.0.0-Release.Candidate.app/Contents/Developer/Platforms/WatchOS.platform/Developer/SDKs/WatchOS27.0.sdk/System/Library/Frameworks/UIKit.framework/Headers/UIViewControllerTransitioning.h:68:11: note: 'UIViewControllerContextTransitioning' has been explicitly marked unavailable here
66 |
67 | API_UNAVAILABLE(watchos) NS_SWIFT_UI_ACTOR
68 | @protocol UIViewControllerContextTransitioning <NSObject>
| `- note: 'UIViewControllerContextTransitioning' has been explicitly marked unavailable here
69 |
70 | // The view in which the animated transition should take place.
/Users/admin/builder/spi-builder-workspace/Sources/MatchedTransitions/TransitionManager.swift:4:36: error: 'UIViewControllerAnimatedTransitioning' is unavailable in watchOS
2 | import UIKit
3 |
4 | class TransitionManager: NSObject, UIViewControllerAnimatedTransitioning {
| `- error: 'UIViewControllerAnimatedTransitioning' is unavailable in watchOS
5 | let state: MatchedGeometryState
6 |
/Applications/Xcode-27.0.0-Release.Candidate.app/Contents/Developer/Platforms/WatchOS.platform/Developer/SDKs/WatchOS27.0.sdk/System/Library/Frameworks/UIKit.framework/Headers/UIViewControllerTransitioning.h:137:11: note: 'UIViewControllerAnimatedTransitioning' has been explicitly marked unavailable here
135 |
136 | API_UNAVAILABLE(watchos) NS_SWIFT_UI_ACTOR
137 | @protocol UIViewControllerAnimatedTransitioning <NSObject>
| `- note: 'UIViewControllerAnimatedTransitioning' has been explicitly marked unavailable here
138 |
139 | // This is used for percent driven interactive transitions, as well as for
/Users/admin/builder/spi-builder-workspace/Sources/MatchedTransitions/TransitionManager.swift:115:33: error: 'UINavigationController' is unavailable in watchOS
113 | extension TransitionManager: UINavigationControllerDelegate {
114 | func navigationController(
115 | _ navigationController: UINavigationController,
| `- error: 'UINavigationController' is unavailable in watchOS
116 | animationControllerFor operation: UINavigationController.Operation,
117 | from fromVC: UIViewController,
/Applications/Xcode-27.0.0-Release.Candidate.app/Contents/Developer/Platforms/WatchOS.platform/Developer/SDKs/WatchOS27.0.sdk/System/Library/Frameworks/UIKit.framework/Headers/UINavigationController.h:46:12: note: 'UINavigationController' has been explicitly marked unavailable here
44 |
45 | UIKIT_EXTERN API_AVAILABLE(ios(2.0)) API_UNAVAILABLE(watchos) NS_SWIFT_UI_ACTOR
46 | @interface UINavigationController : UIViewController
| `- note: 'UINavigationController' has been explicitly marked unavailable here
47 |
48 |
/Users/admin/builder/spi-builder-workspace/Sources/MatchedTransitions/TransitionManager.swift:116:43: error: 'UINavigationController' is unavailable in watchOS
114 | func navigationController(
115 | _ navigationController: UINavigationController,
116 | animationControllerFor operation: UINavigationController.Operation,
| `- error: 'UINavigationController' is unavailable in watchOS
117 | from fromVC: UIViewController,
118 | to toVC: UIViewController
/Applications/Xcode-27.0.0-Release.Candidate.app/Contents/Developer/Platforms/WatchOS.platform/Developer/SDKs/WatchOS27.0.sdk/System/Library/Frameworks/UIKit.framework/Headers/UINavigationController.h:46:12: note: 'UINavigationController' has been explicitly marked unavailable here
44 |
45 | UIKIT_EXTERN API_AVAILABLE(ios(2.0)) API_UNAVAILABLE(watchos) NS_SWIFT_UI_ACTOR
46 | @interface UINavigationController : UIViewController
| `- note: 'UINavigationController' has been explicitly marked unavailable here
47 |
48 |
/Users/admin/builder/spi-builder-workspace/Sources/MatchedTransitions/TransitionManager.swift:117:22: error: 'UIViewController' is unavailable in watchOS
115 | _ navigationController: UINavigationController,
116 | animationControllerFor operation: UINavigationController.Operation,
117 | from fromVC: UIViewController,
| `- error: 'UIViewController' is unavailable in watchOS
118 | to toVC: UIViewController
119 | ) -> UIViewControllerAnimatedTransitioning? {
/Applications/Xcode-27.0.0-Release.Candidate.app/Contents/Developer/Platforms/WatchOS.platform/Developer/SDKs/WatchOS27.0.sdk/System/Library/Frameworks/UIKit.framework/Headers/UIViewController.h:104:12: note: 'UIViewController' has been explicitly marked unavailable here
102 |
103 | UIKIT_EXTERN API_AVAILABLE(ios(2.0)) API_UNAVAILABLE(watchos) NS_SWIFT_UI_ACTOR
104 | @interface UIViewController : UIResponder <NSCoding, UIAppearanceContainer, UITraitEnvironment, UIContentContainer, UIFocusEnvironment>
| `- note: 'UIViewController' has been explicitly marked unavailable here
105 |
106 | /*
/Users/admin/builder/spi-builder-workspace/Sources/MatchedTransitions/TransitionManager.swift:118:18: error: 'UIViewController' is unavailable in watchOS
116 | animationControllerFor operation: UINavigationController.Operation,
117 | from fromVC: UIViewController,
118 | to toVC: UIViewController
| `- error: 'UIViewController' is unavailable in watchOS
119 | ) -> UIViewControllerAnimatedTransitioning? {
120 | self.operation = operation
/Applications/Xcode-27.0.0-Release.Candidate.app/Contents/Developer/Platforms/WatchOS.platform/Developer/SDKs/WatchOS27.0.sdk/System/Library/Frameworks/UIKit.framework/Headers/UIViewController.h:104:12: note: 'UIViewController' has been explicitly marked unavailable here
102 |
103 | UIKIT_EXTERN API_AVAILABLE(ios(2.0)) API_UNAVAILABLE(watchos) NS_SWIFT_UI_ACTOR
104 | @interface UIViewController : UIResponder <NSCoding, UIAppearanceContainer, UITraitEnvironment, UIContentContainer, UIFocusEnvironment>
| `- note: 'UIViewController' has been explicitly marked unavailable here
105 |
106 | /*
/Users/admin/builder/spi-builder-workspace/Sources/MatchedTransitions/TransitionManager.swift:119:10: error: 'UIViewControllerAnimatedTransitioning' is unavailable in watchOS
117 | from fromVC: UIViewController,
118 | to toVC: UIViewController
119 | ) -> UIViewControllerAnimatedTransitioning? {
| `- error: 'UIViewControllerAnimatedTransitioning' is unavailable in watchOS
120 | self.operation = operation
121 | return self
/Applications/Xcode-27.0.0-Release.Candidate.app/Contents/Developer/Platforms/WatchOS.platform/Developer/SDKs/WatchOS27.0.sdk/System/Library/Frameworks/UIKit.framework/Headers/UIViewControllerTransitioning.h:137:11: note: 'UIViewControllerAnimatedTransitioning' has been explicitly marked unavailable here
135 |
136 | API_UNAVAILABLE(watchos) NS_SWIFT_UI_ACTOR
137 | @protocol UIViewControllerAnimatedTransitioning <NSObject>
| `- note: 'UIViewControllerAnimatedTransitioning' has been explicitly marked unavailable here
138 |
139 | // This is used for percent driven interactive transitions, as well as for
/Users/admin/builder/spi-builder-workspace/Sources/MatchedTransitions/TransitionManager.swift:113:30: error: 'UINavigationControllerDelegate' is unavailable in watchOS
111 | }
112 |
113 | extension TransitionManager: UINavigationControllerDelegate {
| `- error: 'UINavigationControllerDelegate' is unavailable in watchOS
114 | func navigationController(
115 | _ navigationController: UINavigationController,
/Applications/Xcode-27.0.0-Release.Candidate.app/Contents/Developer/Platforms/WatchOS.platform/Developer/SDKs/WatchOS27.0.sdk/System/Library/Frameworks/UIKit.framework/Headers/UINavigationController.h:128:11: note: 'UINavigationControllerDelegate' has been explicitly marked unavailable here
126 |
127 | API_UNAVAILABLE(watchos) NS_SWIFT_UI_ACTOR
128 | @protocol UINavigationControllerDelegate <NSObject>
| `- note: 'UINavigationControllerDelegate' has been explicitly marked unavailable here
129 |
130 | @optional
Failed frontend command:
/Applications/Xcode-27.0.0-Release.Candidate.app/Contents/Developer/Toolchains/XcodeDefault.xctoolchain/usr/bin/swift-frontend -frontend -emit-module -experimental-skip-non-inlinable-function-bodies-without-types /Users/admin/builder/spi-builder-workspace/Sources/MatchedTransitions/MatchedContainerView.swift /Users/admin/builder/spi-builder-workspace/Sources/MatchedTransitions/MatchedGeometryModifier.swift /Users/admin/builder/spi-builder-workspace/Sources/MatchedTransitions/MatchedGeometryState.swift /Users/admin/builder/spi-builder-workspace/Sources/MatchedTransitions/MatchedHostingController.swift /Users/admin/builder/spi-builder-workspace/Sources/MatchedTransitions/TransitionManager.swift /Users/admin/builder/spi-builder-workspace/Sources/MatchedTransitions/TransitionView.swift -target arm64_32-apple-watchos9.0 -disable-cross-import-overlay-search -load-resolved-plugin /Applications/Xcode-27.0.0-Release.Candidate.app/Contents/Developer/Platforms/WatchOS.platform/Developer/usr/lib/swift/host/plugins/libFoundationMacros.dylib\#/Applications/Xcode-27.0.0-Release.Candidate.app/Contents/Developer/Platforms/WatchOS.platform/Developer/usr/bin/swift-plugin-server\#FoundationMacros -load-resolved-plugin /Applications/Xcode-27.0.0-Release.Candidate.app/Contents/Developer/Platforms/WatchOS.platform/Developer/usr/lib/swift/host/plugins/libObservationMacros.dylib\#/Applications/Xcode-27.0.0-Release.Candidate.app/Contents/Developer/Platforms/WatchOS.platform/Developer/usr/bin/swift-plugin-server\#ObservationMacros -load-resolved-plugin /Applications/Xcode-27.0.0-Release.Candidate.app/Contents/Developer/Platforms/WatchOS.platform/Developer/usr/lib/swift/host/plugins/libPreviewsMacros.dylib\#/Applications/Xcode-27.0.0-Release.Candidate.app/Contents/Developer/Platforms/WatchOS.platform/Developer/usr/bin/swift-plugin-server\#PreviewsMacros -load-resolved-plugin /Applications/Xcode-27.0.0-Release.Candidate.app/Contents/Developer/Platforms/WatchOS.platform/Developer/usr/lib/swift/host/plugins/libSwiftMacros.dylib\#/Applications/Xcode-27.0.0-Release.Candidate.app/Contents/Developer/Platforms/WatchOS.platform/Developer/usr/bin/swift-plugin-server\#SwiftMacros -load-resolved-plugin /Applications/Xcode-27.0.0-Release.Candidate.app/Contents/Developer/Platforms/WatchOS.platform/Developer/usr/lib/swift/host/plugins/libSwiftUIMacros.dylib\#/Applications/Xcode-27.0.0-Release.Candidate.app/Contents/Developer/Platforms/WatchOS.platform/Developer/usr/bin/swift-plugin-server\#SwiftUIMacros -disable-implicit-swift-modules -Xcc -fno-implicit-modules -Xcc -fno-implicit-module-maps -explicit-swift-module-map-file /Users/admin/builder/spi-builder-workspace/.derivedData/Build/Intermediates.noindex/swiftui-hosting-transitions.build/Debug-watchos/MatchedTransitions-t.build/Objects-normal/arm64_32/MatchedTransitions-dependencies-2.json -enable-objc-interop -sdk /Applications/Xcode-27.0.0-Release.Candidate.app/Contents/Developer/Platforms/WatchOS.platform/Developer/SDKs/WatchOS27.0.sdk -I /Users/admin/builder/spi-builder-workspace/.derivedData/Build/Products/Debug-watchos -Isystem /Applications/Xcode-27.0.0-Release.Candidate.app/Contents/Developer/Platforms/WatchOS.platform/Developer/usr/lib -F /Users/admin/builder/spi-builder-workspace/.derivedData/Build/Products/Debug-watchos -F /Applications/Xcode-27.0.0-Release.Candidate.app/Contents/Developer/Platforms/WatchOS.platform/Developer/Library/Frameworks -F /Applications/Xcode-27.0.0-Release.Candidate.app/Contents/Developer/Platforms/WatchOS.platform/Developer/SDKs/WatchOS27.0.sdk/Developer/Library/Frameworks -module-cache-path /Users/admin/builder/spi-builder-workspace/.derivedData/Build/Intermediates.noindex/SwiftExplicitPrecompiledModules -no-color-diagnostics -Xcc -fno-color-diagnostics -enable-testing -g -debug-info-format\=dwarf -dwarf-version\=4 -swift-version 5 -Onone -D SWIFT_PACKAGE -D DEBUG -D SWIFT_MODULE_RESOURCE_BUNDLE_UNAVAILABLE -D Xcode -serialize-debugging-options -enable-experimental-feature DebugDescriptionMacro -empty-abi-descriptor -validate-clang-modules-once -clang-build-session-file /Users/admin/builder/spi-builder-workspace/.derivedData/ModuleCache.noindex/Session.modulevalidation -Xcc -working-directory -Xcc /Users/admin/builder/spi-builder-workspace/.swiftpm/xcode -enable-anonymous-context-mangled-names -file-compilation-dir /Users/admin/builder/spi-builder-workspace/.swiftpm/xcode -Xcc -D_LIBCPP_HARDENING_MODE\=_LIBCPP_HARDENING_MODE_DEBUG -Xcc -ivfsstatcache -Xcc /Users/admin/builder/spi-builder-workspace/.derivedData/SDKStatCaches.noindex/watchos27.0-24R360-e829b21a6f8c9b70876ba0858053c04477534ef55a1706bf4c1112bbb242f0a2.sdkstatcache -Xcc -fmodules-prune-interval\=86400 -Xcc -fmodules-prune-after\=345600 -Xcc -I/Users/admin/builder/spi-builder-workspace/.derivedData/Build/Products/Debug-watchos/include -Xcc -I/Users/admin/builder/spi-builder-workspace/.derivedData/Build/Intermediates.noindex/swiftui-hosting-transitions.build/Debug-watchos/MatchedTransitions-t.build/DerivedSources-normal/arm64_32 -Xcc -I/Users/admin/builder/spi-builder-workspace/.derivedData/Build/Intermediates.noindex/swiftui-hosting-transitions.build/Debug-watchos/MatchedTransitions-t.build/DerivedSources/arm64_32 -Xcc -I/Users/admin/builder/spi-builder-workspace/.derivedData/Build/Intermediates.noindex/swiftui-hosting-transitions.build/Debug-watchos/MatchedTransitions-t.build/DerivedSources -Xcc -DSWIFT_PACKAGE -Xcc -DDEBUG\=1 -no-auto-bridging-header-chaining -module-name MatchedTransitions -package-name spi_builder_workspace -const-gather-protocols-file /Users/admin/builder/spi-builder-workspace/.derivedData/Build/Intermediates.noindex/swiftui-hosting-transitions.build/Debug-watchos/MatchedTransitions-t.build/Objects-normal/arm64_32/MatchedTransitions_const_extract_protocols.json -disable-clang-spi -clang-target arm64_32-apple-watchos27.0 -target-sdk-version 27.0 -target-sdk-name watchos27.0 -in-process-plugin-server-path /Applications/Xcode-27.0.0-Release.Candidate.app/Contents/Developer/Toolchains/XcodeDefault.xctoolchain/usr/lib/swift/host/libSwiftInProcPluginServer.dylib -emit-module-doc-path /Users/admin/builder/spi-builder-workspace/.derivedData/Build/Intermediates.noindex/swiftui-hosting-transitions.build/Debug-watchos/MatchedTransitions-t.build/Objects-normal/arm64_32/MatchedTransitions.swiftdoc -emit-module-source-info-path /Users/admin/builder/spi-builder-workspace/.derivedData/Build/Intermediates.noindex/swiftui-hosting-transitions.build/Debug-watchos/MatchedTransitions-t.build/Objects-normal/arm64_32/MatchedTransitions.swiftsourceinfo -emit-objc-header-path /Users/admin/builder/spi-builder-workspace/.derivedData/Build/Intermediates.noindex/swiftui-hosting-transitions.build/Debug-watchos/MatchedTransitions-t.build/Objects-normal/arm64_32/MatchedTransitions-Swift.h -serialize-diagnostics-path /Users/admin/builder/spi-builder-workspace/.derivedData/Build/Intermediates.noindex/swiftui-hosting-transitions.build/Debug-watchos/MatchedTransitions-t.build/Objects-normal/arm64_32/MatchedTransitions-primary-emit-module.dia -emit-dependencies-path /Users/admin/builder/spi-builder-workspace/.derivedData/Build/Intermediates.noindex/swiftui-hosting-transitions.build/Debug-watchos/MatchedTransitions-t.build/Objects-normal/arm64_32/MatchedTransitions-primary-emit-module.d -parse-as-library -o /Users/admin/builder/spi-builder-workspace/.derivedData/Build/Intermediates.noindex/swiftui-hosting-transitions.build/Debug-watchos/MatchedTransitions-t.build/Objects-normal/arm64_32/MatchedTransitions.swiftmodule -emit-abi-descriptor-path /Users/admin/builder/spi-builder-workspace/.derivedData/Build/Intermediates.noindex/swiftui-hosting-transitions.build/Debug-watchos/MatchedTransitions-t.build/Objects-normal/arm64_32/MatchedTransitions.abi.json
SwiftCompile normal arm64_32 (in target 'MatchedTransitions' from project 'swiftui-hosting-transitions')
cd /Users/admin/builder/spi-builder-workspace/.swiftpm/xcode
SwiftCompile normal arm64_32 Compiling\ MatchedContainerView.swift /Users/admin/builder/spi-builder-workspace/Sources/MatchedTransitions/MatchedContainerView.swift (in target 'MatchedTransitions' from project 'swiftui-hosting-transitions')
SwiftCompile normal arm64_32 /Users/admin/builder/spi-builder-workspace/Sources/MatchedTransitions/MatchedContainerView.swift (in target 'MatchedTransitions' from project 'swiftui-hosting-transitions')
cd /Users/admin/builder/spi-builder-workspace/.swiftpm/xcode
builtin-SwiftPerFileCompile MatchedContainerView.swift
SwiftCompile normal arm64_32 Compiling\ MatchedHostingController.swift /Users/admin/builder/spi-builder-workspace/Sources/MatchedTransitions/MatchedHostingController.swift (in target 'MatchedTransitions' from project 'swiftui-hosting-transitions')
/Users/admin/builder/spi-builder-workspace/Sources/MatchedTransitions/MatchedHostingController.swift:4:53: error: cannot find type 'UIHostingController' in scope
2 | import SwiftUI
3 |
4 | open class MatchedHostingController<Content: View>: UIHostingController<MatchedContainerView<Content>> {
| `- error: cannot find type 'UIHostingController' in scope
5 | private let state: MatchedGeometryState
6 | private lazy var transitionManager = TransitionManager(state: state)
/Users/admin/builder/spi-builder-workspace/Sources/MatchedTransitions/MatchedHostingController.swift:25:24: error: method does not override any method from its superclass
23 | }
24 |
25 | override open func viewDidAppear(_ animated: Bool) {
| `- error: method does not override any method from its superclass
26 | super.viewDidAppear(animated)
27 | navigationController?.delegate = transitionManager
/Users/admin/builder/spi-builder-workspace/Sources/MatchedTransitions/MatchedHostingController.swift:13:9: error: 'super' cannot be used in class 'MatchedHostingController' because it has no superclass
11 | ) {
12 | self.state = state
13 | super.init(
| `- error: 'super' cannot be used in class 'MatchedHostingController' because it has no superclass
14 | rootView: .init(
15 | content: rootView,
/Users/admin/builder/spi-builder-workspace/Sources/MatchedTransitions/MatchedHostingController.swift:26:9: error: 'super' cannot be used in class 'MatchedHostingController' because it has no superclass
24 |
25 | override open func viewDidAppear(_ animated: Bool) {
26 | super.viewDidAppear(animated)
| `- error: 'super' cannot be used in class 'MatchedHostingController' because it has no superclass
27 | navigationController?.delegate = transitionManager
28 | }
SwiftCompile normal arm64_32 /Users/admin/builder/spi-builder-workspace/Sources/MatchedTransitions/MatchedHostingController.swift (in target 'MatchedTransitions' from project 'swiftui-hosting-transitions')
cd /Users/admin/builder/spi-builder-workspace/.swiftpm/xcode
builtin-SwiftPerFileCompile MatchedHostingController.swift
SwiftCompile normal arm64_32 Compiling\ MatchedGeometryModifier.swift /Users/admin/builder/spi-builder-workspace/Sources/MatchedTransitions/MatchedGeometryModifier.swift (in target 'MatchedTransitions' from project 'swiftui-hosting-transitions')
SwiftCompile normal arm64_32 /Users/admin/builder/spi-builder-workspace/Sources/MatchedTransitions/MatchedGeometryModifier.swift (in target 'MatchedTransitions' from project 'swiftui-hosting-transitions')
cd /Users/admin/builder/spi-builder-workspace/.swiftpm/xcode
builtin-SwiftPerFileCompile MatchedGeometryModifier.swift
SwiftCompile normal arm64_32 Compiling\ TransitionView.swift /Users/admin/builder/spi-builder-workspace/Sources/MatchedTransitions/TransitionView.swift (in target 'MatchedTransitions' from project 'swiftui-hosting-transitions')
SwiftCompile normal arm64_32 /Users/admin/builder/spi-builder-workspace/Sources/MatchedTransitions/TransitionView.swift (in target 'MatchedTransitions' from project 'swiftui-hosting-transitions')
cd /Users/admin/builder/spi-builder-workspace/.swiftpm/xcode
builtin-SwiftPerFileCompile TransitionView.swift
PruneExplicitPrecompiledModules /Users/admin/builder/spi-builder-workspace/.derivedData/Build/Intermediates.noindex/SwiftExplicitPrecompiledModules
PruneExplicitPrecompiledModules /Users/admin/builder/spi-builder-workspace/.derivedData/SDKExplicitPrecompiledModules
PruneExplicitPrecompiledModules /Users/admin/builder/spi-builder-workspace/.derivedData/Build/Intermediates.noindex/ExplicitPrecompiledModules
2026-09-20 04:58:33.003 xcodebuild[798:4687] [MT] IDERunDestination: Supported platforms for the buildables in the current scheme is empty.
** BUILD FAILED **
The following build commands failed:
SwiftEmitModule normal arm64_32 Emitting\ module\ for\ MatchedTransitions (in target 'MatchedTransitions' from project 'swiftui-hosting-transitions')
SwiftCompile normal arm64_32 (in target 'MatchedTransitions' from project 'swiftui-hosting-transitions')
Building workspace swiftui-hosting-transitions with scheme swiftui-hosting-transitions
(3 failures)
BUILD FAILURE 6.4 watchOS