The Swift Package Index logo.Swift Package Index

Build Information

Failed to build Tabs, reference main (50b701), with Swift 6.4 for watchOS using Xcode 27.0 on 30 Sep 2026 15:08:53 UTC.

Build Command

env DEVELOPER_DIR=/Applications/Xcode-27.0.0-Release.Candidate.app xcrun xcodebuild -IDEClonedSourcePackagesDirPathOverride=$PWD/.dependencies -skipMacroValidation -skipPackagePluginValidation -derivedDataPath $PWD/.derivedData build -scheme Tabs -destination generic/platform=watchOS

Build Log

SwiftExplicitDependencyGeneratePcm arm64 /Users/admin/builder/spi-builder-workspace/.derivedData/SDKExplicitPrecompiledModules/os_object-3SDKD7F87FTZ26OON37DRYT6O.pcm
SwiftExplicitDependencyGeneratePcm arm64_32 /Users/admin/builder/spi-builder-workspace/.derivedData/SDKExplicitPrecompiledModules/os_object-5YWTC6L4756IWSTPGXS5NM0D0.pcm
SwiftExplicitDependencyGeneratePcm arm64 /Users/admin/builder/spi-builder-workspace/.derivedData/SDKExplicitPrecompiledModules/os_workgroup-89GG5G7YC2D0ZTK6AZXXQ20DH.pcm
SwiftExplicitDependencyGeneratePcm arm64_32 /Users/admin/builder/spi-builder-workspace/.derivedData/SDKExplicitPrecompiledModules/os_workgroup-5JHTPDMNBUNHLJI8LPHKQK1JK.pcm
SwiftExplicitDependencyGeneratePcm arm64_32 /Users/admin/builder/spi-builder-workspace/.derivedData/SDKExplicitPrecompiledModules/Spatial-CWVWNML3T0NXVHZDKVLD3X1YZ.pcm
SwiftExplicitDependencyGeneratePcm arm64 /Users/admin/builder/spi-builder-workspace/.derivedData/SDKExplicitPrecompiledModules/Spatial-44FJGYXFAT2AQAW9Z6T7YS02U.pcm
SwiftExplicitDependencyGeneratePcm arm64 /Users/admin/builder/spi-builder-workspace/.derivedData/SDKExplicitPrecompiledModules/Dispatch-1NLJOVAK60XP0DUB05XA59EIM.pcm
SwiftExplicitDependencyGeneratePcm arm64_32 /Users/admin/builder/spi-builder-workspace/.derivedData/SDKExplicitPrecompiledModules/Dispatch-2P62F1T4XV63S4P99TUDTOK2Q.pcm
SwiftExplicitDependencyGeneratePcm arm64 /Users/admin/builder/spi-builder-workspace/.derivedData/SDKExplicitPrecompiledModules/XPC-40DR0X1DHKGCV4J1IOLFS8MOU.pcm
SwiftExplicitDependencyGeneratePcm arm64 /Users/admin/builder/spi-builder-workspace/.derivedData/SDKExplicitPrecompiledModules/CoreFoundation-8T2L24YC5NU7WO6WQJWRY7W08.pcm
SwiftExplicitDependencyGeneratePcm arm64_32 /Users/admin/builder/spi-builder-workspace/.derivedData/SDKExplicitPrecompiledModules/CoreFoundation-8E6Y4BA3EXYKUGJ24GT9LGV3N.pcm
SwiftExplicitDependencyGeneratePcm arm64_32 /Users/admin/builder/spi-builder-workspace/.derivedData/SDKExplicitPrecompiledModules/XPC-81Y45QFY96XYYFCW2GT6FY8S4.pcm
SwiftExplicitDependencyGeneratePcm arm64_32 /Users/admin/builder/spi-builder-workspace/.derivedData/SDKExplicitPrecompiledModules/os-E5IGB442IA6SBB25TTCOLK2OC.pcm
SwiftExplicitDependencyGeneratePcm arm64 /Users/admin/builder/spi-builder-workspace/.derivedData/SDKExplicitPrecompiledModules/os-5DIL6Z9LFIGLMZAHM7X2T5435.pcm
SwiftExplicitDependencyGeneratePcm arm64 /Users/admin/builder/spi-builder-workspace/.derivedData/SDKExplicitPrecompiledModules/Security-6RZ6YBRU8WCUHRFFRVUK5WKMM.pcm
SwiftExplicitDependencyGeneratePcm arm64 /Users/admin/builder/spi-builder-workspace/.derivedData/SDKExplicitPrecompiledModules/CoreGraphics-DWNZ73GEH98SBJXZ7DEXB420K.pcm
SwiftExplicitDependencyGeneratePcm arm64 /Users/admin/builder/spi-builder-workspace/.derivedData/SDKExplicitPrecompiledModules/CoreAudioTypes-A9MF7N5LT63G21HNFVM6BT14B.pcm
SwiftExplicitDependencyGeneratePcm arm64_32 /Users/admin/builder/spi-builder-workspace/.derivedData/SDKExplicitPrecompiledModules/Security-D7TOWF88VWF67TB9HAFP5UWB1.pcm
SwiftExplicitDependencyGeneratePcm arm64_32 /Users/admin/builder/spi-builder-workspace/.derivedData/SDKExplicitPrecompiledModules/CoreAudioTypes-9GVB1DHA32M46R4A9NWSI3I2K.pcm
SwiftExplicitDependencyGeneratePcm arm64_32 /Users/admin/builder/spi-builder-workspace/.derivedData/SDKExplicitPrecompiledModules/CoreGraphics-9FDXYX6BKBUT6TJ2VF819E7T5.pcm
SwiftExplicitDependencyGeneratePcm arm64_32 /Users/admin/builder/spi-builder-workspace/.derivedData/SDKExplicitPrecompiledModules/CoreAudio-5W6MX6OUPWBMUR8VD5LHT1PZF.pcm
SwiftExplicitDependencyGeneratePcm arm64 /Users/admin/builder/spi-builder-workspace/.derivedData/SDKExplicitPrecompiledModules/CoreAudio-1B79RJJTP71GE6UY9WLESAN3C.pcm
SwiftExplicitDependencyGeneratePcm arm64 /Users/admin/builder/spi-builder-workspace/.derivedData/SDKExplicitPrecompiledModules/Foundation-DLBKUSGXN8QHAT8W0OARR9S8A.pcm
SwiftExplicitDependencyGeneratePcm arm64_32 /Users/admin/builder/spi-builder-workspace/.derivedData/SDKExplicitPrecompiledModules/Foundation-BJ2VQGI3OGR34500MEQ1VKHPH.pcm
SwiftExplicitDependencyGeneratePcm arm64 /Users/admin/builder/spi-builder-workspace/.derivedData/SDKExplicitPrecompiledModules/CoreText-970YJN6NIYGK1316L35Z0O8QT.pcm
SwiftExplicitDependencyGeneratePcm arm64 /Users/admin/builder/spi-builder-workspace/.derivedData/SDKExplicitPrecompiledModules/CoreVideo-8MRR5MNWUOAW2DBPGUQ8FKK4.pcm
SwiftExplicitDependencyGeneratePcm arm64_32 /Users/admin/builder/spi-builder-workspace/.derivedData/SDKExplicitPrecompiledModules/CoreVideo-2P8HI0403J99LBDPKNFJ5D4DL.pcm
SwiftExplicitDependencyGeneratePcm arm64_32 /Users/admin/builder/spi-builder-workspace/.derivedData/SDKExplicitPrecompiledModules/CoreText-C9X2REPZN2V5BSU4G80FCETDR.pcm
SwiftExplicitDependencyGeneratePcm arm64 /Users/admin/builder/spi-builder-workspace/.derivedData/SDKExplicitPrecompiledModules/CoreMedia-1AJVCUZNAO74KIKMFVFUUHWDI.pcm
SwiftExplicitDependencyGeneratePcm arm64_32 /Users/admin/builder/spi-builder-workspace/.derivedData/SDKExplicitPrecompiledModules/CoreMedia-AO387T8CHWTTZODD1DGT0UAFA.pcm
SwiftExplicitDependencyGeneratePcm arm64_32 /Users/admin/builder/spi-builder-workspace/.derivedData/SDKExplicitPrecompiledModules/DataDetection-U9BF7WHFVA6BZGFXXXP272PS.pcm
SwiftExplicitDependencyGeneratePcm arm64_32 /Users/admin/builder/spi-builder-workspace/.derivedData/SDKExplicitPrecompiledModules/_LocationEssentials-AQ1OL9QKC3LQLY5CNSRM1HB53.pcm
SwiftExplicitDependencyGeneratePcm arm64_32 /Users/admin/builder/spi-builder-workspace/.derivedData/SDKExplicitPrecompiledModules/QuartzCore-6375NPYACK5NYVHPMC1QQ8MC2.pcm
SwiftExplicitDependencyGeneratePcm arm64_32 /Users/admin/builder/spi-builder-workspace/.derivedData/SDKExplicitPrecompiledModules/UniformTypeIdentifiers-CJZ3NTHPSBH4XWX5EVOG56UZS.pcm
SwiftExplicitDependencyGeneratePcm arm64_32 /Users/admin/builder/spi-builder-workspace/.derivedData/SDKExplicitPrecompiledModules/UserNotifications-6TBN8TEAKO014N1T2QD926XED.pcm
SwiftExplicitDependencyGeneratePcm arm64_32 /Users/admin/builder/spi-builder-workspace/.derivedData/SDKExplicitPrecompiledModules/Symbols-1H97WMG76HU94F5VGJR19PXFY.pcm
SwiftExplicitDependencyGeneratePcm arm64_32 /Users/admin/builder/spi-builder-workspace/.derivedData/SDKExplicitPrecompiledModules/CoreData-7AU1AFQWUH88EAPDKVMLJPKVD.pcm
SwiftExplicitDependencyGeneratePcm arm64_32 /Users/admin/builder/spi-builder-workspace/.derivedData/SDKExplicitPrecompiledModules/OSLog-D9AVFY0KWO7RVBIQ73CBIJVCN.pcm
SwiftExplicitDependencyGeneratePcm arm64_32 /Users/admin/builder/spi-builder-workspace/.derivedData/SDKExplicitPrecompiledModules/Accessibility-F385OMZ5GYBUY5O4QAJB4NRII.pcm
SwiftExplicitDependencyGeneratePcm arm64_32 /Users/admin/builder/spi-builder-workspace/.derivedData/SDKExplicitPrecompiledModules/CoreTransferable-5D4IR6X37682FPHJ5CBPTKQV6.pcm
SwiftExplicitDependencyGeneratePcm arm64 /Users/admin/builder/spi-builder-workspace/.derivedData/SDKExplicitPrecompiledModules/CoreTransferable-9PPG3SLJ55T4LITIFYX2M0NOZ.pcm
SwiftExplicitDependencyGeneratePcm arm64 /Users/admin/builder/spi-builder-workspace/.derivedData/SDKExplicitPrecompiledModules/OSLog-B7VGO357Y3GJG35TST7DKDSI3.pcm
SwiftExplicitDependencyGeneratePcm arm64 /Users/admin/builder/spi-builder-workspace/.derivedData/SDKExplicitPrecompiledModules/DataDetection-7BNVI1SZW5ISQL5SX4WL2X7I5.pcm
SwiftExplicitDependencyGeneratePcm arm64 /Users/admin/builder/spi-builder-workspace/.derivedData/SDKExplicitPrecompiledModules/Symbols-3EFABTJ9L5PQDJ7RQCYQWEJMM.pcm
SwiftExplicitDependencyGeneratePcm arm64 /Users/admin/builder/spi-builder-workspace/.derivedData/SDKExplicitPrecompiledModules/_LocationEssentials-5ZZDGDXB6HLQUC72SJW7YJ7MK.pcm
SwiftExplicitDependencyGeneratePcm arm64_32 /Users/admin/builder/spi-builder-workspace/.derivedData/SDKExplicitPrecompiledModules/UIUtilities-9YFVNIMRC5HRVOIARNWHP1E3H.pcm
SwiftExplicitDependencyGeneratePcm arm64 /Users/admin/builder/spi-builder-workspace/.derivedData/SDKExplicitPrecompiledModules/UniformTypeIdentifiers-8L08Q8DQJV8C4AW84YVGFGTRN.pcm
SwiftExplicitDependencyGeneratePcm arm64 /Users/admin/builder/spi-builder-workspace/.derivedData/SDKExplicitPrecompiledModules/SceneKit-5HZKIL7XETTTD8TOHYPN8JKRJ.pcm
SwiftExplicitDependencyGeneratePcm arm64 /Users/admin/builder/spi-builder-workspace/.derivedData/SDKExplicitPrecompiledModules/QuartzCore-94KFMWNOU7ZLUZNB4T5DLZC9D.pcm
SwiftExplicitDependencyGeneratePcm arm64_32 /Users/admin/builder/spi-builder-workspace/.derivedData/SDKExplicitPrecompiledModules/SwiftUICore-3Q7WLRD8MR9R3NGIPUBQCP6F6.pcm
SwiftExplicitDependencyGeneratePcm arm64 /Users/admin/builder/spi-builder-workspace/.derivedData/SDKExplicitPrecompiledModules/Accessibility-27QMG6ZQ1NKYTNBYFPM1XKNFC.pcm
SwiftExplicitDependencyGeneratePcm arm64_32 /Users/admin/builder/spi-builder-workspace/.derivedData/SDKExplicitPrecompiledModules/CoreLocation-8XU5YMYM4P11RQMYCQAG65ITK.pcm
SwiftExplicitDependencyGeneratePcm arm64 /Users/admin/builder/spi-builder-workspace/.derivedData/SDKExplicitPrecompiledModules/UserNotifications-ARAH8MEQ0C2L0FBO39HITJMAO.pcm
SwiftExplicitDependencyGeneratePcm arm64 /Users/admin/builder/spi-builder-workspace/.derivedData/SDKExplicitPrecompiledModules/CoreData-9JFJC4UET8BAO5IPV2JU6W9V8.pcm
SwiftExplicitDependencyGeneratePcm arm64 /Users/admin/builder/spi-builder-workspace/.derivedData/SDKExplicitPrecompiledModules/UIUtilities-IR7RNW23VAUKYI9MLCS9NL9A.pcm
SwiftExplicitDependencyGeneratePcm arm64_32 /Users/admin/builder/spi-builder-workspace/.derivedData/SDKExplicitPrecompiledModules/SceneKit-DKNLHKM5FJBQ79LSNMSSMBUBR.pcm
SwiftExplicitDependencyGeneratePcm arm64 /Users/admin/builder/spi-builder-workspace/.derivedData/SDKExplicitPrecompiledModules/CoreLocation-ACKJ9K7ABI14F97Y46Y6SRR17.pcm
SwiftExplicitDependencyGeneratePcm arm64 /Users/admin/builder/spi-builder-workspace/.derivedData/SDKExplicitPrecompiledModules/SwiftUICore-C1DST1IX2Z0PTH5SJJZ1IULRB.pcm
SwiftExplicitDependencyGeneratePcm arm64_32 /Users/admin/builder/spi-builder-workspace/.derivedData/SDKExplicitPrecompiledModules/CoreMotion-1XGTVTE5PP32UHME8AC63TL6.pcm
SwiftExplicitDependencyGeneratePcm arm64 /Users/admin/builder/spi-builder-workspace/.derivedData/SDKExplicitPrecompiledModules/CoreMotion-6RD5K48QT1F4L9CATNFD2O7YB.pcm
SwiftExplicitDependencyGeneratePcm arm64_32 /Users/admin/builder/spi-builder-workspace/.derivedData/SDKExplicitPrecompiledModules/UIKit-6PPV7YPZ89CZPHYAP072QH8B6.pcm
SwiftExplicitDependencyGeneratePcm arm64 /Users/admin/builder/spi-builder-workspace/.derivedData/SDKExplicitPrecompiledModules/UIKit-27R3P1YMV4C6JLDT661G3MRIA.pcm
SwiftExplicitDependencyGeneratePcm arm64 /Users/admin/builder/spi-builder-workspace/.derivedData/SDKExplicitPrecompiledModules/MapKit-EJJWC7IL56MPLQMI93GJRE5OG.pcm
SwiftExplicitDependencyGeneratePcm arm64 /Users/admin/builder/spi-builder-workspace/.derivedData/SDKExplicitPrecompiledModules/HomeKit-DTS1N4AWILAL1URZ5IOXV5221.pcm
SwiftExplicitDependencyGeneratePcm arm64_32 /Users/admin/builder/spi-builder-workspace/.derivedData/SDKExplicitPrecompiledModules/MapKit-CWGB4YMP1VX1NYQN5FULFD5DR.pcm
SwiftExplicitDependencyGeneratePcm arm64_32 /Users/admin/builder/spi-builder-workspace/.derivedData/SDKExplicitPrecompiledModules/HomeKit-DUDZOMSN3UK8GNTNBNMPIWJRN.pcm
SwiftExplicitDependencyGeneratePcm arm64_32 /Users/admin/builder/spi-builder-workspace/.derivedData/SDKExplicitPrecompiledModules/WatchKit-FHF6WTKLC2APGK3LA2XJ6516.pcm
SwiftExplicitDependencyGeneratePcm arm64 /Users/admin/builder/spi-builder-workspace/.derivedData/SDKExplicitPrecompiledModules/WatchKit-3VT3K8YON6FJ6OWSUFJMFMP8J.pcm
SwiftExplicitDependencyGeneratePcm arm64_32 /Users/admin/builder/spi-builder-workspace/.derivedData/SDKExplicitPrecompiledModules/SwiftUI-9AYG9OCT5VOJK7V4MX1WYR86T.pcm
SwiftExplicitDependencyGeneratePcm arm64 /Users/admin/builder/spi-builder-workspace/.derivedData/SDKExplicitPrecompiledModules/SwiftUI-APXDH8ULYLM6FD17YRA73TULO.pcm
SwiftCompile normal arm64_32 Compiling\ OriginReader.swift,\ SizeReader.swift,\ BindableScrollView.swift,\ MVScrollView.swift,\ StateScrollView.swift /Users/admin/builder/spi-builder-workspace/.dependencies/checkouts/MultiViews/Sources/MultiViews/Views/Readers/OriginReader.swift /Users/admin/builder/spi-builder-workspace/.dependencies/checkouts/MultiViews/Sources/MultiViews/Views/Readers/SizeReader.swift /Users/admin/builder/spi-builder-workspace/.dependencies/checkouts/MultiViews/Sources/MultiViews/Views/Scroll/BindableScrollView.swift /Users/admin/builder/spi-builder-workspace/.dependencies/checkouts/MultiViews/Sources/MultiViews/Views/Scroll/MVScrollView.swift /Users/admin/builder/spi-builder-workspace/.dependencies/checkouts/MultiViews/Sources/MultiViews/Views/Scroll/StateScrollView.swift (in target 'MultiViews' from project 'MultiViews')
SwiftCompile normal arm64_32 /Users/admin/builder/spi-builder-workspace/.dependencies/checkouts/MultiViews/Sources/MultiViews/Views/Readers/OriginReader.swift (in target 'MultiViews' from project 'MultiViews')
    cd /Users/admin/builder/spi-builder-workspace/.swiftpm/xcode
    builtin-SwiftPerFileCompile OriginReader.swift
SwiftCompile normal arm64_32 /Users/admin/builder/spi-builder-workspace/.dependencies/checkouts/MultiViews/Sources/MultiViews/Views/Readers/SizeReader.swift (in target 'MultiViews' from project 'MultiViews')
    cd /Users/admin/builder/spi-builder-workspace/.swiftpm/xcode
    builtin-SwiftPerFileCompile SizeReader.swift
SwiftCompile normal arm64_32 /Users/admin/builder/spi-builder-workspace/.dependencies/checkouts/MultiViews/Sources/MultiViews/Views/Scroll/BindableScrollView.swift (in target 'MultiViews' from project 'MultiViews')
    cd /Users/admin/builder/spi-builder-workspace/.swiftpm/xcode
    builtin-SwiftPerFileCompile BindableScrollView.swift
SwiftCompile normal arm64_32 /Users/admin/builder/spi-builder-workspace/.dependencies/checkouts/MultiViews/Sources/MultiViews/Views/Scroll/MVScrollView.swift (in target 'MultiViews' from project 'MultiViews')
    cd /Users/admin/builder/spi-builder-workspace/.swiftpm/xcode
    builtin-SwiftPerFileCompile MVScrollView.swift
SwiftCompile normal arm64_32 /Users/admin/builder/spi-builder-workspace/.dependencies/checkouts/MultiViews/Sources/MultiViews/Views/Scroll/StateScrollView.swift (in target 'MultiViews' from project 'MultiViews')
    cd /Users/admin/builder/spi-builder-workspace/.swiftpm/xcode
    builtin-SwiftPerFileCompile StateScrollView.swift
SwiftCompile normal arm64_32 Compiling\ EqualWidthHStack.swift,\ FillView.swift,\ FlexView.swift,\ MPView.swift,\ SmallProgressView.swift,\ FrameReader.swift /Users/admin/builder/spi-builder-workspace/.dependencies/checkouts/MultiViews/Sources/MultiViews/Views/Layout/EqualWidthHStack.swift /Users/admin/builder/spi-builder-workspace/.dependencies/checkouts/MultiViews/Sources/MultiViews/Views/Layout/FillView.swift /Users/admin/builder/spi-builder-workspace/.dependencies/checkouts/MultiViews/Sources/MultiViews/Views/Layout/FlexView.swift /Users/admin/builder/spi-builder-workspace/.dependencies/checkouts/MultiViews/Sources/MultiViews/Views/MPView.swift /Users/admin/builder/spi-builder-workspace/.dependencies/checkouts/MultiViews/Sources/MultiViews/Views/Progress/SmallProgressView.swift /Users/admin/builder/spi-builder-workspace/.dependencies/checkouts/MultiViews/Sources/MultiViews/Views/Readers/FrameReader.swift (in target 'MultiViews' from project 'MultiViews')
SwiftCompile normal arm64_32 /Users/admin/builder/spi-builder-workspace/.dependencies/checkouts/MultiViews/Sources/MultiViews/Views/Layout/EqualWidthHStack.swift (in target 'MultiViews' from project 'MultiViews')
    cd /Users/admin/builder/spi-builder-workspace/.swiftpm/xcode
    builtin-SwiftPerFileCompile EqualWidthHStack.swift
SwiftCompile normal arm64_32 /Users/admin/builder/spi-builder-workspace/.dependencies/checkouts/MultiViews/Sources/MultiViews/Views/Layout/FillView.swift (in target 'MultiViews' from project 'MultiViews')
    cd /Users/admin/builder/spi-builder-workspace/.swiftpm/xcode
    builtin-SwiftPerFileCompile FillView.swift
SwiftCompile normal arm64_32 /Users/admin/builder/spi-builder-workspace/.dependencies/checkouts/MultiViews/Sources/MultiViews/Views/Layout/FlexView.swift (in target 'MultiViews' from project 'MultiViews')
    cd /Users/admin/builder/spi-builder-workspace/.swiftpm/xcode
    builtin-SwiftPerFileCompile FlexView.swift
SwiftCompile normal arm64_32 /Users/admin/builder/spi-builder-workspace/.dependencies/checkouts/MultiViews/Sources/MultiViews/Views/MPView.swift (in target 'MultiViews' from project 'MultiViews')
    cd /Users/admin/builder/spi-builder-workspace/.swiftpm/xcode
    builtin-SwiftPerFileCompile MPView.swift
SwiftCompile normal arm64_32 /Users/admin/builder/spi-builder-workspace/.dependencies/checkouts/MultiViews/Sources/MultiViews/Views/Progress/SmallProgressView.swift (in target 'MultiViews' from project 'MultiViews')
    cd /Users/admin/builder/spi-builder-workspace/.swiftpm/xcode
    builtin-SwiftPerFileCompile SmallProgressView.swift
SwiftCompile normal arm64_32 /Users/admin/builder/spi-builder-workspace/.dependencies/checkouts/MultiViews/Sources/MultiViews/Views/Readers/FrameReader.swift (in target 'MultiViews' from project 'MultiViews')
    cd /Users/admin/builder/spi-builder-workspace/.swiftpm/xcode
    builtin-SwiftPerFileCompile FrameReader.swift
SwiftCompile normal arm64_32 Compiling\ TooltipView.swift,\ ViewControllerRepresentable.swift,\ ViewRep.swift,\ ViewRepresentable.swift,\ ViewTypes.swift /Users/admin/builder/spi-builder-workspace/.dependencies/checkouts/MultiViews/Sources/MultiViews/Views/Tooltip/TooltipView.swift /Users/admin/builder/spi-builder-workspace/.dependencies/checkouts/MultiViews/Sources/MultiViews/Views/ViewControllerRepresentable.swift /Users/admin/builder/spi-builder-workspace/.dependencies/checkouts/MultiViews/Sources/MultiViews/Views/ViewRep.swift /Users/admin/builder/spi-builder-workspace/.dependencies/checkouts/MultiViews/Sources/MultiViews/Views/ViewRepresentable.swift /Users/admin/builder/spi-builder-workspace/.dependencies/checkouts/MultiViews/Sources/MultiViews/Views/ViewTypes.swift (in target 'MultiViews' from project 'MultiViews')
/Users/admin/builder/spi-builder-workspace/.dependencies/checkouts/MultiViews/Sources/MultiViews/Views/ViewTypes.swift:17:50: error: cannot find type 'UIViewControllerRepresentable' in scope
15 | public typealias MPHostingController = UIHostingController
16 | public typealias MPViewRepresentable = UIViewRepresentable
17 | public typealias MPViewControllerRepresentable = UIViewControllerRepresentable
   |                                                  `- error: cannot find type 'UIViewControllerRepresentable' in scope
18 | #endif
19 |
/Users/admin/builder/spi-builder-workspace/.dependencies/checkouts/MultiViews/Sources/MultiViews/Views/ViewControllerRepresentable.swift:11:43: error: 'Context' is not a member type of type 'Self'
 9 | public protocol ViewControllerRepresentable: MPViewControllerRepresentable {
10 |     associatedtype VC: MPViewController
11 |     func makeViewController(context: Self.Context) -> VC
   |                                           `- error: 'Context' is not a member type of type 'Self'
12 |     func updateViewController(_ viewController: VC, context: Self.Context)
13 | }
/Users/admin/builder/spi-builder-workspace/.dependencies/checkouts/MultiViews/Sources/MultiViews/Views/ViewControllerRepresentable.swift:12:67: error: 'Context' is not a member type of type 'Self'
10 |     associatedtype VC: MPViewController
11 |     func makeViewController(context: Self.Context) -> VC
12 |     func updateViewController(_ viewController: VC, context: Self.Context)
   |                                                                   `- error: 'Context' is not a member type of type 'Self'
13 | }
14 |
/Users/admin/builder/spi-builder-workspace/.dependencies/checkouts/MultiViews/Sources/MultiViews/Views/ViewControllerRepresentable.swift:26:52: error: 'Context' is not a member type of type 'Self'
24 | #else
25 | extension ViewControllerRepresentable {
26 |     public func makeUIViewController(context: Self.Context) -> VC {
   |                                                    `- error: 'Context' is not a member type of type 'Self'
27 |         makeViewController(context: context)
28 |     }
/Users/admin/builder/spi-builder-workspace/.dependencies/checkouts/MultiViews/Sources/MultiViews/Views/ViewControllerRepresentable.swift:29:78: error: 'Context' is not a member type of type 'Self'
27 |         makeViewController(context: context)
28 |     }
29 |     public func updateUIViewController(_ uiViewController: VC, context: Self.Context) {
   |                                                                              `- error: 'Context' is not a member type of type 'Self'
30 |         updateViewController(uiViewController, context: context)
31 |     }
/Users/admin/builder/spi-builder-workspace/.dependencies/checkouts/MultiViews/Sources/MultiViews/Views/ViewRep.swift:15:35: error: cannot find type 'Context' in scope
13 |     }
14 |
15 |     public func makeView(context: Context) -> MPView {
   |                                   `- error: cannot find type 'Context' in scope
16 |         view
17 |     }
/Users/admin/builder/spi-builder-workspace/.dependencies/checkouts/MultiViews/Sources/MultiViews/Views/ViewRep.swift:19:53: error: cannot find type 'Context' in scope
17 |     }
18 |
19 |     public func updateView(_ view: MPView, context: Context) {}
   |                                                     `- error: cannot find type 'Context' in scope
20 | }
21 |
/Users/admin/builder/spi-builder-workspace/.dependencies/checkouts/MultiViews/Sources/MultiViews/Views/ViewTypes.swift:16:40: error: cannot find type 'UIViewRepresentable' in scope
14 | public typealias MPViewController = UIViewController
15 | public typealias MPHostingController = UIHostingController
16 | public typealias MPViewRepresentable = UIViewRepresentable
   |                                        `- error: cannot find type 'UIViewRepresentable' in scope
17 | public typealias MPViewControllerRepresentable = UIViewControllerRepresentable
18 | #endif
/Users/admin/builder/spi-builder-workspace/.dependencies/checkouts/MultiViews/Sources/MultiViews/Views/ViewRepresentable.swift:11:33: error: 'Context' is not a member type of type 'Self'
 9 | public protocol ViewRepresentable: MPViewRepresentable {
10 |     associatedtype V: MPView
11 |     func makeView(context: Self.Context) -> V
   |                                 `- error: 'Context' is not a member type of type 'Self'
12 |     func updateView(_ view: V, context: Self.Context)
13 | }
/Users/admin/builder/spi-builder-workspace/.dependencies/checkouts/MultiViews/Sources/MultiViews/Views/ViewRepresentable.swift:12:46: error: 'Context' is not a member type of type 'Self'
10 |     associatedtype V: MPView
11 |     func makeView(context: Self.Context) -> V
12 |     func updateView(_ view: V, context: Self.Context)
   |                                              `- error: 'Context' is not a member type of type 'Self'
13 | }
14 |
/Users/admin/builder/spi-builder-workspace/.dependencies/checkouts/MultiViews/Sources/MultiViews/Views/ViewRep.swift:7:15: error: type 'ViewRep' does not conform to protocol 'ViewRepresentable'
 5 | import SwiftUI
 6 |
 7 | public struct ViewRep: ViewRepresentable {
   |               |- error: type 'ViewRep' does not conform to protocol 'ViewRepresentable'
   |               `- note: add stubs for conformance
 8 |
 9 |     let view: MPView
/Users/admin/builder/spi-builder-workspace/.dependencies/checkouts/MultiViews/Sources/MultiViews/Views/ViewRepresentable.swift:10:20: note: protocol requires nested type 'V'
 8 | @MainActor
 9 | public protocol ViewRepresentable: MPViewRepresentable {
10 |     associatedtype V: MPView
   |                    `- note: protocol requires nested type 'V'
11 |     func makeView(context: Self.Context) -> V
12 |     func updateView(_ view: V, context: Self.Context)
/Users/admin/builder/spi-builder-workspace/.dependencies/checkouts/MultiViews/Sources/MultiViews/Views/ViewRepresentable.swift:26:42: error: 'Context' is not a member type of type 'Self'
24 | #else
25 | extension ViewRepresentable {
26 |     public func makeUIView(context: Self.Context) -> V {
   |                                          `- error: 'Context' is not a member type of type 'Self'
27 |         makeView(context: context)
28 |     }
/Users/admin/builder/spi-builder-workspace/.dependencies/checkouts/MultiViews/Sources/MultiViews/Views/ViewRepresentable.swift:29:57: error: 'Context' is not a member type of type 'Self'
27 |         makeView(context: context)
28 |     }
29 |     public func updateUIView(_ uiView: V, context: Self.Context) {
   |                                                         `- error: 'Context' is not a member type of type 'Self'
30 |         updateView(uiView, context: context)
31 |     }
/Users/admin/builder/spi-builder-workspace/.dependencies/checkouts/MultiViews/Sources/MultiViews/Views/ViewTypes.swift:14:37: error: 'UIViewController' is unavailable in watchOS
12 | public typealias MPViewControllerRepresentable = NSViewControllerRepresentable
13 | #else
14 | public typealias MPViewController = UIViewController
   |                                     `- error: 'UIViewController' is unavailable in watchOS
15 | public typealias MPHostingController = UIHostingController
16 | public typealias MPViewRepresentable = UIViewRepresentable
/Applications/Xcode-27.0.0-Release.Candidate.app/Contents/Developer/Platforms/WatchOS.platform/Developer/SDKs/WatchOS27.0.sdk/System/Library/Frameworks/UIKit.framework/Headers/UIViewController.h:104:12: note: 'UIViewController' has been explicitly marked unavailable here
102 |
103 | UIKIT_EXTERN API_AVAILABLE(ios(2.0)) API_UNAVAILABLE(watchos) NS_SWIFT_UI_ACTOR
104 | @interface UIViewController : UIResponder <NSCoding, UIAppearanceContainer, UITraitEnvironment, UIContentContainer, UIFocusEnvironment>
    |            `- note: 'UIViewController' has been explicitly marked unavailable here
105 |
106 | /*
/Users/admin/builder/spi-builder-workspace/.dependencies/checkouts/MultiViews/Sources/MultiViews/Views/ViewTypes.swift:15:40: error: cannot find type 'UIHostingController' in scope
13 | #else
14 | public typealias MPViewController = UIViewController
15 | public typealias MPHostingController = UIHostingController
   |                                        `- error: cannot find type 'UIHostingController' in scope
16 | public typealias MPViewRepresentable = UIViewRepresentable
17 | public typealias MPViewControllerRepresentable = UIViewControllerRepresentable
Failed frontend command:
/Applications/Xcode-27.0.0-Release.Candidate.app/Contents/Developer/Toolchains/XcodeDefault.xctoolchain/usr/bin/swift-frontend -frontend -c /Users/admin/builder/spi-builder-workspace/.dependencies/checkouts/MultiViews/Sources/MultiViews/ApplicationDelegate.swift /Users/admin/builder/spi-builder-workspace/.dependencies/checkouts/MultiViews/Sources/MultiViews/Color/Constants.swift /Users/admin/builder/spi-builder-workspace/.dependencies/checkouts/MultiViews/Sources/MultiViews/Color/MPColor+Codable.swift /Users/admin/builder/spi-builder-workspace/.dependencies/checkouts/MultiViews/Sources/MultiViews/Color/MPColor.swift /Users/admin/builder/spi-builder-workspace/.dependencies/checkouts/MultiViews/Sources/MultiViews/Image/MPImage.swift /Users/admin/builder/spi-builder-workspace/.dependencies/checkouts/MultiViews/Sources/MultiViews/Image/MPSquareImageView.swift /Users/admin/builder/spi-builder-workspace/.dependencies/checkouts/MultiViews/Sources/MultiViews/Image/MPView+Image.swift /Users/admin/builder/spi-builder-workspace/.dependencies/checkouts/MultiViews/Sources/MultiViews/Image/SnapshotView.swift /Users/admin/builder/spi-builder-workspace/.dependencies/checkouts/MultiViews/Sources/MultiViews/Image/ViewImage.swift /Users/admin/builder/spi-builder-workspace/.dependencies/checkouts/MultiViews/Sources/MultiViews/Keyboard.swift /Users/admin/builder/spi-builder-workspace/.dependencies/checkouts/MultiViews/Sources/MultiViews/String/Cases.swift /Users/admin/builder/spi-builder-workspace/.dependencies/checkouts/MultiViews/Sources/MultiViews/Tasks/NamedViewTask.swift /Users/admin/builder/spi-builder-workspace/.dependencies/checkouts/MultiViews/Sources/MultiViews/Util/Bind.swift /Users/admin/builder/spi-builder-workspace/.dependencies/checkouts/MultiViews/Sources/MultiViews/Util/CornerRadius.swift /Users/admin/builder/spi-builder-workspace/.dependencies/checkouts/MultiViews/Sources/MultiViews/Util/Device.swift /Users/admin/builder/spi-builder-workspace/.dependencies/checkouts/MultiViews/Sources/MultiViews/Util/If.swift /Users/admin/builder/spi-builder-workspace/.dependencies/checkouts/MultiViews/Sources/MultiViews/Util/Is.swift /Users/admin/builder/spi-builder-workspace/.dependencies/checkouts/MultiViews/Sources/MultiViews/Util/OS.swift /Users/admin/builder/spi-builder-workspace/.dependencies/checkouts/MultiViews/Sources/MultiViews/Util/Previews.swift /Users/admin/builder/spi-builder-workspace/.dependencies/checkouts/MultiViews/Sources/MultiViews/Views/Buttons/AsyncButton.swift /Users/admin/builder/spi-builder-workspace/.dependencies/checkouts/MultiViews/Sources/MultiViews/Views/Buttons/Glass/GlassButton.swift /Users/admin/builder/spi-builder-workspace/.dependencies/checkouts/MultiViews/Sources/MultiViews/Views/Buttons/Glass/GlassMenu.swift /Users/admin/builder/spi-builder-workspace/.dependencies/checkouts/MultiViews/Sources/MultiViews/Views/Buttons/Glass/GlassPicker.swift /Users/admin/builder/spi-builder-workspace/.dependencies/checkouts/MultiViews/Sources/MultiViews/Views/Buttons/Glass/GlassShape.swift /Users/admin/builder/spi-builder-workspace/.dependencies/checkouts/MultiViews/Sources/MultiViews/Views/Content/Checker.swift /Users/admin/builder/spi-builder-workspace/.dependencies/checkouts/MultiViews/Sources/MultiViews/Views/Content/MVBlurView.swift /Users/admin/builder/spi-builder-workspace/.dependencies/checkouts/MultiViews/Sources/MultiViews/Views/Gestures/AxisPanGestureRecognizer.swift /Users/admin/builder/spi-builder-workspace/.dependencies/checkouts/MultiViews/Sources/MultiViews/Views/Gestures/AxisPanGestureView.swift /Users/admin/builder/spi-builder-workspace/.dependencies/checkouts/MultiViews/Sources/MultiViews/Views/Gestures/Drag.swift /Users/admin/builder/spi-builder-workspace/.dependencies/checkouts/MultiViews/Sources/MultiViews/Views/Gestures/Hover.swift /Users/admin/builder/spi-builder-workspace/.dependencies/checkouts/MultiViews/Sources/MultiViews/Views/Gestures/MVInteractView.swift /Users/admin/builder/spi-builder-workspace/.dependencies/checkouts/MultiViews/Sources/MultiViews/Views/Gestures/MVMultiInteractView.swift /Users/admin/builder/spi-builder-workspace/.dependencies/checkouts/MultiViews/Sources/MultiViews/Views/Gestures/SpatialLongPress.swift /Users/admin/builder/spi-builder-workspace/.dependencies/checkouts/MultiViews/Sources/MultiViews/Views/Gestures/Swipe.swift /Users/admin/builder/spi-builder-workspace/.dependencies/checkouts/MultiViews/Sources/MultiViews/Views/Keyboard/View+onGlobalKeyPress.swift /Users/admin/builder/spi-builder-workspace/.dependencies/checkouts/MultiViews/Sources/MultiViews/Views/Layout/EqualHeightVStack.swift /Users/admin/builder/spi-builder-workspace/.dependencies/checkouts/MultiViews/Sources/MultiViews/Views/Layout/EqualWidthHStack.swift /Users/admin/builder/spi-builder-workspace/.dependencies/checkouts/MultiViews/Sources/MultiViews/Views/Layout/FillView.swift /Users/admin/builder/spi-builder-workspace/.dependencies/checkouts/MultiViews/Sources/MultiViews/Views/Layout/FlexView.swift /Users/admin/builder/spi-builder-workspace/.dependencies/checkouts/MultiViews/Sources/MultiViews/Views/MPView.swift /Users/admin/builder/spi-builder-workspace/.dependencies/checkouts/MultiViews/Sources/MultiViews/Views/Progress/SmallProgressView.swift /Users/admin/builder/spi-builder-workspace/.dependencies/checkouts/MultiViews/Sources/MultiViews/Views/Readers/FrameReader.swift /Users/admin/builder/spi-builder-workspace/.dependencies/checkouts/MultiViews/Sources/MultiViews/Views/Readers/OriginReader.swift /Users/admin/builder/spi-builder-workspace/.dependencies/checkouts/MultiViews/Sources/MultiViews/Views/Readers/SizeReader.swift /Users/admin/builder/spi-builder-workspace/.dependencies/checkouts/MultiViews/Sources/MultiViews/Views/Scroll/BindableScrollView.swift /Users/admin/builder/spi-builder-workspace/.dependencies/checkouts/MultiViews/Sources/MultiViews/Views/Scroll/MVScrollView.swift /Users/admin/builder/spi-builder-workspace/.dependencies/checkouts/MultiViews/Sources/MultiViews/Views/Scroll/StateScrollView.swift /Users/admin/builder/spi-builder-workspace/.dependencies/checkouts/MultiViews/Sources/MultiViews/Views/Secondary/SecondaryView.swift /Users/admin/builder/spi-builder-workspace/.dependencies/checkouts/MultiViews/Sources/MultiViews/Views/Shortcuts/ModifierFlags.swift /Users/admin/builder/spi-builder-workspace/.dependencies/checkouts/MultiViews/Sources/MultiViews/Views/State/GestureStateView.swift /Users/admin/builder/spi-builder-workspace/.dependencies/checkouts/MultiViews/Sources/MultiViews/Views/State/StateView.swift /Users/admin/builder/spi-builder-workspace/.dependencies/checkouts/MultiViews/Sources/MultiViews/Views/Tooltip/Tooltip.swift -primary-file /Users/admin/builder/spi-builder-workspace/.dependencies/checkouts/MultiViews/Sources/MultiViews/Views/Tooltip/TooltipView.swift -primary-file /Users/admin/builder/spi-builder-workspace/.dependencies/checkouts/MultiViews/Sources/MultiViews/Views/ViewControllerRepresentable.swift -primary-file /Users/admin/builder/spi-builder-workspace/.dependencies/checkouts/MultiViews/Sources/MultiViews/Views/ViewRep.swift -primary-file /Users/admin/builder/spi-builder-workspace/.dependencies/checkouts/MultiViews/Sources/MultiViews/Views/ViewRepresentable.swift -primary-file /Users/admin/builder/spi-builder-workspace/.dependencies/checkouts/MultiViews/Sources/MultiViews/Views/ViewTypes.swift -supplementary-output-file-map /Users/admin/builder/spi-builder-workspace/.derivedData/Build/Intermediates.noindex/MultiViews.build/Debug-watchos/MultiViews-t.build/Objects-normal/arm64_32/supplementaryOutputs-10 -target arm64_32-apple-watchos10.0 -module-can-import-version SwiftUI 8.0.84.1 8.0.84 -module-can-import-version UIKit 9127.0.84.1 9127.0.84 -disable-cross-import-overlay-search -load-resolved-plugin /Applications/Xcode-27.0.0-Release.Candidate.app/Contents/Developer/Platforms/WatchOS.platform/Developer/usr/lib/swift/host/plugins/libFoundationMacros.dylib\#/Applications/Xcode-27.0.0-Release.Candidate.app/Contents/Developer/Platforms/WatchOS.platform/Developer/usr/bin/swift-plugin-server\#FoundationMacros -load-resolved-plugin /Applications/Xcode-27.0.0-Release.Candidate.app/Contents/Developer/Platforms/WatchOS.platform/Developer/usr/lib/swift/host/plugins/libObservationMacros.dylib\#/Applications/Xcode-27.0.0-Release.Candidate.app/Contents/Developer/Platforms/WatchOS.platform/Developer/usr/bin/swift-plugin-server\#ObservationMacros -load-resolved-plugin /Applications/Xcode-27.0.0-Release.Candidate.app/Contents/Developer/Platforms/WatchOS.platform/Developer/usr/lib/swift/host/plugins/libPreviewsMacros.dylib\#/Applications/Xcode-27.0.0-Release.Candidate.app/Contents/Developer/Platforms/WatchOS.platform/Developer/usr/bin/swift-plugin-server\#PreviewsMacros -load-resolved-plugin /Applications/Xcode-27.0.0-Release.Candidate.app/Contents/Developer/Platforms/WatchOS.platform/Developer/usr/lib/swift/host/plugins/libSwiftMacros.dylib\#/Applications/Xcode-27.0.0-Release.Candidate.app/Contents/Developer/Platforms/WatchOS.platform/Developer/usr/bin/swift-plugin-server\#SwiftMacros -load-resolved-plugin /Applications/Xcode-27.0.0-Release.Candidate.app/Contents/Developer/Platforms/WatchOS.platform/Developer/usr/lib/swift/host/plugins/libSwiftUIMacros.dylib\#/Applications/Xcode-27.0.0-Release.Candidate.app/Contents/Developer/Platforms/WatchOS.platform/Developer/usr/bin/swift-plugin-server\#SwiftUIMacros -disable-implicit-swift-modules -Xcc -fno-implicit-modules -Xcc -fno-implicit-module-maps -explicit-swift-module-map-file /Users/admin/builder/spi-builder-workspace/.derivedData/Build/Intermediates.noindex/MultiViews.build/Debug-watchos/MultiViews-t.build/Objects-normal/arm64_32/MultiViews-dependencies-1.json -enable-objc-interop -sdk /Applications/Xcode-27.0.0-Release.Candidate.app/Contents/Developer/Platforms/WatchOS.platform/Developer/SDKs/WatchOS27.0.sdk -I /Users/admin/builder/spi-builder-workspace/.derivedData/Build/Products/Debug-watchos -Isystem /Applications/Xcode-27.0.0-Release.Candidate.app/Contents/Developer/Platforms/WatchOS.platform/Developer/usr/lib -F /Users/admin/builder/spi-builder-workspace/.derivedData/Build/Products/Debug-watchos/PackageFrameworks -F /Users/admin/builder/spi-builder-workspace/.derivedData/Build/Products/Debug-watchos -F /Applications/Xcode-27.0.0-Release.Candidate.app/Contents/Developer/Platforms/WatchOS.platform/Developer/Library/Frameworks -F /Applications/Xcode-27.0.0-Release.Candidate.app/Contents/Developer/Platforms/WatchOS.platform/Developer/SDKs/WatchOS27.0.sdk/Developer/Library/Frameworks -module-cache-path /Users/admin/builder/spi-builder-workspace/.derivedData/Build/Intermediates.noindex/SwiftExplicitPrecompiledModules -no-color-diagnostics -Xcc -fno-color-diagnostics -enable-testing -g -debug-info-format\=dwarf -dwarf-version\=4 -suppress-warnings -swift-version 5 -Onone -D SWIFT_PACKAGE -D DEBUG -D SWIFT_MODULE_RESOURCE_BUNDLE_UNAVAILABLE -D Xcode -serialize-debugging-options -enable-experimental-feature DebugDescriptionMacro -empty-abi-descriptor -validate-clang-modules-once -clang-build-session-file /Users/admin/builder/spi-builder-workspace/.derivedData/ModuleCache.noindex/Session.modulevalidation -Xcc -working-directory -Xcc /Users/admin/builder/spi-builder-workspace/.swiftpm/xcode -enable-anonymous-context-mangled-names -file-compilation-dir /Users/admin/builder/spi-builder-workspace/.swiftpm/xcode -Xcc -D_LIBCPP_HARDENING_MODE\=_LIBCPP_HARDENING_MODE_DEBUG -Xcc -ivfsstatcache -Xcc /Users/admin/builder/spi-builder-workspace/.derivedData/SDKStatCaches.noindex/watchos27.0-24R360-e829b21a6f8c9b70876ba0858053c04477534ef55a1706bf4c1112bbb242f0a2.sdkstatcache -Xcc -fmodules-prune-interval\=86400 -Xcc -fmodules-prune-after\=345600 -Xcc -I/Users/admin/builder/spi-builder-workspace/.derivedData/Build/Products/Debug-watchos/include -Xcc -I/Users/admin/builder/spi-builder-workspace/.derivedData/Build/Intermediates.noindex/MultiViews.build/Debug-watchos/MultiViews-t.build/DerivedSources-normal/arm64_32 -Xcc -I/Users/admin/builder/spi-builder-workspace/.derivedData/Build/Intermediates.noindex/MultiViews.build/Debug-watchos/MultiViews-t.build/DerivedSources/arm64_32 -Xcc -I/Users/admin/builder/spi-builder-workspace/.derivedData/Build/Intermediates.noindex/MultiViews.build/Debug-watchos/MultiViews-t.build/DerivedSources -Xcc -DSWIFT_PACKAGE -Xcc -DDEBUG\=1 -no-auto-bridging-header-chaining -module-name MultiViews -package-name multiviews -const-gather-protocols-file /Users/admin/builder/spi-builder-workspace/.derivedData/Build/Intermediates.noindex/MultiViews.build/Debug-watchos/MultiViews-t.build/Objects-normal/arm64_32/MultiViews_const_extract_protocols.json -disable-clang-spi -clang-target arm64_32-apple-watchos27.0 -target-sdk-version 27.0 -target-sdk-name watchos27.0 -in-process-plugin-server-path /Applications/Xcode-27.0.0-Release.Candidate.app/Contents/Developer/Toolchains/XcodeDefault.xctoolchain/usr/lib/swift/host/libSwiftInProcPluginServer.dylib -parse-as-library -o /Users/admin/builder/spi-builder-workspace/.derivedData/Build/Intermediates.noindex/MultiViews.build/Debug-watchos/MultiViews-t.build/Objects-normal/arm64_32/TooltipView.o -o /Users/admin/builder/spi-builder-workspace/.derivedData/Build/Intermediates.noindex/MultiViews.build/Debug-watchos/MultiViews-t.build/Objects-normal/arm64_32/ViewControllerRepresentable.o -o /Users/admin/builder/spi-builder-workspace/.derivedData/Build/Intermediates.noindex/MultiViews.build/Debug-watchos/MultiViews-t.build/Objects-normal/arm64_32/ViewRep.o -o /Users/admin/builder/spi-builder-workspace/.derivedData/Build/Intermediates.noindex/MultiViews.build/Debug-watchos/MultiViews-t.build/Objects-normal/arm64_32/ViewRepresentable.o -o /Users/admin/builder/spi-builder-workspace/.derivedData/Build/Intermediates.noindex/MultiViews.build/Debug-watchos/MultiViews-t.build/Objects-normal/arm64_32/ViewTypes.o -debug-module-path /Users/admin/builder/spi-builder-workspace/.derivedData/Build/Intermediates.noindex/MultiViews.build/Debug-watchos/MultiViews-t.build/Objects-normal/arm64_32/MultiViews.swiftmodule -index-unit-output-path /MultiViews.build/Debug-watchos/MultiViews-t.build/Objects-normal/arm64_32/TooltipView.o -index-unit-output-path /MultiViews.build/Debug-watchos/MultiViews-t.build/Objects-normal/arm64_32/ViewControllerRepresentable.o -index-unit-output-path /MultiViews.build/Debug-watchos/MultiViews-t.build/Objects-normal/arm64_32/ViewRep.o -index-unit-output-path /MultiViews.build/Debug-watchos/MultiViews-t.build/Objects-normal/arm64_32/ViewRepresentable.o -index-unit-output-path /MultiViews.build/Debug-watchos/MultiViews-t.build/Objects-normal/arm64_32/ViewTypes.o -index-store-path /Users/admin/builder/spi-builder-workspace/.derivedData/Index.noindex/DataStore -index-system-modules
SwiftCompile normal arm64_32 /Users/admin/builder/spi-builder-workspace/.dependencies/checkouts/MultiViews/Sources/MultiViews/Views/Tooltip/TooltipView.swift (in target 'MultiViews' from project 'MultiViews')
    cd /Users/admin/builder/spi-builder-workspace/.swiftpm/xcode
    builtin-SwiftPerFileCompile TooltipView.swift
SwiftCompile normal arm64_32 /Users/admin/builder/spi-builder-workspace/.dependencies/checkouts/MultiViews/Sources/MultiViews/Views/ViewControllerRepresentable.swift (in target 'MultiViews' from project 'MultiViews')
    cd /Users/admin/builder/spi-builder-workspace/.swiftpm/xcode
    builtin-SwiftPerFileCompile ViewControllerRepresentable.swift
SwiftCompile normal arm64_32 /Users/admin/builder/spi-builder-workspace/.dependencies/checkouts/MultiViews/Sources/MultiViews/Views/ViewRep.swift (in target 'MultiViews' from project 'MultiViews')
    cd /Users/admin/builder/spi-builder-workspace/.swiftpm/xcode
    builtin-SwiftPerFileCompile ViewRep.swift
SwiftCompile normal arm64_32 /Users/admin/builder/spi-builder-workspace/.dependencies/checkouts/MultiViews/Sources/MultiViews/Views/ViewRepresentable.swift (in target 'MultiViews' from project 'MultiViews')
    cd /Users/admin/builder/spi-builder-workspace/.swiftpm/xcode
    builtin-SwiftPerFileCompile ViewRepresentable.swift
SwiftCompile normal arm64_32 /Users/admin/builder/spi-builder-workspace/.dependencies/checkouts/MultiViews/Sources/MultiViews/Views/ViewTypes.swift (in target 'MultiViews' from project 'MultiViews')
    cd /Users/admin/builder/spi-builder-workspace/.swiftpm/xcode
    builtin-SwiftPerFileCompile ViewTypes.swift
SwiftCompile normal arm64_32 Compiling\ SecondaryView.swift,\ ModifierFlags.swift,\ GestureStateView.swift,\ StateView.swift,\ Tooltip.swift /Users/admin/builder/spi-builder-workspace/.dependencies/checkouts/MultiViews/Sources/MultiViews/Views/Secondary/SecondaryView.swift /Users/admin/builder/spi-builder-workspace/.dependencies/checkouts/MultiViews/Sources/MultiViews/Views/Shortcuts/ModifierFlags.swift /Users/admin/builder/spi-builder-workspace/.dependencies/checkouts/MultiViews/Sources/MultiViews/Views/State/GestureStateView.swift /Users/admin/builder/spi-builder-workspace/.dependencies/checkouts/MultiViews/Sources/MultiViews/Views/State/StateView.swift /Users/admin/builder/spi-builder-workspace/.dependencies/checkouts/MultiViews/Sources/MultiViews/Views/Tooltip/Tooltip.swift (in target 'MultiViews' from project 'MultiViews')
SwiftCompile normal arm64_32 /Users/admin/builder/spi-builder-workspace/.dependencies/checkouts/MultiViews/Sources/MultiViews/Views/Secondary/SecondaryView.swift (in target 'MultiViews' from project 'MultiViews')
    cd /Users/admin/builder/spi-builder-workspace/.swiftpm/xcode
    builtin-SwiftPerFileCompile SecondaryView.swift
SwiftCompile normal arm64_32 /Users/admin/builder/spi-builder-workspace/.dependencies/checkouts/MultiViews/Sources/MultiViews/Views/Shortcuts/ModifierFlags.swift (in target 'MultiViews' from project 'MultiViews')
    cd /Users/admin/builder/spi-builder-workspace/.swiftpm/xcode
    builtin-SwiftPerFileCompile ModifierFlags.swift
SwiftCompile normal arm64_32 /Users/admin/builder/spi-builder-workspace/.dependencies/checkouts/MultiViews/Sources/MultiViews/Views/State/GestureStateView.swift (in target 'MultiViews' from project 'MultiViews')
    cd /Users/admin/builder/spi-builder-workspace/.swiftpm/xcode
    builtin-SwiftPerFileCompile GestureStateView.swift
SwiftCompile normal arm64_32 /Users/admin/builder/spi-builder-workspace/.dependencies/checkouts/MultiViews/Sources/MultiViews/Views/State/StateView.swift (in target 'MultiViews' from project 'MultiViews')
    cd /Users/admin/builder/spi-builder-workspace/.swiftpm/xcode
    builtin-SwiftPerFileCompile StateView.swift
SwiftCompile normal arm64_32 /Users/admin/builder/spi-builder-workspace/.dependencies/checkouts/MultiViews/Sources/MultiViews/Views/Tooltip/Tooltip.swift (in target 'MultiViews' from project 'MultiViews')
    cd /Users/admin/builder/spi-builder-workspace/.swiftpm/xcode
    builtin-SwiftPerFileCompile Tooltip.swift
SwiftCompile normal arm64_32 Compiling\ MVInteractView.swift,\ MVMultiInteractView.swift,\ SpatialLongPress.swift,\ Swipe.swift,\ View+onGlobalKeyPress.swift,\ EqualHeightVStack.swift /Users/admin/builder/spi-builder-workspace/.dependencies/checkouts/MultiViews/Sources/MultiViews/Views/Gestures/MVInteractView.swift /Users/admin/builder/spi-builder-workspace/.dependencies/checkouts/MultiViews/Sources/MultiViews/Views/Gestures/MVMultiInteractView.swift /Users/admin/builder/spi-builder-workspace/.dependencies/checkouts/MultiViews/Sources/MultiViews/Views/Gestures/SpatialLongPress.swift /Users/admin/builder/spi-builder-workspace/.dependencies/checkouts/MultiViews/Sources/MultiViews/Views/Gestures/Swipe.swift /Users/admin/builder/spi-builder-workspace/.dependencies/checkouts/MultiViews/Sources/MultiViews/Views/Keyboard/View+onGlobalKeyPress.swift /Users/admin/builder/spi-builder-workspace/.dependencies/checkouts/MultiViews/Sources/MultiViews/Views/Layout/EqualHeightVStack.swift (in target 'MultiViews' from project 'MultiViews')
/Users/admin/builder/spi-builder-workspace/.dependencies/checkouts/MultiViews/Sources/MultiViews/Views/Gestures/MVInteractView.swift:38:35: error: cannot find type 'Context' in scope
 36 |     }
 37 |
 38 |     public func makeView(context: Context) -> MPView {
    |                                   `- error: cannot find type 'Context' in scope
 39 |         MainInteractView(interacted: interacted, interacting: interacting, scrolling: scrolling)
 40 |     }
/Users/admin/builder/spi-builder-workspace/.dependencies/checkouts/MultiViews/Sources/MultiViews/Views/Gestures/MVInteractView.swift:41:53: error: cannot find type 'Context' in scope
 39 |         MainInteractView(interacted: interacted, interacting: interacting, scrolling: scrolling)
 40 |     }
 41 |     public func updateView(_ view: MPView, context: Context) {}
    |                                                     `- error: cannot find type 'Context' in scope
 42 | }
 43 |
/Users/admin/builder/spi-builder-workspace/.dependencies/checkouts/MultiViews/Sources/MultiViews/Views/ViewTypes.swift:16:40: error: cannot find type 'UIViewRepresentable' in scope
14 | public typealias MPViewController = UIViewController
15 | public typealias MPHostingController = UIHostingController
16 | public typealias MPViewRepresentable = UIViewRepresentable
   |                                        `- error: cannot find type 'UIViewRepresentable' in scope
17 | public typealias MPViewControllerRepresentable = UIViewControllerRepresentable
18 | #endif
/Users/admin/builder/spi-builder-workspace/.dependencies/checkouts/MultiViews/Sources/MultiViews/Views/ViewRepresentable.swift:11:33: error: 'Context' is not a member type of type 'Self'
 9 | public protocol ViewRepresentable: MPViewRepresentable {
10 |     associatedtype V: MPView
11 |     func makeView(context: Self.Context) -> V
   |                                 `- error: 'Context' is not a member type of type 'Self'
12 |     func updateView(_ view: V, context: Self.Context)
13 | }
/Users/admin/builder/spi-builder-workspace/.dependencies/checkouts/MultiViews/Sources/MultiViews/Views/ViewRepresentable.swift:12:46: error: 'Context' is not a member type of type 'Self'
10 |     associatedtype V: MPView
11 |     func makeView(context: Self.Context) -> V
12 |     func updateView(_ view: V, context: Self.Context)
   |                                              `- error: 'Context' is not a member type of type 'Self'
13 | }
14 |
/Users/admin/builder/spi-builder-workspace/.dependencies/checkouts/MultiViews/Sources/MultiViews/Views/Gestures/MVInteractView.swift:24:15: error: type 'MVInteractView' does not conform to protocol 'ViewRepresentable'
 22 | }
 23 |
 24 | public struct MVInteractView: ViewRepresentable {
    |               |- error: type 'MVInteractView' does not conform to protocol 'ViewRepresentable'
    |               `- note: add stubs for conformance
 25 |
 26 |     let interacted: (MVInteraction) -> ()
/Users/admin/builder/spi-builder-workspace/.dependencies/checkouts/MultiViews/Sources/MultiViews/Views/ViewRepresentable.swift:10:20: note: protocol requires nested type 'V'
 8 | @MainActor
 9 | public protocol ViewRepresentable: MPViewRepresentable {
10 |     associatedtype V: MPView
   |                    `- note: protocol requires nested type 'V'
11 |     func makeView(context: Self.Context) -> V
12 |     func updateView(_ view: V, context: Self.Context)
/Users/admin/builder/spi-builder-workspace/.dependencies/checkouts/MultiViews/Sources/MultiViews/Views/Gestures/MVMultiInteractView.swift:34:35: error: cannot find type 'Context' in scope
 32 |     }
 33 |
 34 |     public func makeView(context: Context) -> MPView {
    |                                   `- error: cannot find type 'Context' in scope
 35 |         MainMultiInteractView(interacted: interacted, interacting: interacting)
 36 |     }
/Users/admin/builder/spi-builder-workspace/.dependencies/checkouts/MultiViews/Sources/MultiViews/Views/Gestures/MVMultiInteractView.swift:37:53: error: cannot find type 'Context' in scope
 35 |         MainMultiInteractView(interacted: interacted, interacting: interacting)
 36 |     }
 37 |     public func updateView(_ view: MPView, context: Context) {}
    |                                                     `- error: cannot find type 'Context' in scope
 38 | }
 39 |
/Users/admin/builder/spi-builder-workspace/.dependencies/checkouts/MultiViews/Sources/MultiViews/Views/Gestures/MVMultiInteractView.swift:23:15: error: type 'MVMultiInteractView' does not conform to protocol 'ViewRepresentable'
 21 | }
 22 |
 23 | public struct MVMultiInteractView: ViewRepresentable {
    |               |- error: type 'MVMultiInteractView' does not conform to protocol 'ViewRepresentable'
    |               `- note: add stubs for conformance
 24 |
 25 |     let interacted: ([MVMultiInteraction]) -> ()
/Users/admin/builder/spi-builder-workspace/.dependencies/checkouts/MultiViews/Sources/MultiViews/Views/ViewRepresentable.swift:10:20: note: protocol requires nested type 'V'
 8 | @MainActor
 9 | public protocol ViewRepresentable: MPViewRepresentable {
10 |     associatedtype V: MPView
   |                    `- note: protocol requires nested type 'V'
11 |     func makeView(context: Self.Context) -> V
12 |     func updateView(_ view: V, context: Self.Context)
/Users/admin/builder/spi-builder-workspace/.dependencies/checkouts/MultiViews/Sources/MultiViews/Views/Gestures/SpatialLongPress.swift:38:28: error: cannot find type 'Context' in scope
 36 |     let didEnd: (Bool, CGPoint) -> Void
 37 |
 38 |     func makeView(context: Context) -> MVSpatialLongPressView<Content> {
    |                            `- error: cannot find type 'Context' in scope
 39 |         MVSpatialLongPressView(
 40 |             duration: duration,
/Users/admin/builder/spi-builder-workspace/.dependencies/checkouts/MultiViews/Sources/MultiViews/Views/Gestures/SpatialLongPress.swift:47:71: error: cannot find type 'Context' in scope
 45 |     }
 46 |
 47 |     func updateView(_ view: MVSpatialLongPressView<Content>, context: Context) {
    |                                                                       `- error: cannot find type 'Context' in scope
 48 |         view.updateView()
 49 |     }
/Users/admin/builder/spi-builder-workspace/.dependencies/checkouts/MultiViews/Sources/MultiViews/Views/Gestures/SpatialLongPress.swift:31:8: error: type 'SpatialLongPressView<Content>' does not conform to protocol 'ViewRepresentable'
 29 | }
 30 |
 31 | struct SpatialLongPressView<Content: View>: ViewRepresentable {
    |        |- error: type 'SpatialLongPressView<Content>' does not conform to protocol 'ViewRepresentable'
    |        `- note: add stubs for conformance
 32 |
 33 |     let duration: TimeInterval
/Users/admin/builder/spi-builder-workspace/.dependencies/checkouts/MultiViews/Sources/MultiViews/Views/ViewRepresentable.swift:10:20: note: protocol requires nested type 'V'
 8 | @MainActor
 9 | public protocol ViewRepresentable: MPViewRepresentable {
10 |     associatedtype V: MPView
   |                    `- note: protocol requires nested type 'V'
11 |     func makeView(context: Self.Context) -> V
12 |     func updateView(_ view: V, context: Self.Context)
/Users/admin/builder/spi-builder-workspace/.dependencies/checkouts/MultiViews/Sources/MultiViews/Views/ViewTypes.swift:15:40: error: cannot find type 'UIHostingController' in scope
13 | #else
14 | public typealias MPViewController = UIViewController
15 | public typealias MPHostingController = UIHostingController
   |                                        `- error: cannot find type 'UIHostingController' in scope
16 | public typealias MPViewRepresentable = UIViewRepresentable
17 | public typealias MPViewControllerRepresentable = UIViewControllerRepresentable
/Users/admin/builder/spi-builder-workspace/.dependencies/checkouts/MultiViews/Sources/MultiViews/Views/Gestures/SpatialLongPress.swift:200:37: error: 'UILongPressGestureRecognizer' is unavailable in watchOS
198 |
199 |     @objc
200 |     private func longPress(gesture: UILongPressGestureRecognizer) {
    |                                     `- error: 'UILongPressGestureRecognizer' is unavailable in watchOS
201 |         switch gesture.state {
202 |         case .recognized:
/Applications/Xcode-27.0.0-Release.Candidate.app/Contents/Developer/Platforms/WatchOS.platform/Developer/SDKs/WatchOS27.0.sdk/System/Library/Frameworks/UIKit.framework/Headers/UILongPressGestureRecognizer.h:22:12: note: 'UILongPressGestureRecognizer' has been explicitly marked unavailable here
20 |
21 | UIKIT_EXTERN API_AVAILABLE(ios(3.2)) API_UNAVAILABLE(watchos) NS_SWIFT_UI_ACTOR
22 | @interface UILongPressGestureRecognizer : UIGestureRecognizer
   |            `- note: 'UILongPressGestureRecognizer' has been explicitly marked unavailable here
23 |
24 | @property (nonatomic) NSUInteger numberOfTapsRequired;      // Default is 0. The number of full taps required before the press for gesture to be recognized
/Users/admin/builder/spi-builder-workspace/.dependencies/checkouts/MultiViews/Sources/MultiViews/Views/Gestures/SpatialLongPress.swift:143:46: error: 'UIView' is unavailable in watchOS
141 | #else
142 |
143 | class MVSpatialLongPressView<Content: View>: UIView {
    |                                              `- error: 'UIView' is unavailable in watchOS
144 |
145 |     private let duration: TimeInterval
/Applications/Xcode-27.0.0-Release.Candidate.app/Contents/Developer/Platforms/WatchOS.platform/Developer/SDKs/WatchOS27.0.sdk/System/Library/Frameworks/UIKit.framework/Headers/UIView.h:152:12: note: 'UIView' has been explicitly marked unavailable here
150 |
151 | UIKIT_EXTERN API_AVAILABLE(ios(2.0)) API_UNAVAILABLE(watchos) NS_SWIFT_UI_ACTOR
152 | @interface UIView : UIResponder <NSCoding, UIAppearance, UIAppearanceContainer, UIDynamicItem, UITraitEnvironment, UICoordinateSpace, UIFocusItem, UIFocusItemContainer, CALayerDelegate>
    |            `- note: 'UIView' has been explicitly marked unavailable here
153 |
154 | @property(class, nonatomic, readonly) Class layerClass;                        // default is [CALayer class]. Used when creating the underlying layer for the view.
/Users/admin/builder/spi-builder-workspace/.dependencies/checkouts/MultiViews/Sources/MultiViews/Views/Gestures/SpatialLongPress.swift:22:9: error: return type of instance method 'onSpatialLongPress(duration:didStart:didEnd:)' requires that 'SpatialLongPressView<Self>' conform to 'View'
 19 |         didStart: @escaping (_ location: CGPoint) -> Void,
 20 |         didEnd: @escaping (_ success: Bool, _ location: CGPoint) -> Void
 21 |     ) -> some View {
    |          `- note: opaque return type declared here
 22 |         SpatialLongPressView(
    |         `- error: return type of instance method 'onSpatialLongPress(duration:didStart:didEnd:)' requires that 'SpatialLongPressView<Self>' conform to 'View'
 23 |             duration: duration,
 24 |             content: { self },
/Users/admin/builder/spi-builder-workspace/.dependencies/checkouts/MultiViews/Sources/MultiViews/Views/Gestures/SpatialLongPress.swift:181:51: error: cannot infer contextual base in reference to member 'clear'
179 |
180 |     private func setupSubview() {
181 |         hostingController.view.backgroundColor = .clear
    |                                                   `- error: cannot infer contextual base in reference to member 'clear'
182 |         addSubview(hostingController.view)
183 |         hostingController.view.translatesAutoresizingMaskIntoConstraints = false
/Users/admin/builder/spi-builder-workspace/.dependencies/checkouts/MultiViews/Sources/MultiViews/Views/Gestures/SpatialLongPress.swift:193:32: error: 'UILongPressGestureRecognizer' is unavailable in watchOS
191 |
192 |     private func setupGesture() {
193 |         let longPressGesture = UILongPressGestureRecognizer(target: self, action: #selector(longPress))
    |                                `- error: 'UILongPressGestureRecognizer' is unavailable in watchOS
194 |         longPressGesture.minimumPressDuration = 0.0
195 |         longPressGesture.cancelsTouchesInView = false
/Applications/Xcode-27.0.0-Release.Candidate.app/Contents/Developer/Platforms/WatchOS.platform/Developer/SDKs/WatchOS27.0.sdk/System/Library/Frameworks/UIKit.framework/Headers/UILongPressGestureRecognizer.h:22:12: note: 'UILongPressGestureRecognizer' has been explicitly marked unavailable here
20 |
21 | UIKIT_EXTERN API_AVAILABLE(ios(3.2)) API_UNAVAILABLE(watchos) NS_SWIFT_UI_ACTOR
22 | @interface UILongPressGestureRecognizer : UIGestureRecognizer
   |            `- note: 'UILongPressGestureRecognizer' has been explicitly marked unavailable here
23 |
24 | @property (nonatomic) NSUInteger numberOfTapsRequired;      // Default is 0. The number of full taps required before the press for gesture to be recognized
/Users/admin/builder/spi-builder-workspace/.dependencies/checkouts/MultiViews/Sources/MultiViews/Views/Keyboard/View+onGlobalKeyPress.swift:39:28: error: cannot find type 'Context' in scope
 37 |     let content: () -> Content
 38 |
 39 |     func makeView(context: Context) -> MVKeyboardView<Content> {
    |                            `- error: cannot find type 'Context' in scope
 40 |         MVKeyboardView(action: action, content: content)
 41 |     }
/Users/admin/builder/spi-builder-workspace/.dependencies/checkouts/MultiViews/Sources/MultiViews/Views/Keyboard/View+onGlobalKeyPress.swift:43:63: error: cannot find type 'Context' in scope
 41 |     }
 42 |
 43 |     func updateView(_ view: MVKeyboardView<Content>, context: Context) {
    |                                                               `- error: cannot find type 'Context' in scope
 44 |         view.update()
 45 |     }
/Users/admin/builder/spi-builder-workspace/.dependencies/checkouts/MultiViews/Sources/MultiViews/Views/Keyboard/View+onGlobalKeyPress.swift:34:8: error: type 'MVKeyboardViewRepresentable<Content>' does not conform to protocol 'ViewRepresentable'
 32 | }
 33 |
 34 | struct MVKeyboardViewRepresentable<Content: View>: ViewRepresentable {
    |        |- error: type 'MVKeyboardViewRepresentable<Content>' does not conform to protocol 'ViewRepresentable'
    |        `- note: add stubs for conformance
 35 |
 36 |     let action: (MVKeyPress) -> Void
/Users/admin/builder/spi-builder-workspace/.dependencies/checkouts/MultiViews/Sources/MultiViews/Views/ViewRepresentable.swift:10:20: note: protocol requires nested type 'V'
 8 | @MainActor
 9 | public protocol ViewRepresentable: MPViewRepresentable {
10 |     associatedtype V: MPView
   |                    `- note: protocol requires nested type 'V'
11 |     func makeView(context: Self.Context) -> V
12 |     func updateView(_ view: V, context: Self.Context)
/Users/admin/builder/spi-builder-workspace/.dependencies/checkouts/MultiViews/Sources/MultiViews/Views/Keyboard/View+onGlobalKeyPress.swift:95:47: error: 'UIPress' is unavailable in watchOS
 93 | #else
 94 |     override var canBecomeFirstResponder: Bool { true }
 95 |     override func pressesBegan(_ presses: Set<UIPress>, with event: UIPressesEvent?) {
    |                                               `- error: 'UIPress' is unavailable in watchOS
 96 |         for press in presses {
 97 |             guard let key = press.key, let character = key.characters.first else { continue }
/Applications/Xcode-27.0.0-Release.Candidate.app/Contents/Developer/Platforms/WatchOS.platform/Developer/SDKs/WatchOS27.0.sdk/System/Library/Frameworks/UIKit.framework/Headers/UIPress.h:49:74: note: 'UIPress' has been explicitly marked unavailable here
47 | } API_AVAILABLE(ios(9.0)) API_UNAVAILABLE(watchos);
48 |
49 | UIKIT_EXTERN API_AVAILABLE(ios(9.0)) API_UNAVAILABLE(watchos) @interface UIPress : NSObject
   |                                                                          `- note: 'UIPress' has been explicitly marked unavailable here
50 |
51 | @property (nonatomic, readonly) NSTimeInterval   timestamp;
/Users/admin/builder/spi-builder-workspace/.dependencies/checkouts/MultiViews/Sources/MultiViews/Views/Keyboard/View+onGlobalKeyPress.swift:95:69: error: 'UIPressesEvent' is unavailable in watchOS
 93 | #else
 94 |     override var canBecomeFirstResponder: Bool { true }
 95 |     override func pressesBegan(_ presses: Set<UIPress>, with event: UIPressesEvent?) {
    |                                                                     `- error: 'UIPressesEvent' is unavailable in watchOS
 96 |         for press in presses {
 97 |             guard let key = press.key, let character = key.characters.first else { continue }
/Applications/Xcode-27.0.0-Release.Candidate.app/Contents/Developer/Platforms/WatchOS.platform/Developer/SDKs/WatchOS27.0.sdk/System/Library/Frameworks/UIKit.framework/Headers/UIPressesEvent.h:17:12: note: 'UIPressesEvent' has been explicitly marked unavailable here
15 |
16 | UIKIT_EXTERN API_AVAILABLE(ios(9.0)) API_UNAVAILABLE(watchos) NS_SWIFT_UI_ACTOR
17 | @interface UIPressesEvent : UIEvent
   |            `- note: 'UIPressesEvent' has been explicitly marked unavailable here
18 |
19 | @property(nonatomic, readonly) NSSet <UIPress *> *allPresses;
SwiftCompile normal arm64_32 /Users/admin/builder/spi-builder-workspace/.dependencies/checkouts/MultiViews/Sources/MultiViews/Views/Gestures/MVInteractView.swift (in target 'MultiViews' from project 'MultiViews')
    cd /Users/admin/builder/spi-builder-workspace/.swiftpm/xcode
    builtin-SwiftPerFileCompile MVInteractView.swift
SwiftCompile normal arm64_32 /Users/admin/builder/spi-builder-workspace/.dependencies/checkouts/MultiViews/Sources/MultiViews/Views/Gestures/MVMultiInteractView.swift (in target 'MultiViews' from project 'MultiViews')
    cd /Users/admin/builder/spi-builder-workspace/.swiftpm/xcode
    builtin-SwiftPerFileCompile MVMultiInteractView.swift
SwiftCompile normal arm64_32 /Users/admin/builder/spi-builder-workspace/.dependencies/checkouts/MultiViews/Sources/MultiViews/Views/Gestures/SpatialLongPress.swift (in target 'MultiViews' from project 'MultiViews')
    cd /Users/admin/builder/spi-builder-workspace/.swiftpm/xcode
    builtin-SwiftPerFileCompile SpatialLongPress.swift
SwiftCompile normal arm64_32 /Users/admin/builder/spi-builder-workspace/.dependencies/checkouts/MultiViews/Sources/MultiViews/Views/Gestures/Swipe.swift (in target 'MultiViews' from project 'MultiViews')
    cd /Users/admin/builder/spi-builder-workspace/.swiftpm/xcode
    builtin-SwiftPerFileCompile Swipe.swift
SwiftCompile normal arm64_32 /Users/admin/builder/spi-builder-workspace/.dependencies/checkouts/MultiViews/Sources/MultiViews/Views/Keyboard/View+onGlobalKeyPress.swift (in target 'MultiViews' from project 'MultiViews')
    cd /Users/admin/builder/spi-builder-workspace/.swiftpm/xcode
    builtin-SwiftPerFileCompile View+onGlobalKeyPress.swift
SwiftCompile normal arm64_32 /Users/admin/builder/spi-builder-workspace/.dependencies/checkouts/MultiViews/Sources/MultiViews/Views/Layout/EqualHeightVStack.swift (in target 'MultiViews' from project 'MultiViews')
    cd /Users/admin/builder/spi-builder-workspace/.swiftpm/xcode
    builtin-SwiftPerFileCompile EqualHeightVStack.swift
SwiftCompile normal arm64_32 Compiling\ Checker.swift,\ MVBlurView.swift,\ AxisPanGestureRecognizer.swift,\ AxisPanGestureView.swift,\ Drag.swift,\ Hover.swift /Users/admin/builder/spi-builder-workspace/.dependencies/checkouts/MultiViews/Sources/MultiViews/Views/Content/Checker.swift /Users/admin/builder/spi-builder-workspace/.dependencies/checkouts/MultiViews/Sources/MultiViews/Views/Content/MVBlurView.swift /Users/admin/builder/spi-builder-workspace/.dependencies/checkouts/MultiViews/Sources/MultiViews/Views/Gestures/AxisPanGestureRecognizer.swift /Users/admin/builder/spi-builder-workspace/.dependencies/checkouts/MultiViews/Sources/MultiViews/Views/Gestures/AxisPanGestureView.swift /Users/admin/builder/spi-builder-workspace/.dependencies/checkouts/MultiViews/Sources/MultiViews/Views/Gestures/Drag.swift /Users/admin/builder/spi-builder-workspace/.dependencies/checkouts/MultiViews/Sources/MultiViews/Views/Gestures/Hover.swift (in target 'MultiViews' from project 'MultiViews')
/Users/admin/builder/spi-builder-workspace/.dependencies/checkouts/MultiViews/Sources/MultiViews/Views/Content/Checker.swift:22:35: error: cannot find type 'Context' in scope
 20 |     }
 21 |
 22 |     public func makeView(context: Context) -> CheckerView {
    |                                   `- error: cannot find type 'Context' in scope
 23 |         CheckerView(frame: .zero, scale: scale)
 24 |     }
/Users/admin/builder/spi-builder-workspace/.dependencies/checkouts/MultiViews/Sources/MultiViews/Views/Content/Checker.swift:26:58: error: cannot find type 'Context' in scope
 24 |     }
 25 |
 26 |     public func updateView(_ view: CheckerView, context: Context) {
    |                                                          `- error: cannot find type 'Context' in scope
 27 |         view.scale = scale
 28 |     }
/Users/admin/builder/spi-builder-workspace/.dependencies/checkouts/MultiViews/Sources/MultiViews/Views/ViewTypes.swift:16:40: error: cannot find type 'UIViewRepresentable' in scope
14 | public typealias MPViewController = UIViewController
15 | public typealias MPHostingController = UIHostingController
16 | public typealias MPViewRepresentable = UIViewRepresentable
   |                                        `- error: cannot find type 'UIViewRepresentable' in scope
17 | public typealias MPViewControllerRepresentable = UIViewControllerRepresentable
18 | #endif
/Users/admin/builder/spi-builder-workspace/.dependencies/checkouts/MultiViews/Sources/MultiViews/Views/ViewRepresentable.swift:11:33: error: 'Context' is not a member type of type 'Self'
 9 | public protocol ViewRepresentable: MPViewRepresentable {
10 |     associatedtype V: MPView
11 |     func makeView(context: Self.Context) -> V
   |                                 `- error: 'Context' is not a member type of type 'Self'
12 |     func updateView(_ view: V, context: Self.Context)
13 | }
/Users/admin/builder/spi-builder-workspace/.dependencies/checkouts/MultiViews/Sources/MultiViews/Views/ViewRepresentable.swift:12:46: error: 'Context' is not a member type of type 'Self'
10 |     associatedtype V: MPView
11 |     func makeView(context: Self.Context) -> V
12 |     func updateView(_ view: V, context: Self.Context)
   |                                              `- error: 'Context' is not a member type of type 'Self'
13 | }
14 |
/Users/admin/builder/spi-builder-workspace/.dependencies/checkouts/MultiViews/Sources/MultiViews/Views/Content/Checker.swift:14:15: error: type 'Checker' does not conform to protocol 'ViewRepresentable'
 12 | #endif
 13 |
 14 | public struct Checker: ViewRepresentable {
    |               |- error: type 'Checker' does not conform to protocol 'ViewRepresentable'
    |               `- note: add stubs for conformance
 15 |
 16 |     let scale: CGFloat
/Users/admin/builder/spi-builder-workspace/.dependencies/checkouts/MultiViews/Sources/MultiViews/Views/ViewRepresentable.swift:10:20: note: protocol requires nested type 'V'
 8 | @MainActor
 9 | public protocol ViewRepresentable: MPViewRepresentable {
10 |     associatedtype V: MPView
   |                    `- note: protocol requires nested type 'V'
11 |     func makeView(context: Self.Context) -> V
12 |     func updateView(_ view: V, context: Self.Context)
/Users/admin/builder/spi-builder-workspace/.dependencies/checkouts/MultiViews/Sources/MultiViews/Views/Content/MVBlurView.swift:15:32: error: 'UIVisualEffectView' is unavailable in watchOS
13 | typealias MPVisualEffectView = NSVisualEffectView
14 | #else
15 | typealias MPVisualEffectView = UIVisualEffectView
   |                                `- error: 'UIVisualEffectView' is unavailable in watchOS
16 | #endif
17 |
/Applications/Xcode-27.0.0-Release.Candidate.app/Contents/Developer/Platforms/WatchOS.platform/Developer/SDKs/WatchOS27.0.sdk/System/Library/Frameworks/UIKit.framework/Headers/UIVisualEffectView.h:28:12: note: 'UIVisualEffectView' has been explicitly marked unavailable here
26 |
27 | UIKIT_EXTERN API_AVAILABLE(ios(8.0)) API_UNAVAILABLE(watchos) NS_SWIFT_UI_ACTOR
28 | @interface UIVisualEffectView : UIView <NSSecureCoding>
   |            `- note: 'UIVisualEffectView' has been explicitly marked unavailable here
29 |
30 | @property (nonatomic, strong, readonly) UIView *contentView; // Do not add subviews directly to UIVisualEffectView, use this view instead.
/Users/admin/builder/spi-builder-workspace/.dependencies/checkouts/MultiViews/Sources/MultiViews/Views/Content/MVBlurView.swift:25:23: error: 'UIBlurEffect' is unavailable in watchOS
23 |
24 |     #if !os(macOS)
25 |     public var style: UIBlurEffect.Style { colorScheme == .light ? .light : .dark }
   |                       `- error: 'UIBlurEffect' is unavailable in watchOS
26 |     public var effect: UIVisualEffect { UIBlurEffect(style: style) }
27 |     #endif
/Applications/Xcode-27.0.0-Release.Candidate.app/Contents/Developer/Platforms/WatchOS.platform/Developer/SDKs/WatchOS27.0.sdk/System/Library/Frameworks/UIKit.framework/Headers/UIBlurEffect.h:61:12: note: 'UIBlurEffect' has been explicitly marked unavailable here
59 | /* UIBlurEffect will provide a blur that appears to have been applied to the content layered behind the UIVisualEffectView. Views added to the contentView of a blur visual effect are not blurred themselves. */
60 | UIKIT_EXTERN API_AVAILABLE(ios(8.0)) API_UNAVAILABLE(watchos) NS_SWIFT_UI_ACTOR
61 | @interface UIBlurEffect : UIVisualEffect
   |            `- note: 'UIBlurEffect' has been explicitly marked unavailable here
62 |
63 | + (UIBlurEffect *)effectWithStyle:(UIBlurEffectStyle)style;
/Users/admin/builder/spi-builder-workspace/.dependencies/checkouts/MultiViews/Sources/MultiViews/Views/Content/MVBlurView.swift:26:24: error: 'UIVisualEffect' is unavailable in watchOS
24 |     #if !os(macOS)
25 |     public var style: UIBlurEffect.Style { colorScheme == .light ? .light : .dark }
26 |     public var effect: UIVisualEffect { UIBlurEffect(style: style) }
   |                        `- error: 'UIVisualEffect' is unavailable in watchOS
27 |     #endif
28 |
/Applications/Xcode-27.0.0-Release.Candidate.app/Contents/Developer/Platforms/WatchOS.platform/Developer/SDKs/WatchOS27.0.sdk/System/Library/Frameworks/UIKit.framework/Headers/UIVisualEffect.h:15:12: note: 'UIVisualEffect' has been explicitly marked unavailable here
13 |
14 | UIKIT_EXTERN API_AVAILABLE(ios(8.0)) API_UNAVAILABLE(watchos) NS_SWIFT_UI_ACTOR
15 | @interface UIVisualEffect : NSObject <NSCopying, NSSecureCoding>
   |            `- note: 'UIVisualEffect' has been explicitly marked unavailable here
16 |
17 | @end
/Users/admin/builder/spi-builder-workspace/.dependencies/checkouts/MultiViews/Sources/MultiViews/Views/Content/MVBlurView.swift:29:40: error: 'Context' is not a member type of struct 'MultiViews.MVBlurView'
16 | #endif
17 |
18 | public struct MVBlurView: ViewRepresentable {
   |               `- note: 'MVBlurView' declared here
19 |
20 |     @Environment(\.colorScheme) var colorScheme
   :
27 |     #endif
28 |
29 |     public func makeView(context: Self.Context) -> MPView {
   |                                        `- error: 'Context' is not a member type of struct 'MultiViews.MVBlurView'
30 |         #if os(macOS)
31 |         return MPVisualEffectView()
/Users/admin/builder/spi-builder-workspace/.dependencies/checkouts/MultiViews/Sources/MultiViews/Views/Content/MVBlurView.swift:37:58: error: 'Context' is not a member type of struct 'MultiViews.MVBlurView'
16 | #endif
17 |
18 | public struct MVBlurView: ViewRepresentable {
   |               `- note: 'MVBlurView' declared here
19 |
20 |     @Environment(\.colorScheme) var colorScheme
   :
35 |     }
36 |
37 |     public func updateView(_ view: MPView, context: Self.Context) {
   |                                                          `- error: 'Context' is not a member type of struct 'MultiViews.MVBlurView'
38 |         #if !os(macOS)
39 |         (view as! MPVisualEffectView).effect = effect
/Users/admin/builder/spi-builder-workspace/.dependencies/checkouts/MultiViews/Sources/MultiViews/Views/Content/MVBlurView.swift:18:15: error: type 'MVBlurView' does not conform to protocol 'ViewRepresentable'
16 | #endif
17 |
18 | public struct MVBlurView: ViewRepresentable {
   |               |- error: type 'MVBlurView' does not conform to protocol 'ViewRepresentable'
   |               `- note: add stubs for conformance
19 |
20 |     @Environment(\.colorScheme) var colorScheme
/Users/admin/builder/spi-builder-workspace/.dependencies/checkouts/MultiViews/Sources/MultiViews/Views/ViewRepresentable.swift:10:20: note: protocol requires nested type 'V'
 8 | @MainActor
 9 | public protocol ViewRepresentable: MPViewRepresentable {
10 |     associatedtype V: MPView
   |                    `- note: protocol requires nested type 'V'
11 |     func makeView(context: Self.Context) -> V
12 |     func updateView(_ view: V, context: Self.Context)
/Users/admin/builder/spi-builder-workspace/.dependencies/checkouts/MultiViews/Sources/MultiViews/Views/Content/MVBlurView.swift:26:41: error: 'UIBlurEffect' is unavailable in watchOS
24 |     #if !os(macOS)
25 |     public var style: UIBlurEffect.Style { colorScheme == .light ? .light : .dark }
26 |     public var effect: UIVisualEffect { UIBlurEffect(style: style) }
   |                                         `- error: 'UIBlurEffect' is unavailable in watchOS
27 |     #endif
28 |
/Applications/Xcode-27.0.0-Release.Candidate.app/Contents/Developer/Platforms/WatchOS.platform/Developer/SDKs/WatchOS27.0.sdk/System/Library/Frameworks/UIKit.framework/Headers/UIBlurEffect.h:61:12: note: 'UIBlurEffect' has been explicitly marked unavailable here
59 | /* UIBlurEffect will provide a blur that appears to have been applied to the content layered behind the UIVisualEffectView. Views added to the contentView of a blur visual effect are not blurred themselves. */
60 | UIKIT_EXTERN API_AVAILABLE(ios(8.0)) API_UNAVAILABLE(watchos) NS_SWIFT_UI_ACTOR
61 | @interface UIBlurEffect : UIVisualEffect
   |            `- note: 'UIBlurEffect' has been explicitly marked unavailable here
62 |
63 | + (UIBlurEffect *)effectWithStyle:(UIBlurEffectStyle)style;
/Users/admin/builder/spi-builder-workspace/.dependencies/checkouts/MultiViews/Sources/MultiViews/Views/Gestures/AxisPanGestureRecognizer.swift:18:54: error: 'UITouch' is unavailable in watchOS
16 |     }
17 |
18 |     public override func touchesMoved(_ touches: Set<UITouch>, with event: UIEvent) {
   |                                                      `- error: 'UITouch' is unavailable in watchOS
19 |         let velocity: CGPoint = velocity(in: view)
20 |
/Applications/Xcode-27.0.0-Release.Candidate.app/Contents/Developer/Platforms/WatchOS.platform/Developer/SDKs/WatchOS27.0.sdk/System/Library/Frameworks/UIKit.framework/Headers/UITouch.h:51:12: note: 'UITouch' has been explicitly marked unavailable here
 49 |
 50 | UIKIT_EXTERN API_AVAILABLE(ios(2.0)) API_UNAVAILABLE(watchos) NS_SWIFT_UI_ACTOR
 51 | @interface UITouch : NSObject
    |            `- note: 'UITouch' has been explicitly marked unavailable here
 52 |
 53 | @property(nonatomic,readonly) NSTimeInterval      timestamp;
/Users/admin/builder/spi-builder-workspace/.dependencies/checkouts/MultiViews/Sources/MultiViews/Views/Gestures/AxisPanGestureRecognizer.swift:18:76: error: 'UIEvent' is unavailable in watchOS
16 |     }
17 |
18 |     public override func touchesMoved(_ touches: Set<UITouch>, with event: UIEvent) {
   |                                                                            `- error: 'UIEvent' is unavailable in watchOS
19 |         let velocity: CGPoint = velocity(in: view)
20 |
/Applications/Xcode-27.0.0-Release.Candidate.app/Contents/Developer/Platforms/WatchOS.platform/Developer/SDKs/WatchOS27.0.sdk/System/Library/Frameworks/UIKit.framework/Headers/UIEvent.h:62:12: note: 'UIEvent' has been explicitly marked unavailable here
60 |
61 | UIKIT_EXTERN API_AVAILABLE(ios(2.0)) API_UNAVAILABLE(watchos) NS_SWIFT_UI_ACTOR
62 | @interface UIEvent : NSObject
   |            `- note: 'UIEvent' has been explicitly marked unavailable here
63 |
64 | @property(nonatomic,readonly) UIEventType     type API_AVAILABLE(ios(3.0));
/Users/admin/builder/spi-builder-workspace/.dependencies/checkouts/MultiViews/Sources/MultiViews/Views/Gestures/AxisPanGestureRecognizer.swift:4:46: error: 'UIPanGestureRecognizer' is unavailable in watchOS
 2 | import UIKit
 3 |
 4 | public final class AxisPanGestureRecognizer: UIPanGestureRecognizer {
   |                                              `- error: 'UIPanGestureRecognizer' is unavailable in watchOS
 5 |
 6 |     public enum Axis {
/Applications/Xcode-27.0.0-Release.Candidate.app/Contents/Developer/Platforms/WatchOS.platform/Developer/SDKs/WatchOS27.0.sdk/System/Library/Frameworks/UIKit.framework/Headers/UIPanGestureRecognizer.h:31:12: note: 'UIPanGestureRecognizer' has been explicitly marked unavailable here
29 |
30 | UIKIT_EXTERN API_AVAILABLE(ios(3.2)) API_UNAVAILABLE(watchos) NS_SWIFT_UI_ACTOR
31 | @interface UIPanGestureRecognizer : UIGestureRecognizer
   |            `- note: 'UIPanGestureRecognizer' has been explicitly marked unavailable here
32 |
33 | @property (nonatomic)          NSUInteger minimumNumberOfTouches API_UNAVAILABLE(tvos);   // default is 1. the minimum number of touches required to match
/Users/admin/builder/spi-builder-workspace/.dependencies/checkouts/MultiViews/Sources/MultiViews/Views/Gestures/AxisPanGestureView.swift:12:28: error: 'UIPanGestureRecognizer' is unavailable in watchOS
 10 |     public let cancelsTouchesInView: Bool
 11 |     public let requiresEnclosingScrollViewToFail: Bool
 12 |     public let onChanged: (UIPanGestureRecognizer) -> Void
    |                            `- error: 'UIPanGestureRecognizer' is unavailable in watchOS
 13 |     public let onEnded: (UIPanGestureRecognizer) -> Void
 14 |
/Applications/Xcode-27.0.0-Release.Candidate.app/Contents/Developer/Platforms/WatchOS.platform/Developer/SDKs/WatchOS27.0.sdk/System/Library/Frameworks/UIKit.framework/Headers/UIPanGestureRecognizer.h:31:12: note: 'UIPanGestureRecognizer' has been explicitly marked unavailable here
29 |
30 | UIKIT_EXTERN API_AVAILABLE(ios(3.2)) API_UNAVAILABLE(watchos) NS_SWIFT_UI_ACTOR
31 | @interface UIPanGestureRecognizer : UIGestureRecognizer
   |            `- note: 'UIPanGestureRecognizer' has been explicitly marked unavailable here
32 |
33 | @property (nonatomic)          NSUInteger minimumNumberOfTouches API_UNAVAILABLE(tvos);   // default is 1. the minimum number of touches required to match
/Users/admin/builder/spi-builder-workspace/.dependencies/checkouts/MultiViews/Sources/MultiViews/Views/Gestures/AxisPanGestureView.swift:13:26: error: 'UIPanGestureRecognizer' is unavailable in watchOS
 11 |     public let requiresEnclosingScrollViewToFail: Bool
 12 |     public let onChanged: (UIPanGestureRecognizer) -> Void
 13 |     public let onEnded: (UIPanGestureRecognizer) -> Void
    |                          `- error: 'UIPanGestureRecognizer' is unavailable in watchOS
 14 |
 15 |     public init(
/Applications/Xcode-27.0.0-Release.Candidate.app/Contents/Developer/Platforms/WatchOS.platform/Developer/SDKs/WatchOS27.0.sdk/System/Library/Frameworks/UIKit.framework/Headers/UIPanGestureRecognizer.h:31:12: note: 'UIPanGestureRecognizer' has been explicitly marked unavailable here
29 |
30 | UIKIT_EXTERN API_AVAILABLE(ios(3.2)) API_UNAVAILABLE(watchos) NS_SWIFT_UI_ACTOR
31 | @interface UIPanGestureRecognizer : UIGestureRecognizer
   |            `- note: 'UIPanGestureRecognizer' has been explicitly marked unavailable here
32 |
33 | @property (nonatomic)          NSUInteger minimumNumberOfTouches API_UNAVAILABLE(tvos);   // default is 1. the minimum number of touches required to match
/Users/admin/builder/spi-builder-workspace/.dependencies/checkouts/MultiViews/Sources/MultiViews/Views/Gestures/AxisPanGestureView.swift:21:31: error: 'UIPanGestureRecognizer' is unavailable in watchOS
 19 |         cancelsTouchesInView: Bool = true,
 20 |         requiresEnclosingScrollViewToFail: Bool = true,
 21 |         onChanged: @escaping (UIPanGestureRecognizer) -> Void,
    |                               `- error: 'UIPanGestureRecognizer' is unavailable in watchOS
 22 |         onEnded: @escaping (UIPanGestureRecognizer) -> Void = { _ in }
 23 |     ) {
/Applications/Xcode-27.0.0-Release.Candidate.app/Contents/Developer/Platforms/WatchOS.platform/Developer/SDKs/WatchOS27.0.sdk/System/Library/Frameworks/UIKit.framework/Headers/UIPanGestureRecognizer.h:31:12: note: 'UIPanGestureRecognizer' has been explicitly marked unavailable here
29 |
30 | UIKIT_EXTERN API_AVAILABLE(ios(3.2)) API_UNAVAILABLE(watchos) NS_SWIFT_UI_ACTOR
31 | @interface UIPanGestureRecognizer : UIGestureRecognizer
   |            `- note: 'UIPanGestureRecognizer' has been explicitly marked unavailable here
32 |
33 | @property (nonatomic)          NSUInteger minimumNumberOfTouches API_UNAVAILABLE(tvos);   // default is 1. the minimum number of touches required to match
/Users/admin/builder/spi-builder-workspace/.dependencies/checkouts/MultiViews/Sources/MultiViews/Views/Gestures/AxisPanGestureView.swift:22:29: error: 'UIPanGestureRecognizer' is unavailable in watchOS
 20 |         requiresEnclosingScrollViewToFail: Bool = true,
 21 |         onChanged: @escaping (UIPanGestureRecognizer) -> Void,
 22 |         onEnded: @escaping (UIPanGestureRecognizer) -> Void = { _ in }
    |                             `- error: 'UIPanGestureRecognizer' is unavailable in watchOS
 23 |     ) {
 24 |         self.axis = axis
/Applications/Xcode-27.0.0-Release.Candidate.app/Contents/Developer/Platforms/WatchOS.platform/Developer/SDKs/WatchOS27.0.sdk/System/Library/Frameworks/UIKit.framework/Headers/UIPanGestureRecognizer.h:31:12: note: 'UIPanGestureRecognizer' has been explicitly marked unavailable here
29 |
30 | UIKIT_EXTERN API_AVAILABLE(ios(3.2)) API_UNAVAILABLE(watchos) NS_SWIFT_UI_ACTOR
31 | @interface UIPanGestureRecognizer : UIGestureRecognizer
   |            `- note: 'UIPanGestureRecognizer' has been explicitly marked unavailable here
32 |
33 | @property (nonatomic)          NSUInteger minimumNumberOfTouches API_UNAVAILABLE(tvos);   // default is 1. the minimum number of touches required to match
/Users/admin/builder/spi-builder-workspace/.dependencies/checkouts/MultiViews/Sources/MultiViews/Views/Gestures/AxisPanGestureView.swift:33:37: error: cannot find type 'Context' in scope
 31 |     }
 32 |
 33 |     public func makeUIView(context: Context) -> UIView {
    |                                     `- error: cannot find type 'Context' in scope
 34 |         let view = UIView()
 35 |         view.backgroundColor = .clear
SwiftCompile normal arm64_32 /Users/admin/builder/spi-builder-workspace/.dependencies/checkouts/MultiViews/Sources/MultiViews/Views/Content/Checker.swift (in target 'MultiViews' from project 'MultiViews')
    cd /Users/admin/builder/spi-builder-workspace/.swiftpm/xcode
    builtin-SwiftPerFileCompile Checker.swift
SwiftCompile normal arm64_32 /Users/admin/builder/spi-builder-workspace/.dependencies/checkouts/MultiViews/Sources/MultiViews/Views/Content/MVBlurView.swift (in target 'MultiViews' from project 'MultiViews')
    cd /Users/admin/builder/spi-builder-workspace/.swiftpm/xcode
    builtin-SwiftPerFileCompile MVBlurView.swift
SwiftCompile normal arm64_32 /Users/admin/builder/spi-builder-workspace/.dependencies/checkouts/MultiViews/Sources/MultiViews/Views/Gestures/AxisPanGestureRecognizer.swift (in target 'MultiViews' from project 'MultiViews')
    cd /Users/admin/builder/spi-builder-workspace/.swiftpm/xcode
    builtin-SwiftPerFileCompile AxisPanGestureRecognizer.swift
SwiftCompile normal arm64_32 /Users/admin/builder/spi-builder-workspace/.dependencies/checkouts/MultiViews/Sources/MultiViews/Views/Gestures/AxisPanGestureView.swift (in target 'MultiViews' from project 'MultiViews')
    cd /Users/admin/builder/spi-builder-workspace/.swiftpm/xcode
    builtin-SwiftPerFileCompile AxisPanGestureView.swift
SwiftCompile normal arm64_32 /Users/admin/builder/spi-builder-workspace/.dependencies/checkouts/MultiViews/Sources/MultiViews/Views/Gestures/Drag.swift (in target 'MultiViews' from project 'MultiViews')
    cd /Users/admin/builder/spi-builder-workspace/.swiftpm/xcode
    builtin-SwiftPerFileCompile Drag.swift
SwiftCompile normal arm64_32 /Users/admin/builder/spi-builder-workspace/.dependencies/checkouts/MultiViews/Sources/MultiViews/Views/Gestures/Hover.swift (in target 'MultiViews' from project 'MultiViews')
    cd /Users/admin/builder/spi-builder-workspace/.swiftpm/xcode
    builtin-SwiftPerFileCompile Hover.swift
SwiftCompile normal arm64_32 Compiling\ Previews.swift,\ AsyncButton.swift,\ GlassButton.swift,\ GlassMenu.swift,\ GlassPicker.swift,\ GlassShape.swift /Users/admin/builder/spi-builder-workspace/.dependencies/checkouts/MultiViews/Sources/MultiViews/Util/Previews.swift /Users/admin/builder/spi-builder-workspace/.dependencies/checkouts/MultiViews/Sources/MultiViews/Views/Buttons/AsyncButton.swift /Users/admin/builder/spi-builder-workspace/.dependencies/checkouts/MultiViews/Sources/MultiViews/Views/Buttons/Glass/GlassButton.swift /Users/admin/builder/spi-builder-workspace/.dependencies/checkouts/MultiViews/Sources/MultiViews/Views/Buttons/Glass/GlassMenu.swift /Users/admin/builder/spi-builder-workspace/.dependencies/checkouts/MultiViews/Sources/MultiViews/Views/Buttons/Glass/GlassPicker.swift /Users/admin/builder/spi-builder-workspace/.dependencies/checkouts/MultiViews/Sources/MultiViews/Views/Buttons/Glass/GlassShape.swift (in target 'MultiViews' from project 'MultiViews')
SwiftCompile normal arm64_32 /Users/admin/builder/spi-builder-workspace/.dependencies/checkouts/MultiViews/Sources/MultiViews/Util/Previews.swift (in target 'MultiViews' from project 'MultiViews')
    cd /Users/admin/builder/spi-builder-workspace/.swiftpm/xcode
    builtin-SwiftPerFileCompile Previews.swift
SwiftCompile normal arm64_32 /Users/admin/builder/spi-builder-workspace/.dependencies/checkouts/MultiViews/Sources/MultiViews/Views/Buttons/AsyncButton.swift (in target 'MultiViews' from project 'MultiViews')
    cd /Users/admin/builder/spi-builder-workspace/.swiftpm/xcode
    builtin-SwiftPerFileCompile AsyncButton.swift
SwiftCompile normal arm64_32 /Users/admin/builder/spi-builder-workspace/.dependencies/checkouts/MultiViews/Sources/MultiViews/Views/Buttons/Glass/GlassButton.swift (in target 'MultiViews' from project 'MultiViews')
    cd /Users/admin/builder/spi-builder-workspace/.swiftpm/xcode
    builtin-SwiftPerFileCompile GlassButton.swift
SwiftCompile normal arm64_32 /Users/admin/builder/spi-builder-workspace/.dependencies/checkouts/MultiViews/Sources/MultiViews/Views/Buttons/Glass/GlassMenu.swift (in target 'MultiViews' from project 'MultiViews')
    cd /Users/admin/builder/spi-builder-workspace/.swiftpm/xcode
    builtin-SwiftPerFileCompile GlassMenu.swift
SwiftCompile normal arm64_32 /Users/admin/builder/spi-builder-workspace/.dependencies/checkouts/MultiViews/Sources/MultiViews/Views/Buttons/Glass/GlassPicker.swift (in target 'MultiViews' from project 'MultiViews')
    cd /Users/admin/builder/spi-builder-workspace/.swiftpm/xcode
    builtin-SwiftPerFileCompile GlassPicker.swift
SwiftCompile normal arm64_32 /Users/admin/builder/spi-builder-workspace/.dependencies/checkouts/MultiViews/Sources/MultiViews/Views/Buttons/Glass/GlassShape.swift (in target 'MultiViews' from project 'MultiViews')
    cd /Users/admin/builder/spi-builder-workspace/.swiftpm/xcode
    builtin-SwiftPerFileCompile GlassShape.swift
SwiftCompile normal arm64_32 Compiling\ MPView+Image.swift,\ SnapshotView.swift,\ ViewImage.swift,\ Keyboard.swift,\ Cases.swift,\ NamedViewTask.swift /Users/admin/builder/spi-builder-workspace/.dependencies/checkouts/MultiViews/Sources/MultiViews/Image/MPView+Image.swift /Users/admin/builder/spi-builder-workspace/.dependencies/checkouts/MultiViews/Sources/MultiViews/Image/SnapshotView.swift /Users/admin/builder/spi-builder-workspace/.dependencies/checkouts/MultiViews/Sources/MultiViews/Image/ViewImage.swift /Users/admin/builder/spi-builder-workspace/.dependencies/checkouts/MultiViews/Sources/MultiViews/Keyboard.swift /Users/admin/builder/spi-builder-workspace/.dependencies/checkouts/MultiViews/Sources/MultiViews/String/Cases.swift /Users/admin/builder/spi-builder-workspace/.dependencies/checkouts/MultiViews/Sources/MultiViews/Tasks/NamedViewTask.swift (in target 'MultiViews' from project 'MultiViews')
SwiftCompile normal arm64_32 /Users/admin/builder/spi-builder-workspace/.dependencies/checkouts/MultiViews/Sources/MultiViews/Image/MPView+Image.swift (in target 'MultiViews' from project 'MultiViews')
    cd /Users/admin/builder/spi-builder-workspace/.swiftpm/xcode
    builtin-SwiftPerFileCompile MPView+Image.swift
SwiftCompile normal arm64_32 /Users/admin/builder/spi-builder-workspace/.dependencies/checkouts/MultiViews/Sources/MultiViews/Image/SnapshotView.swift (in target 'MultiViews' from project 'MultiViews')
    cd /Users/admin/builder/spi-builder-workspace/.swiftpm/xcode
    builtin-SwiftPerFileCompile SnapshotView.swift
SwiftCompile normal arm64_32 /Users/admin/builder/spi-builder-workspace/.dependencies/checkouts/MultiViews/Sources/MultiViews/Image/ViewImage.swift (in target 'MultiViews' from project 'MultiViews')
    cd /Users/admin/builder/spi-builder-workspace/.swiftpm/xcode
    builtin-SwiftPerFileCompile ViewImage.swift
SwiftCompile normal arm64_32 /Users/admin/builder/spi-builder-workspace/.dependencies/checkouts/MultiViews/Sources/MultiViews/Keyboard.swift (in target 'MultiViews' from project 'MultiViews')
    cd /Users/admin/builder/spi-builder-workspace/.swiftpm/xcode
    builtin-SwiftPerFileCompile Keyboard.swift
SwiftCompile normal arm64_32 /Users/admin/builder/spi-builder-workspace/.dependencies/checkouts/MultiViews/Sources/MultiViews/String/Cases.swift (in target 'MultiViews' from project 'MultiViews')
    cd /Users/admin/builder/spi-builder-workspace/.swiftpm/xcode
    builtin-SwiftPerFileCompile Cases.swift
SwiftCompile normal arm64_32 /Users/admin/builder/spi-builder-workspace/.dependencies/checkouts/MultiViews/Sources/MultiViews/Tasks/NamedViewTask.swift (in target 'MultiViews' from project 'MultiViews')
    cd /Users/admin/builder/spi-builder-workspace/.swiftpm/xcode
    builtin-SwiftPerFileCompile NamedViewTask.swift
SwiftEmitModule normal arm64_32 Emitting\ module\ for\ MultiViews (in target 'MultiViews' from project 'MultiViews')
/Users/admin/builder/spi-builder-workspace/.dependencies/checkouts/MultiViews/Sources/MultiViews/ApplicationDelegate.swift:17:40: error: 'UIApplicationDelegate' is unavailable in watchOS
15 | public typealias ApplicationDelegate = NSApplicationDelegate
16 | #else
17 | public typealias ApplicationDelegate = UIApplicationDelegate
   |                                        `- error: 'UIApplicationDelegate' is unavailable in watchOS
18 | #endif
19 |
/Applications/Xcode-27.0.0-Release.Candidate.app/Contents/Developer/Platforms/WatchOS.platform/Developer/SDKs/WatchOS27.0.sdk/System/Library/Frameworks/UIKit.framework/Headers/UIApplication.h:374:11: note: 'UIApplicationDelegate' has been explicitly marked unavailable here
372 |
373 | API_UNAVAILABLE(watchos) NS_SWIFT_UI_ACTOR
374 | @protocol UIApplicationDelegate<NSObject>
    |           `- note: 'UIApplicationDelegate' has been explicitly marked unavailable here
375 |
376 | @optional
/Users/admin/builder/spi-builder-workspace/.dependencies/checkouts/MultiViews/Sources/MultiViews/Image/MPImage.swift:18:32: error: 'UIImageView' is unavailable in watchOS
16 | #else
17 | public typealias MPImage = UIImage
18 | public typealias MPImageView = UIImageView
   |                                `- error: 'UIImageView' is unavailable in watchOS
19 | public extension Image {
20 |     init(multiImage: UIImage) {
/Applications/Xcode-27.0.0-Release.Candidate.app/Contents/Developer/Platforms/WatchOS.platform/Developer/SDKs/WatchOS27.0.sdk/System/Library/Frameworks/UIKit.framework/Headers/UIImageView.h:21:12: note: 'UIImageView' has been explicitly marked unavailable here
 19 |
 20 | UIKIT_EXTERN API_AVAILABLE(ios(2.0)) API_UNAVAILABLE(watchos) NS_SWIFT_UI_ACTOR
 21 | @interface UIImageView : UIView
    |            `- note: 'UIImageView' has been explicitly marked unavailable here
 22 |
 23 | - (instancetype)initWithImage:(nullable UIImage *)image;
SwiftCompile normal arm64_32 (in target 'MultiViews' from project 'MultiViews')
    cd /Users/admin/builder/spi-builder-workspace/.swiftpm/xcode

SwiftCompile normal arm64_32 Compiling\ ApplicationDelegate.swift,\ Constants.swift,\ MPColor+Codable.swift,\ MPColor.swift,\ MPImage.swift,\ MPSquareImageView.swift /Users/admin/builder/spi-builder-workspace/.dependencies/checkouts/MultiViews/Sources/MultiViews/ApplicationDelegate.swift /Users/admin/builder/spi-builder-workspace/.dependencies/checkouts/MultiViews/Sources/MultiViews/Color/Constants.swift /Users/admin/builder/spi-builder-workspace/.dependencies/checkouts/MultiViews/Sources/MultiViews/Color/MPColor+Codable.swift /Users/admin/builder/spi-builder-workspace/.dependencies/checkouts/MultiViews/Sources/MultiViews/Color/MPColor.swift /Users/admin/builder/spi-builder-workspace/.dependencies/checkouts/MultiViews/Sources/MultiViews/Image/MPImage.swift /Users/admin/builder/spi-builder-workspace/.dependencies/checkouts/MultiViews/Sources/MultiViews/Image/MPSquareImageView.swift (in target 'MultiViews' from project 'MultiViews')
/Users/admin/builder/spi-builder-workspace/.dependencies/checkouts/MultiViews/Sources/MultiViews/ApplicationDelegate.swift:17:40: error: 'UIApplicationDelegate' is unavailable in watchOS
15 | public typealias ApplicationDelegate = NSApplicationDelegate
16 | #else
17 | public typealias ApplicationDelegate = UIApplicationDelegate
   |                                        `- error: 'UIApplicationDelegate' is unavailable in watchOS
18 | #endif
19 |
/Applications/Xcode-27.0.0-Release.Candidate.app/Contents/Developer/Platforms/WatchOS.platform/Developer/SDKs/WatchOS27.0.sdk/System/Library/Frameworks/UIKit.framework/Headers/UIApplication.h:374:11: note: 'UIApplicationDelegate' has been explicitly marked unavailable here
372 |
373 | API_UNAVAILABLE(watchos) NS_SWIFT_UI_ACTOR
374 | @protocol UIApplicationDelegate<NSObject>
    |           `- note: 'UIApplicationDelegate' has been explicitly marked unavailable here
375 |
376 | @optional
SwiftCompile normal arm64_32 /Users/admin/builder/spi-builder-workspace/.dependencies/checkouts/MultiViews/Sources/MultiViews/ApplicationDelegate.swift (in target 'MultiViews' from project 'MultiViews')
    cd /Users/admin/builder/spi-builder-workspace/.swiftpm/xcode
    builtin-SwiftPerFileCompile ApplicationDelegate.swift
SwiftCompile normal arm64_32 /Users/admin/builder/spi-builder-workspace/.dependencies/checkouts/MultiViews/Sources/MultiViews/Color/Constants.swift (in target 'MultiViews' from project 'MultiViews')
    cd /Users/admin/builder/spi-builder-workspace/.swiftpm/xcode
    builtin-SwiftPerFileCompile Constants.swift
SwiftCompile normal arm64_32 /Users/admin/builder/spi-builder-workspace/.dependencies/checkouts/MultiViews/Sources/MultiViews/Color/MPColor+Codable.swift (in target 'MultiViews' from project 'MultiViews')
    cd /Users/admin/builder/spi-builder-workspace/.swiftpm/xcode
    builtin-SwiftPerFileCompile MPColor+Codable.swift
SwiftCompile normal arm64_32 /Users/admin/builder/spi-builder-workspace/.dependencies/checkouts/MultiViews/Sources/MultiViews/Color/MPColor.swift (in target 'MultiViews' from project 'MultiViews')
    cd /Users/admin/builder/spi-builder-workspace/.swiftpm/xcode
    builtin-SwiftPerFileCompile MPColor.swift
SwiftCompile normal arm64_32 /Users/admin/builder/spi-builder-workspace/.dependencies/checkouts/MultiViews/Sources/MultiViews/Image/MPImage.swift (in target 'MultiViews' from project 'MultiViews')
    cd /Users/admin/builder/spi-builder-workspace/.swiftpm/xcode
    builtin-SwiftPerFileCompile MPImage.swift
SwiftCompile normal arm64_32 /Users/admin/builder/spi-builder-workspace/.dependencies/checkouts/MultiViews/Sources/MultiViews/Image/MPSquareImageView.swift (in target 'MultiViews' from project 'MultiViews')
    cd /Users/admin/builder/spi-builder-workspace/.swiftpm/xcode
    builtin-SwiftPerFileCompile MPSquareImageView.swift
SwiftEmitModule normal arm64 Emitting\ module\ for\ MultiViews (in target 'MultiViews' from project 'MultiViews')
SwiftCompile normal arm64 (in target 'MultiViews' from project 'MultiViews')
    cd /Users/admin/builder/spi-builder-workspace/.swiftpm/xcode

PruneExplicitPrecompiledModules /Users/admin/builder/spi-builder-workspace/.derivedData/Build/Intermediates.noindex/ExplicitPrecompiledModules
PruneExplicitPrecompiledModules /Users/admin/builder/spi-builder-workspace/.derivedData/SDKExplicitPrecompiledModules
PruneExplicitPrecompiledModules /Users/admin/builder/spi-builder-workspace/.derivedData/Build/Intermediates.noindex/SwiftExplicitPrecompiledModules
2026-09-30 11:08:35.816 xcodebuild[759:4482] [MT] IDERunDestination: Supported platforms for the buildables in the current scheme is empty.
** BUILD FAILED **
The following build commands failed:
	SwiftCompile normal arm64_32 Compiling\ TooltipView.swift,\ ViewControllerRepresentable.swift,\ ViewRep.swift,\ ViewRepresentable.swift,\ ViewTypes.swift /Users/admin/builder/spi-builder-workspace/.dependencies/checkouts/MultiViews/Sources/MultiViews/Views/Tooltip/TooltipView.swift /Users/admin/builder/spi-builder-workspace/.dependencies/checkouts/MultiViews/Sources/MultiViews/Views/ViewControllerRepresentable.swift /Users/admin/builder/spi-builder-workspace/.dependencies/checkouts/MultiViews/Sources/MultiViews/Views/ViewRep.swift /Users/admin/builder/spi-builder-workspace/.dependencies/checkouts/MultiViews/Sources/MultiViews/Views/ViewRepresentable.swift /Users/admin/builder/spi-builder-workspace/.dependencies/checkouts/MultiViews/Sources/MultiViews/Views/ViewTypes.swift (in target 'MultiViews' from project 'MultiViews')
	SwiftCompile normal arm64_32 /Users/admin/builder/spi-builder-workspace/.dependencies/checkouts/MultiViews/Sources/MultiViews/Views/ViewControllerRepresentable.swift (in target 'MultiViews' from project 'MultiViews')
	SwiftCompile normal arm64_32 /Users/admin/builder/spi-builder-workspace/.dependencies/checkouts/MultiViews/Sources/MultiViews/Views/ViewRep.swift (in target 'MultiViews' from project 'MultiViews')
	SwiftCompile normal arm64_32 /Users/admin/builder/spi-builder-workspace/.dependencies/checkouts/MultiViews/Sources/MultiViews/Views/ViewRepresentable.swift (in target 'MultiViews' from project 'MultiViews')
	SwiftCompile normal arm64_32 /Users/admin/builder/spi-builder-workspace/.dependencies/checkouts/MultiViews/Sources/MultiViews/Views/ViewTypes.swift (in target 'MultiViews' from project 'MultiViews')
	Building workspace Tabs with scheme Tabs
(6 failures)
Command line invocation:
    /Applications/Xcode-27.0.0-Release.Candidate.app/Contents/Developer/usr/bin/xcodebuild -IDEClonedSourcePackagesDirPathOverride=/Users/admin/builder/spi-builder-workspace/.dependencies -resolvePackageDependencies
Resolve Package Graph
Resolved source packages:
  CoreGraphicsExtensions: https://github.com/heestand-xyz/CoreGraphicsExtensions @ 2.1.0
  Tabs: /Users/admin/builder/spi-builder-workspace
  MultiViews: https://github.com/heestand-xyz/MultiViews @ 3.2.0
resolved source packages: CoreGraphicsExtensions, Tabs, MultiViews
2026-09-30 11:08:49.357 xcodebuild[1072:5646] [MT] IDERunDestination: Supported platforms for the buildables in the current scheme is empty.
{
  "dependencies" : [
    {
      "identity" : "multiviews",
      "requirement" : {
        "range" : [
          {
            "lower_bound" : "3.1.0",
            "upper_bound" : "4.0.0"
          }
        ]
      },
      "type" : "sourceControl",
      "url" : "https://github.com/heestand-xyz/MultiViews"
    }
  ],
  "manifest_display_name" : "Tabs",
  "name" : "Tabs",
  "path" : "/Users/admin/builder/spi-builder-workspace",
  "platforms" : [
    {
      "name" : "ios",
      "version" : "17.0"
    },
    {
      "name" : "macos",
      "version" : "14.0"
    }
  ],
  "products" : [
    {
      "name" : "Tabs",
      "targets" : [
        "Tabs"
      ],
      "type" : {
        "library" : [
          "automatic"
        ]
      }
    }
  ],
  "targets" : [
    {
      "c99name" : "Tabs",
      "module_type" : "SwiftTarget",
      "name" : "Tabs",
      "path" : "Sources/Tabs",
      "product_dependencies" : [
        "MultiViews"
      ],
      "product_memberships" : [
        "Tabs"
      ],
      "sources" : [
        "Engine/TabEngine.swift",
        "Engine/TabGesture.swift",
        "Engine/View+tab.swift",
        "Interaction/TabsInteraction.swift",
        "Models/TabValue.swift",
        "Style/Constants.swift",
        "Style/Tab.swift",
        "Style/TabsStyle.swift",
        "Tabs.swift"
      ],
      "type" : "library"
    }
  ],
  "tools_version" : "5.9"
}
{
  "workspace" : {
    "name" : "Tabs",
    "schemes" : [
      "Tabs"
    ]
  }
}
2026-09-30 11:08:50.647 xcodebuild[1080:5715] [MT] IDERunDestination: Supported platforms for the buildables in the current scheme is empty.
Running build ...
env DEVELOPER_DIR=/Applications/Xcode-27.0.0-Release.Candidate.app xcrun xcodebuild -IDEClonedSourcePackagesDirPathOverride=$PWD/.dependencies -skipMacroValidation -skipPackagePluginValidation -derivedDataPath $PWD/.derivedData build -scheme Tabs -destination generic/platform=watchOS
Command line invocation:
    /Applications/Xcode-27.0.0-Release.Candidate.app/Contents/Developer/usr/bin/xcodebuild -IDEClonedSourcePackagesDirPathOverride=/Users/admin/builder/spi-builder-workspace/.dependencies -skipMacroValidation -skipPackagePluginValidation -derivedDataPath /Users/admin/builder/spi-builder-workspace/.derivedData build -scheme Tabs -destination generic/platform=watchOS
Resolve Package Graph
Resolved source packages:
  CoreGraphicsExtensions: https://github.com/heestand-xyz/CoreGraphicsExtensions @ 2.1.0
  MultiViews: https://github.com/heestand-xyz/MultiViews @ 3.2.0
  Tabs: /Users/admin/builder/spi-builder-workspace
ComputePackagePrebuildTargetDependencyGraph
Prepare packages
CreateBuildRequest
SendProjectDescription
CreateBuildOperation
ComputeTargetDependencyGraph
note: Building targets in dependency order
note: Target dependency graph (6 targets)
    Target 'Tabs-product' in project 'Tabs'
        ➜ Explicit dependency on target 'Tabs' in project 'Tabs'
        ➜ Explicit dependency on target 'MultiViews-product' in project 'MultiViews'
    Target 'Tabs' in project 'Tabs'
        ➜ Explicit dependency on target 'MultiViews-product' in project 'MultiViews'
    Target 'MultiViews-product' in project 'MultiViews'
        ➜ Explicit dependency on target 'MultiViews' in project 'MultiViews'
        ➜ Explicit dependency on target 'CoreGraphicsExtensions-product' in project 'CoreGraphicsExtensions'
    Target 'MultiViews' in project 'MultiViews'
        ➜ Explicit dependency on target 'CoreGraphicsExtensions-product' in project 'CoreGraphicsExtensions'
    Target 'CoreGraphicsExtensions-product' in project 'CoreGraphicsExtensions'
        ➜ Explicit dependency on target 'CoreGraphicsExtensions' in project 'CoreGraphicsExtensions'
    Target 'CoreGraphicsExtensions' in project 'CoreGraphicsExtensions' (no dependencies)
GatherProvisioningInputs
CreateBuildDescription
ClangStatCache /Applications/Xcode-27.0.0-Release.Candidate.app/Contents/Developer/Toolchains/XcodeDefault.xctoolchain/usr/bin/clang-stat-cache /Applications/Xcode-27.0.0-Release.Candidate.app/Contents/Developer/Platforms/WatchOS.platform/Developer/SDKs/WatchOS27.0.sdk /Users/admin/builder/spi-builder-workspace/.derivedData/SDKStatCaches.noindex/watchos27.0-24R360-e829b21a6f8c9b70876ba0858053c04477534ef55a1706bf4c1112bbb242f0a2.sdkstatcache
    cd /Users/admin/builder/spi-builder-workspace/.swiftpm/xcode
    /Applications/Xcode-27.0.0-Release.Candidate.app/Contents/Developer/Toolchains/XcodeDefault.xctoolchain/usr/bin/clang-stat-cache /Applications/Xcode-27.0.0-Release.Candidate.app/Contents/Developer/Platforms/WatchOS.platform/Developer/SDKs/WatchOS27.0.sdk -o /Users/admin/builder/spi-builder-workspace/.derivedData/SDKStatCaches.noindex/watchos27.0-24R360-e829b21a6f8c9b70876ba0858053c04477534ef55a1706bf4c1112bbb242f0a2.sdkstatcache
SwiftDriver MultiViews normal arm64 com.apple.xcode.tools.swift.compiler (in target 'MultiViews' from project 'MultiViews')
    cd /Users/admin/builder/spi-builder-workspace/.swiftpm/xcode
    builtin-SwiftDriver -- /Applications/Xcode-27.0.0-Release.Candidate.app/Contents/Developer/Toolchains/XcodeDefault.xctoolchain/usr/bin/swiftc -parse-as-library -module-name MultiViews -Onone @/Users/admin/builder/spi-builder-workspace/.derivedData/Build/Intermediates.noindex/MultiViews.build/Debug-watchos/MultiViews-t.build/Objects-normal/arm64/MultiViews.SwiftFileList -DSWIFT_PACKAGE -DDEBUG -DSWIFT_MODULE_RESOURCE_BUNDLE_UNAVAILABLE -DXcode -plugin-path /Applications/Xcode-27.0.0-Release.Candidate.app/Contents/Developer/Toolchains/XcodeDefault.xctoolchain/usr/lib/swift/host/plugins/testing -enable-experimental-feature DebugDescriptionMacro -sdk /Applications/Xcode-27.0.0-Release.Candidate.app/Contents/Developer/Platforms/WatchOS.platform/Developer/SDKs/WatchOS27.0.sdk -target arm64-apple-watchos10.0 -g -module-cache-path /Users/admin/builder/spi-builder-workspace/.derivedData/ModuleCache.noindex -Xfrontend -serialize-debugging-options -enable-testing -suppress-warnings -index-store-path /Users/admin/builder/spi-builder-workspace/.derivedData/Index.noindex/DataStore -Xcc -D_LIBCPP_HARDENING_MODE\=_LIBCPP_HARDENING_MODE_DEBUG -swift-version 5 -I /Users/admin/builder/spi-builder-workspace/.derivedData/Build/Products/Debug-watchos -Isystem /Applications/Xcode-27.0.0-Release.Candidate.app/Contents/Developer/Platforms/WatchOS.platform/Developer/usr/lib -F /Users/admin/builder/spi-builder-workspace/.derivedData/Build/Products/Debug-watchos/PackageFrameworks -F /Users/admin/builder/spi-builder-workspace/.derivedData/Build/Products/Debug-watchos -F /Applications/Xcode-27.0.0-Release.Candidate.app/Contents/Developer/Platforms/WatchOS.platform/Developer/Library/Frameworks -F /Applications/Xcode-27.0.0-Release.Candidate.app/Contents/Developer/Platforms/WatchOS.platform/Developer/SDKs/WatchOS27.0.sdk/Developer/Library/Frameworks -c -j10 -enable-batch-mode -incremental -Xcc -ivfsstatcache -Xcc /Users/admin/builder/spi-builder-workspace/.derivedData/SDKStatCaches.noindex/watchos27.0-24R360-e829b21a6f8c9b70876ba0858053c04477534ef55a1706bf4c1112bbb242f0a2.sdkstatcache -output-file-map /Users/admin/builder/spi-builder-workspace/.derivedData/Build/Intermediates.noindex/MultiViews.build/Debug-watchos/MultiViews-t.build/Objects-normal/arm64/MultiViews-OutputFileMap.json -save-temps -no-color-diagnostics -explicit-module-build -module-cache-path /Users/admin/builder/spi-builder-workspace/.derivedData/Build/Intermediates.noindex/SwiftExplicitPrecompiledModules -clang-scanner-module-cache-path /Users/admin/builder/spi-builder-workspace/.derivedData/ModuleCache.noindex -sdk-module-cache-path /Users/admin/builder/spi-builder-workspace/.derivedData/SDKExplicitPrecompiledModules -emit-dependencies -emit-module -emit-module-path /Users/admin/builder/spi-builder-workspace/.derivedData/Build/Intermediates.noindex/MultiViews.build/Debug-watchos/MultiViews-t.build/Objects-normal/arm64/MultiViews.swiftmodule -serialize-diagnostics -dependency-scan-serialize-diagnostics-path /Users/admin/builder/spi-builder-workspace/.derivedData/Build/Intermediates.noindex/MultiViews.build/Debug-watchos/MultiViews-t.build/Objects-normal/arm64/MultiViews-dependency-scan.dia -validate-clang-modules-once -clang-build-session-file /Users/admin/builder/spi-builder-workspace/.derivedData/ModuleCache.noindex/Session.modulevalidation -Xcc -fmodules-prune-interval\=86400 -Xcc -fmodules-prune-after\=345600 -package-name multiviews -emit-const-values -const-gather-protocols-list /Users/admin/builder/spi-builder-workspace/.derivedData/Build/Intermediates.noindex/MultiViews.build/Debug-watchos/MultiViews-t.build/Objects-normal/arm64/MultiViews_const_extract_protocols.json -Xcc -I/Users/admin/builder/spi-builder-workspace/.derivedData/Build/Products/Debug-watchos/include -Xcc -I/Users/admin/builder/spi-builder-workspace/.derivedData/Build/Intermediates.noindex/MultiViews.build/Debug-watchos/MultiViews-t.build/DerivedSources-normal/arm64 -Xcc -I/Users/admin/builder/spi-builder-workspace/.derivedData/Build/Intermediates.noindex/MultiViews.build/Debug-watchos/MultiViews-t.build/DerivedSources/arm64 -Xcc -I/Users/admin/builder/spi-builder-workspace/.derivedData/Build/Intermediates.noindex/MultiViews.build/Debug-watchos/MultiViews-t.build/DerivedSources -Xcc -DSWIFT_PACKAGE -Xcc -DDEBUG\=1 -emit-objc-header -emit-objc-header-path /Users/admin/builder/spi-builder-workspace/.derivedData/Build/Intermediates.noindex/MultiViews.build/Debug-watchos/MultiViews-t.build/Objects-normal/arm64/MultiViews-Swift.h -working-directory /Users/admin/builder/spi-builder-workspace/.swiftpm/xcode -experimental-emit-module-separately -disable-cmo
SwiftDriver MultiViews normal arm64_32 com.apple.xcode.tools.swift.compiler (in target 'MultiViews' from project 'MultiViews')
    cd /Users/admin/builder/spi-builder-workspace/.swiftpm/xcode
    builtin-SwiftDriver -- /Applications/Xcode-27.0.0-Release.Candidate.app/Contents/Developer/Toolchains/XcodeDefault.xctoolchain/usr/bin/swiftc -parse-as-library -module-name MultiViews -Onone @/Users/admin/builder/spi-builder-workspace/.derivedData/Build/Intermediates.noindex/MultiViews.build/Debug-watchos/MultiViews-t.build/Objects-normal/arm64_32/MultiViews.SwiftFileList -DSWIFT_PACKAGE -DDEBUG -DSWIFT_MODULE_RESOURCE_BUNDLE_UNAVAILABLE -DXcode -plugin-path /Applications/Xcode-27.0.0-Release.Candidate.app/Contents/Developer/Toolchains/XcodeDefault.xctoolchain/usr/lib/swift/host/plugins/testing -enable-experimental-feature DebugDescriptionMacro -sdk /Applications/Xcode-27.0.0-Release.Candidate.app/Contents/Developer/Platforms/WatchOS.platform/Developer/SDKs/WatchOS27.0.sdk -target arm64_32-apple-watchos10.0 -g -module-cache-path /Users/admin/builder/spi-builder-workspace/.derivedData/ModuleCache.noindex -Xfrontend -serialize-debugging-options -enable-testing -suppress-warnings -index-store-path /Users/admin/builder/spi-builder-workspace/.derivedData/Index.noindex/DataStore -Xcc -D_LIBCPP_HARDENING_MODE\=_LIBCPP_HARDENING_MODE_DEBUG -swift-version 5 -I /Users/admin/builder/spi-builder-workspace/.derivedData/Build/Products/Debug-watchos -Isystem /Applications/Xcode-27.0.0-Release.Candidate.app/Contents/Developer/Platforms/WatchOS.platform/Developer/usr/lib -F /Users/admin/builder/spi-builder-workspace/.derivedData/Build/Products/Debug-watchos/PackageFrameworks -F /Users/admin/builder/spi-builder-workspace/.derivedData/Build/Products/Debug-watchos -F /Applications/Xcode-27.0.0-Release.Candidate.app/Contents/Developer/Platforms/WatchOS.platform/Developer/Library/Frameworks -F /Applications/Xcode-27.0.0-Release.Candidate.app/Contents/Developer/Platforms/WatchOS.platform/Developer/SDKs/WatchOS27.0.sdk/Developer/Library/Frameworks -c -j10 -enable-batch-mode -incremental -Xcc -ivfsstatcache -Xcc /Users/admin/builder/spi-builder-workspace/.derivedData/SDKStatCaches.noindex/watchos27.0-24R360-e829b21a6f8c9b70876ba0858053c04477534ef55a1706bf4c1112bbb242f0a2.sdkstatcache -output-file-map /Users/admin/builder/spi-builder-workspace/.derivedData/Build/Intermediates.noindex/MultiViews.build/Debug-watchos/MultiViews-t.build/Objects-normal/arm64_32/MultiViews-OutputFileMap.json -save-temps -no-color-diagnostics -explicit-module-build -module-cache-path /Users/admin/builder/spi-builder-workspace/.derivedData/Build/Intermediates.noindex/SwiftExplicitPrecompiledModules -clang-scanner-module-cache-path /Users/admin/builder/spi-builder-workspace/.derivedData/ModuleCache.noindex -sdk-module-cache-path /Users/admin/builder/spi-builder-workspace/.derivedData/SDKExplicitPrecompiledModules -emit-dependencies -emit-module -emit-module-path /Users/admin/builder/spi-builder-workspace/.derivedData/Build/Intermediates.noindex/MultiViews.build/Debug-watchos/MultiViews-t.build/Objects-normal/arm64_32/MultiViews.swiftmodule -serialize-diagnostics -dependency-scan-serialize-diagnostics-path /Users/admin/builder/spi-builder-workspace/.derivedData/Build/Intermediates.noindex/MultiViews.build/Debug-watchos/MultiViews-t.build/Objects-normal/arm64_32/MultiViews-dependency-scan.dia -validate-clang-modules-once -clang-build-session-file /Users/admin/builder/spi-builder-workspace/.derivedData/ModuleCache.noindex/Session.modulevalidation -Xcc -fmodules-prune-interval\=86400 -Xcc -fmodules-prune-after\=345600 -package-name multiviews -emit-const-values -const-gather-protocols-list /Users/admin/builder/spi-builder-workspace/.derivedData/Build/Intermediates.noindex/MultiViews.build/Debug-watchos/MultiViews-t.build/Objects-normal/arm64_32/MultiViews_const_extract_protocols.json -Xcc -I/Users/admin/builder/spi-builder-workspace/.derivedData/Build/Products/Debug-watchos/include -Xcc -I/Users/admin/builder/spi-builder-workspace/.derivedData/Build/Intermediates.noindex/MultiViews.build/Debug-watchos/MultiViews-t.build/DerivedSources-normal/arm64_32 -Xcc -I/Users/admin/builder/spi-builder-workspace/.derivedData/Build/Intermediates.noindex/MultiViews.build/Debug-watchos/MultiViews-t.build/DerivedSources/arm64_32 -Xcc -I/Users/admin/builder/spi-builder-workspace/.derivedData/Build/Intermediates.noindex/MultiViews.build/Debug-watchos/MultiViews-t.build/DerivedSources -Xcc -DSWIFT_PACKAGE -Xcc -DDEBUG\=1 -emit-objc-header -emit-objc-header-path /Users/admin/builder/spi-builder-workspace/.derivedData/Build/Intermediates.noindex/MultiViews.build/Debug-watchos/MultiViews-t.build/Objects-normal/arm64_32/MultiViews-Swift.h -working-directory /Users/admin/builder/spi-builder-workspace/.swiftpm/xcode -experimental-emit-module-separately -disable-cmo
SwiftEmitModule normal arm64 Emitting\ module\ for\ MultiViews (in target 'MultiViews' from project 'MultiViews')
SwiftCompile normal arm64 (in target 'MultiViews' from project 'MultiViews')
    cd /Users/admin/builder/spi-builder-workspace/.swiftpm/xcode

/Users/admin/builder/spi-builder-workspace/.dependencies/checkouts/MultiViews/Sources/MultiViews/ApplicationDelegate.swift:17:40: error: 'UIApplicationDelegate' is unavailable in watchOS
15 | public typealias ApplicationDelegate = NSApplicationDelegate
16 | #else
17 | public typealias ApplicationDelegate = UIApplicationDelegate
   |                                        `- error: 'UIApplicationDelegate' is unavailable in watchOS
18 | #endif
19 |
/Applications/Xcode-27.0.0-Release.Candidate.app/Contents/Developer/Platforms/WatchOS.platform/Developer/SDKs/WatchOS27.0.sdk/System/Library/Frameworks/UIKit.framework/Headers/UIApplication.h:374:11: note: 'UIApplicationDelegate' has been explicitly marked unavailable here
372 |
373 | API_UNAVAILABLE(watchos) NS_SWIFT_UI_ACTOR
374 | @protocol UIApplicationDelegate<NSObject>
    |           `- note: 'UIApplicationDelegate' has been explicitly marked unavailable here
375 |
376 | @optional
/Users/admin/builder/spi-builder-workspace/.dependencies/checkouts/MultiViews/Sources/MultiViews/Image/MPImage.swift:18:32: error: 'UIImageView' is unavailable in watchOS
16 | #else
17 | public typealias MPImage = UIImage
18 | public typealias MPImageView = UIImageView
   |                                `- error: 'UIImageView' is unavailable in watchOS
19 | public extension Image {
20 |     init(multiImage: UIImage) {
/Applications/Xcode-27.0.0-Release.Candidate.app/Contents/Developer/Platforms/WatchOS.platform/Developer/SDKs/WatchOS27.0.sdk/System/Library/Frameworks/UIKit.framework/Headers/UIImageView.h:21:12: note: 'UIImageView' has been explicitly marked unavailable here
 19 |
 20 | UIKIT_EXTERN API_AVAILABLE(ios(2.0)) API_UNAVAILABLE(watchos) NS_SWIFT_UI_ACTOR
 21 | @interface UIImageView : UIView
    |            `- note: 'UIImageView' has been explicitly marked unavailable here
 22 |
 23 | - (instancetype)initWithImage:(nullable UIImage *)image;
SwiftCompile normal arm64_32 Compiling\ Previews.swift,\ AsyncButton.swift,\ GlassButton.swift,\ GlassMenu.swift,\ GlassPicker.swift,\ GlassShape.swift /Users/admin/builder/spi-builder-workspace/.dependencies/checkouts/MultiViews/Sources/MultiViews/Util/Previews.swift /Users/admin/builder/spi-builder-workspace/.dependencies/checkouts/MultiViews/Sources/MultiViews/Views/Buttons/AsyncButton.swift /Users/admin/builder/spi-builder-workspace/.dependencies/checkouts/MultiViews/Sources/MultiViews/Views/Buttons/Glass/GlassButton.swift /Users/admin/builder/spi-builder-workspace/.dependencies/checkouts/MultiViews/Sources/MultiViews/Views/Buttons/Glass/GlassMenu.swift /Users/admin/builder/spi-builder-workspace/.dependencies/checkouts/MultiViews/Sources/MultiViews/Views/Buttons/Glass/GlassPicker.swift /Users/admin/builder/spi-builder-workspace/.dependencies/checkouts/MultiViews/Sources/MultiViews/Views/Buttons/Glass/GlassShape.swift (in target 'MultiViews' from project 'MultiViews')
SwiftCompile normal arm64_32 /Users/admin/builder/spi-builder-workspace/.dependencies/checkouts/MultiViews/Sources/MultiViews/Util/Previews.swift (in target 'MultiViews' from project 'MultiViews')
    cd /Users/admin/builder/spi-builder-workspace/.swiftpm/xcode
    builtin-SwiftPerFileCompile Previews.swift
SwiftCompile normal arm64_32 /Users/admin/builder/spi-builder-workspace/.dependencies/checkouts/MultiViews/Sources/MultiViews/Views/Buttons/AsyncButton.swift (in target 'MultiViews' from project 'MultiViews')
    cd /Users/admin/builder/spi-builder-workspace/.swiftpm/xcode
    builtin-SwiftPerFileCompile AsyncButton.swift
SwiftCompile normal arm64_32 /Users/admin/builder/spi-builder-workspace/.dependencies/checkouts/MultiViews/Sources/MultiViews/Views/Buttons/Glass/GlassButton.swift (in target 'MultiViews' from project 'MultiViews')
    cd /Users/admin/builder/spi-builder-workspace/.swiftpm/xcode
    builtin-SwiftPerFileCompile GlassButton.swift
SwiftCompile normal arm64_32 /Users/admin/builder/spi-builder-workspace/.dependencies/checkouts/MultiViews/Sources/MultiViews/Views/Buttons/Glass/GlassMenu.swift (in target 'MultiViews' from project 'MultiViews')
    cd /Users/admin/builder/spi-builder-workspace/.swiftpm/xcode
    builtin-SwiftPerFileCompile GlassMenu.swift
SwiftCompile normal arm64_32 /Users/admin/builder/spi-builder-workspace/.dependencies/checkouts/MultiViews/Sources/MultiViews/Views/Buttons/Glass/GlassPicker.swift (in target 'MultiViews' from project 'MultiViews')
    cd /Users/admin/builder/spi-builder-workspace/.swiftpm/xcode
    builtin-SwiftPerFileCompile GlassPicker.swift
SwiftCompile normal arm64_32 /Users/admin/builder/spi-builder-workspace/.dependencies/checkouts/MultiViews/Sources/MultiViews/Views/Buttons/Glass/GlassShape.swift (in target 'MultiViews' from project 'MultiViews')
    cd /Users/admin/builder/spi-builder-workspace/.swiftpm/xcode
    builtin-SwiftPerFileCompile GlassShape.swift
SwiftEmitModule normal arm64_32 Emitting\ module\ for\ MultiViews (in target 'MultiViews' from project 'MultiViews')
/Users/admin/builder/spi-builder-workspace/.dependencies/checkouts/MultiViews/Sources/MultiViews/ApplicationDelegate.swift:17:40: error: 'UIApplicationDelegate' is unavailable in watchOS
15 | public typealias ApplicationDelegate = NSApplicationDelegate
16 | #else
17 | public typealias ApplicationDelegate = UIApplicationDelegate
   |                                        `- error: 'UIApplicationDelegate' is unavailable in watchOS
18 | #endif
19 |
/Applications/Xcode-27.0.0-Release.Candidate.app/Contents/Developer/Platforms/WatchOS.platform/Developer/SDKs/WatchOS27.0.sdk/System/Library/Frameworks/UIKit.framework/Headers/UIApplication.h:374:11: note: 'UIApplicationDelegate' has been explicitly marked unavailable here
372 |
373 | API_UNAVAILABLE(watchos) NS_SWIFT_UI_ACTOR
374 | @protocol UIApplicationDelegate<NSObject>
    |           `- note: 'UIApplicationDelegate' has been explicitly marked unavailable here
375 |
376 | @optional
/Users/admin/builder/spi-builder-workspace/.dependencies/checkouts/MultiViews/Sources/MultiViews/Image/MPImage.swift:18:32: error: 'UIImageView' is unavailable in watchOS
16 | #else
17 | public typealias MPImage = UIImage
18 | public typealias MPImageView = UIImageView
   |                                `- error: 'UIImageView' is unavailable in watchOS
19 | public extension Image {
20 |     init(multiImage: UIImage) {
/Applications/Xcode-27.0.0-Release.Candidate.app/Contents/Developer/Platforms/WatchOS.platform/Developer/SDKs/WatchOS27.0.sdk/System/Library/Frameworks/UIKit.framework/Headers/UIImageView.h:21:12: note: 'UIImageView' has been explicitly marked unavailable here
 19 |
 20 | UIKIT_EXTERN API_AVAILABLE(ios(2.0)) API_UNAVAILABLE(watchos) NS_SWIFT_UI_ACTOR
 21 | @interface UIImageView : UIView
    |            `- note: 'UIImageView' has been explicitly marked unavailable here
 22 |
 23 | - (instancetype)initWithImage:(nullable UIImage *)image;
SwiftCompile normal arm64_32 (in target 'MultiViews' from project 'MultiViews')
    cd /Users/admin/builder/spi-builder-workspace/.swiftpm/xcode

SwiftCompile normal arm64_32 Compiling\ Checker.swift,\ MVBlurView.swift,\ AxisPanGestureRecognizer.swift,\ AxisPanGestureView.swift,\ Drag.swift,\ Hover.swift /Users/admin/builder/spi-builder-workspace/.dependencies/checkouts/MultiViews/Sources/MultiViews/Views/Content/Checker.swift /Users/admin/builder/spi-builder-workspace/.dependencies/checkouts/MultiViews/Sources/MultiViews/Views/Content/MVBlurView.swift /Users/admin/builder/spi-builder-workspace/.dependencies/checkouts/MultiViews/Sources/MultiViews/Views/Gestures/AxisPanGestureRecognizer.swift /Users/admin/builder/spi-builder-workspace/.dependencies/checkouts/MultiViews/Sources/MultiViews/Views/Gestures/AxisPanGestureView.swift /Users/admin/builder/spi-builder-workspace/.dependencies/checkouts/MultiViews/Sources/MultiViews/Views/Gestures/Drag.swift /Users/admin/builder/spi-builder-workspace/.dependencies/checkouts/MultiViews/Sources/MultiViews/Views/Gestures/Hover.swift (in target 'MultiViews' from project 'MultiViews')
/Users/admin/builder/spi-builder-workspace/.dependencies/checkouts/MultiViews/Sources/MultiViews/Views/Content/Checker.swift:22:35: error: cannot find type 'Context' in scope
 20 |     }
 21 |
 22 |     public func makeView(context: Context) -> CheckerView {
    |                                   `- error: cannot find type 'Context' in scope
 23 |         CheckerView(frame: .zero, scale: scale)
 24 |     }
/Users/admin/builder/spi-builder-workspace/.dependencies/checkouts/MultiViews/Sources/MultiViews/Views/Content/Checker.swift:26:58: error: cannot find type 'Context' in scope
 24 |     }
 25 |
 26 |     public func updateView(_ view: CheckerView, context: Context) {
    |                                                          `- error: cannot find type 'Context' in scope
 27 |         view.scale = scale
 28 |     }
/Users/admin/builder/spi-builder-workspace/.dependencies/checkouts/MultiViews/Sources/MultiViews/Views/ViewTypes.swift:16:40: error: cannot find type 'UIViewRepresentable' in scope
14 | public typealias MPViewController = UIViewController
15 | public typealias MPHostingController = UIHostingController
16 | public typealias MPViewRepresentable = UIViewRepresentable
   |                                        `- error: cannot find type 'UIViewRepresentable' in scope
17 | public typealias MPViewControllerRepresentable = UIViewControllerRepresentable
18 | #endif
/Users/admin/builder/spi-builder-workspace/.dependencies/checkouts/MultiViews/Sources/MultiViews/Views/ViewRepresentable.swift:11:33: error: 'Context' is not a member type of type 'Self'
 9 | public protocol ViewRepresentable: MPViewRepresentable {
10 |     associatedtype V: MPView
11 |     func makeView(context: Self.Context) -> V
   |                                 `- error: 'Context' is not a member type of type 'Self'
12 |     func updateView(_ view: V, context: Self.Context)
13 | }
/Users/admin/builder/spi-builder-workspace/.dependencies/checkouts/MultiViews/Sources/MultiViews/Views/ViewRepresentable.swift:12:46: error: 'Context' is not a member type of type 'Self'
10 |     associatedtype V: MPView
11 |     func makeView(context: Self.Context) -> V
12 |     func updateView(_ view: V, context: Self.Context)
   |                                              `- error: 'Context' is not a member type of type 'Self'
13 | }
14 |
/Users/admin/builder/spi-builder-workspace/.dependencies/checkouts/MultiViews/Sources/MultiViews/Views/Content/Checker.swift:14:15: error: type 'Checker' does not conform to protocol 'ViewRepresentable'
 12 | #endif
 13 |
 14 | public struct Checker: ViewRepresentable {
    |               |- error: type 'Checker' does not conform to protocol 'ViewRepresentable'
    |               `- note: add stubs for conformance
 15 |
 16 |     let scale: CGFloat
/Users/admin/builder/spi-builder-workspace/.dependencies/checkouts/MultiViews/Sources/MultiViews/Views/ViewRepresentable.swift:10:20: note: protocol requires nested type 'V'
 8 | @MainActor
 9 | public protocol ViewRepresentable: MPViewRepresentable {
10 |     associatedtype V: MPView
   |                    `- note: protocol requires nested type 'V'
11 |     func makeView(context: Self.Context) -> V
12 |     func updateView(_ view: V, context: Self.Context)
/Users/admin/builder/spi-builder-workspace/.dependencies/checkouts/MultiViews/Sources/MultiViews/Views/Content/MVBlurView.swift:15:32: error: 'UIVisualEffectView' is unavailable in watchOS
13 | typealias MPVisualEffectView = NSVisualEffectView
14 | #else
15 | typealias MPVisualEffectView = UIVisualEffectView
   |                                `- error: 'UIVisualEffectView' is unavailable in watchOS
16 | #endif
17 |
/Applications/Xcode-27.0.0-Release.Candidate.app/Contents/Developer/Platforms/WatchOS.platform/Developer/SDKs/WatchOS27.0.sdk/System/Library/Frameworks/UIKit.framework/Headers/UIVisualEffectView.h:28:12: note: 'UIVisualEffectView' has been explicitly marked unavailable here
26 |
27 | UIKIT_EXTERN API_AVAILABLE(ios(8.0)) API_UNAVAILABLE(watchos) NS_SWIFT_UI_ACTOR
28 | @interface UIVisualEffectView : UIView <NSSecureCoding>
   |            `- note: 'UIVisualEffectView' has been explicitly marked unavailable here
29 |
30 | @property (nonatomic, strong, readonly) UIView *contentView; // Do not add subviews directly to UIVisualEffectView, use this view instead.
/Users/admin/builder/spi-builder-workspace/.dependencies/checkouts/MultiViews/Sources/MultiViews/Views/Content/MVBlurView.swift:25:23: error: 'UIBlurEffect' is unavailable in watchOS
23 |
24 |     #if !os(macOS)
25 |     public var style: UIBlurEffect.Style { colorScheme == .light ? .light : .dark }
   |                       `- error: 'UIBlurEffect' is unavailable in watchOS
26 |     public var effect: UIVisualEffect { UIBlurEffect(style: style) }
27 |     #endif
/Applications/Xcode-27.0.0-Release.Candidate.app/Contents/Developer/Platforms/WatchOS.platform/Developer/SDKs/WatchOS27.0.sdk/System/Library/Frameworks/UIKit.framework/Headers/UIBlurEffect.h:61:12: note: 'UIBlurEffect' has been explicitly marked unavailable here
59 | /* UIBlurEffect will provide a blur that appears to have been applied to the content layered behind the UIVisualEffectView. Views added to the contentView of a blur visual effect are not blurred themselves. */
60 | UIKIT_EXTERN API_AVAILABLE(ios(8.0)) API_UNAVAILABLE(watchos) NS_SWIFT_UI_ACTOR
61 | @interface UIBlurEffect : UIVisualEffect
   |            `- note: 'UIBlurEffect' has been explicitly marked unavailable here
62 |
63 | + (UIBlurEffect *)effectWithStyle:(UIBlurEffectStyle)style;
/Users/admin/builder/spi-builder-workspace/.dependencies/checkouts/MultiViews/Sources/MultiViews/Views/Content/MVBlurView.swift:26:24: error: 'UIVisualEffect' is unavailable in watchOS
24 |     #if !os(macOS)
25 |     public var style: UIBlurEffect.Style { colorScheme == .light ? .light : .dark }
26 |     public var effect: UIVisualEffect { UIBlurEffect(style: style) }
   |                        `- error: 'UIVisualEffect' is unavailable in watchOS
27 |     #endif
28 |
/Applications/Xcode-27.0.0-Release.Candidate.app/Contents/Developer/Platforms/WatchOS.platform/Developer/SDKs/WatchOS27.0.sdk/System/Library/Frameworks/UIKit.framework/Headers/UIVisualEffect.h:15:12: note: 'UIVisualEffect' has been explicitly marked unavailable here
13 |
14 | UIKIT_EXTERN API_AVAILABLE(ios(8.0)) API_UNAVAILABLE(watchos) NS_SWIFT_UI_ACTOR
15 | @interface UIVisualEffect : NSObject <NSCopying, NSSecureCoding>
   |            `- note: 'UIVisualEffect' has been explicitly marked unavailable here
16 |
17 | @end
/Users/admin/builder/spi-builder-workspace/.dependencies/checkouts/MultiViews/Sources/MultiViews/Views/Content/MVBlurView.swift:29:40: error: 'Context' is not a member type of struct 'MultiViews.MVBlurView'
16 | #endif
17 |
18 | public struct MVBlurView: ViewRepresentable {
   |               `- note: 'MVBlurView' declared here
19 |
20 |     @Environment(\.colorScheme) var colorScheme
   :
27 |     #endif
28 |
29 |     public func makeView(context: Self.Context) -> MPView {
   |                                        `- error: 'Context' is not a member type of struct 'MultiViews.MVBlurView'
30 |         #if os(macOS)
31 |         return MPVisualEffectView()
/Users/admin/builder/spi-builder-workspace/.dependencies/checkouts/MultiViews/Sources/MultiViews/Views/Content/MVBlurView.swift:37:58: error: 'Context' is not a member type of struct 'MultiViews.MVBlurView'
16 | #endif
17 |
18 | public struct MVBlurView: ViewRepresentable {
   |               `- note: 'MVBlurView' declared here
19 |
20 |     @Environment(\.colorScheme) var colorScheme
   :
35 |     }
36 |
37 |     public func updateView(_ view: MPView, context: Self.Context) {
   |                                                          `- error: 'Context' is not a member type of struct 'MultiViews.MVBlurView'
38 |         #if !os(macOS)
39 |         (view as! MPVisualEffectView).effect = effect
/Users/admin/builder/spi-builder-workspace/.dependencies/checkouts/MultiViews/Sources/MultiViews/Views/Content/MVBlurView.swift:18:15: error: type 'MVBlurView' does not conform to protocol 'ViewRepresentable'
16 | #endif
17 |
18 | public struct MVBlurView: ViewRepresentable {
   |               |- error: type 'MVBlurView' does not conform to protocol 'ViewRepresentable'
   |               `- note: add stubs for conformance
19 |
20 |     @Environment(\.colorScheme) var colorScheme
/Users/admin/builder/spi-builder-workspace/.dependencies/checkouts/MultiViews/Sources/MultiViews/Views/ViewRepresentable.swift:10:20: note: protocol requires nested type 'V'
 8 | @MainActor
 9 | public protocol ViewRepresentable: MPViewRepresentable {
10 |     associatedtype V: MPView
   |                    `- note: protocol requires nested type 'V'
11 |     func makeView(context: Self.Context) -> V
12 |     func updateView(_ view: V, context: Self.Context)
/Users/admin/builder/spi-builder-workspace/.dependencies/checkouts/MultiViews/Sources/MultiViews/Views/Content/MVBlurView.swift:26:41: error: 'UIBlurEffect' is unavailable in watchOS
24 |     #if !os(macOS)
25 |     public var style: UIBlurEffect.Style { colorScheme == .light ? .light : .dark }
26 |     public var effect: UIVisualEffect { UIBlurEffect(style: style) }
   |                                         `- error: 'UIBlurEffect' is unavailable in watchOS
27 |     #endif
28 |
/Applications/Xcode-27.0.0-Release.Candidate.app/Contents/Developer/Platforms/WatchOS.platform/Developer/SDKs/WatchOS27.0.sdk/System/Library/Frameworks/UIKit.framework/Headers/UIBlurEffect.h:61:12: note: 'UIBlurEffect' has been explicitly marked unavailable here
59 | /* UIBlurEffect will provide a blur that appears to have been applied to the content layered behind the UIVisualEffectView. Views added to the contentView of a blur visual effect are not blurred themselves. */
60 | UIKIT_EXTERN API_AVAILABLE(ios(8.0)) API_UNAVAILABLE(watchos) NS_SWIFT_UI_ACTOR
61 | @interface UIBlurEffect : UIVisualEffect
   |            `- note: 'UIBlurEffect' has been explicitly marked unavailable here
62 |
63 | + (UIBlurEffect *)effectWithStyle:(UIBlurEffectStyle)style;
/Users/admin/builder/spi-builder-workspace/.dependencies/checkouts/MultiViews/Sources/MultiViews/Views/Gestures/AxisPanGestureRecognizer.swift:18:54: error: 'UITouch' is unavailable in watchOS
16 |     }
17 |
18 |     public override func touchesMoved(_ touches: Set<UITouch>, with event: UIEvent) {
   |                                                      `- error: 'UITouch' is unavailable in watchOS
19 |         let velocity: CGPoint = velocity(in: view)
20 |
/Applications/Xcode-27.0.0-Release.Candidate.app/Contents/Developer/Platforms/WatchOS.platform/Developer/SDKs/WatchOS27.0.sdk/System/Library/Frameworks/UIKit.framework/Headers/UITouch.h:51:12: note: 'UITouch' has been explicitly marked unavailable here
 49 |
 50 | UIKIT_EXTERN API_AVAILABLE(ios(2.0)) API_UNAVAILABLE(watchos) NS_SWIFT_UI_ACTOR
 51 | @interface UITouch : NSObject
    |            `- note: 'UITouch' has been explicitly marked unavailable here
 52 |
 53 | @property(nonatomic,readonly) NSTimeInterval      timestamp;
/Users/admin/builder/spi-builder-workspace/.dependencies/checkouts/MultiViews/Sources/MultiViews/Views/Gestures/AxisPanGestureRecognizer.swift:18:76: error: 'UIEvent' is unavailable in watchOS
16 |     }
17 |
18 |     public override func touchesMoved(_ touches: Set<UITouch>, with event: UIEvent) {
   |                                                                            `- error: 'UIEvent' is unavailable in watchOS
19 |         let velocity: CGPoint = velocity(in: view)
20 |
/Applications/Xcode-27.0.0-Release.Candidate.app/Contents/Developer/Platforms/WatchOS.platform/Developer/SDKs/WatchOS27.0.sdk/System/Library/Frameworks/UIKit.framework/Headers/UIEvent.h:62:12: note: 'UIEvent' has been explicitly marked unavailable here
60 |
61 | UIKIT_EXTERN API_AVAILABLE(ios(2.0)) API_UNAVAILABLE(watchos) NS_SWIFT_UI_ACTOR
62 | @interface UIEvent : NSObject
   |            `- note: 'UIEvent' has been explicitly marked unavailable here
63 |
64 | @property(nonatomic,readonly) UIEventType     type API_AVAILABLE(ios(3.0));
/Users/admin/builder/spi-builder-workspace/.dependencies/checkouts/MultiViews/Sources/MultiViews/Views/Gestures/AxisPanGestureRecognizer.swift:4:46: error: 'UIPanGestureRecognizer' is unavailable in watchOS
 2 | import UIKit
 3 |
 4 | public final class AxisPanGestureRecognizer: UIPanGestureRecognizer {
   |                                              `- error: 'UIPanGestureRecognizer' is unavailable in watchOS
 5 |
 6 |     public enum Axis {
/Applications/Xcode-27.0.0-Release.Candidate.app/Contents/Developer/Platforms/WatchOS.platform/Developer/SDKs/WatchOS27.0.sdk/System/Library/Frameworks/UIKit.framework/Headers/UIPanGestureRecognizer.h:31:12: note: 'UIPanGestureRecognizer' has been explicitly marked unavailable here
29 |
30 | UIKIT_EXTERN API_AVAILABLE(ios(3.2)) API_UNAVAILABLE(watchos) NS_SWIFT_UI_ACTOR
31 | @interface UIPanGestureRecognizer : UIGestureRecognizer
   |            `- note: 'UIPanGestureRecognizer' has been explicitly marked unavailable here
32 |
33 | @property (nonatomic)          NSUInteger minimumNumberOfTouches API_UNAVAILABLE(tvos);   // default is 1. the minimum number of touches required to match
/Users/admin/builder/spi-builder-workspace/.dependencies/checkouts/MultiViews/Sources/MultiViews/Views/Gestures/AxisPanGestureView.swift:12:28: error: 'UIPanGestureRecognizer' is unavailable in watchOS
 10 |     public let cancelsTouchesInView: Bool
 11 |     public let requiresEnclosingScrollViewToFail: Bool
 12 |     public let onChanged: (UIPanGestureRecognizer) -> Void
    |                            `- error: 'UIPanGestureRecognizer' is unavailable in watchOS
 13 |     public let onEnded: (UIPanGestureRecognizer) -> Void
 14 |
/Applications/Xcode-27.0.0-Release.Candidate.app/Contents/Developer/Platforms/WatchOS.platform/Developer/SDKs/WatchOS27.0.sdk/System/Library/Frameworks/UIKit.framework/Headers/UIPanGestureRecognizer.h:31:12: note: 'UIPanGestureRecognizer' has been explicitly marked unavailable here
29 |
30 | UIKIT_EXTERN API_AVAILABLE(ios(3.2)) API_UNAVAILABLE(watchos) NS_SWIFT_UI_ACTOR
31 | @interface UIPanGestureRecognizer : UIGestureRecognizer
   |            `- note: 'UIPanGestureRecognizer' has been explicitly marked unavailable here
32 |
33 | @property (nonatomic)          NSUInteger minimumNumberOfTouches API_UNAVAILABLE(tvos);   // default is 1. the minimum number of touches required to match
/Users/admin/builder/spi-builder-workspace/.dependencies/checkouts/MultiViews/Sources/MultiViews/Views/Gestures/AxisPanGestureView.swift:13:26: error: 'UIPanGestureRecognizer' is unavailable in watchOS
 11 |     public let requiresEnclosingScrollViewToFail: Bool
 12 |     public let onChanged: (UIPanGestureRecognizer) -> Void
 13 |     public let onEnded: (UIPanGestureRecognizer) -> Void
    |                          `- error: 'UIPanGestureRecognizer' is unavailable in watchOS
 14 |
 15 |     public init(
/Applications/Xcode-27.0.0-Release.Candidate.app/Contents/Developer/Platforms/WatchOS.platform/Developer/SDKs/WatchOS27.0.sdk/System/Library/Frameworks/UIKit.framework/Headers/UIPanGestureRecognizer.h:31:12: note: 'UIPanGestureRecognizer' has been explicitly marked unavailable here
29 |
30 | UIKIT_EXTERN API_AVAILABLE(ios(3.2)) API_UNAVAILABLE(watchos) NS_SWIFT_UI_ACTOR
31 | @interface UIPanGestureRecognizer : UIGestureRecognizer
   |            `- note: 'UIPanGestureRecognizer' has been explicitly marked unavailable here
32 |
33 | @property (nonatomic)          NSUInteger minimumNumberOfTouches API_UNAVAILABLE(tvos);   // default is 1. the minimum number of touches required to match
/Users/admin/builder/spi-builder-workspace/.dependencies/checkouts/MultiViews/Sources/MultiViews/Views/Gestures/AxisPanGestureView.swift:21:31: error: 'UIPanGestureRecognizer' is unavailable in watchOS
 19 |         cancelsTouchesInView: Bool = true,
 20 |         requiresEnclosingScrollViewToFail: Bool = true,
 21 |         onChanged: @escaping (UIPanGestureRecognizer) -> Void,
    |                               `- error: 'UIPanGestureRecognizer' is unavailable in watchOS
 22 |         onEnded: @escaping (UIPanGestureRecognizer) -> Void = { _ in }
 23 |     ) {
/Applications/Xcode-27.0.0-Release.Candidate.app/Contents/Developer/Platforms/WatchOS.platform/Developer/SDKs/WatchOS27.0.sdk/System/Library/Frameworks/UIKit.framework/Headers/UIPanGestureRecognizer.h:31:12: note: 'UIPanGestureRecognizer' has been explicitly marked unavailable here
29 |
30 | UIKIT_EXTERN API_AVAILABLE(ios(3.2)) API_UNAVAILABLE(watchos) NS_SWIFT_UI_ACTOR
31 | @interface UIPanGestureRecognizer : UIGestureRecognizer
   |            `- note: 'UIPanGestureRecognizer' has been explicitly marked unavailable here
32 |
33 | @property (nonatomic)          NSUInteger minimumNumberOfTouches API_UNAVAILABLE(tvos);   // default is 1. the minimum number of touches required to match
/Users/admin/builder/spi-builder-workspace/.dependencies/checkouts/MultiViews/Sources/MultiViews/Views/Gestures/AxisPanGestureView.swift:22:29: error: 'UIPanGestureRecognizer' is unavailable in watchOS
 20 |         requiresEnclosingScrollViewToFail: Bool = true,
 21 |         onChanged: @escaping (UIPanGestureRecognizer) -> Void,
 22 |         onEnded: @escaping (UIPanGestureRecognizer) -> Void = { _ in }
    |                             `- error: 'UIPanGestureRecognizer' is unavailable in watchOS
 23 |     ) {
 24 |         self.axis = axis
/Applications/Xcode-27.0.0-Release.Candidate.app/Contents/Developer/Platforms/WatchOS.platform/Developer/SDKs/WatchOS27.0.sdk/System/Library/Frameworks/UIKit.framework/Headers/UIPanGestureRecognizer.h:31:12: note: 'UIPanGestureRecognizer' has been explicitly marked unavailable here
29 |
30 | UIKIT_EXTERN API_AVAILABLE(ios(3.2)) API_UNAVAILABLE(watchos) NS_SWIFT_UI_ACTOR
31 | @interface UIPanGestureRecognizer : UIGestureRecognizer
   |            `- note: 'UIPanGestureRecognizer' has been explicitly marked unavailable here
32 |
33 | @property (nonatomic)          NSUInteger minimumNumberOfTouches API_UNAVAILABLE(tvos);   // default is 1. the minimum number of touches required to match
/Users/admin/builder/spi-builder-workspace/.dependencies/checkouts/MultiViews/Sources/MultiViews/Views/Gestures/AxisPanGestureView.swift:33:37: error: cannot find type 'Context' in scope
 31 |     }
 32 |
 33 |     public func makeUIView(context: Context) -> UIView {
    |                                     `- error: cannot find type 'Context' in scope
 34 |         let view = UIView()
 35 |         view.backgroundColor = .clear
/Users/admin/builder/spi-builder-workspace/.dependencies/checkouts/MultiViews/Sources/MultiViews/Views/Gestures/AxisPanGestureView.swift:33:49: error: 'UIView' is unavailable in watchOS
 31 |     }
 32 |
 33 |     public func makeUIView(context: Context) -> UIView {
    |                                                 `- error: 'UIView' is unavailable in watchOS
 34 |         let view = UIView()
 35 |         view.backgroundColor = .clear
/Applications/Xcode-27.0.0-Release.Candidate.app/Contents/Developer/Platforms/WatchOS.platform/Developer/SDKs/WatchOS27.0.sdk/System/Library/Frameworks/UIKit.framework/Headers/UIView.h:152:12: note: 'UIView' has been explicitly marked unavailable here
150 |
151 | UIKIT_EXTERN API_AVAILABLE(ios(2.0)) API_UNAVAILABLE(watchos) NS_SWIFT_UI_ACTOR
152 | @interface UIView : UIResponder <NSCoding, UIAppearance, UIAppearanceContainer, UIDynamicItem, UITraitEnvironment, UICoordinateSpace, UIFocusItem, UIFocusItemContainer, CALayerDelegate>
    |            `- note: 'UIView' has been explicitly marked unavailable here
153 |
154 | @property(class, nonatomic, readonly) Class layerClass;                        // default is [CALayer class]. Used when creating the underlying layer for the view.
/Users/admin/builder/spi-builder-workspace/.dependencies/checkouts/MultiViews/Sources/MultiViews/Views/Gestures/AxisPanGestureView.swift:53:57: error: cannot find type 'Context' in scope
 51 |     }
 52 |
 53 |     public func updateUIView(_ uiView: UIView, context: Context) {
    |                                                         `- error: cannot find type 'Context' in scope
 54 |         context.coordinator.onChanged = onChanged
 55 |         context.coordinator.onEnded = onEnded
/Users/admin/builder/spi-builder-workspace/.dependencies/checkouts/MultiViews/Sources/MultiViews/Views/Gestures/AxisPanGestureView.swift:53:40: error: 'UIView' is unavailable in watchOS
 51 |     }
 52 |
 53 |     public func updateUIView(_ uiView: UIView, context: Context) {
    |                                        `- error: 'UIView' is unavailable in watchOS
 54 |         context.coordinator.onChanged = onChanged
 55 |         context.coordinator.onEnded = onEnded
/Applications/Xcode-27.0.0-Release.Candidate.app/Contents/Developer/Platforms/WatchOS.platform/Developer/SDKs/WatchOS27.0.sdk/System/Library/Frameworks/UIKit.framework/Headers/UIView.h:152:12: note: 'UIView' has been explicitly marked unavailable here
150 |
151 | UIKIT_EXTERN API_AVAILABLE(ios(2.0)) API_UNAVAILABLE(watchos) NS_SWIFT_UI_ACTOR
152 | @interface UIView : UIResponder <NSCoding, UIAppearance, UIAppearanceContainer, UIDynamicItem, UITraitEnvironment, UICoordinateSpace, UIFocusItem, UIFocusItemContainer, CALayerDelegate>
    |            `- note: 'UIView' has been explicitly marked unavailable here
153 |
154 | @property(class, nonatomic, readonly) Class layerClass;                        // default is [CALayer class]. Used when creating the underlying layer for the view.
/Users/admin/builder/spi-builder-workspace/.dependencies/checkouts/MultiViews/Sources/MultiViews/Views/Gestures/AxisPanGestureView.swift:72:64: error: cannot find type 'Context' in scope
 70 |     }
 71 |
 72 |     private func connectScrollView(from view: UIView, context: Context) {
    |                                                                `- error: cannot find type 'Context' in scope
 73 |         DispatchQueue.main.async {
 74 |             guard
/Users/admin/builder/spi-builder-workspace/.dependencies/checkouts/MultiViews/Sources/MultiViews/Views/Gestures/AxisPanGestureView.swift:72:47: error: 'UIView' is unavailable in watchOS
 70 |     }
 71 |
 72 |     private func connectScrollView(from view: UIView, context: Context) {
    |                                               `- error: 'UIView' is unavailable in watchOS
 73 |         DispatchQueue.main.async {
 74 |             guard
/Applications/Xcode-27.0.0-Release.Candidate.app/Contents/Developer/Platforms/WatchOS.platform/Developer/SDKs/WatchOS27.0.sdk/System/Library/Frameworks/UIKit.framework/Headers/UIView.h:152:12: note: 'UIView' has been explicitly marked unavailable here
150 |
151 | UIKIT_EXTERN API_AVAILABLE(ios(2.0)) API_UNAVAILABLE(watchos) NS_SWIFT_UI_ACTOR
152 | @interface UIView : UIResponder <NSCoding, UIAppearance, UIAppearanceContainer, UIDynamicItem, UITraitEnvironment, UICoordinateSpace, UIFocusItem, UIFocusItemContainer, CALayerDelegate>
    |            `- note: 'UIView' has been explicitly marked unavailable here
153 |
154 | @property(class, nonatomic, readonly) Class layerClass;                        // default is [CALayer class]. Used when creating the underlying layer for the view.
/Users/admin/builder/spi-builder-workspace/.dependencies/checkouts/MultiViews/Sources/MultiViews/Views/Gestures/AxisPanGestureView.swift:89:39: error: 'UIScrollView' is unavailable in watchOS
 87 |
 88 |         var panGesture: AxisPanGestureRecognizer?
 89 |         weak var connectedScrollView: UIScrollView?
    |                                       `- error: 'UIScrollView' is unavailable in watchOS
 90 |
 91 |         var requiresEnclosingScrollViewToFail: Bool
/Applications/Xcode-27.0.0-Release.Candidate.app/Contents/Developer/Platforms/WatchOS.platform/Developer/SDKs/WatchOS27.0.sdk/System/Library/Frameworks/UIKit.framework/Headers/UIScrollView.h:87:12: note: 'UIScrollView' has been explicitly marked unavailable here
 85 |
 86 | UIKIT_EXTERN API_AVAILABLE(ios(2.0)) API_UNAVAILABLE(watchos) NS_SWIFT_UI_ACTOR
 87 | @interface UIScrollView : UIView <NSCoding, UIFocusItemScrollableContainer>
    |            `- note: 'UIScrollView' has been explicitly marked unavailable here
 88 |
 89 | @property(nonatomic)         CGPoint                      contentOffset;                  // default CGPointZero
/Users/admin/builder/spi-builder-workspace/.dependencies/checkouts/MultiViews/Sources/MultiViews/Views/Gestures/AxisPanGestureView.swift:92:25: error: 'UIPanGestureRecognizer' is unavailable in watchOS
 90 |
 91 |         var requiresEnclosingScrollViewToFail: Bool
 92 |         var onChanged: (UIPanGestureRecognizer) -> Void
    |                         `- error: 'UIPanGestureRecognizer' is unavailable in watchOS
 93 |         var onEnded: (UIPanGestureRecognizer) -> Void
 94 |
/Applications/Xcode-27.0.0-Release.Candidate.app/Contents/Developer/Platforms/WatchOS.platform/Developer/SDKs/WatchOS27.0.sdk/System/Library/Frameworks/UIKit.framework/Headers/UIPanGestureRecognizer.h:31:12: note: 'UIPanGestureRecognizer' has been explicitly marked unavailable here
29 |
30 | UIKIT_EXTERN API_AVAILABLE(ios(3.2)) API_UNAVAILABLE(watchos) NS_SWIFT_UI_ACTOR
31 | @interface UIPanGestureRecognizer : UIGestureRecognizer
   |            `- note: 'UIPanGestureRecognizer' has been explicitly marked unavailable here
32 |
33 | @property (nonatomic)          NSUInteger minimumNumberOfTouches API_UNAVAILABLE(tvos);   // default is 1. the minimum number of touches required to match
/Users/admin/builder/spi-builder-workspace/.dependencies/checkouts/MultiViews/Sources/MultiViews/Views/Gestures/AxisPanGestureView.swift:93:23: error: 'UIPanGestureRecognizer' is unavailable in watchOS
 91 |         var requiresEnclosingScrollViewToFail: Bool
 92 |         var onChanged: (UIPanGestureRecognizer) -> Void
 93 |         var onEnded: (UIPanGestureRecognizer) -> Void
    |                       `- error: 'UIPanGestureRecognizer' is unavailable in watchOS
 94 |
 95 |         init(
/Applications/Xcode-27.0.0-Release.Candidate.app/Contents/Developer/Platforms/WatchOS.platform/Developer/SDKs/WatchOS27.0.sdk/System/Library/Frameworks/UIKit.framework/Headers/UIPanGestureRecognizer.h:31:12: note: 'UIPanGestureRecognizer' has been explicitly marked unavailable here
29 |
30 | UIKIT_EXTERN API_AVAILABLE(ios(3.2)) API_UNAVAILABLE(watchos) NS_SWIFT_UI_ACTOR
31 | @interface UIPanGestureRecognizer : UIGestureRecognizer
   |            `- note: 'UIPanGestureRecognizer' has been explicitly marked unavailable here
32 |
33 | @property (nonatomic)          NSUInteger minimumNumberOfTouches API_UNAVAILABLE(tvos);   // default is 1. the minimum number of touches required to match
/Users/admin/builder/spi-builder-workspace/.dependencies/checkouts/MultiViews/Sources/MultiViews/Views/Gestures/AxisPanGestureView.swift:97:35: error: 'UIPanGestureRecognizer' is unavailable in watchOS
 95 |         init(
 96 |             requiresEnclosingScrollViewToFail: Bool,
 97 |             onChanged: @escaping (UIPanGestureRecognizer) -> Void,
    |                                   `- error: 'UIPanGestureRecognizer' is unavailable in watchOS
 98 |             onEnded: @escaping (UIPanGestureRecognizer) -> Void
 99 |         ) {
/Applications/Xcode-27.0.0-Release.Candidate.app/Contents/Developer/Platforms/WatchOS.platform/Developer/SDKs/WatchOS27.0.sdk/System/Library/Frameworks/UIKit.framework/Headers/UIPanGestureRecognizer.h:31:12: note: 'UIPanGestureRecognizer' has been explicitly marked unavailable here
29 |
30 | UIKIT_EXTERN API_AVAILABLE(ios(3.2)) API_UNAVAILABLE(watchos) NS_SWIFT_UI_ACTOR
31 | @interface UIPanGestureRecognizer : UIGestureRecognizer
   |            `- note: 'UIPanGestureRecognizer' has been explicitly marked unavailable here
32 |
33 | @property (nonatomic)          NSUInteger minimumNumberOfTouches API_UNAVAILABLE(tvos);   // default is 1. the minimum number of touches required to match
/Users/admin/builder/spi-builder-workspace/.dependencies/checkouts/MultiViews/Sources/MultiViews/Views/Gestures/AxisPanGestureView.swift:98:33: error: 'UIPanGestureRecognizer' is unavailable in watchOS
 96 |             requiresEnclosingScrollViewToFail: Bool,
 97 |             onChanged: @escaping (UIPanGestureRecognizer) -> Void,
 98 |             onEnded: @escaping (UIPanGestureRecognizer) -> Void
    |                                 `- error: 'UIPanGestureRecognizer' is unavailable in watchOS
 99 |         ) {
100 |             self.requiresEnclosingScrollViewToFail = requiresEnclosingScrollViewToFail
/Applications/Xcode-27.0.0-Release.Candidate.app/Contents/Developer/Platforms/WatchOS.platform/Developer/SDKs/WatchOS27.0.sdk/System/Library/Frameworks/UIKit.framework/Headers/UIPanGestureRecognizer.h:31:12: note: 'UIPanGestureRecognizer' has been explicitly marked unavailable here
29 |
30 | UIKIT_EXTERN API_AVAILABLE(ios(3.2)) API_UNAVAILABLE(watchos) NS_SWIFT_UI_ACTOR
31 | @interface UIPanGestureRecognizer : UIGestureRecognizer
   |            `- note: 'UIPanGestureRecognizer' has been explicitly marked unavailable here
32 |
33 | @property (nonatomic)          NSUInteger minimumNumberOfTouches API_UNAVAILABLE(tvos);   // default is 1. the minimum number of touches required to match
/Users/admin/builder/spi-builder-workspace/.dependencies/checkouts/MultiViews/Sources/MultiViews/Views/Gestures/AxisPanGestureView.swift:106:29: error: 'UIPanGestureRecognizer' is unavailable in watchOS
104 |
105 |         @objc
106 |         func pan(_ gesture: UIPanGestureRecognizer) {
    |                             `- error: 'UIPanGestureRecognizer' is unavailable in watchOS
107 |             switch gesture.state {
108 |             case .began, .changed:
/Applications/Xcode-27.0.0-Release.Candidate.app/Contents/Developer/Platforms/WatchOS.platform/Developer/SDKs/WatchOS27.0.sdk/System/Library/Frameworks/UIKit.framework/Headers/UIPanGestureRecognizer.h:31:12: note: 'UIPanGestureRecognizer' has been explicitly marked unavailable here
29 |
30 | UIKIT_EXTERN API_AVAILABLE(ios(3.2)) API_UNAVAILABLE(watchos) NS_SWIFT_UI_ACTOR
31 | @interface UIPanGestureRecognizer : UIGestureRecognizer
   |            `- note: 'UIPanGestureRecognizer' has been explicitly marked unavailable here
32 |
33 | @property (nonatomic)          NSUInteger minimumNumberOfTouches API_UNAVAILABLE(tvos);   // default is 1. the minimum number of touches required to match
/Users/admin/builder/spi-builder-workspace/.dependencies/checkouts/MultiViews/Sources/MultiViews/Views/Gestures/AxisPanGestureView.swift:5:35: error: cannot find type 'UIViewRepresentable' in scope
  3 | import UIKit
  4 |
  5 | public struct AxisPanGestureView: UIViewRepresentable {
    |                                   `- error: cannot find type 'UIViewRepresentable' in scope
  6 |
  7 |     public let axis: AxisPanGestureRecognizer.Axis
/Users/admin/builder/spi-builder-workspace/.dependencies/checkouts/MultiViews/Sources/MultiViews/Views/Gestures/AxisPanGestureView.swift:121:30: error: 'UIScrollView' is unavailable in watchOS
119 | private extension UIView {
120 |
121 |     var enclosingScrollView: UIScrollView? {
    |                              `- error: 'UIScrollView' is unavailable in watchOS
122 |         var view: UIView? = superview
123 |         while let currentView = view {
/Applications/Xcode-27.0.0-Release.Candidate.app/Contents/Developer/Platforms/WatchOS.platform/Developer/SDKs/WatchOS27.0.sdk/System/Library/Frameworks/UIKit.framework/Headers/UIScrollView.h:87:12: note: 'UIScrollView' has been explicitly marked unavailable here
 85 |
 86 | UIKIT_EXTERN API_AVAILABLE(ios(2.0)) API_UNAVAILABLE(watchos) NS_SWIFT_UI_ACTOR
 87 | @interface UIScrollView : UIView <NSCoding, UIFocusItemScrollableContainer>
    |            `- note: 'UIScrollView' has been explicitly marked unavailable here
 88 |
 89 | @property(nonatomic)         CGPoint                      contentOffset;                  // default CGPointZero
/Users/admin/builder/spi-builder-workspace/.dependencies/checkouts/MultiViews/Sources/MultiViews/Views/Gestures/AxisPanGestureView.swift:119:19: error: 'UIView' is unavailable in watchOS
117 | }
118 |
119 | private extension UIView {
    |                   `- error: 'UIView' is unavailable in watchOS
120 |
121 |     var enclosingScrollView: UIScrollView? {
/Applications/Xcode-27.0.0-Release.Candidate.app/Contents/Developer/Platforms/WatchOS.platform/Developer/SDKs/WatchOS27.0.sdk/System/Library/Frameworks/UIKit.framework/Headers/UIView.h:152:12: note: 'UIView' has been explicitly marked unavailable here
150 |
151 | UIKIT_EXTERN API_AVAILABLE(ios(2.0)) API_UNAVAILABLE(watchos) NS_SWIFT_UI_ACTOR
152 | @interface UIView : UIResponder <NSCoding, UIAppearance, UIAppearanceContainer, UIDynamicItem, UITraitEnvironment, UICoordinateSpace, UIFocusItem, UIFocusItemContainer, CALayerDelegate>
    |            `- note: 'UIView' has been explicitly marked unavailable here
153 |
154 | @property(class, nonatomic, readonly) Class layerClass;                        // default is [CALayer class]. Used when creating the underlying layer for the view.
/Users/admin/builder/spi-builder-workspace/.dependencies/checkouts/MultiViews/Sources/MultiViews/Views/Gestures/AxisPanGestureView.swift:34:20: error: 'UIView' is unavailable in watchOS
 32 |
 33 |     public func makeUIView(context: Context) -> UIView {
 34 |         let view = UIView()
    |                    `- error: 'UIView' is unavailable in watchOS
 35 |         view.backgroundColor = .clear
 36 |
/Applications/Xcode-27.0.0-Release.Candidate.app/Contents/Developer/Platforms/WatchOS.platform/Developer/SDKs/WatchOS27.0.sdk/System/Library/Frameworks/UIKit.framework/Headers/UIView.h:152:12: note: 'UIView' has been explicitly marked unavailable here
150 |
151 | UIKIT_EXTERN API_AVAILABLE(ios(2.0)) API_UNAVAILABLE(watchos) NS_SWIFT_UI_ACTOR
152 | @interface UIView : UIResponder <NSCoding, UIAppearance, UIAppearanceContainer, UIDynamicItem, UITraitEnvironment, UICoordinateSpace, UIFocusItem, UIFocusItemContainer, CALayerDelegate>
    |            `- note: 'UIView' has been explicitly marked unavailable here
153 |
154 | @property(class, nonatomic, readonly) Class layerClass;                        // default is [CALayer class]. Used when creating the underlying layer for the view.
SwiftCompile normal arm64_32 /Users/admin/builder/spi-builder-workspace/.dependencies/checkouts/MultiViews/Sources/MultiViews/Views/Content/Checker.swift (in target 'MultiViews' from project 'MultiViews')
    cd /Users/admin/builder/spi-builder-workspace/.swiftpm/xcode
    builtin-SwiftPerFileCompile Checker.swift
SwiftCompile normal arm64_32 /Users/admin/builder/spi-builder-workspace/.dependencies/checkouts/MultiViews/Sources/MultiViews/Views/Content/MVBlurView.swift (in target 'MultiViews' from project 'MultiViews')
    cd /Users/admin/builder/spi-builder-workspace/.swiftpm/xcode
    builtin-SwiftPerFileCompile MVBlurView.swift
SwiftCompile normal arm64_32 /Users/admin/builder/spi-builder-workspace/.dependencies/checkouts/MultiViews/Sources/MultiViews/Views/Gestures/AxisPanGestureRecognizer.swift (in target 'MultiViews' from project 'MultiViews')
    cd /Users/admin/builder/spi-builder-workspace/.swiftpm/xcode
    builtin-SwiftPerFileCompile AxisPanGestureRecognizer.swift
SwiftCompile normal arm64_32 /Users/admin/builder/spi-builder-workspace/.dependencies/checkouts/MultiViews/Sources/MultiViews/Views/Gestures/AxisPanGestureView.swift (in target 'MultiViews' from project 'MultiViews')
    cd /Users/admin/builder/spi-builder-workspace/.swiftpm/xcode
    builtin-SwiftPerFileCompile AxisPanGestureView.swift
SwiftCompile normal arm64_32 /Users/admin/builder/spi-builder-workspace/.dependencies/checkouts/MultiViews/Sources/MultiViews/Views/Gestures/Drag.swift (in target 'MultiViews' from project 'MultiViews')
    cd /Users/admin/builder/spi-builder-workspace/.swiftpm/xcode
    builtin-SwiftPerFileCompile Drag.swift
SwiftCompile normal arm64_32 /Users/admin/builder/spi-builder-workspace/.dependencies/checkouts/MultiViews/Sources/MultiViews/Views/Gestures/Hover.swift (in target 'MultiViews' from project 'MultiViews')
    cd /Users/admin/builder/spi-builder-workspace/.swiftpm/xcode
    builtin-SwiftPerFileCompile Hover.swift
SwiftCompile normal arm64 Compiling\ EqualWidthHStack.swift,\ FillView.swift,\ FlexView.swift,\ MPView.swift,\ SmallProgressView.swift,\ FrameReader.swift /Users/admin/builder/spi-builder-workspace/.dependencies/checkouts/MultiViews/Sources/MultiViews/Views/Layout/EqualWidthHStack.swift /Users/admin/builder/spi-builder-workspace/.dependencies/checkouts/MultiViews/Sources/MultiViews/Views/Layout/FillView.swift /Users/admin/builder/spi-builder-workspace/.dependencies/checkouts/MultiViews/Sources/MultiViews/Views/Layout/FlexView.swift /Users/admin/builder/spi-builder-workspace/.dependencies/checkouts/MultiViews/Sources/MultiViews/Views/MPView.swift /Users/admin/builder/spi-builder-workspace/.dependencies/checkouts/MultiViews/Sources/MultiViews/Views/Progress/SmallProgressView.swift /Users/admin/builder/spi-builder-workspace/.dependencies/checkouts/MultiViews/Sources/MultiViews/Views/Readers/FrameReader.swift (in target 'MultiViews' from project 'MultiViews')
SwiftCompile normal arm64 /Users/admin/builder/spi-builder-workspace/.dependencies/checkouts/MultiViews/Sources/MultiViews/Views/Layout/EqualWidthHStack.swift (in target 'MultiViews' from project 'MultiViews')
    cd /Users/admin/builder/spi-builder-workspace/.swiftpm/xcode
    builtin-SwiftPerFileCompile EqualWidthHStack.swift
SwiftCompile normal arm64 /Users/admin/builder/spi-builder-workspace/.dependencies/checkouts/MultiViews/Sources/MultiViews/Views/Layout/FillView.swift (in target 'MultiViews' from project 'MultiViews')
    cd /Users/admin/builder/spi-builder-workspace/.swiftpm/xcode
    builtin-SwiftPerFileCompile FillView.swift
SwiftCompile normal arm64 /Users/admin/builder/spi-builder-workspace/.dependencies/checkouts/MultiViews/Sources/MultiViews/Views/Layout/FlexView.swift (in target 'MultiViews' from project 'MultiViews')
    cd /Users/admin/builder/spi-builder-workspace/.swiftpm/xcode
    builtin-SwiftPerFileCompile FlexView.swift
SwiftCompile normal arm64 /Users/admin/builder/spi-builder-workspace/.dependencies/checkouts/MultiViews/Sources/MultiViews/Views/MPView.swift (in target 'MultiViews' from project 'MultiViews')
    cd /Users/admin/builder/spi-builder-workspace/.swiftpm/xcode
    builtin-SwiftPerFileCompile MPView.swift
SwiftCompile normal arm64 /Users/admin/builder/spi-builder-workspace/.dependencies/checkouts/MultiViews/Sources/MultiViews/Views/Progress/SmallProgressView.swift (in target 'MultiViews' from project 'MultiViews')
    cd /Users/admin/builder/spi-builder-workspace/.swiftpm/xcode
    builtin-SwiftPerFileCompile SmallProgressView.swift
SwiftCompile normal arm64 /Users/admin/builder/spi-builder-workspace/.dependencies/checkouts/MultiViews/Sources/MultiViews/Views/Readers/FrameReader.swift (in target 'MultiViews' from project 'MultiViews')
    cd /Users/admin/builder/spi-builder-workspace/.swiftpm/xcode
    builtin-SwiftPerFileCompile FrameReader.swift
SwiftCompile normal arm64_32 Compiling\ MPView+Image.swift,\ SnapshotView.swift,\ ViewImage.swift,\ Keyboard.swift,\ Cases.swift,\ NamedViewTask.swift /Users/admin/builder/spi-builder-workspace/.dependencies/checkouts/MultiViews/Sources/MultiViews/Image/MPView+Image.swift /Users/admin/builder/spi-builder-workspace/.dependencies/checkouts/MultiViews/Sources/MultiViews/Image/SnapshotView.swift /Users/admin/builder/spi-builder-workspace/.dependencies/checkouts/MultiViews/Sources/MultiViews/Image/ViewImage.swift /Users/admin/builder/spi-builder-workspace/.dependencies/checkouts/MultiViews/Sources/MultiViews/Keyboard.swift /Users/admin/builder/spi-builder-workspace/.dependencies/checkouts/MultiViews/Sources/MultiViews/String/Cases.swift /Users/admin/builder/spi-builder-workspace/.dependencies/checkouts/MultiViews/Sources/MultiViews/Tasks/NamedViewTask.swift (in target 'MultiViews' from project 'MultiViews')
/Users/admin/builder/spi-builder-workspace/.dependencies/checkouts/MultiViews/Sources/MultiViews/Image/ViewImage.swift:23:18: error: 'UIView' is unavailable in watchOS
21 | }
22 | #else
23 | public extension UIView {
   |                  `- error: 'UIView' is unavailable in watchOS
24 |
25 |     func image(transparent: Bool = true) -> UIImage? {
/Applications/Xcode-27.0.0-Release.Candidate.app/Contents/Developer/Platforms/WatchOS.platform/Developer/SDKs/WatchOS27.0.sdk/System/Library/Frameworks/UIKit.framework/Headers/UIView.h:152:12: note: 'UIView' has been explicitly marked unavailable here
150 |
151 | UIKIT_EXTERN API_AVAILABLE(ios(2.0)) API_UNAVAILABLE(watchos) NS_SWIFT_UI_ACTOR
152 | @interface UIView : UIResponder <NSCoding, UIAppearance, UIAppearanceContainer, UIDynamicItem, UITraitEnvironment, UICoordinateSpace, UIFocusItem, UIFocusItemContainer, CALayerDelegate>
    |            `- note: 'UIView' has been explicitly marked unavailable here
153 |
154 | @property(class, nonatomic, readonly) Class layerClass;                        // default is [CALayer class]. Used when creating the underlying layer for the view.
Failed frontend command:
/Applications/Xcode-27.0.0-Release.Candidate.app/Contents/Developer/Toolchains/XcodeDefault.xctoolchain/usr/bin/swift-frontend -frontend -c /Users/admin/builder/spi-builder-workspace/.dependencies/checkouts/MultiViews/Sources/MultiViews/ApplicationDelegate.swift /Users/admin/builder/spi-builder-workspace/.dependencies/checkouts/MultiViews/Sources/MultiViews/Color/Constants.swift /Users/admin/builder/spi-builder-workspace/.dependencies/checkouts/MultiViews/Sources/MultiViews/Color/MPColor+Codable.swift /Users/admin/builder/spi-builder-workspace/.dependencies/checkouts/MultiViews/Sources/MultiViews/Color/MPColor.swift /Users/admin/builder/spi-builder-workspace/.dependencies/checkouts/MultiViews/Sources/MultiViews/Image/MPImage.swift /Users/admin/builder/spi-builder-workspace/.dependencies/checkouts/MultiViews/Sources/MultiViews/Image/MPSquareImageView.swift -primary-file /Users/admin/builder/spi-builder-workspace/.dependencies/checkouts/MultiViews/Sources/MultiViews/Image/MPView+Image.swift -primary-file /Users/admin/builder/spi-builder-workspace/.dependencies/checkouts/MultiViews/Sources/MultiViews/Image/SnapshotView.swift -primary-file /Users/admin/builder/spi-builder-workspace/.dependencies/checkouts/MultiViews/Sources/MultiViews/Image/ViewImage.swift -primary-file /Users/admin/builder/spi-builder-workspace/.dependencies/checkouts/MultiViews/Sources/MultiViews/Keyboard.swift -primary-file /Users/admin/builder/spi-builder-workspace/.dependencies/checkouts/MultiViews/Sources/MultiViews/String/Cases.swift -primary-file /Users/admin/builder/spi-builder-workspace/.dependencies/checkouts/MultiViews/Sources/MultiViews/Tasks/NamedViewTask.swift /Users/admin/builder/spi-builder-workspace/.dependencies/checkouts/MultiViews/Sources/MultiViews/Util/Bind.swift /Users/admin/builder/spi-builder-workspace/.dependencies/checkouts/MultiViews/Sources/MultiViews/Util/CornerRadius.swift /Users/admin/builder/spi-builder-workspace/.dependencies/checkouts/MultiViews/Sources/MultiViews/Util/Device.swift /Users/admin/builder/spi-builder-workspace/.dependencies/checkouts/MultiViews/Sources/MultiViews/Util/If.swift /Users/admin/builder/spi-builder-workspace/.dependencies/checkouts/MultiViews/Sources/MultiViews/Util/Is.swift /Users/admin/builder/spi-builder-workspace/.dependencies/checkouts/MultiViews/Sources/MultiViews/Util/OS.swift /Users/admin/builder/spi-builder-workspace/.dependencies/checkouts/MultiViews/Sources/MultiViews/Util/Previews.swift /Users/admin/builder/spi-builder-workspace/.dependencies/checkouts/MultiViews/Sources/MultiViews/Views/Buttons/AsyncButton.swift /Users/admin/builder/spi-builder-workspace/.dependencies/checkouts/MultiViews/Sources/MultiViews/Views/Buttons/Glass/GlassButton.swift /Users/admin/builder/spi-builder-workspace/.dependencies/checkouts/MultiViews/Sources/MultiViews/Views/Buttons/Glass/GlassMenu.swift /Users/admin/builder/spi-builder-workspace/.dependencies/checkouts/MultiViews/Sources/MultiViews/Views/Buttons/Glass/GlassPicker.swift /Users/admin/builder/spi-builder-workspace/.dependencies/checkouts/MultiViews/Sources/MultiViews/Views/Buttons/Glass/GlassShape.swift /Users/admin/builder/spi-builder-workspace/.dependencies/checkouts/MultiViews/Sources/MultiViews/Views/Content/Checker.swift /Users/admin/builder/spi-builder-workspace/.dependencies/checkouts/MultiViews/Sources/MultiViews/Views/Content/MVBlurView.swift /Users/admin/builder/spi-builder-workspace/.dependencies/checkouts/MultiViews/Sources/MultiViews/Views/Gestures/AxisPanGestureRecognizer.swift /Users/admin/builder/spi-builder-workspace/.dependencies/checkouts/MultiViews/Sources/MultiViews/Views/Gestures/AxisPanGestureView.swift /Users/admin/builder/spi-builder-workspace/.dependencies/checkouts/MultiViews/Sources/MultiViews/Views/Gestures/Drag.swift /Users/admin/builder/spi-builder-workspace/.dependencies/checkouts/MultiViews/Sources/MultiViews/Views/Gestures/Hover.swift /Users/admin/builder/spi-builder-workspace/.dependencies/checkouts/MultiViews/Sources/MultiViews/Views/Gestures/MVInteractView.swift /Users/admin/builder/spi-builder-workspace/.dependencies/checkouts/MultiViews/Sources/MultiViews/Views/Gestures/MVMultiInteractView.swift /Users/admin/builder/spi-builder-workspace/.dependencies/checkouts/MultiViews/Sources/MultiViews/Views/Gestures/SpatialLongPress.swift /Users/admin/builder/spi-builder-workspace/.dependencies/checkouts/MultiViews/Sources/MultiViews/Views/Gestures/Swipe.swift /Users/admin/builder/spi-builder-workspace/.dependencies/checkouts/MultiViews/Sources/MultiViews/Views/Keyboard/View+onGlobalKeyPress.swift /Users/admin/builder/spi-builder-workspace/.dependencies/checkouts/MultiViews/Sources/MultiViews/Views/Layout/EqualHeightVStack.swift /Users/admin/builder/spi-builder-workspace/.dependencies/checkouts/MultiViews/Sources/MultiViews/Views/Layout/EqualWidthHStack.swift /Users/admin/builder/spi-builder-workspace/.dependencies/checkouts/MultiViews/Sources/MultiViews/Views/Layout/FillView.swift /Users/admin/builder/spi-builder-workspace/.dependencies/checkouts/MultiViews/Sources/MultiViews/Views/Layout/FlexView.swift /Users/admin/builder/spi-builder-workspace/.dependencies/checkouts/MultiViews/Sources/MultiViews/Views/MPView.swift /Users/admin/builder/spi-builder-workspace/.dependencies/checkouts/MultiViews/Sources/MultiViews/Views/Progress/SmallProgressView.swift /Users/admin/builder/spi-builder-workspace/.dependencies/checkouts/MultiViews/Sources/MultiViews/Views/Readers/FrameReader.swift /Users/admin/builder/spi-builder-workspace/.dependencies/checkouts/MultiViews/Sources/MultiViews/Views/Readers/OriginReader.swift /Users/admin/builder/spi-builder-workspace/.dependencies/checkouts/MultiViews/Sources/MultiViews/Views/Readers/SizeReader.swift /Users/admin/builder/spi-builder-workspace/.dependencies/checkouts/MultiViews/Sources/MultiViews/Views/Scroll/BindableScrollView.swift /Users/admin/builder/spi-builder-workspace/.dependencies/checkouts/MultiViews/Sources/MultiViews/Views/Scroll/MVScrollView.swift /Users/admin/builder/spi-builder-workspace/.dependencies/checkouts/MultiViews/Sources/MultiViews/Views/Scroll/StateScrollView.swift /Users/admin/builder/spi-builder-workspace/.dependencies/checkouts/MultiViews/Sources/MultiViews/Views/Secondary/SecondaryView.swift /Users/admin/builder/spi-builder-workspace/.dependencies/checkouts/MultiViews/Sources/MultiViews/Views/Shortcuts/ModifierFlags.swift /Users/admin/builder/spi-builder-workspace/.dependencies/checkouts/MultiViews/Sources/MultiViews/Views/State/GestureStateView.swift /Users/admin/builder/spi-builder-workspace/.dependencies/checkouts/MultiViews/Sources/MultiViews/Views/State/StateView.swift /Users/admin/builder/spi-builder-workspace/.dependencies/checkouts/MultiViews/Sources/MultiViews/Views/Tooltip/Tooltip.swift /Users/admin/builder/spi-builder-workspace/.dependencies/checkouts/MultiViews/Sources/MultiViews/Views/Tooltip/TooltipView.swift /Users/admin/builder/spi-builder-workspace/.dependencies/checkouts/MultiViews/Sources/MultiViews/Views/ViewControllerRepresentable.swift /Users/admin/builder/spi-builder-workspace/.dependencies/checkouts/MultiViews/Sources/MultiViews/Views/ViewRep.swift /Users/admin/builder/spi-builder-workspace/.dependencies/checkouts/MultiViews/Sources/MultiViews/Views/ViewRepresentable.swift /Users/admin/builder/spi-builder-workspace/.dependencies/checkouts/MultiViews/Sources/MultiViews/Views/ViewTypes.swift -supplementary-output-file-map /Users/admin/builder/spi-builder-workspace/.derivedData/Build/Intermediates.noindex/MultiViews.build/Debug-watchos/MultiViews-t.build/Objects-normal/arm64_32/supplementaryOutputs-4 -target arm64_32-apple-watchos10.0 -module-can-import-version SwiftUI 8.0.84.1 8.0.84 -module-can-import-version UIKit 9127.0.84.1 9127.0.84 -disable-cross-import-overlay-search -load-resolved-plugin /Applications/Xcode-27.0.0-Release.Candidate.app/Contents/Developer/Platforms/WatchOS.platform/Developer/usr/lib/swift/host/plugins/libFoundationMacros.dylib\#/Applications/Xcode-27.0.0-Release.Candidate.app/Contents/Developer/Platforms/WatchOS.platform/Developer/usr/bin/swift-plugin-server\#FoundationMacros -load-resolved-plugin /Applications/Xcode-27.0.0-Release.Candidate.app/Contents/Developer/Platforms/WatchOS.platform/Developer/usr/lib/swift/host/plugins/libObservationMacros.dylib\#/Applications/Xcode-27.0.0-Release.Candidate.app/Contents/Developer/Platforms/WatchOS.platform/Developer/usr/bin/swift-plugin-server\#ObservationMacros -load-resolved-plugin /Applications/Xcode-27.0.0-Release.Candidate.app/Contents/Developer/Platforms/WatchOS.platform/Developer/usr/lib/swift/host/plugins/libPreviewsMacros.dylib\#/Applications/Xcode-27.0.0-Release.Candidate.app/Contents/Developer/Platforms/WatchOS.platform/Developer/usr/bin/swift-plugin-server\#PreviewsMacros -load-resolved-plugin /Applications/Xcode-27.0.0-Release.Candidate.app/Contents/Developer/Platforms/WatchOS.platform/Developer/usr/lib/swift/host/plugins/libSwiftMacros.dylib\#/Applications/Xcode-27.0.0-Release.Candidate.app/Contents/Developer/Platforms/WatchOS.platform/Developer/usr/bin/swift-plugin-server\#SwiftMacros -load-resolved-plugin /Applications/Xcode-27.0.0-Release.Candidate.app/Contents/Developer/Platforms/WatchOS.platform/Developer/usr/lib/swift/host/plugins/libSwiftUIMacros.dylib\#/Applications/Xcode-27.0.0-Release.Candidate.app/Contents/Developer/Platforms/WatchOS.platform/Developer/usr/bin/swift-plugin-server\#SwiftUIMacros -disable-implicit-swift-modules -Xcc -fno-implicit-modules -Xcc -fno-implicit-module-maps -explicit-swift-module-map-file /Users/admin/builder/spi-builder-workspace/.derivedData/Build/Intermediates.noindex/MultiViews.build/Debug-watchos/MultiViews-t.build/Objects-normal/arm64_32/MultiViews-dependencies-1.json -enable-objc-interop -sdk /Applications/Xcode-27.0.0-Release.Candidate.app/Contents/Developer/Platforms/WatchOS.platform/Developer/SDKs/WatchOS27.0.sdk -I /Users/admin/builder/spi-builder-workspace/.derivedData/Build/Products/Debug-watchos -Isystem /Applications/Xcode-27.0.0-Release.Candidate.app/Contents/Developer/Platforms/WatchOS.platform/Developer/usr/lib -F /Users/admin/builder/spi-builder-workspace/.derivedData/Build/Products/Debug-watchos/PackageFrameworks -F /Users/admin/builder/spi-builder-workspace/.derivedData/Build/Products/Debug-watchos -F /Applications/Xcode-27.0.0-Release.Candidate.app/Contents/Developer/Platforms/WatchOS.platform/Developer/Library/Frameworks -F /Applications/Xcode-27.0.0-Release.Candidate.app/Contents/Developer/Platforms/WatchOS.platform/Developer/SDKs/WatchOS27.0.sdk/Developer/Library/Frameworks -module-cache-path /Users/admin/builder/spi-builder-workspace/.derivedData/Build/Intermediates.noindex/SwiftExplicitPrecompiledModules -no-color-diagnostics -Xcc -fno-color-diagnostics -enable-testing -g -debug-info-format\=dwarf -dwarf-version\=4 -suppress-warnings -swift-version 5 -Onone -D SWIFT_PACKAGE -D DEBUG -D SWIFT_MODULE_RESOURCE_BUNDLE_UNAVAILABLE -D Xcode -serialize-debugging-options -enable-experimental-feature DebugDescriptionMacro -empty-abi-descriptor -validate-clang-modules-once -clang-build-session-file /Users/admin/builder/spi-builder-workspace/.derivedData/ModuleCache.noindex/Session.modulevalidation -Xcc -working-directory -Xcc /Users/admin/builder/spi-builder-workspace/.swiftpm/xcode -enable-anonymous-context-mangled-names -file-compilation-dir /Users/admin/builder/spi-builder-workspace/.swiftpm/xcode -Xcc -D_LIBCPP_HARDENING_MODE\=_LIBCPP_HARDENING_MODE_DEBUG -Xcc -ivfsstatcache -Xcc /Users/admin/builder/spi-builder-workspace/.derivedData/SDKStatCaches.noindex/watchos27.0-24R360-e829b21a6f8c9b70876ba0858053c04477534ef55a1706bf4c1112bbb242f0a2.sdkstatcache -Xcc -fmodules-prune-interval\=86400 -Xcc -fmodules-prune-after\=345600 -Xcc -I/Users/admin/builder/spi-builder-workspace/.derivedData/Build/Products/Debug-watchos/include -Xcc -I/Users/admin/builder/spi-builder-workspace/.derivedData/Build/Intermediates.noindex/MultiViews.build/Debug-watchos/MultiViews-t.build/DerivedSources-normal/arm64_32 -Xcc -I/Users/admin/builder/spi-builder-workspace/.derivedData/Build/Intermediates.noindex/MultiViews.build/Debug-watchos/MultiViews-t.build/DerivedSources/arm64_32 -Xcc -I/Users/admin/builder/spi-builder-workspace/.derivedData/Build/Intermediates.noindex/MultiViews.build/Debug-watchos/MultiViews-t.build/DerivedSources -Xcc -DSWIFT_PACKAGE -Xcc -DDEBUG\=1 -no-auto-bridging-header-chaining -module-name MultiViews -package-name multiviews -const-gather-protocols-file /Users/admin/builder/spi-builder-workspace/.derivedData/Build/Intermediates.noindex/MultiViews.build/Debug-watchos/MultiViews-t.build/Objects-normal/arm64_32/MultiViews_const_extract_protocols.json -disable-clang-spi -clang-target arm64_32-apple-watchos27.0 -target-sdk-version 27.0 -target-sdk-name watchos27.0 -in-process-plugin-server-path /Applications/Xcode-27.0.0-Release.Candidate.app/Contents/Developer/Toolchains/XcodeDefault.xctoolchain/usr/lib/swift/host/libSwiftInProcPluginServer.dylib -parse-as-library -o /Users/admin/builder/spi-builder-workspace/.derivedData/Build/Intermediates.noindex/MultiViews.build/Debug-watchos/MultiViews-t.build/Objects-normal/arm64_32/MPView+Image.o -o /Users/admin/builder/spi-builder-workspace/.derivedData/Build/Intermediates.noindex/MultiViews.build/Debug-watchos/MultiViews-t.build/Objects-normal/arm64_32/SnapshotView.o -o /Users/admin/builder/spi-builder-workspace/.derivedData/Build/Intermediates.noindex/MultiViews.build/Debug-watchos/MultiViews-t.build/Objects-normal/arm64_32/ViewImage.o -o /Users/admin/builder/spi-builder-workspace/.derivedData/Build/Intermediates.noindex/MultiViews.build/Debug-watchos/MultiViews-t.build/Objects-normal/arm64_32/Keyboard.o -o /Users/admin/builder/spi-builder-workspace/.derivedData/Build/Intermediates.noindex/MultiViews.build/Debug-watchos/MultiViews-t.build/Objects-normal/arm64_32/Cases.o -o /Users/admin/builder/spi-builder-workspace/.derivedData/Build/Intermediates.noindex/MultiViews.build/Debug-watchos/MultiViews-t.build/Objects-normal/arm64_32/NamedViewTask.o -debug-module-path /Users/admin/builder/spi-builder-workspace/.derivedData/Build/Intermediates.noindex/MultiViews.build/Debug-watchos/MultiViews-t.build/Objects-normal/arm64_32/MultiViews.swiftmodule -index-unit-output-path /MultiViews.build/Debug-watchos/MultiViews-t.build/Objects-normal/arm64_32/MPView+Image.o -index-unit-output-path /MultiViews.build/Debug-watchos/MultiViews-t.build/Objects-normal/arm64_32/SnapshotView.o -index-unit-output-path /MultiViews.build/Debug-watchos/MultiViews-t.build/Objects-normal/arm64_32/ViewImage.o -index-unit-output-path /MultiViews.build/Debug-watchos/MultiViews-t.build/Objects-normal/arm64_32/Keyboard.o -index-unit-output-path /MultiViews.build/Debug-watchos/MultiViews-t.build/Objects-normal/arm64_32/Cases.o -index-unit-output-path /MultiViews.build/Debug-watchos/MultiViews-t.build/Objects-normal/arm64_32/NamedViewTask.o -index-store-path /Users/admin/builder/spi-builder-workspace/.derivedData/Index.noindex/DataStore -index-system-modules
SwiftCompile normal arm64_32 /Users/admin/builder/spi-builder-workspace/.dependencies/checkouts/MultiViews/Sources/MultiViews/Image/MPView+Image.swift (in target 'MultiViews' from project 'MultiViews')
    cd /Users/admin/builder/spi-builder-workspace/.swiftpm/xcode
    builtin-SwiftPerFileCompile MPView+Image.swift
SwiftCompile normal arm64_32 /Users/admin/builder/spi-builder-workspace/.dependencies/checkouts/MultiViews/Sources/MultiViews/Image/SnapshotView.swift (in target 'MultiViews' from project 'MultiViews')
    cd /Users/admin/builder/spi-builder-workspace/.swiftpm/xcode
    builtin-SwiftPerFileCompile SnapshotView.swift
SwiftCompile normal arm64_32 /Users/admin/builder/spi-builder-workspace/.dependencies/checkouts/MultiViews/Sources/MultiViews/Image/ViewImage.swift (in target 'MultiViews' from project 'MultiViews')
    cd /Users/admin/builder/spi-builder-workspace/.swiftpm/xcode
    builtin-SwiftPerFileCompile ViewImage.swift
SwiftCompile normal arm64_32 /Users/admin/builder/spi-builder-workspace/.dependencies/checkouts/MultiViews/Sources/MultiViews/Keyboard.swift (in target 'MultiViews' from project 'MultiViews')
    cd /Users/admin/builder/spi-builder-workspace/.swiftpm/xcode
    builtin-SwiftPerFileCompile Keyboard.swift
SwiftCompile normal arm64_32 /Users/admin/builder/spi-builder-workspace/.dependencies/checkouts/MultiViews/Sources/MultiViews/String/Cases.swift (in target 'MultiViews' from project 'MultiViews')
    cd /Users/admin/builder/spi-builder-workspace/.swiftpm/xcode
    builtin-SwiftPerFileCompile Cases.swift
SwiftCompile normal arm64_32 /Users/admin/builder/spi-builder-workspace/.dependencies/checkouts/MultiViews/Sources/MultiViews/Tasks/NamedViewTask.swift (in target 'MultiViews' from project 'MultiViews')
    cd /Users/admin/builder/spi-builder-workspace/.swiftpm/xcode
    builtin-SwiftPerFileCompile NamedViewTask.swift
SwiftCompile normal arm64_32 Compiling\ EqualWidthHStack.swift,\ FillView.swift,\ FlexView.swift,\ MPView.swift,\ SmallProgressView.swift,\ FrameReader.swift /Users/admin/builder/spi-builder-workspace/.dependencies/checkouts/MultiViews/Sources/MultiViews/Views/Layout/EqualWidthHStack.swift /Users/admin/builder/spi-builder-workspace/.dependencies/checkouts/MultiViews/Sources/MultiViews/Views/Layout/FillView.swift /Users/admin/builder/spi-builder-workspace/.dependencies/checkouts/MultiViews/Sources/MultiViews/Views/Layout/FlexView.swift /Users/admin/builder/spi-builder-workspace/.dependencies/checkouts/MultiViews/Sources/MultiViews/Views/MPView.swift /Users/admin/builder/spi-builder-workspace/.dependencies/checkouts/MultiViews/Sources/MultiViews/Views/Progress/SmallProgressView.swift /Users/admin/builder/spi-builder-workspace/.dependencies/checkouts/MultiViews/Sources/MultiViews/Views/Readers/FrameReader.swift (in target 'MultiViews' from project 'MultiViews')
SwiftCompile normal arm64_32 /Users/admin/builder/spi-builder-workspace/.dependencies/checkouts/MultiViews/Sources/MultiViews/Views/Layout/EqualWidthHStack.swift (in target 'MultiViews' from project 'MultiViews')
    cd /Users/admin/builder/spi-builder-workspace/.swiftpm/xcode
    builtin-SwiftPerFileCompile EqualWidthHStack.swift
SwiftCompile normal arm64_32 /Users/admin/builder/spi-builder-workspace/.dependencies/checkouts/MultiViews/Sources/MultiViews/Views/Layout/FillView.swift (in target 'MultiViews' from project 'MultiViews')
    cd /Users/admin/builder/spi-builder-workspace/.swiftpm/xcode
    builtin-SwiftPerFileCompile FillView.swift
SwiftCompile normal arm64_32 /Users/admin/builder/spi-builder-workspace/.dependencies/checkouts/MultiViews/Sources/MultiViews/Views/Layout/FlexView.swift (in target 'MultiViews' from project 'MultiViews')
    cd /Users/admin/builder/spi-builder-workspace/.swiftpm/xcode
    builtin-SwiftPerFileCompile FlexView.swift
SwiftCompile normal arm64_32 /Users/admin/builder/spi-builder-workspace/.dependencies/checkouts/MultiViews/Sources/MultiViews/Views/MPView.swift (in target 'MultiViews' from project 'MultiViews')
    cd /Users/admin/builder/spi-builder-workspace/.swiftpm/xcode
    builtin-SwiftPerFileCompile MPView.swift
SwiftCompile normal arm64_32 /Users/admin/builder/spi-builder-workspace/.dependencies/checkouts/MultiViews/Sources/MultiViews/Views/Progress/SmallProgressView.swift (in target 'MultiViews' from project 'MultiViews')
    cd /Users/admin/builder/spi-builder-workspace/.swiftpm/xcode
    builtin-SwiftPerFileCompile SmallProgressView.swift
SwiftCompile normal arm64_32 /Users/admin/builder/spi-builder-workspace/.dependencies/checkouts/MultiViews/Sources/MultiViews/Views/Readers/FrameReader.swift (in target 'MultiViews' from project 'MultiViews')
    cd /Users/admin/builder/spi-builder-workspace/.swiftpm/xcode
    builtin-SwiftPerFileCompile FrameReader.swift
SwiftCompile normal arm64 Compiling\ Previews.swift,\ AsyncButton.swift,\ GlassButton.swift,\ GlassMenu.swift,\ GlassPicker.swift,\ GlassShape.swift /Users/admin/builder/spi-builder-workspace/.dependencies/checkouts/MultiViews/Sources/MultiViews/Util/Previews.swift /Users/admin/builder/spi-builder-workspace/.dependencies/checkouts/MultiViews/Sources/MultiViews/Views/Buttons/AsyncButton.swift /Users/admin/builder/spi-builder-workspace/.dependencies/checkouts/MultiViews/Sources/MultiViews/Views/Buttons/Glass/GlassButton.swift /Users/admin/builder/spi-builder-workspace/.dependencies/checkouts/MultiViews/Sources/MultiViews/Views/Buttons/Glass/GlassMenu.swift /Users/admin/builder/spi-builder-workspace/.dependencies/checkouts/MultiViews/Sources/MultiViews/Views/Buttons/Glass/GlassPicker.swift /Users/admin/builder/spi-builder-workspace/.dependencies/checkouts/MultiViews/Sources/MultiViews/Views/Buttons/Glass/GlassShape.swift (in target 'MultiViews' from project 'MultiViews')
SwiftCompile normal arm64 /Users/admin/builder/spi-builder-workspace/.dependencies/checkouts/MultiViews/Sources/MultiViews/Util/Previews.swift (in target 'MultiViews' from project 'MultiViews')
    cd /Users/admin/builder/spi-builder-workspace/.swiftpm/xcode
    builtin-SwiftPerFileCompile Previews.swift
SwiftCompile normal arm64 /Users/admin/builder/spi-builder-workspace/.dependencies/checkouts/MultiViews/Sources/MultiViews/Views/Buttons/AsyncButton.swift (in target 'MultiViews' from project 'MultiViews')
    cd /Users/admin/builder/spi-builder-workspace/.swiftpm/xcode
    builtin-SwiftPerFileCompile AsyncButton.swift
SwiftCompile normal arm64 /Users/admin/builder/spi-builder-workspace/.dependencies/checkouts/MultiViews/Sources/MultiViews/Views/Buttons/Glass/GlassButton.swift (in target 'MultiViews' from project 'MultiViews')
    cd /Users/admin/builder/spi-builder-workspace/.swiftpm/xcode
    builtin-SwiftPerFileCompile GlassButton.swift
SwiftCompile normal arm64 /Users/admin/builder/spi-builder-workspace/.dependencies/checkouts/MultiViews/Sources/MultiViews/Views/Buttons/Glass/GlassMenu.swift (in target 'MultiViews' from project 'MultiViews')
    cd /Users/admin/builder/spi-builder-workspace/.swiftpm/xcode
    builtin-SwiftPerFileCompile GlassMenu.swift
SwiftCompile normal arm64 /Users/admin/builder/spi-builder-workspace/.dependencies/checkouts/MultiViews/Sources/MultiViews/Views/Buttons/Glass/GlassPicker.swift (in target 'MultiViews' from project 'MultiViews')
    cd /Users/admin/builder/spi-builder-workspace/.swiftpm/xcode
    builtin-SwiftPerFileCompile GlassPicker.swift
SwiftCompile normal arm64 /Users/admin/builder/spi-builder-workspace/.dependencies/checkouts/MultiViews/Sources/MultiViews/Views/Buttons/Glass/GlassShape.swift (in target 'MultiViews' from project 'MultiViews')
    cd /Users/admin/builder/spi-builder-workspace/.swiftpm/xcode
    builtin-SwiftPerFileCompile GlassShape.swift
SwiftCompile normal arm64_32 Compiling\ ApplicationDelegate.swift,\ Constants.swift,\ MPColor+Codable.swift,\ MPColor.swift,\ MPImage.swift,\ MPSquareImageView.swift /Users/admin/builder/spi-builder-workspace/.dependencies/checkouts/MultiViews/Sources/MultiViews/ApplicationDelegate.swift /Users/admin/builder/spi-builder-workspace/.dependencies/checkouts/MultiViews/Sources/MultiViews/Color/Constants.swift /Users/admin/builder/spi-builder-workspace/.dependencies/checkouts/MultiViews/Sources/MultiViews/Color/MPColor+Codable.swift /Users/admin/builder/spi-builder-workspace/.dependencies/checkouts/MultiViews/Sources/MultiViews/Color/MPColor.swift /Users/admin/builder/spi-builder-workspace/.dependencies/checkouts/MultiViews/Sources/MultiViews/Image/MPImage.swift /Users/admin/builder/spi-builder-workspace/.dependencies/checkouts/MultiViews/Sources/MultiViews/Image/MPSquareImageView.swift (in target 'MultiViews' from project 'MultiViews')
/Users/admin/builder/spi-builder-workspace/.dependencies/checkouts/MultiViews/Sources/MultiViews/ApplicationDelegate.swift:17:40: error: 'UIApplicationDelegate' is unavailable in watchOS
15 | public typealias ApplicationDelegate = NSApplicationDelegate
16 | #else
17 | public typealias ApplicationDelegate = UIApplicationDelegate
   |                                        `- error: 'UIApplicationDelegate' is unavailable in watchOS
18 | #endif
19 |
/Applications/Xcode-27.0.0-Release.Candidate.app/Contents/Developer/Platforms/WatchOS.platform/Developer/SDKs/WatchOS27.0.sdk/System/Library/Frameworks/UIKit.framework/Headers/UIApplication.h:374:11: note: 'UIApplicationDelegate' has been explicitly marked unavailable here
372 |
373 | API_UNAVAILABLE(watchos) NS_SWIFT_UI_ACTOR
374 | @protocol UIApplicationDelegate<NSObject>
    |           `- note: 'UIApplicationDelegate' has been explicitly marked unavailable here
375 |
376 | @optional
SwiftCompile normal arm64_32 /Users/admin/builder/spi-builder-workspace/.dependencies/checkouts/MultiViews/Sources/MultiViews/ApplicationDelegate.swift (in target 'MultiViews' from project 'MultiViews')
    cd /Users/admin/builder/spi-builder-workspace/.swiftpm/xcode
    builtin-SwiftPerFileCompile ApplicationDelegate.swift
SwiftCompile normal arm64_32 /Users/admin/builder/spi-builder-workspace/.dependencies/checkouts/MultiViews/Sources/MultiViews/Color/Constants.swift (in target 'MultiViews' from project 'MultiViews')
    cd /Users/admin/builder/spi-builder-workspace/.swiftpm/xcode
    builtin-SwiftPerFileCompile Constants.swift
SwiftCompile normal arm64_32 /Users/admin/builder/spi-builder-workspace/.dependencies/checkouts/MultiViews/Sources/MultiViews/Color/MPColor+Codable.swift (in target 'MultiViews' from project 'MultiViews')
    cd /Users/admin/builder/spi-builder-workspace/.swiftpm/xcode
    builtin-SwiftPerFileCompile MPColor+Codable.swift
SwiftCompile normal arm64_32 /Users/admin/builder/spi-builder-workspace/.dependencies/checkouts/MultiViews/Sources/MultiViews/Color/MPColor.swift (in target 'MultiViews' from project 'MultiViews')
    cd /Users/admin/builder/spi-builder-workspace/.swiftpm/xcode
    builtin-SwiftPerFileCompile MPColor.swift
SwiftCompile normal arm64_32 /Users/admin/builder/spi-builder-workspace/.dependencies/checkouts/MultiViews/Sources/MultiViews/Image/MPImage.swift (in target 'MultiViews' from project 'MultiViews')
    cd /Users/admin/builder/spi-builder-workspace/.swiftpm/xcode
    builtin-SwiftPerFileCompile MPImage.swift
SwiftCompile normal arm64_32 /Users/admin/builder/spi-builder-workspace/.dependencies/checkouts/MultiViews/Sources/MultiViews/Image/MPSquareImageView.swift (in target 'MultiViews' from project 'MultiViews')
    cd /Users/admin/builder/spi-builder-workspace/.swiftpm/xcode
    builtin-SwiftPerFileCompile MPSquareImageView.swift
SwiftCompile normal arm64 Compiling\ OriginReader.swift,\ SizeReader.swift,\ BindableScrollView.swift,\ MVScrollView.swift,\ StateScrollView.swift /Users/admin/builder/spi-builder-workspace/.dependencies/checkouts/MultiViews/Sources/MultiViews/Views/Readers/OriginReader.swift /Users/admin/builder/spi-builder-workspace/.dependencies/checkouts/MultiViews/Sources/MultiViews/Views/Readers/SizeReader.swift /Users/admin/builder/spi-builder-workspace/.dependencies/checkouts/MultiViews/Sources/MultiViews/Views/Scroll/BindableScrollView.swift /Users/admin/builder/spi-builder-workspace/.dependencies/checkouts/MultiViews/Sources/MultiViews/Views/Scroll/MVScrollView.swift /Users/admin/builder/spi-builder-workspace/.dependencies/checkouts/MultiViews/Sources/MultiViews/Views/Scroll/StateScrollView.swift (in target 'MultiViews' from project 'MultiViews')
SwiftCompile normal arm64 /Users/admin/builder/spi-builder-workspace/.dependencies/checkouts/MultiViews/Sources/MultiViews/Views/Readers/OriginReader.swift (in target 'MultiViews' from project 'MultiViews')
    cd /Users/admin/builder/spi-builder-workspace/.swiftpm/xcode
    builtin-SwiftPerFileCompile OriginReader.swift
SwiftCompile normal arm64 /Users/admin/builder/spi-builder-workspace/.dependencies/checkouts/MultiViews/Sources/MultiViews/Views/Readers/SizeReader.swift (in target 'MultiViews' from project 'MultiViews')
    cd /Users/admin/builder/spi-builder-workspace/.swiftpm/xcode
    builtin-SwiftPerFileCompile SizeReader.swift
SwiftCompile normal arm64 /Users/admin/builder/spi-builder-workspace/.dependencies/checkouts/MultiViews/Sources/MultiViews/Views/Scroll/BindableScrollView.swift (in target 'MultiViews' from project 'MultiViews')
    cd /Users/admin/builder/spi-builder-workspace/.swiftpm/xcode
    builtin-SwiftPerFileCompile BindableScrollView.swift
SwiftCompile normal arm64 /Users/admin/builder/spi-builder-workspace/.dependencies/checkouts/MultiViews/Sources/MultiViews/Views/Scroll/MVScrollView.swift (in target 'MultiViews' from project 'MultiViews')
    cd /Users/admin/builder/spi-builder-workspace/.swiftpm/xcode
    builtin-SwiftPerFileCompile MVScrollView.swift
SwiftCompile normal arm64 /Users/admin/builder/spi-builder-workspace/.dependencies/checkouts/MultiViews/Sources/MultiViews/Views/Scroll/StateScrollView.swift (in target 'MultiViews' from project 'MultiViews')
    cd /Users/admin/builder/spi-builder-workspace/.swiftpm/xcode
    builtin-SwiftPerFileCompile StateScrollView.swift
SwiftCompile normal arm64 Compiling\ Bind.swift,\ CornerRadius.swift,\ Device.swift,\ If.swift,\ Is.swift,\ OS.swift /Users/admin/builder/spi-builder-workspace/.dependencies/checkouts/MultiViews/Sources/MultiViews/Util/Bind.swift /Users/admin/builder/spi-builder-workspace/.dependencies/checkouts/MultiViews/Sources/MultiViews/Util/CornerRadius.swift /Users/admin/builder/spi-builder-workspace/.dependencies/checkouts/MultiViews/Sources/MultiViews/Util/Device.swift /Users/admin/builder/spi-builder-workspace/.dependencies/checkouts/MultiViews/Sources/MultiViews/Util/If.swift /Users/admin/builder/spi-builder-workspace/.dependencies/checkouts/MultiViews/Sources/MultiViews/Util/Is.swift /Users/admin/builder/spi-builder-workspace/.dependencies/checkouts/MultiViews/Sources/MultiViews/Util/OS.swift (in target 'MultiViews' from project 'MultiViews')
SwiftCompile normal arm64 /Users/admin/builder/spi-builder-workspace/.dependencies/checkouts/MultiViews/Sources/MultiViews/Util/Bind.swift (in target 'MultiViews' from project 'MultiViews')
    cd /Users/admin/builder/spi-builder-workspace/.swiftpm/xcode
    builtin-SwiftPerFileCompile Bind.swift
SwiftCompile normal arm64 /Users/admin/builder/spi-builder-workspace/.dependencies/checkouts/MultiViews/Sources/MultiViews/Util/CornerRadius.swift (in target 'MultiViews' from project 'MultiViews')
    cd /Users/admin/builder/spi-builder-workspace/.swiftpm/xcode
    builtin-SwiftPerFileCompile CornerRadius.swift
SwiftCompile normal arm64 /Users/admin/builder/spi-builder-workspace/.dependencies/checkouts/MultiViews/Sources/MultiViews/Util/Device.swift (in target 'MultiViews' from project 'MultiViews')
    cd /Users/admin/builder/spi-builder-workspace/.swiftpm/xcode
    builtin-SwiftPerFileCompile Device.swift
SwiftCompile normal arm64 /Users/admin/builder/spi-builder-workspace/.dependencies/checkouts/MultiViews/Sources/MultiViews/Util/If.swift (in target 'MultiViews' from project 'MultiViews')
    cd /Users/admin/builder/spi-builder-workspace/.swiftpm/xcode
    builtin-SwiftPerFileCompile If.swift
SwiftCompile normal arm64 /Users/admin/builder/spi-builder-workspace/.dependencies/checkouts/MultiViews/Sources/MultiViews/Util/Is.swift (in target 'MultiViews' from project 'MultiViews')
    cd /Users/admin/builder/spi-builder-workspace/.swiftpm/xcode
    builtin-SwiftPerFileCompile Is.swift
SwiftCompile normal arm64 /Users/admin/builder/spi-builder-workspace/.dependencies/checkouts/MultiViews/Sources/MultiViews/Util/OS.swift (in target 'MultiViews' from project 'MultiViews')
    cd /Users/admin/builder/spi-builder-workspace/.swiftpm/xcode
    builtin-SwiftPerFileCompile OS.swift
PruneExplicitPrecompiledModules /Users/admin/builder/spi-builder-workspace/.derivedData/Build/Intermediates.noindex/SwiftExplicitPrecompiledModules
PruneExplicitPrecompiledModules /Users/admin/builder/spi-builder-workspace/.derivedData/Build/Intermediates.noindex/ExplicitPrecompiledModules
PruneExplicitPrecompiledModules /Users/admin/builder/spi-builder-workspace/.derivedData/SDKExplicitPrecompiledModules
2026-09-30 11:08:51.729 xcodebuild[1081:5742] [MT] IDERunDestination: Supported platforms for the buildables in the current scheme is empty.
** BUILD FAILED **
The following build commands failed:
	SwiftCompile normal arm64_32 Compiling\ MPView+Image.swift,\ SnapshotView.swift,\ ViewImage.swift,\ Keyboard.swift,\ Cases.swift,\ NamedViewTask.swift /Users/admin/builder/spi-builder-workspace/.dependencies/checkouts/MultiViews/Sources/MultiViews/Image/MPView+Image.swift /Users/admin/builder/spi-builder-workspace/.dependencies/checkouts/MultiViews/Sources/MultiViews/Image/SnapshotView.swift /Users/admin/builder/spi-builder-workspace/.dependencies/checkouts/MultiViews/Sources/MultiViews/Image/ViewImage.swift /Users/admin/builder/spi-builder-workspace/.dependencies/checkouts/MultiViews/Sources/MultiViews/Keyboard.swift /Users/admin/builder/spi-builder-workspace/.dependencies/checkouts/MultiViews/Sources/MultiViews/String/Cases.swift /Users/admin/builder/spi-builder-workspace/.dependencies/checkouts/MultiViews/Sources/MultiViews/Tasks/NamedViewTask.swift (in target 'MultiViews' from project 'MultiViews')
	SwiftCompile normal arm64_32 /Users/admin/builder/spi-builder-workspace/.dependencies/checkouts/MultiViews/Sources/MultiViews/Image/ViewImage.swift (in target 'MultiViews' from project 'MultiViews')
	Building workspace Tabs with scheme Tabs
(3 failures)
BUILD FAILURE 6.4 watchOS