Build Information
Failed to build Murti, reference main (4b3a69), with Swift 6.4 for watchOS using Xcode 27.0 on 27 Sep 2026 20:53:04 UTC.
Build Command
env DEVELOPER_DIR=/Applications/Xcode-27.0.0-Release.Candidate.app xcrun xcodebuild -IDEClonedSourcePackagesDirPathOverride=$PWD/.dependencies -skipMacroValidation -skipPackagePluginValidation -derivedDataPath $PWD/.derivedData build -scheme Murti-Package -destination generic/platform=watchOSBuild Log
Copy /Users/admin/builder/spi-builder-workspace/.derivedData/Build/Products/Debug-watchos/MurtiCore.swiftmodule/arm64_32-apple-watchos.swiftmodule /Users/admin/builder/spi-builder-workspace/.derivedData/Build/Intermediates.noindex/Murti.build/Debug-watchos/MurtiCore-t.build/Objects-normal/arm64_32/MurtiCore.swiftmodule (in target 'MurtiCore' from project 'Murti')
cd /Users/admin/builder/spi-builder-workspace
builtin-copy -exclude .DS_Store -exclude CVS -exclude .svn -exclude .git -exclude .hg -resolve-src-symlinks -rename /Users/admin/builder/spi-builder-workspace/.derivedData/Build/Intermediates.noindex/Murti.build/Debug-watchos/MurtiCore-t.build/Objects-normal/arm64_32/MurtiCore.swiftmodule /Users/admin/builder/spi-builder-workspace/.derivedData/Build/Products/Debug-watchos/MurtiCore.swiftmodule/arm64_32-apple-watchos.swiftmodule
Copy /Users/admin/builder/spi-builder-workspace/.derivedData/Build/Products/Debug-watchos/MurtiCore.swiftmodule/arm64_32-apple-watchos.swiftdoc /Users/admin/builder/spi-builder-workspace/.derivedData/Build/Intermediates.noindex/Murti.build/Debug-watchos/MurtiCore-t.build/Objects-normal/arm64_32/MurtiCore.swiftdoc (in target 'MurtiCore' from project 'Murti')
cd /Users/admin/builder/spi-builder-workspace
builtin-copy -exclude .DS_Store -exclude CVS -exclude .svn -exclude .git -exclude .hg -resolve-src-symlinks -rename /Users/admin/builder/spi-builder-workspace/.derivedData/Build/Intermediates.noindex/Murti.build/Debug-watchos/MurtiCore-t.build/Objects-normal/arm64_32/MurtiCore.swiftdoc /Users/admin/builder/spi-builder-workspace/.derivedData/Build/Products/Debug-watchos/MurtiCore.swiftmodule/arm64_32-apple-watchos.swiftdoc
Copy /Users/admin/builder/spi-builder-workspace/.derivedData/Build/Products/Debug-watchos/MurtiCore.swiftmodule/arm64_32-apple-watchos.abi.json /Users/admin/builder/spi-builder-workspace/.derivedData/Build/Intermediates.noindex/Murti.build/Debug-watchos/MurtiCore-t.build/Objects-normal/arm64_32/MurtiCore.abi.json (in target 'MurtiCore' from project 'Murti')
cd /Users/admin/builder/spi-builder-workspace
builtin-copy -exclude .DS_Store -exclude CVS -exclude .svn -exclude .git -exclude .hg -resolve-src-symlinks -rename /Users/admin/builder/spi-builder-workspace/.derivedData/Build/Intermediates.noindex/Murti.build/Debug-watchos/MurtiCore-t.build/Objects-normal/arm64_32/MurtiCore.abi.json /Users/admin/builder/spi-builder-workspace/.derivedData/Build/Products/Debug-watchos/MurtiCore.swiftmodule/arm64_32-apple-watchos.abi.json
Copy /Users/admin/builder/spi-builder-workspace/.derivedData/Build/Products/Debug-watchos/MurtiCore.swiftmodule/arm64-apple-watchos.abi.json /Users/admin/builder/spi-builder-workspace/.derivedData/Build/Intermediates.noindex/Murti.build/Debug-watchos/MurtiCore-t.build/Objects-normal/arm64/MurtiCore.abi.json (in target 'MurtiCore' from project 'Murti')
cd /Users/admin/builder/spi-builder-workspace
builtin-copy -exclude .DS_Store -exclude CVS -exclude .svn -exclude .git -exclude .hg -resolve-src-symlinks -rename /Users/admin/builder/spi-builder-workspace/.derivedData/Build/Intermediates.noindex/Murti.build/Debug-watchos/MurtiCore-t.build/Objects-normal/arm64/MurtiCore.abi.json /Users/admin/builder/spi-builder-workspace/.derivedData/Build/Products/Debug-watchos/MurtiCore.swiftmodule/arm64-apple-watchos.abi.json
Copy /Users/admin/builder/spi-builder-workspace/.derivedData/Build/Products/Debug-watchos/MurtiCore.swiftmodule/Project/arm64_32-apple-watchos.swiftsourceinfo /Users/admin/builder/spi-builder-workspace/.derivedData/Build/Intermediates.noindex/Murti.build/Debug-watchos/MurtiCore-t.build/Objects-normal/arm64_32/MurtiCore.swiftsourceinfo (in target 'MurtiCore' from project 'Murti')
cd /Users/admin/builder/spi-builder-workspace
builtin-copy -exclude .DS_Store -exclude CVS -exclude .svn -exclude .git -exclude .hg -resolve-src-symlinks -rename /Users/admin/builder/spi-builder-workspace/.derivedData/Build/Intermediates.noindex/Murti.build/Debug-watchos/MurtiCore-t.build/Objects-normal/arm64_32/MurtiCore.swiftsourceinfo /Users/admin/builder/spi-builder-workspace/.derivedData/Build/Products/Debug-watchos/MurtiCore.swiftmodule/Project/arm64_32-apple-watchos.swiftsourceinfo
Copy /Users/admin/builder/spi-builder-workspace/.derivedData/Build/Products/Debug-watchos/MurtiCore.swiftmodule/Project/arm64-apple-watchos.swiftsourceinfo /Users/admin/builder/spi-builder-workspace/.derivedData/Build/Intermediates.noindex/Murti.build/Debug-watchos/MurtiCore-t.build/Objects-normal/arm64/MurtiCore.swiftsourceinfo (in target 'MurtiCore' from project 'Murti')
cd /Users/admin/builder/spi-builder-workspace
builtin-copy -exclude .DS_Store -exclude CVS -exclude .svn -exclude .git -exclude .hg -resolve-src-symlinks -rename /Users/admin/builder/spi-builder-workspace/.derivedData/Build/Intermediates.noindex/Murti.build/Debug-watchos/MurtiCore-t.build/Objects-normal/arm64/MurtiCore.swiftsourceinfo /Users/admin/builder/spi-builder-workspace/.derivedData/Build/Products/Debug-watchos/MurtiCore.swiftmodule/Project/arm64-apple-watchos.swiftsourceinfo
SwiftCompile normal arm64_32 Compiling\ MurtiValue.swift,\ ScreenSource.swift,\ TokenResolver.swift /Users/admin/builder/spi-builder-workspace/Sources/MurtiCore/MurtiValue.swift /Users/admin/builder/spi-builder-workspace/Sources/MurtiCore/ScreenSource.swift /Users/admin/builder/spi-builder-workspace/Sources/MurtiCore/TokenResolver.swift (in target 'MurtiCore' from project 'Murti')
SwiftCompile normal arm64_32 /Users/admin/builder/spi-builder-workspace/Sources/MurtiCore/MurtiValue.swift (in target 'MurtiCore' from project 'Murti')
cd /Users/admin/builder/spi-builder-workspace/.swiftpm/xcode
builtin-SwiftPerFileCompile MurtiValue.swift
SwiftCompile normal arm64_32 /Users/admin/builder/spi-builder-workspace/Sources/MurtiCore/ScreenSource.swift (in target 'MurtiCore' from project 'Murti')
cd /Users/admin/builder/spi-builder-workspace/.swiftpm/xcode
builtin-SwiftPerFileCompile ScreenSource.swift
SwiftCompile normal arm64_32 /Users/admin/builder/spi-builder-workspace/Sources/MurtiCore/TokenResolver.swift (in target 'MurtiCore' from project 'Murti')
cd /Users/admin/builder/spi-builder-workspace/.swiftpm/xcode
builtin-SwiftPerFileCompile TokenResolver.swift
SwiftCompile normal arm64_32 Compiling\ AESGCMCipher.swift,\ Accessibility.swift,\ BuiltinComponents.swift,\ CacheKey.swift /Users/admin/builder/spi-builder-workspace/Sources/MurtiCore/AESGCMCipher.swift /Users/admin/builder/spi-builder-workspace/Sources/MurtiCore/Accessibility.swift /Users/admin/builder/spi-builder-workspace/Sources/MurtiCore/BuiltinComponents.swift /Users/admin/builder/spi-builder-workspace/Sources/MurtiCore/CacheKey.swift (in target 'MurtiCore' from project 'Murti')
SwiftCompile normal arm64_32 /Users/admin/builder/spi-builder-workspace/Sources/MurtiCore/AESGCMCipher.swift (in target 'MurtiCore' from project 'Murti')
cd /Users/admin/builder/spi-builder-workspace/.swiftpm/xcode
builtin-SwiftPerFileCompile AESGCMCipher.swift
SwiftCompile normal arm64_32 /Users/admin/builder/spi-builder-workspace/Sources/MurtiCore/Accessibility.swift (in target 'MurtiCore' from project 'Murti')
cd /Users/admin/builder/spi-builder-workspace/.swiftpm/xcode
builtin-SwiftPerFileCompile Accessibility.swift
SwiftCompile normal arm64_32 /Users/admin/builder/spi-builder-workspace/Sources/MurtiCore/BuiltinComponents.swift (in target 'MurtiCore' from project 'Murti')
cd /Users/admin/builder/spi-builder-workspace/.swiftpm/xcode
builtin-SwiftPerFileCompile BuiltinComponents.swift
SwiftCompile normal arm64_32 /Users/admin/builder/spi-builder-workspace/Sources/MurtiCore/CacheKey.swift (in target 'MurtiCore' from project 'Murti')
cd /Users/admin/builder/spi-builder-workspace/.swiftpm/xcode
builtin-SwiftPerFileCompile CacheKey.swift
SwiftDriverJobDiscovery normal arm64 Compiling MurtiValue.swift, ScreenSource.swift, TokenResolver.swift (in target 'MurtiCore' from project 'Murti')
SwiftCompile normal arm64_32 Compiling\ MurtiActionDispatcher.swift,\ MurtiActionSpec.swift,\ MurtiBounds.swift,\ MurtiCache.swift /Users/admin/builder/spi-builder-workspace/Sources/MurtiCore/MurtiActionDispatcher.swift /Users/admin/builder/spi-builder-workspace/Sources/MurtiCore/MurtiActionSpec.swift /Users/admin/builder/spi-builder-workspace/Sources/MurtiCore/MurtiBounds.swift /Users/admin/builder/spi-builder-workspace/Sources/MurtiCore/MurtiCache.swift (in target 'MurtiCore' from project 'Murti')
SwiftCompile normal arm64_32 /Users/admin/builder/spi-builder-workspace/Sources/MurtiCore/MurtiActionDispatcher.swift (in target 'MurtiCore' from project 'Murti')
cd /Users/admin/builder/spi-builder-workspace/.swiftpm/xcode
builtin-SwiftPerFileCompile MurtiActionDispatcher.swift
SwiftCompile normal arm64_32 /Users/admin/builder/spi-builder-workspace/Sources/MurtiCore/MurtiActionSpec.swift (in target 'MurtiCore' from project 'Murti')
cd /Users/admin/builder/spi-builder-workspace/.swiftpm/xcode
builtin-SwiftPerFileCompile MurtiActionSpec.swift
SwiftCompile normal arm64_32 /Users/admin/builder/spi-builder-workspace/Sources/MurtiCore/MurtiBounds.swift (in target 'MurtiCore' from project 'Murti')
cd /Users/admin/builder/spi-builder-workspace/.swiftpm/xcode
builtin-SwiftPerFileCompile MurtiBounds.swift
SwiftCompile normal arm64_32 /Users/admin/builder/spi-builder-workspace/Sources/MurtiCore/MurtiCache.swift (in target 'MurtiCore' from project 'Murti')
cd /Users/admin/builder/spi-builder-workspace/.swiftpm/xcode
builtin-SwiftPerFileCompile MurtiCache.swift
SwiftDriverJobDiscovery normal arm64 Compiling MurtiCacheCipher.swift, MurtiCacheCoordinator.swift, MurtiCacheStore.swift, MurtiCommand.swift (in target 'MurtiCore' from project 'Murti')
SwiftDriverJobDiscovery normal arm64 Compiling MurtiNavigator.swift, MurtiNetworkClient.swift, MurtiNode.swift, MurtiPayload.swift (in target 'MurtiCore' from project 'Murti')
SwiftCompile normal arm64_32 Compiling\ MurtiNavigator.swift,\ MurtiNetworkClient.swift,\ MurtiNode.swift,\ MurtiPayload.swift /Users/admin/builder/spi-builder-workspace/Sources/MurtiCore/MurtiNavigator.swift /Users/admin/builder/spi-builder-workspace/Sources/MurtiCore/MurtiNetworkClient.swift /Users/admin/builder/spi-builder-workspace/Sources/MurtiCore/MurtiNode.swift /Users/admin/builder/spi-builder-workspace/Sources/MurtiCore/MurtiPayload.swift (in target 'MurtiCore' from project 'Murti')
SwiftCompile normal arm64_32 /Users/admin/builder/spi-builder-workspace/Sources/MurtiCore/MurtiNavigator.swift (in target 'MurtiCore' from project 'Murti')
cd /Users/admin/builder/spi-builder-workspace/.swiftpm/xcode
builtin-SwiftPerFileCompile MurtiNavigator.swift
SwiftCompile normal arm64_32 /Users/admin/builder/spi-builder-workspace/Sources/MurtiCore/MurtiNetworkClient.swift (in target 'MurtiCore' from project 'Murti')
cd /Users/admin/builder/spi-builder-workspace/.swiftpm/xcode
builtin-SwiftPerFileCompile MurtiNetworkClient.swift
SwiftCompile normal arm64_32 /Users/admin/builder/spi-builder-workspace/Sources/MurtiCore/MurtiNode.swift (in target 'MurtiCore' from project 'Murti')
cd /Users/admin/builder/spi-builder-workspace/.swiftpm/xcode
builtin-SwiftPerFileCompile MurtiNode.swift
SwiftCompile normal arm64_32 /Users/admin/builder/spi-builder-workspace/Sources/MurtiCore/MurtiPayload.swift (in target 'MurtiCore' from project 'Murti')
cd /Users/admin/builder/spi-builder-workspace/.swiftpm/xcode
builtin-SwiftPerFileCompile MurtiPayload.swift
SwiftCompile normal arm64_32 Compiling\ MurtiRenderContext.swift,\ MurtiRenderer.swift,\ MurtiSchemaValidator.swift /Users/admin/builder/spi-builder-workspace/Sources/MurtiCore/MurtiRenderContext.swift /Users/admin/builder/spi-builder-workspace/Sources/MurtiCore/MurtiRenderer.swift /Users/admin/builder/spi-builder-workspace/Sources/MurtiCore/MurtiSchemaValidator.swift (in target 'MurtiCore' from project 'Murti')
SwiftCompile normal arm64_32 /Users/admin/builder/spi-builder-workspace/Sources/MurtiCore/MurtiRenderContext.swift (in target 'MurtiCore' from project 'Murti')
cd /Users/admin/builder/spi-builder-workspace/.swiftpm/xcode
builtin-SwiftPerFileCompile MurtiRenderContext.swift
SwiftCompile normal arm64_32 /Users/admin/builder/spi-builder-workspace/Sources/MurtiCore/MurtiRenderer.swift (in target 'MurtiCore' from project 'Murti')
cd /Users/admin/builder/spi-builder-workspace/.swiftpm/xcode
builtin-SwiftPerFileCompile MurtiRenderer.swift
SwiftCompile normal arm64_32 /Users/admin/builder/spi-builder-workspace/Sources/MurtiCore/MurtiSchemaValidator.swift (in target 'MurtiCore' from project 'Murti')
cd /Users/admin/builder/spi-builder-workspace/.swiftpm/xcode
builtin-SwiftPerFileCompile MurtiSchemaValidator.swift
SwiftCompile normal arm64_32 Compiling\ MurtiCacheCipher.swift,\ MurtiCacheCoordinator.swift,\ MurtiCacheStore.swift,\ MurtiCommand.swift /Users/admin/builder/spi-builder-workspace/Sources/MurtiCore/MurtiCacheCipher.swift /Users/admin/builder/spi-builder-workspace/Sources/MurtiCore/MurtiCacheCoordinator.swift /Users/admin/builder/spi-builder-workspace/Sources/MurtiCore/MurtiCacheStore.swift /Users/admin/builder/spi-builder-workspace/Sources/MurtiCore/MurtiCommand.swift (in target 'MurtiCore' from project 'Murti')
SwiftCompile normal arm64_32 /Users/admin/builder/spi-builder-workspace/Sources/MurtiCore/MurtiCacheCipher.swift (in target 'MurtiCore' from project 'Murti')
cd /Users/admin/builder/spi-builder-workspace/.swiftpm/xcode
builtin-SwiftPerFileCompile MurtiCacheCipher.swift
SwiftCompile normal arm64_32 /Users/admin/builder/spi-builder-workspace/Sources/MurtiCore/MurtiCacheCoordinator.swift (in target 'MurtiCore' from project 'Murti')
cd /Users/admin/builder/spi-builder-workspace/.swiftpm/xcode
builtin-SwiftPerFileCompile MurtiCacheCoordinator.swift
SwiftCompile normal arm64_32 /Users/admin/builder/spi-builder-workspace/Sources/MurtiCore/MurtiCacheStore.swift (in target 'MurtiCore' from project 'Murti')
cd /Users/admin/builder/spi-builder-workspace/.swiftpm/xcode
builtin-SwiftPerFileCompile MurtiCacheStore.swift
SwiftCompile normal arm64_32 /Users/admin/builder/spi-builder-workspace/Sources/MurtiCore/MurtiCommand.swift (in target 'MurtiCore' from project 'Murti')
cd /Users/admin/builder/spi-builder-workspace/.swiftpm/xcode
builtin-SwiftPerFileCompile MurtiCommand.swift
SwiftDriverJobDiscovery normal arm64 Compiling Commands.swift, DataContext.swift, FileCacheStore.swift, Manifest.swift (in target 'MurtiCore' from project 'Murti')
SwiftDriverJobDiscovery normal arm64 Compiling MurtiActionDispatcher.swift, MurtiActionSpec.swift, MurtiBounds.swift, MurtiCache.swift (in target 'MurtiCore' from project 'Murti')
SwiftDriverJobDiscovery normal arm64_32 Compiling MurtiValue.swift, ScreenSource.swift, TokenResolver.swift (in target 'MurtiCore' from project 'Murti')
SwiftCompile normal arm64_32 Compiling\ MurtiStyle.swift,\ MurtiUnknownView.swift,\ MurtiValue+Literals.swift /Users/admin/builder/spi-builder-workspace/Sources/MurtiCore/MurtiStyle.swift /Users/admin/builder/spi-builder-workspace/Sources/MurtiCore/MurtiUnknownView.swift /Users/admin/builder/spi-builder-workspace/Sources/MurtiCore/MurtiValue+Literals.swift (in target 'MurtiCore' from project 'Murti')
SwiftCompile normal arm64_32 /Users/admin/builder/spi-builder-workspace/Sources/MurtiCore/MurtiStyle.swift (in target 'MurtiCore' from project 'Murti')
cd /Users/admin/builder/spi-builder-workspace/.swiftpm/xcode
builtin-SwiftPerFileCompile MurtiStyle.swift
SwiftCompile normal arm64_32 /Users/admin/builder/spi-builder-workspace/Sources/MurtiCore/MurtiUnknownView.swift (in target 'MurtiCore' from project 'Murti')
cd /Users/admin/builder/spi-builder-workspace/.swiftpm/xcode
builtin-SwiftPerFileCompile MurtiUnknownView.swift
SwiftCompile normal arm64_32 /Users/admin/builder/spi-builder-workspace/Sources/MurtiCore/MurtiValue+Literals.swift (in target 'MurtiCore' from project 'Murti')
cd /Users/admin/builder/spi-builder-workspace/.swiftpm/xcode
builtin-SwiftPerFileCompile MurtiValue+Literals.swift
SwiftDriverJobDiscovery normal arm64_32 Compiling MurtiCacheCipher.swift, MurtiCacheCoordinator.swift, MurtiCacheStore.swift, MurtiCommand.swift (in target 'MurtiCore' from project 'Murti')
SwiftCompile normal arm64_32 Compiling\ Commands.swift,\ DataContext.swift,\ FileCacheStore.swift,\ Manifest.swift /Users/admin/builder/spi-builder-workspace/Sources/MurtiCore/Commands.swift /Users/admin/builder/spi-builder-workspace/Sources/MurtiCore/DataContext.swift /Users/admin/builder/spi-builder-workspace/Sources/MurtiCore/FileCacheStore.swift /Users/admin/builder/spi-builder-workspace/Sources/MurtiCore/Manifest.swift (in target 'MurtiCore' from project 'Murti')
SwiftCompile normal arm64_32 /Users/admin/builder/spi-builder-workspace/Sources/MurtiCore/Commands.swift (in target 'MurtiCore' from project 'Murti')
cd /Users/admin/builder/spi-builder-workspace/.swiftpm/xcode
builtin-SwiftPerFileCompile Commands.swift
SwiftCompile normal arm64_32 /Users/admin/builder/spi-builder-workspace/Sources/MurtiCore/DataContext.swift (in target 'MurtiCore' from project 'Murti')
cd /Users/admin/builder/spi-builder-workspace/.swiftpm/xcode
builtin-SwiftPerFileCompile DataContext.swift
SwiftCompile normal arm64_32 /Users/admin/builder/spi-builder-workspace/Sources/MurtiCore/FileCacheStore.swift (in target 'MurtiCore' from project 'Murti')
cd /Users/admin/builder/spi-builder-workspace/.swiftpm/xcode
builtin-SwiftPerFileCompile FileCacheStore.swift
SwiftCompile normal arm64_32 /Users/admin/builder/spi-builder-workspace/Sources/MurtiCore/Manifest.swift (in target 'MurtiCore' from project 'Murti')
cd /Users/admin/builder/spi-builder-workspace/.swiftpm/xcode
builtin-SwiftPerFileCompile Manifest.swift
SwiftDriverJobDiscovery normal arm64_32 Compiling MurtiActionDispatcher.swift, MurtiActionSpec.swift, MurtiBounds.swift, MurtiCache.swift (in target 'MurtiCore' from project 'Murti')
SwiftCompile normal arm64_32 Compiling\ MurtiScreen.swift,\ MurtiScreenFactory.swift,\ MurtiSignatureVerifier.swift /Users/admin/builder/spi-builder-workspace/Sources/MurtiCore/MurtiScreen.swift /Users/admin/builder/spi-builder-workspace/Sources/MurtiCore/MurtiScreenFactory.swift /Users/admin/builder/spi-builder-workspace/Sources/MurtiCore/MurtiSignatureVerifier.swift (in target 'MurtiCore' from project 'Murti')
SwiftCompile normal arm64_32 /Users/admin/builder/spi-builder-workspace/Sources/MurtiCore/MurtiScreen.swift (in target 'MurtiCore' from project 'Murti')
cd /Users/admin/builder/spi-builder-workspace/.swiftpm/xcode
builtin-SwiftPerFileCompile MurtiScreen.swift
SwiftCompile normal arm64_32 /Users/admin/builder/spi-builder-workspace/Sources/MurtiCore/MurtiScreenFactory.swift (in target 'MurtiCore' from project 'Murti')
cd /Users/admin/builder/spi-builder-workspace/.swiftpm/xcode
builtin-SwiftPerFileCompile MurtiScreenFactory.swift
SwiftCompile normal arm64_32 /Users/admin/builder/spi-builder-workspace/Sources/MurtiCore/MurtiSignatureVerifier.swift (in target 'MurtiCore' from project 'Murti')
cd /Users/admin/builder/spi-builder-workspace/.swiftpm/xcode
builtin-SwiftPerFileCompile MurtiSignatureVerifier.swift
SwiftCompile normal arm64_32 Compiling\ MurtiComponent.swift,\ MurtiComponentFactory.swift,\ MurtiEngine.swift,\ MurtiError.swift /Users/admin/builder/spi-builder-workspace/Sources/MurtiCore/MurtiComponent.swift /Users/admin/builder/spi-builder-workspace/Sources/MurtiCore/MurtiComponentFactory.swift /Users/admin/builder/spi-builder-workspace/Sources/MurtiCore/MurtiEngine.swift /Users/admin/builder/spi-builder-workspace/Sources/MurtiCore/MurtiError.swift (in target 'MurtiCore' from project 'Murti')
SwiftCompile normal arm64_32 /Users/admin/builder/spi-builder-workspace/Sources/MurtiCore/MurtiComponent.swift (in target 'MurtiCore' from project 'Murti')
cd /Users/admin/builder/spi-builder-workspace/.swiftpm/xcode
builtin-SwiftPerFileCompile MurtiComponent.swift
SwiftCompile normal arm64_32 /Users/admin/builder/spi-builder-workspace/Sources/MurtiCore/MurtiComponentFactory.swift (in target 'MurtiCore' from project 'Murti')
cd /Users/admin/builder/spi-builder-workspace/.swiftpm/xcode
builtin-SwiftPerFileCompile MurtiComponentFactory.swift
SwiftCompile normal arm64_32 /Users/admin/builder/spi-builder-workspace/Sources/MurtiCore/MurtiEngine.swift (in target 'MurtiCore' from project 'Murti')
cd /Users/admin/builder/spi-builder-workspace/.swiftpm/xcode
builtin-SwiftPerFileCompile MurtiEngine.swift
SwiftCompile normal arm64_32 /Users/admin/builder/spi-builder-workspace/Sources/MurtiCore/MurtiError.swift (in target 'MurtiCore' from project 'Murti')
cd /Users/admin/builder/spi-builder-workspace/.swiftpm/xcode
builtin-SwiftPerFileCompile MurtiError.swift
SwiftDriverJobDiscovery normal arm64_32 Compiling MurtiNavigator.swift, MurtiNetworkClient.swift, MurtiNode.swift, MurtiPayload.swift (in target 'MurtiCore' from project 'Murti')
SwiftCompile normal arm64 Compiling\ AESGCMCipher.swift,\ Accessibility.swift,\ BuiltinComponents.swift,\ CacheKey.swift /Users/admin/builder/spi-builder-workspace/Sources/MurtiCore/AESGCMCipher.swift /Users/admin/builder/spi-builder-workspace/Sources/MurtiCore/Accessibility.swift /Users/admin/builder/spi-builder-workspace/Sources/MurtiCore/BuiltinComponents.swift /Users/admin/builder/spi-builder-workspace/Sources/MurtiCore/CacheKey.swift (in target 'MurtiCore' from project 'Murti')
SwiftCompile normal arm64 /Users/admin/builder/spi-builder-workspace/Sources/MurtiCore/AESGCMCipher.swift (in target 'MurtiCore' from project 'Murti')
cd /Users/admin/builder/spi-builder-workspace/.swiftpm/xcode
builtin-SwiftPerFileCompile AESGCMCipher.swift
SwiftCompile normal arm64 /Users/admin/builder/spi-builder-workspace/Sources/MurtiCore/Accessibility.swift (in target 'MurtiCore' from project 'Murti')
cd /Users/admin/builder/spi-builder-workspace/.swiftpm/xcode
builtin-SwiftPerFileCompile Accessibility.swift
SwiftCompile normal arm64 /Users/admin/builder/spi-builder-workspace/Sources/MurtiCore/BuiltinComponents.swift (in target 'MurtiCore' from project 'Murti')
cd /Users/admin/builder/spi-builder-workspace/.swiftpm/xcode
builtin-SwiftPerFileCompile BuiltinComponents.swift
SwiftCompile normal arm64 /Users/admin/builder/spi-builder-workspace/Sources/MurtiCore/CacheKey.swift (in target 'MurtiCore' from project 'Murti')
cd /Users/admin/builder/spi-builder-workspace/.swiftpm/xcode
builtin-SwiftPerFileCompile CacheKey.swift
SwiftDriverJobDiscovery normal arm64_32 Compiling Commands.swift, DataContext.swift, FileCacheStore.swift, Manifest.swift (in target 'MurtiCore' from project 'Murti')
SwiftDriverJobDiscovery normal arm64 Compiling MurtiComponent.swift, MurtiComponentFactory.swift, MurtiEngine.swift, MurtiError.swift (in target 'MurtiCore' from project 'Murti')
SwiftDriverJobDiscovery normal arm64 Compiling MurtiRenderContext.swift, MurtiRenderer.swift, MurtiSchemaValidator.swift (in target 'MurtiCore' from project 'Murti')
SwiftDriverJobDiscovery normal arm64 Compiling MurtiStyle.swift, MurtiUnknownView.swift, MurtiValue+Literals.swift (in target 'MurtiCore' from project 'Murti')
SwiftDriver MurtiGallery normal arm64_32 com.apple.xcode.tools.swift.compiler (in target 'MurtiGallery-product' from project 'Murti')
cd /Users/admin/builder/spi-builder-workspace/.swiftpm/xcode
builtin-SwiftDriver -- /Applications/Xcode-27.0.0-Release.Candidate.app/Contents/Developer/Toolchains/XcodeDefault.xctoolchain/usr/bin/swiftc -parse-as-library -module-name MurtiGallery -Onone @/Users/admin/builder/spi-builder-workspace/.derivedData/Build/Intermediates.noindex/Murti.build/Debug-watchos/MurtiGallery-p.build/Objects-normal/arm64_32/MurtiGallery.SwiftFileList -DSWIFT_PACKAGE -DDEBUG -DXcode -plugin-path /Applications/Xcode-27.0.0-Release.Candidate.app/Contents/Developer/Toolchains/XcodeDefault.xctoolchain/usr/lib/swift/host/plugins/testing -enable-experimental-feature DebugDescriptionMacro -sdk /Applications/Xcode-27.0.0-Release.Candidate.app/Contents/Developer/Platforms/WatchOS.platform/Developer/SDKs/WatchOS27.0.sdk -target arm64_32-apple-watchos10.0 -g -module-cache-path /Users/admin/builder/spi-builder-workspace/.derivedData/ModuleCache.noindex -Xfrontend -serialize-debugging-options -profile-coverage-mapping -profile-generate -enable-testing -index-store-path /Users/admin/builder/spi-builder-workspace/.derivedData/Index.noindex/DataStore -Xcc -D_LIBCPP_HARDENING_MODE\=_LIBCPP_HARDENING_MODE_DEBUG -swift-version 6 -I /Users/admin/builder/spi-builder-workspace/.derivedData/Build/Products/Debug-watchos -Isystem /Applications/Xcode-27.0.0-Release.Candidate.app/Contents/Developer/Platforms/WatchOS.platform/Developer/usr/lib -F /Users/admin/builder/spi-builder-workspace/.derivedData/Build/Products/Debug-watchos/PackageFrameworks -F /Users/admin/builder/spi-builder-workspace/.derivedData/Build/Products/Debug-watchos -F /Applications/Xcode-27.0.0-Release.Candidate.app/Contents/Developer/Platforms/WatchOS.platform/Developer/Library/Frameworks -F /Applications/Xcode-27.0.0-Release.Candidate.app/Contents/Developer/Platforms/WatchOS.platform/Developer/SDKs/WatchOS27.0.sdk/Developer/Library/Frameworks -c -j10 -enable-batch-mode -incremental -Xcc -ivfsstatcache -Xcc /Users/admin/builder/spi-builder-workspace/.derivedData/SDKStatCaches.noindex/watchos27.0-24R360-e829b21a6f8c9b70876ba0858053c04477534ef55a1706bf4c1112bbb242f0a2.sdkstatcache -output-file-map /Users/admin/builder/spi-builder-workspace/.derivedData/Build/Intermediates.noindex/Murti.build/Debug-watchos/MurtiGallery-p.build/Objects-normal/arm64_32/MurtiGallery-OutputFileMap.json -save-temps -no-color-diagnostics -explicit-module-build -module-cache-path /Users/admin/builder/spi-builder-workspace/.derivedData/Build/Intermediates.noindex/SwiftExplicitPrecompiledModules -clang-scanner-module-cache-path /Users/admin/builder/spi-builder-workspace/.derivedData/ModuleCache.noindex -sdk-module-cache-path /Users/admin/builder/spi-builder-workspace/.derivedData/SDKExplicitPrecompiledModules -emit-dependencies -emit-module -emit-module-path /Users/admin/builder/spi-builder-workspace/.derivedData/Build/Intermediates.noindex/Murti.build/Debug-watchos/MurtiGallery-p.build/Objects-normal/arm64_32/MurtiGallery.swiftmodule -serialize-diagnostics -dependency-scan-serialize-diagnostics-path /Users/admin/builder/spi-builder-workspace/.derivedData/Build/Intermediates.noindex/Murti.build/Debug-watchos/MurtiGallery-p.build/Objects-normal/arm64_32/MurtiGallery-dependency-scan.dia -validate-clang-modules-once -clang-build-session-file /Users/admin/builder/spi-builder-workspace/.derivedData/ModuleCache.noindex/Session.modulevalidation -Xcc -fmodules-prune-interval\=86400 -Xcc -fmodules-prune-after\=345600 -package-name spi_builder_workspace -emit-const-values -const-gather-protocols-list /Users/admin/builder/spi-builder-workspace/.derivedData/Build/Intermediates.noindex/Murti.build/Debug-watchos/MurtiGallery-p.build/Objects-normal/arm64_32/MurtiGallery_const_extract_protocols.json -Xcc -I/Users/admin/builder/spi-builder-workspace/.derivedData/Build/Products/Debug-watchos/include -Xcc -I/Users/admin/builder/spi-builder-workspace/.derivedData/Build/Intermediates.noindex/Murti.build/Debug-watchos/MurtiGallery-p.build/DerivedSources-normal/arm64_32 -Xcc -I/Users/admin/builder/spi-builder-workspace/.derivedData/Build/Intermediates.noindex/Murti.build/Debug-watchos/MurtiGallery-p.build/DerivedSources/arm64_32 -Xcc -I/Users/admin/builder/spi-builder-workspace/.derivedData/Build/Intermediates.noindex/Murti.build/Debug-watchos/MurtiGallery-p.build/DerivedSources -Xcc -DSWIFT_PACKAGE -Xcc -DDEBUG\=1 -working-directory /Users/admin/builder/spi-builder-workspace/.swiftpm/xcode -experimental-emit-module-separately -disable-cmo
SwiftDriver MurtiGallery normal arm64 com.apple.xcode.tools.swift.compiler (in target 'MurtiGallery-product' from project 'Murti')
cd /Users/admin/builder/spi-builder-workspace/.swiftpm/xcode
builtin-SwiftDriver -- /Applications/Xcode-27.0.0-Release.Candidate.app/Contents/Developer/Toolchains/XcodeDefault.xctoolchain/usr/bin/swiftc -parse-as-library -module-name MurtiGallery -Onone @/Users/admin/builder/spi-builder-workspace/.derivedData/Build/Intermediates.noindex/Murti.build/Debug-watchos/MurtiGallery-p.build/Objects-normal/arm64/MurtiGallery.SwiftFileList -DSWIFT_PACKAGE -DDEBUG -DXcode -plugin-path /Applications/Xcode-27.0.0-Release.Candidate.app/Contents/Developer/Toolchains/XcodeDefault.xctoolchain/usr/lib/swift/host/plugins/testing -enable-experimental-feature DebugDescriptionMacro -sdk /Applications/Xcode-27.0.0-Release.Candidate.app/Contents/Developer/Platforms/WatchOS.platform/Developer/SDKs/WatchOS27.0.sdk -target arm64-apple-watchos10.0 -g -module-cache-path /Users/admin/builder/spi-builder-workspace/.derivedData/ModuleCache.noindex -Xfrontend -serialize-debugging-options -profile-coverage-mapping -profile-generate -enable-testing -index-store-path /Users/admin/builder/spi-builder-workspace/.derivedData/Index.noindex/DataStore -Xcc -D_LIBCPP_HARDENING_MODE\=_LIBCPP_HARDENING_MODE_DEBUG -swift-version 6 -I /Users/admin/builder/spi-builder-workspace/.derivedData/Build/Products/Debug-watchos -Isystem /Applications/Xcode-27.0.0-Release.Candidate.app/Contents/Developer/Platforms/WatchOS.platform/Developer/usr/lib -F /Users/admin/builder/spi-builder-workspace/.derivedData/Build/Products/Debug-watchos/PackageFrameworks -F /Users/admin/builder/spi-builder-workspace/.derivedData/Build/Products/Debug-watchos -F /Applications/Xcode-27.0.0-Release.Candidate.app/Contents/Developer/Platforms/WatchOS.platform/Developer/Library/Frameworks -F /Applications/Xcode-27.0.0-Release.Candidate.app/Contents/Developer/Platforms/WatchOS.platform/Developer/SDKs/WatchOS27.0.sdk/Developer/Library/Frameworks -c -j10 -enable-batch-mode -incremental -Xcc -ivfsstatcache -Xcc /Users/admin/builder/spi-builder-workspace/.derivedData/SDKStatCaches.noindex/watchos27.0-24R360-e829b21a6f8c9b70876ba0858053c04477534ef55a1706bf4c1112bbb242f0a2.sdkstatcache -output-file-map /Users/admin/builder/spi-builder-workspace/.derivedData/Build/Intermediates.noindex/Murti.build/Debug-watchos/MurtiGallery-p.build/Objects-normal/arm64/MurtiGallery-OutputFileMap.json -save-temps -no-color-diagnostics -explicit-module-build -module-cache-path /Users/admin/builder/spi-builder-workspace/.derivedData/Build/Intermediates.noindex/SwiftExplicitPrecompiledModules -clang-scanner-module-cache-path /Users/admin/builder/spi-builder-workspace/.derivedData/ModuleCache.noindex -sdk-module-cache-path /Users/admin/builder/spi-builder-workspace/.derivedData/SDKExplicitPrecompiledModules -emit-dependencies -emit-module -emit-module-path /Users/admin/builder/spi-builder-workspace/.derivedData/Build/Intermediates.noindex/Murti.build/Debug-watchos/MurtiGallery-p.build/Objects-normal/arm64/MurtiGallery.swiftmodule -serialize-diagnostics -dependency-scan-serialize-diagnostics-path /Users/admin/builder/spi-builder-workspace/.derivedData/Build/Intermediates.noindex/Murti.build/Debug-watchos/MurtiGallery-p.build/Objects-normal/arm64/MurtiGallery-dependency-scan.dia -validate-clang-modules-once -clang-build-session-file /Users/admin/builder/spi-builder-workspace/.derivedData/ModuleCache.noindex/Session.modulevalidation -Xcc -fmodules-prune-interval\=86400 -Xcc -fmodules-prune-after\=345600 -package-name spi_builder_workspace -emit-const-values -const-gather-protocols-list /Users/admin/builder/spi-builder-workspace/.derivedData/Build/Intermediates.noindex/Murti.build/Debug-watchos/MurtiGallery-p.build/Objects-normal/arm64/MurtiGallery_const_extract_protocols.json -Xcc -I/Users/admin/builder/spi-builder-workspace/.derivedData/Build/Products/Debug-watchos/include -Xcc -I/Users/admin/builder/spi-builder-workspace/.derivedData/Build/Intermediates.noindex/Murti.build/Debug-watchos/MurtiGallery-p.build/DerivedSources-normal/arm64 -Xcc -I/Users/admin/builder/spi-builder-workspace/.derivedData/Build/Intermediates.noindex/Murti.build/Debug-watchos/MurtiGallery-p.build/DerivedSources/arm64 -Xcc -I/Users/admin/builder/spi-builder-workspace/.derivedData/Build/Intermediates.noindex/Murti.build/Debug-watchos/MurtiGallery-p.build/DerivedSources -Xcc -DSWIFT_PACKAGE -Xcc -DDEBUG\=1 -working-directory /Users/admin/builder/spi-builder-workspace/.swiftpm/xcode -experimental-emit-module-separately -disable-cmo
SwiftDriver MurtiBuilder normal arm64 com.apple.xcode.tools.swift.compiler (in target 'MurtiBuilder' from project 'Murti')
cd /Users/admin/builder/spi-builder-workspace/.swiftpm/xcode
builtin-SwiftDriver -- /Applications/Xcode-27.0.0-Release.Candidate.app/Contents/Developer/Toolchains/XcodeDefault.xctoolchain/usr/bin/swiftc -parse-as-library -module-name MurtiBuilder -Onone @/Users/admin/builder/spi-builder-workspace/.derivedData/Build/Intermediates.noindex/Murti.build/Debug-watchos/MurtiBuilder-t.build/Objects-normal/arm64/MurtiBuilder.SwiftFileList -DSWIFT_PACKAGE -DDEBUG -DSWIFT_MODULE_RESOURCE_BUNDLE_UNAVAILABLE -DXcode -plugin-path /Applications/Xcode-27.0.0-Release.Candidate.app/Contents/Developer/Toolchains/XcodeDefault.xctoolchain/usr/lib/swift/host/plugins/testing -enable-experimental-feature DebugDescriptionMacro -sdk /Applications/Xcode-27.0.0-Release.Candidate.app/Contents/Developer/Platforms/WatchOS.platform/Developer/SDKs/WatchOS27.0.sdk -target arm64-apple-watchos10.0 -g -module-cache-path /Users/admin/builder/spi-builder-workspace/.derivedData/ModuleCache.noindex -Xfrontend -serialize-debugging-options -profile-coverage-mapping -profile-generate -enable-testing -index-store-path /Users/admin/builder/spi-builder-workspace/.derivedData/Index.noindex/DataStore -Xcc -D_LIBCPP_HARDENING_MODE\=_LIBCPP_HARDENING_MODE_DEBUG -swift-version 6 -I /Users/admin/builder/spi-builder-workspace/.derivedData/Build/Products/Debug-watchos -Isystem /Applications/Xcode-27.0.0-Release.Candidate.app/Contents/Developer/Platforms/WatchOS.platform/Developer/usr/lib -F /Users/admin/builder/spi-builder-workspace/.derivedData/Build/Products/Debug-watchos/PackageFrameworks -F /Users/admin/builder/spi-builder-workspace/.derivedData/Build/Products/Debug-watchos -F /Applications/Xcode-27.0.0-Release.Candidate.app/Contents/Developer/Platforms/WatchOS.platform/Developer/Library/Frameworks -F /Applications/Xcode-27.0.0-Release.Candidate.app/Contents/Developer/Platforms/WatchOS.platform/Developer/SDKs/WatchOS27.0.sdk/Developer/Library/Frameworks -c -j10 -enable-batch-mode -incremental -Xcc -ivfsstatcache -Xcc /Users/admin/builder/spi-builder-workspace/.derivedData/SDKStatCaches.noindex/watchos27.0-24R360-e829b21a6f8c9b70876ba0858053c04477534ef55a1706bf4c1112bbb242f0a2.sdkstatcache -output-file-map /Users/admin/builder/spi-builder-workspace/.derivedData/Build/Intermediates.noindex/Murti.build/Debug-watchos/MurtiBuilder-t.build/Objects-normal/arm64/MurtiBuilder-OutputFileMap.json -save-temps -no-color-diagnostics -explicit-module-build -module-cache-path /Users/admin/builder/spi-builder-workspace/.derivedData/Build/Intermediates.noindex/SwiftExplicitPrecompiledModules -clang-scanner-module-cache-path /Users/admin/builder/spi-builder-workspace/.derivedData/ModuleCache.noindex -sdk-module-cache-path /Users/admin/builder/spi-builder-workspace/.derivedData/SDKExplicitPrecompiledModules -emit-dependencies -emit-module -emit-module-path /Users/admin/builder/spi-builder-workspace/.derivedData/Build/Intermediates.noindex/Murti.build/Debug-watchos/MurtiBuilder-t.build/Objects-normal/arm64/MurtiBuilder.swiftmodule -serialize-diagnostics -dependency-scan-serialize-diagnostics-path /Users/admin/builder/spi-builder-workspace/.derivedData/Build/Intermediates.noindex/Murti.build/Debug-watchos/MurtiBuilder-t.build/Objects-normal/arm64/MurtiBuilder-dependency-scan.dia -validate-clang-modules-once -clang-build-session-file /Users/admin/builder/spi-builder-workspace/.derivedData/ModuleCache.noindex/Session.modulevalidation -Xcc -fmodules-prune-interval\=86400 -Xcc -fmodules-prune-after\=345600 -package-name spi_builder_workspace -emit-const-values -const-gather-protocols-list /Users/admin/builder/spi-builder-workspace/.derivedData/Build/Intermediates.noindex/Murti.build/Debug-watchos/MurtiBuilder-t.build/Objects-normal/arm64/MurtiBuilder_const_extract_protocols.json -Xcc -I/Users/admin/builder/spi-builder-workspace/.derivedData/Build/Products/Debug-watchos/include -Xcc -I/Users/admin/builder/spi-builder-workspace/.derivedData/Build/Intermediates.noindex/Murti.build/Debug-watchos/MurtiBuilder-t.build/DerivedSources-normal/arm64 -Xcc -I/Users/admin/builder/spi-builder-workspace/.derivedData/Build/Intermediates.noindex/Murti.build/Debug-watchos/MurtiBuilder-t.build/DerivedSources/arm64 -Xcc -I/Users/admin/builder/spi-builder-workspace/.derivedData/Build/Intermediates.noindex/Murti.build/Debug-watchos/MurtiBuilder-t.build/DerivedSources -Xcc -DSWIFT_PACKAGE -Xcc -DDEBUG\=1 -emit-objc-header -emit-objc-header-path /Users/admin/builder/spi-builder-workspace/.derivedData/Build/Intermediates.noindex/Murti.build/Debug-watchos/MurtiBuilder-t.build/Objects-normal/arm64/MurtiBuilder-Swift.h -working-directory /Users/admin/builder/spi-builder-workspace/.swiftpm/xcode -experimental-emit-module-separately -disable-cmo
SwiftDriver MurtiBuilder normal arm64_32 com.apple.xcode.tools.swift.compiler (in target 'MurtiBuilder' from project 'Murti')
cd /Users/admin/builder/spi-builder-workspace/.swiftpm/xcode
builtin-SwiftDriver -- /Applications/Xcode-27.0.0-Release.Candidate.app/Contents/Developer/Toolchains/XcodeDefault.xctoolchain/usr/bin/swiftc -parse-as-library -module-name MurtiBuilder -Onone @/Users/admin/builder/spi-builder-workspace/.derivedData/Build/Intermediates.noindex/Murti.build/Debug-watchos/MurtiBuilder-t.build/Objects-normal/arm64_32/MurtiBuilder.SwiftFileList -DSWIFT_PACKAGE -DDEBUG -DSWIFT_MODULE_RESOURCE_BUNDLE_UNAVAILABLE -DXcode -plugin-path /Applications/Xcode-27.0.0-Release.Candidate.app/Contents/Developer/Toolchains/XcodeDefault.xctoolchain/usr/lib/swift/host/plugins/testing -enable-experimental-feature DebugDescriptionMacro -sdk /Applications/Xcode-27.0.0-Release.Candidate.app/Contents/Developer/Platforms/WatchOS.platform/Developer/SDKs/WatchOS27.0.sdk -target arm64_32-apple-watchos10.0 -g -module-cache-path /Users/admin/builder/spi-builder-workspace/.derivedData/ModuleCache.noindex -Xfrontend -serialize-debugging-options -profile-coverage-mapping -profile-generate -enable-testing -index-store-path /Users/admin/builder/spi-builder-workspace/.derivedData/Index.noindex/DataStore -Xcc -D_LIBCPP_HARDENING_MODE\=_LIBCPP_HARDENING_MODE_DEBUG -swift-version 6 -I /Users/admin/builder/spi-builder-workspace/.derivedData/Build/Products/Debug-watchos -Isystem /Applications/Xcode-27.0.0-Release.Candidate.app/Contents/Developer/Platforms/WatchOS.platform/Developer/usr/lib -F /Users/admin/builder/spi-builder-workspace/.derivedData/Build/Products/Debug-watchos/PackageFrameworks -F /Users/admin/builder/spi-builder-workspace/.derivedData/Build/Products/Debug-watchos -F /Applications/Xcode-27.0.0-Release.Candidate.app/Contents/Developer/Platforms/WatchOS.platform/Developer/Library/Frameworks -F /Applications/Xcode-27.0.0-Release.Candidate.app/Contents/Developer/Platforms/WatchOS.platform/Developer/SDKs/WatchOS27.0.sdk/Developer/Library/Frameworks -c -j10 -enable-batch-mode -incremental -Xcc -ivfsstatcache -Xcc /Users/admin/builder/spi-builder-workspace/.derivedData/SDKStatCaches.noindex/watchos27.0-24R360-e829b21a6f8c9b70876ba0858053c04477534ef55a1706bf4c1112bbb242f0a2.sdkstatcache -output-file-map /Users/admin/builder/spi-builder-workspace/.derivedData/Build/Intermediates.noindex/Murti.build/Debug-watchos/MurtiBuilder-t.build/Objects-normal/arm64_32/MurtiBuilder-OutputFileMap.json -save-temps -no-color-diagnostics -explicit-module-build -module-cache-path /Users/admin/builder/spi-builder-workspace/.derivedData/Build/Intermediates.noindex/SwiftExplicitPrecompiledModules -clang-scanner-module-cache-path /Users/admin/builder/spi-builder-workspace/.derivedData/ModuleCache.noindex -sdk-module-cache-path /Users/admin/builder/spi-builder-workspace/.derivedData/SDKExplicitPrecompiledModules -emit-dependencies -emit-module -emit-module-path /Users/admin/builder/spi-builder-workspace/.derivedData/Build/Intermediates.noindex/Murti.build/Debug-watchos/MurtiBuilder-t.build/Objects-normal/arm64_32/MurtiBuilder.swiftmodule -serialize-diagnostics -dependency-scan-serialize-diagnostics-path /Users/admin/builder/spi-builder-workspace/.derivedData/Build/Intermediates.noindex/Murti.build/Debug-watchos/MurtiBuilder-t.build/Objects-normal/arm64_32/MurtiBuilder-dependency-scan.dia -validate-clang-modules-once -clang-build-session-file /Users/admin/builder/spi-builder-workspace/.derivedData/ModuleCache.noindex/Session.modulevalidation -Xcc -fmodules-prune-interval\=86400 -Xcc -fmodules-prune-after\=345600 -package-name spi_builder_workspace -emit-const-values -const-gather-protocols-list /Users/admin/builder/spi-builder-workspace/.derivedData/Build/Intermediates.noindex/Murti.build/Debug-watchos/MurtiBuilder-t.build/Objects-normal/arm64_32/MurtiBuilder_const_extract_protocols.json -Xcc -I/Users/admin/builder/spi-builder-workspace/.derivedData/Build/Products/Debug-watchos/include -Xcc -I/Users/admin/builder/spi-builder-workspace/.derivedData/Build/Intermediates.noindex/Murti.build/Debug-watchos/MurtiBuilder-t.build/DerivedSources-normal/arm64_32 -Xcc -I/Users/admin/builder/spi-builder-workspace/.derivedData/Build/Intermediates.noindex/Murti.build/Debug-watchos/MurtiBuilder-t.build/DerivedSources/arm64_32 -Xcc -I/Users/admin/builder/spi-builder-workspace/.derivedData/Build/Intermediates.noindex/Murti.build/Debug-watchos/MurtiBuilder-t.build/DerivedSources -Xcc -DSWIFT_PACKAGE -Xcc -DDEBUG\=1 -emit-objc-header -emit-objc-header-path /Users/admin/builder/spi-builder-workspace/.derivedData/Build/Intermediates.noindex/Murti.build/Debug-watchos/MurtiBuilder-t.build/Objects-normal/arm64_32/MurtiBuilder-Swift.h -working-directory /Users/admin/builder/spi-builder-workspace/.swiftpm/xcode -experimental-emit-module-separately -disable-cmo
SwiftDriverJobDiscovery normal arm64 Compiling AESGCMCipher.swift, Accessibility.swift, BuiltinComponents.swift, CacheKey.swift (in target 'MurtiCore' from project 'Murti')
SwiftDriverJobDiscovery normal arm64 Compiling MurtiScreen.swift, MurtiScreenFactory.swift, MurtiSignatureVerifier.swift (in target 'MurtiCore' from project 'Murti')
SwiftDriver\ Compilation MurtiCore normal arm64 com.apple.xcode.tools.swift.compiler (in target 'MurtiCore' from project 'Murti')
cd /Users/admin/builder/spi-builder-workspace/.swiftpm/xcode
builtin-Swift-Compilation -- /Applications/Xcode-27.0.0-Release.Candidate.app/Contents/Developer/Toolchains/XcodeDefault.xctoolchain/usr/bin/swiftc -parse-as-library -module-name MurtiCore -Onone @/Users/admin/builder/spi-builder-workspace/.derivedData/Build/Intermediates.noindex/Murti.build/Debug-watchos/MurtiCore-t.build/Objects-normal/arm64/MurtiCore.SwiftFileList -DSWIFT_PACKAGE -DDEBUG -DSWIFT_MODULE_RESOURCE_BUNDLE_UNAVAILABLE -DXcode -plugin-path /Applications/Xcode-27.0.0-Release.Candidate.app/Contents/Developer/Toolchains/XcodeDefault.xctoolchain/usr/lib/swift/host/plugins/testing -enable-experimental-feature DebugDescriptionMacro -sdk /Applications/Xcode-27.0.0-Release.Candidate.app/Contents/Developer/Platforms/WatchOS.platform/Developer/SDKs/WatchOS27.0.sdk -target arm64-apple-watchos10.0 -g -module-cache-path /Users/admin/builder/spi-builder-workspace/.derivedData/ModuleCache.noindex -Xfrontend -serialize-debugging-options -profile-coverage-mapping -profile-generate -enable-testing -index-store-path /Users/admin/builder/spi-builder-workspace/.derivedData/Index.noindex/DataStore -Xcc -D_LIBCPP_HARDENING_MODE\=_LIBCPP_HARDENING_MODE_DEBUG -swift-version 6 -I /Users/admin/builder/spi-builder-workspace/.derivedData/Build/Products/Debug-watchos -Isystem /Applications/Xcode-27.0.0-Release.Candidate.app/Contents/Developer/Platforms/WatchOS.platform/Developer/usr/lib -F /Users/admin/builder/spi-builder-workspace/.derivedData/Build/Products/Debug-watchos -F /Applications/Xcode-27.0.0-Release.Candidate.app/Contents/Developer/Platforms/WatchOS.platform/Developer/Library/Frameworks -F /Applications/Xcode-27.0.0-Release.Candidate.app/Contents/Developer/Platforms/WatchOS.platform/Developer/SDKs/WatchOS27.0.sdk/Developer/Library/Frameworks -c -j10 -enable-batch-mode -incremental -Xcc -ivfsstatcache -Xcc /Users/admin/builder/spi-builder-workspace/.derivedData/SDKStatCaches.noindex/watchos27.0-24R360-e829b21a6f8c9b70876ba0858053c04477534ef55a1706bf4c1112bbb242f0a2.sdkstatcache -output-file-map /Users/admin/builder/spi-builder-workspace/.derivedData/Build/Intermediates.noindex/Murti.build/Debug-watchos/MurtiCore-t.build/Objects-normal/arm64/MurtiCore-OutputFileMap.json -save-temps -no-color-diagnostics -explicit-module-build -module-cache-path /Users/admin/builder/spi-builder-workspace/.derivedData/Build/Intermediates.noindex/SwiftExplicitPrecompiledModules -clang-scanner-module-cache-path /Users/admin/builder/spi-builder-workspace/.derivedData/ModuleCache.noindex -sdk-module-cache-path /Users/admin/builder/spi-builder-workspace/.derivedData/SDKExplicitPrecompiledModules -emit-dependencies -emit-module -emit-module-path /Users/admin/builder/spi-builder-workspace/.derivedData/Build/Intermediates.noindex/Murti.build/Debug-watchos/MurtiCore-t.build/Objects-normal/arm64/MurtiCore.swiftmodule -serialize-diagnostics -dependency-scan-serialize-diagnostics-path /Users/admin/builder/spi-builder-workspace/.derivedData/Build/Intermediates.noindex/Murti.build/Debug-watchos/MurtiCore-t.build/Objects-normal/arm64/MurtiCore-dependency-scan.dia -validate-clang-modules-once -clang-build-session-file /Users/admin/builder/spi-builder-workspace/.derivedData/ModuleCache.noindex/Session.modulevalidation -Xcc -fmodules-prune-interval\=86400 -Xcc -fmodules-prune-after\=345600 -package-name spi_builder_workspace -emit-const-values -const-gather-protocols-list /Users/admin/builder/spi-builder-workspace/.derivedData/Build/Intermediates.noindex/Murti.build/Debug-watchos/MurtiCore-t.build/Objects-normal/arm64/MurtiCore_const_extract_protocols.json -Xcc -I/Users/admin/builder/spi-builder-workspace/.derivedData/Build/Products/Debug-watchos/include -Xcc -I/Users/admin/builder/spi-builder-workspace/.derivedData/Build/Intermediates.noindex/Murti.build/Debug-watchos/MurtiCore-t.build/DerivedSources-normal/arm64 -Xcc -I/Users/admin/builder/spi-builder-workspace/.derivedData/Build/Intermediates.noindex/Murti.build/Debug-watchos/MurtiCore-t.build/DerivedSources/arm64 -Xcc -I/Users/admin/builder/spi-builder-workspace/.derivedData/Build/Intermediates.noindex/Murti.build/Debug-watchos/MurtiCore-t.build/DerivedSources -Xcc -DSWIFT_PACKAGE -Xcc -DDEBUG\=1 -emit-objc-header -emit-objc-header-path /Users/admin/builder/spi-builder-workspace/.derivedData/Build/Intermediates.noindex/Murti.build/Debug-watchos/MurtiCore-t.build/Objects-normal/arm64/MurtiCore-Swift.h -working-directory /Users/admin/builder/spi-builder-workspace/.swiftpm/xcode -experimental-emit-module-separately -disable-cmo
Ld /Users/admin/builder/spi-builder-workspace/.derivedData/Build/Intermediates.noindex/Murti.build/Debug-watchos/MurtiCore-t.build/Objects-normal/arm64/Binary/MurtiCore.o normal arm64 (in target 'MurtiCore' from project 'Murti')
cd /Users/admin/builder/spi-builder-workspace
/Applications/Xcode-27.0.0-Release.Candidate.app/Contents/Developer/Toolchains/XcodeDefault.xctoolchain/usr/bin/clang -Xlinker -reproducible -target arm64-apple-watchos10.0 -r -isysroot /Applications/Xcode-27.0.0-Release.Candidate.app/Contents/Developer/Platforms/WatchOS.platform/Developer/SDKs/WatchOS27.0.sdk -O0 -Xlinker -no_warn_duplicate_libraries -F/Users/admin/builder/spi-builder-workspace/.derivedData/Build/Intermediates.noindex/EagerLinkingTBDs/Debug-watchos -F/Users/admin/builder/spi-builder-workspace/.derivedData/Build/Products/Debug-watchos -iframework /Applications/Xcode-27.0.0-Release.Candidate.app/Contents/Developer/Platforms/WatchOS.platform/Developer/Library/Frameworks -iframework /Applications/Xcode-27.0.0-Release.Candidate.app/Contents/Developer/Platforms/WatchOS.platform/Developer/SDKs/WatchOS27.0.sdk/Developer/Library/Frameworks -filelist /Users/admin/builder/spi-builder-workspace/.derivedData/Build/Intermediates.noindex/Murti.build/Debug-watchos/MurtiCore-t.build/Objects-normal/arm64/MurtiCore.LinkFileList -nostdlib -Xlinker -object_path_lto -Xlinker /Users/admin/builder/spi-builder-workspace/.derivedData/Build/Intermediates.noindex/Murti.build/Debug-watchos/MurtiCore-t.build/Objects-normal/arm64/MurtiCore_lto.o -Xlinker -no_deduplicate -Xlinker -debug_variant -Xlinker -dependency_info -Xlinker /Users/admin/builder/spi-builder-workspace/.derivedData/Build/Intermediates.noindex/Murti.build/Debug-watchos/MurtiCore-t.build/Objects-normal/arm64/MurtiCore_dependency_info.dat -fobjc-link-runtime -L/Applications/Xcode-27.0.0-Release.Candidate.app/Contents/Developer/Toolchains/XcodeDefault.xctoolchain/usr/lib/swift/watchos -L/usr/lib/swift -Xlinker -add_ast_path -Xlinker /Users/admin/builder/spi-builder-workspace/.derivedData/Build/Intermediates.noindex/Murti.build/Debug-watchos/MurtiCore-t.build/Objects-normal/arm64/MurtiCore.swiftmodule -o /Users/admin/builder/spi-builder-workspace/.derivedData/Build/Intermediates.noindex/Murti.build/Debug-watchos/MurtiCore-t.build/Objects-normal/arm64/Binary/MurtiCore.o
SwiftDriverJobDiscovery normal arm64_32 Compiling MurtiRenderContext.swift, MurtiRenderer.swift, MurtiSchemaValidator.swift (in target 'MurtiCore' from project 'Murti')
SwiftDriverJobDiscovery normal arm64_32 Compiling MurtiStyle.swift, MurtiUnknownView.swift, MurtiValue+Literals.swift (in target 'MurtiCore' from project 'Murti')
SwiftDriverJobDiscovery normal arm64_32 Compiling MurtiScreen.swift, MurtiScreenFactory.swift, MurtiSignatureVerifier.swift (in target 'MurtiCore' from project 'Murti')
SwiftDriverJobDiscovery normal arm64_32 Compiling MurtiComponent.swift, MurtiComponentFactory.swift, MurtiEngine.swift, MurtiError.swift (in target 'MurtiCore' from project 'Murti')
SwiftDriverJobDiscovery normal arm64_32 Compiling AESGCMCipher.swift, Accessibility.swift, BuiltinComponents.swift, CacheKey.swift (in target 'MurtiCore' from project 'Murti')
SwiftDriver\ Compilation MurtiCore normal arm64_32 com.apple.xcode.tools.swift.compiler (in target 'MurtiCore' from project 'Murti')
cd /Users/admin/builder/spi-builder-workspace/.swiftpm/xcode
builtin-Swift-Compilation -- /Applications/Xcode-27.0.0-Release.Candidate.app/Contents/Developer/Toolchains/XcodeDefault.xctoolchain/usr/bin/swiftc -parse-as-library -module-name MurtiCore -Onone @/Users/admin/builder/spi-builder-workspace/.derivedData/Build/Intermediates.noindex/Murti.build/Debug-watchos/MurtiCore-t.build/Objects-normal/arm64_32/MurtiCore.SwiftFileList -DSWIFT_PACKAGE -DDEBUG -DSWIFT_MODULE_RESOURCE_BUNDLE_UNAVAILABLE -DXcode -plugin-path /Applications/Xcode-27.0.0-Release.Candidate.app/Contents/Developer/Toolchains/XcodeDefault.xctoolchain/usr/lib/swift/host/plugins/testing -enable-experimental-feature DebugDescriptionMacro -sdk /Applications/Xcode-27.0.0-Release.Candidate.app/Contents/Developer/Platforms/WatchOS.platform/Developer/SDKs/WatchOS27.0.sdk -target arm64_32-apple-watchos10.0 -g -module-cache-path /Users/admin/builder/spi-builder-workspace/.derivedData/ModuleCache.noindex -Xfrontend -serialize-debugging-options -profile-coverage-mapping -profile-generate -enable-testing -index-store-path /Users/admin/builder/spi-builder-workspace/.derivedData/Index.noindex/DataStore -Xcc -D_LIBCPP_HARDENING_MODE\=_LIBCPP_HARDENING_MODE_DEBUG -swift-version 6 -I /Users/admin/builder/spi-builder-workspace/.derivedData/Build/Products/Debug-watchos -Isystem /Applications/Xcode-27.0.0-Release.Candidate.app/Contents/Developer/Platforms/WatchOS.platform/Developer/usr/lib -F /Users/admin/builder/spi-builder-workspace/.derivedData/Build/Products/Debug-watchos -F /Applications/Xcode-27.0.0-Release.Candidate.app/Contents/Developer/Platforms/WatchOS.platform/Developer/Library/Frameworks -F /Applications/Xcode-27.0.0-Release.Candidate.app/Contents/Developer/Platforms/WatchOS.platform/Developer/SDKs/WatchOS27.0.sdk/Developer/Library/Frameworks -c -j10 -enable-batch-mode -incremental -Xcc -ivfsstatcache -Xcc /Users/admin/builder/spi-builder-workspace/.derivedData/SDKStatCaches.noindex/watchos27.0-24R360-e829b21a6f8c9b70876ba0858053c04477534ef55a1706bf4c1112bbb242f0a2.sdkstatcache -output-file-map /Users/admin/builder/spi-builder-workspace/.derivedData/Build/Intermediates.noindex/Murti.build/Debug-watchos/MurtiCore-t.build/Objects-normal/arm64_32/MurtiCore-OutputFileMap.json -save-temps -no-color-diagnostics -explicit-module-build -module-cache-path /Users/admin/builder/spi-builder-workspace/.derivedData/Build/Intermediates.noindex/SwiftExplicitPrecompiledModules -clang-scanner-module-cache-path /Users/admin/builder/spi-builder-workspace/.derivedData/ModuleCache.noindex -sdk-module-cache-path /Users/admin/builder/spi-builder-workspace/.derivedData/SDKExplicitPrecompiledModules -emit-dependencies -emit-module -emit-module-path /Users/admin/builder/spi-builder-workspace/.derivedData/Build/Intermediates.noindex/Murti.build/Debug-watchos/MurtiCore-t.build/Objects-normal/arm64_32/MurtiCore.swiftmodule -serialize-diagnostics -dependency-scan-serialize-diagnostics-path /Users/admin/builder/spi-builder-workspace/.derivedData/Build/Intermediates.noindex/Murti.build/Debug-watchos/MurtiCore-t.build/Objects-normal/arm64_32/MurtiCore-dependency-scan.dia -validate-clang-modules-once -clang-build-session-file /Users/admin/builder/spi-builder-workspace/.derivedData/ModuleCache.noindex/Session.modulevalidation -Xcc -fmodules-prune-interval\=86400 -Xcc -fmodules-prune-after\=345600 -package-name spi_builder_workspace -emit-const-values -const-gather-protocols-list /Users/admin/builder/spi-builder-workspace/.derivedData/Build/Intermediates.noindex/Murti.build/Debug-watchos/MurtiCore-t.build/Objects-normal/arm64_32/MurtiCore_const_extract_protocols.json -Xcc -I/Users/admin/builder/spi-builder-workspace/.derivedData/Build/Products/Debug-watchos/include -Xcc -I/Users/admin/builder/spi-builder-workspace/.derivedData/Build/Intermediates.noindex/Murti.build/Debug-watchos/MurtiCore-t.build/DerivedSources-normal/arm64_32 -Xcc -I/Users/admin/builder/spi-builder-workspace/.derivedData/Build/Intermediates.noindex/Murti.build/Debug-watchos/MurtiCore-t.build/DerivedSources/arm64_32 -Xcc -I/Users/admin/builder/spi-builder-workspace/.derivedData/Build/Intermediates.noindex/Murti.build/Debug-watchos/MurtiCore-t.build/DerivedSources -Xcc -DSWIFT_PACKAGE -Xcc -DDEBUG\=1 -emit-objc-header -emit-objc-header-path /Users/admin/builder/spi-builder-workspace/.derivedData/Build/Intermediates.noindex/Murti.build/Debug-watchos/MurtiCore-t.build/Objects-normal/arm64_32/MurtiCore-Swift.h -working-directory /Users/admin/builder/spi-builder-workspace/.swiftpm/xcode -experimental-emit-module-separately -disable-cmo
Ld /Users/admin/builder/spi-builder-workspace/.derivedData/Build/Intermediates.noindex/Murti.build/Debug-watchos/MurtiCore-t.build/Objects-normal/arm64_32/Binary/MurtiCore.o normal arm64_32 (in target 'MurtiCore' from project 'Murti')
cd /Users/admin/builder/spi-builder-workspace
/Applications/Xcode-27.0.0-Release.Candidate.app/Contents/Developer/Toolchains/XcodeDefault.xctoolchain/usr/bin/clang -Xlinker -reproducible -target arm64_32-apple-watchos10.0 -r -isysroot /Applications/Xcode-27.0.0-Release.Candidate.app/Contents/Developer/Platforms/WatchOS.platform/Developer/SDKs/WatchOS27.0.sdk -O0 -Xlinker -no_warn_duplicate_libraries -F/Users/admin/builder/spi-builder-workspace/.derivedData/Build/Intermediates.noindex/EagerLinkingTBDs/Debug-watchos -F/Users/admin/builder/spi-builder-workspace/.derivedData/Build/Products/Debug-watchos -iframework /Applications/Xcode-27.0.0-Release.Candidate.app/Contents/Developer/Platforms/WatchOS.platform/Developer/Library/Frameworks -iframework /Applications/Xcode-27.0.0-Release.Candidate.app/Contents/Developer/Platforms/WatchOS.platform/Developer/SDKs/WatchOS27.0.sdk/Developer/Library/Frameworks -filelist /Users/admin/builder/spi-builder-workspace/.derivedData/Build/Intermediates.noindex/Murti.build/Debug-watchos/MurtiCore-t.build/Objects-normal/arm64_32/MurtiCore.LinkFileList -nostdlib -Xlinker -object_path_lto -Xlinker /Users/admin/builder/spi-builder-workspace/.derivedData/Build/Intermediates.noindex/Murti.build/Debug-watchos/MurtiCore-t.build/Objects-normal/arm64_32/MurtiCore_lto.o -Xlinker -no_deduplicate -Xlinker -debug_variant -Xlinker -dependency_info -Xlinker /Users/admin/builder/spi-builder-workspace/.derivedData/Build/Intermediates.noindex/Murti.build/Debug-watchos/MurtiCore-t.build/Objects-normal/arm64_32/MurtiCore_dependency_info.dat -fobjc-link-runtime -L/Applications/Xcode-27.0.0-Release.Candidate.app/Contents/Developer/Toolchains/XcodeDefault.xctoolchain/usr/lib/swift/watchos -L/usr/lib/swift -Xlinker -add_ast_path -Xlinker /Users/admin/builder/spi-builder-workspace/.derivedData/Build/Intermediates.noindex/Murti.build/Debug-watchos/MurtiCore-t.build/Objects-normal/arm64_32/MurtiCore.swiftmodule -o /Users/admin/builder/spi-builder-workspace/.derivedData/Build/Intermediates.noindex/Murti.build/Debug-watchos/MurtiCore-t.build/Objects-normal/arm64_32/Binary/MurtiCore.o
CreateUniversalBinary /Users/admin/builder/spi-builder-workspace/.derivedData/Build/Products/Debug-watchos/MurtiCore.o normal arm64\ arm64_32 (in target 'MurtiCore' from project 'Murti')
cd /Users/admin/builder/spi-builder-workspace
/Applications/Xcode-27.0.0-Release.Candidate.app/Contents/Developer/Toolchains/XcodeDefault.xctoolchain/usr/bin/lipo -create /Users/admin/builder/spi-builder-workspace/.derivedData/Build/Intermediates.noindex/Murti.build/Debug-watchos/MurtiCore-t.build/Objects-normal/arm64/Binary/MurtiCore.o /Users/admin/builder/spi-builder-workspace/.derivedData/Build/Intermediates.noindex/Murti.build/Debug-watchos/MurtiCore-t.build/Objects-normal/arm64_32/Binary/MurtiCore.o -output /Users/admin/builder/spi-builder-workspace/.derivedData/Build/Products/Debug-watchos/MurtiCore.o
ExtractAppIntentsMetadata (in target 'MurtiCore' from project 'Murti')
cd /Users/admin/builder/spi-builder-workspace
/Applications/Xcode-27.0.0-Release.Candidate.app/Contents/Developer/Toolchains/XcodeDefault.xctoolchain/usr/bin/appintentsmetadataprocessor --toolchain-dir /var/run/com.apple.security.cryptexd/mnt/com.apple.MobileAsset.MetalToolchain-v27.1.266.1.crsJm6/Metal.xctoolchain --module-name MurtiCore --sdk-root /Applications/Xcode-27.0.0-Release.Candidate.app/Contents/Developer/Platforms/WatchOS.platform/Developer/SDKs/WatchOS27.0.sdk --xcode-version 27A266a --platform-family watchOS --deployment-target 10.0 --bundle-identifier spi-builder-workspace.MurtiCore --output /Users/admin/builder/spi-builder-workspace/.derivedData/Build/Products/Debug-watchos/MurtiCore.appintents --target-triple arm64-apple-watchos10.0 --target-triple arm64_32-apple-watchos10.0 --binary-file /Users/admin/builder/spi-builder-workspace/.derivedData/Build/Products/Debug-watchos/MurtiCore.o --dependency-file /Users/admin/builder/spi-builder-workspace/.derivedData/Build/Intermediates.noindex/Murti.build/Debug-watchos/MurtiCore-t.build/Objects-normal/arm64/MurtiCore_dependency_info.dat --dependency-file /Users/admin/builder/spi-builder-workspace/.derivedData/Build/Intermediates.noindex/Murti.build/Debug-watchos/MurtiCore-t.build/Objects-normal/arm64_32/MurtiCore_dependency_info.dat --stringsdata-file /Users/admin/builder/spi-builder-workspace/.derivedData/Build/Intermediates.noindex/Murti.build/Debug-watchos/MurtiCore-t.build/Objects-normal/arm64/ExtractedAppShortcutsMetadata.stringsdata --stringsdata-file /Users/admin/builder/spi-builder-workspace/.derivedData/Build/Intermediates.noindex/Murti.build/Debug-watchos/MurtiCore-t.build/Objects-normal/arm64_32/ExtractedAppShortcutsMetadata.stringsdata --source-file-list /Users/admin/builder/spi-builder-workspace/.derivedData/Build/Intermediates.noindex/Murti.build/Debug-watchos/MurtiCore-t.build/Objects-normal/arm64/MurtiCore.SwiftFileList --source-file-list /Users/admin/builder/spi-builder-workspace/.derivedData/Build/Intermediates.noindex/Murti.build/Debug-watchos/MurtiCore-t.build/Objects-normal/arm64_32/MurtiCore.SwiftFileList --metadata-file-list /Users/admin/builder/spi-builder-workspace/.derivedData/Build/Intermediates.noindex/Murti.build/Debug-watchos/MurtiCore-t.build/MurtiCore.DependencyMetadataFileList --static-metadata-file-list /Users/admin/builder/spi-builder-workspace/.derivedData/Build/Intermediates.noindex/Murti.build/Debug-watchos/MurtiCore-t.build/MurtiCore.DependencyStaticMetadataFileList --swift-const-vals-list /Users/admin/builder/spi-builder-workspace/.derivedData/Build/Intermediates.noindex/Murti.build/Debug-watchos/MurtiCore-t.build/Objects-normal/arm64/MurtiCore.SwiftConstValuesFileList --swift-const-vals-list /Users/admin/builder/spi-builder-workspace/.derivedData/Build/Intermediates.noindex/Murti.build/Debug-watchos/MurtiCore-t.build/Objects-normal/arm64_32/MurtiCore.SwiftConstValuesFileList --force --compile-time-extraction --deployment-aware-processing --no-app-shortcuts-localization
2026-09-27 16:52:57.520 appintentsmetadataprocessor[836:5134] Starting appintentsmetadataprocessor export
2026-09-27 16:52:57.613 appintentsmetadataprocessor[836:5134] Extracted no relevant App Intents symbols, skipping writing output
SwiftCompile normal arm64_32 Compiling\ GalleryExamples.swift /Users/admin/builder/spi-builder-workspace/Sources/MurtiGallery/GalleryExamples.swift (in target 'MurtiGallery-product' from project 'Murti')
SwiftCompile normal arm64_32 /Users/admin/builder/spi-builder-workspace/Sources/MurtiGallery/GalleryExamples.swift (in target 'MurtiGallery-product' from project 'Murti')
cd /Users/admin/builder/spi-builder-workspace/.swiftpm/xcode
builtin-SwiftPerFileCompile GalleryExamples.swift
SwiftCompile normal arm64_32 Compiling\ MurtiGalleryApp.swift /Users/admin/builder/spi-builder-workspace/Sources/MurtiGallery/MurtiGalleryApp.swift (in target 'MurtiGallery-product' from project 'Murti')
SwiftCompile normal arm64_32 /Users/admin/builder/spi-builder-workspace/Sources/MurtiGallery/MurtiGalleryApp.swift (in target 'MurtiGallery-product' from project 'Murti')
cd /Users/admin/builder/spi-builder-workspace/.swiftpm/xcode
builtin-SwiftPerFileCompile MurtiGalleryApp.swift
SwiftEmitModule normal arm64_32 Emitting\ module\ for\ MurtiGallery (in target 'MurtiGallery-product' from project 'Murti')
SwiftCompile normal arm64_32 (in target 'MurtiGallery-product' from project 'Murti')
cd /Users/admin/builder/spi-builder-workspace/.swiftpm/xcode
SwiftCompile normal arm64_32 Compiling\ GalleryRootView.swift /Users/admin/builder/spi-builder-workspace/Sources/MurtiGallery/GalleryRootView.swift (in target 'MurtiGallery-product' from project 'Murti')
SwiftCompile normal arm64_32 /Users/admin/builder/spi-builder-workspace/Sources/MurtiGallery/GalleryRootView.swift (in target 'MurtiGallery-product' from project 'Murti')
cd /Users/admin/builder/spi-builder-workspace/.swiftpm/xcode
builtin-SwiftPerFileCompile GalleryRootView.swift
/Users/admin/builder/spi-builder-workspace/Sources/MurtiGallery/GalleryRootView.swift:104:26: error: 'textSelection' is unavailable in watchOS
102 | Text(example.json)
103 | .font(.system(.footnote, design: .monospaced))
104 | .textSelection(.enabled)
| `- error: 'textSelection' is unavailable in watchOS
105 | .frame(maxWidth: .infinity, alignment: .leading)
106 | .padding()
SwiftUI.View.textSelection:2:25: note: 'textSelection' has been explicitly marked unavailable here
1 | protocol View {
2 | nonisolated public func textSelection<S>(_ selectability: S) -> some View where S : TextSelectability
| `- note: 'textSelection' has been explicitly marked unavailable here
3 | }
4 |
/Users/admin/builder/spi-builder-workspace/Sources/MurtiGallery/GalleryRootView.swift:104:41: error: 'enabled' is unavailable in watchOS
102 | Text(example.json)
103 | .font(.system(.footnote, design: .monospaced))
104 | .textSelection(.enabled)
| `- error: 'enabled' is unavailable in watchOS
105 | .frame(maxWidth: .infinity, alignment: .leading)
106 | .padding()
SwiftUI.TextSelectability.enabled:2:43: note: 'enabled' has been explicitly marked unavailable here
1 | protocol TextSelectability {
2 | @export(implementation) public static var enabled: EnabledTextSelectability { get }}
| `- note: 'enabled' has been explicitly marked unavailable here
3 |
/Users/admin/builder/spi-builder-workspace/Sources/MurtiGallery/GalleryRootView.swift:129:13: error: 'TextEditor' is unavailable in watchOS
127 | var body: some View {
128 | VStack(spacing: 0) {
129 | TextEditor(text: $json)
| `- error: 'TextEditor' is unavailable in watchOS
130 | .font(.system(.footnote, design: .monospaced))
131 | .frame(maxHeight: 280)
SwiftUI.TextEditor:4:27: note: 'TextEditor' has been explicitly marked unavailable here
2 | @available(tvOS, unavailable)
3 | @available(watchOS, unavailable)
4 | nonisolated public struct TextEditor : View, ~Sendable {
| `- note: 'TextEditor' has been explicitly marked unavailable here
5 | nonisolated public init(text: Binding<String>)
6 | @available(iOS 18.0, macOS 15.0, visionOS 2.0, *)
Failed frontend command:
/Applications/Xcode-27.0.0-Release.Candidate.app/Contents/Developer/Toolchains/XcodeDefault.xctoolchain/usr/bin/swift-frontend -frontend -c /Users/admin/builder/spi-builder-workspace/Sources/MurtiGallery/GalleryExamples.swift -primary-file /Users/admin/builder/spi-builder-workspace/Sources/MurtiGallery/GalleryRootView.swift /Users/admin/builder/spi-builder-workspace/Sources/MurtiGallery/MurtiGalleryApp.swift -emit-dependencies-path /Users/admin/builder/spi-builder-workspace/.derivedData/Build/Intermediates.noindex/Murti.build/Debug-watchos/MurtiGallery-p.build/Objects-normal/arm64_32/GalleryRootView.d -emit-const-values-path /Users/admin/builder/spi-builder-workspace/.derivedData/Build/Intermediates.noindex/Murti.build/Debug-watchos/MurtiGallery-p.build/Objects-normal/arm64_32/GalleryRootView.swiftconstvalues -emit-reference-dependencies-path /Users/admin/builder/spi-builder-workspace/.derivedData/Build/Intermediates.noindex/Murti.build/Debug-watchos/MurtiGallery-p.build/Objects-normal/arm64_32/GalleryRootView.swiftdeps -serialize-diagnostics-path /Users/admin/builder/spi-builder-workspace/.derivedData/Build/Intermediates.noindex/Murti.build/Debug-watchos/MurtiGallery-p.build/Objects-normal/arm64_32/GalleryRootView.dia -target arm64_32-apple-watchos10.0 -disable-cross-import-overlay-search -load-resolved-plugin /Applications/Xcode-27.0.0-Release.Candidate.app/Contents/Developer/Platforms/WatchOS.platform/Developer/usr/lib/swift/host/plugins/libFoundationMacros.dylib\#/Applications/Xcode-27.0.0-Release.Candidate.app/Contents/Developer/Platforms/WatchOS.platform/Developer/usr/bin/swift-plugin-server\#FoundationMacros -load-resolved-plugin /Applications/Xcode-27.0.0-Release.Candidate.app/Contents/Developer/Platforms/WatchOS.platform/Developer/usr/lib/swift/host/plugins/libObservationMacros.dylib\#/Applications/Xcode-27.0.0-Release.Candidate.app/Contents/Developer/Platforms/WatchOS.platform/Developer/usr/bin/swift-plugin-server\#ObservationMacros -load-resolved-plugin /Applications/Xcode-27.0.0-Release.Candidate.app/Contents/Developer/Platforms/WatchOS.platform/Developer/usr/lib/swift/host/plugins/libPreviewsMacros.dylib\#/Applications/Xcode-27.0.0-Release.Candidate.app/Contents/Developer/Platforms/WatchOS.platform/Developer/usr/bin/swift-plugin-server\#PreviewsMacros -load-resolved-plugin /Applications/Xcode-27.0.0-Release.Candidate.app/Contents/Developer/Platforms/WatchOS.platform/Developer/usr/lib/swift/host/plugins/libSwiftMacros.dylib\#/Applications/Xcode-27.0.0-Release.Candidate.app/Contents/Developer/Platforms/WatchOS.platform/Developer/usr/bin/swift-plugin-server\#SwiftMacros -load-resolved-plugin /Applications/Xcode-27.0.0-Release.Candidate.app/Contents/Developer/Platforms/WatchOS.platform/Developer/usr/lib/swift/host/plugins/libSwiftUIMacros.dylib\#/Applications/Xcode-27.0.0-Release.Candidate.app/Contents/Developer/Platforms/WatchOS.platform/Developer/usr/bin/swift-plugin-server\#SwiftUIMacros -disable-implicit-swift-modules -Xcc -fno-implicit-modules -Xcc -fno-implicit-module-maps -explicit-swift-module-map-file /Users/admin/builder/spi-builder-workspace/.derivedData/Build/Intermediates.noindex/Murti.build/Debug-watchos/MurtiGallery-p.build/Objects-normal/arm64_32/MurtiGallery-dependencies-1.json -enable-objc-interop -sdk /Applications/Xcode-27.0.0-Release.Candidate.app/Contents/Developer/Platforms/WatchOS.platform/Developer/SDKs/WatchOS27.0.sdk -I /Users/admin/builder/spi-builder-workspace/.derivedData/Build/Products/Debug-watchos -Isystem /Applications/Xcode-27.0.0-Release.Candidate.app/Contents/Developer/Platforms/WatchOS.platform/Developer/usr/lib -F /Users/admin/builder/spi-builder-workspace/.derivedData/Build/Products/Debug-watchos/PackageFrameworks -F /Users/admin/builder/spi-builder-workspace/.derivedData/Build/Products/Debug-watchos -F /Applications/Xcode-27.0.0-Release.Candidate.app/Contents/Developer/Platforms/WatchOS.platform/Developer/Library/Frameworks -F /Applications/Xcode-27.0.0-Release.Candidate.app/Contents/Developer/Platforms/WatchOS.platform/Developer/SDKs/WatchOS27.0.sdk/Developer/Library/Frameworks -module-cache-path /Users/admin/builder/spi-builder-workspace/.derivedData/Build/Intermediates.noindex/SwiftExplicitPrecompiledModules -no-color-diagnostics -Xcc -fno-color-diagnostics -enable-testing -g -debug-info-format\=dwarf -dwarf-version\=4 -profile-generate -profile-coverage-mapping -swift-version 6 -Onone -D SWIFT_PACKAGE -D DEBUG -D Xcode -serialize-debugging-options -enable-experimental-feature DebugDescriptionMacro -empty-abi-descriptor -validate-clang-modules-once -clang-build-session-file /Users/admin/builder/spi-builder-workspace/.derivedData/ModuleCache.noindex/Session.modulevalidation -Xcc -working-directory -Xcc /Users/admin/builder/spi-builder-workspace/.swiftpm/xcode -enable-anonymous-context-mangled-names -file-compilation-dir /Users/admin/builder/spi-builder-workspace/.swiftpm/xcode -Xcc -D_LIBCPP_HARDENING_MODE\=_LIBCPP_HARDENING_MODE_DEBUG -Xcc -ivfsstatcache -Xcc /Users/admin/builder/spi-builder-workspace/.derivedData/SDKStatCaches.noindex/watchos27.0-24R360-e829b21a6f8c9b70876ba0858053c04477534ef55a1706bf4c1112bbb242f0a2.sdkstatcache -Xcc -fmodules-prune-interval\=86400 -Xcc -fmodules-prune-after\=345600 -Xcc -I/Users/admin/builder/spi-builder-workspace/.derivedData/Build/Products/Debug-watchos/include -Xcc -I/Users/admin/builder/spi-builder-workspace/.derivedData/Build/Intermediates.noindex/Murti.build/Debug-watchos/MurtiGallery-p.build/DerivedSources-normal/arm64_32 -Xcc -I/Users/admin/builder/spi-builder-workspace/.derivedData/Build/Intermediates.noindex/Murti.build/Debug-watchos/MurtiGallery-p.build/DerivedSources/arm64_32 -Xcc -I/Users/admin/builder/spi-builder-workspace/.derivedData/Build/Intermediates.noindex/Murti.build/Debug-watchos/MurtiGallery-p.build/DerivedSources -Xcc -DSWIFT_PACKAGE -Xcc -DDEBUG\=1 -no-auto-bridging-header-chaining -module-name MurtiGallery -package-name spi_builder_workspace -const-gather-protocols-file /Users/admin/builder/spi-builder-workspace/.derivedData/Build/Intermediates.noindex/Murti.build/Debug-watchos/MurtiGallery-p.build/Objects-normal/arm64_32/MurtiGallery_const_extract_protocols.json -disable-clang-spi -clang-target arm64_32-apple-watchos27.0 -target-sdk-version 27.0 -target-sdk-name watchos27.0 -in-process-plugin-server-path /Applications/Xcode-27.0.0-Release.Candidate.app/Contents/Developer/Toolchains/XcodeDefault.xctoolchain/usr/lib/swift/host/libSwiftInProcPluginServer.dylib -parse-as-library -o /Users/admin/builder/spi-builder-workspace/.derivedData/Build/Intermediates.noindex/Murti.build/Debug-watchos/MurtiGallery-p.build/Objects-normal/arm64_32/GalleryRootView.o -debug-module-path /Users/admin/builder/spi-builder-workspace/.derivedData/Build/Intermediates.noindex/Murti.build/Debug-watchos/MurtiGallery-p.build/Objects-normal/arm64_32/MurtiGallery.swiftmodule -index-unit-output-path /Murti.build/Debug-watchos/MurtiGallery-p.build/Objects-normal/arm64_32/GalleryRootView.o -index-store-path /Users/admin/builder/spi-builder-workspace/.derivedData/Index.noindex/DataStore -index-system-modules
SwiftEmitModule normal arm64 Emitting\ module\ for\ MurtiGallery (in target 'MurtiGallery-product' from project 'Murti')
SwiftCompile normal arm64 (in target 'MurtiGallery-product' from project 'Murti')
cd /Users/admin/builder/spi-builder-workspace/.swiftpm/xcode
SwiftCompile normal arm64 Compiling\ MurtiGalleryApp.swift /Users/admin/builder/spi-builder-workspace/Sources/MurtiGallery/MurtiGalleryApp.swift (in target 'MurtiGallery-product' from project 'Murti')
SwiftCompile normal arm64 /Users/admin/builder/spi-builder-workspace/Sources/MurtiGallery/MurtiGalleryApp.swift (in target 'MurtiGallery-product' from project 'Murti')
cd /Users/admin/builder/spi-builder-workspace/.swiftpm/xcode
builtin-SwiftPerFileCompile MurtiGalleryApp.swift
SwiftCompile normal arm64 Compiling\ GalleryExamples.swift /Users/admin/builder/spi-builder-workspace/Sources/MurtiGallery/GalleryExamples.swift (in target 'MurtiGallery-product' from project 'Murti')
SwiftCompile normal arm64 /Users/admin/builder/spi-builder-workspace/Sources/MurtiGallery/GalleryExamples.swift (in target 'MurtiGallery-product' from project 'Murti')
cd /Users/admin/builder/spi-builder-workspace/.swiftpm/xcode
builtin-SwiftPerFileCompile GalleryExamples.swift
SwiftCompile normal arm64 Compiling\ GalleryRootView.swift /Users/admin/builder/spi-builder-workspace/Sources/MurtiGallery/GalleryRootView.swift (in target 'MurtiGallery-product' from project 'Murti')
SwiftCompile normal arm64 /Users/admin/builder/spi-builder-workspace/Sources/MurtiGallery/GalleryRootView.swift (in target 'MurtiGallery-product' from project 'Murti')
cd /Users/admin/builder/spi-builder-workspace/.swiftpm/xcode
builtin-SwiftPerFileCompile GalleryRootView.swift
/Users/admin/builder/spi-builder-workspace/Sources/MurtiGallery/GalleryRootView.swift:104:26: error: 'textSelection' is unavailable in watchOS
102 | Text(example.json)
103 | .font(.system(.footnote, design: .monospaced))
104 | .textSelection(.enabled)
| `- error: 'textSelection' is unavailable in watchOS
105 | .frame(maxWidth: .infinity, alignment: .leading)
106 | .padding()
SwiftUI.View.textSelection:2:25: note: 'textSelection' has been explicitly marked unavailable here
1 | protocol View {
2 | nonisolated public func textSelection<S>(_ selectability: S) -> some View where S : TextSelectability
| `- note: 'textSelection' has been explicitly marked unavailable here
3 | }
4 |
/Users/admin/builder/spi-builder-workspace/Sources/MurtiGallery/GalleryRootView.swift:104:41: error: 'enabled' is unavailable in watchOS
102 | Text(example.json)
103 | .font(.system(.footnote, design: .monospaced))
104 | .textSelection(.enabled)
| `- error: 'enabled' is unavailable in watchOS
105 | .frame(maxWidth: .infinity, alignment: .leading)
106 | .padding()
SwiftUI.TextSelectability.enabled:2:43: note: 'enabled' has been explicitly marked unavailable here
1 | protocol TextSelectability {
2 | @export(implementation) public static var enabled: EnabledTextSelectability { get }}
| `- note: 'enabled' has been explicitly marked unavailable here
3 |
/Users/admin/builder/spi-builder-workspace/Sources/MurtiGallery/GalleryRootView.swift:129:13: error: 'TextEditor' is unavailable in watchOS
127 | var body: some View {
128 | VStack(spacing: 0) {
129 | TextEditor(text: $json)
| `- error: 'TextEditor' is unavailable in watchOS
130 | .font(.system(.footnote, design: .monospaced))
131 | .frame(maxHeight: 280)
SwiftUI.TextEditor:4:27: note: 'TextEditor' has been explicitly marked unavailable here
2 | @available(tvOS, unavailable)
3 | @available(watchOS, unavailable)
4 | nonisolated public struct TextEditor : View, ~Sendable {
| `- note: 'TextEditor' has been explicitly marked unavailable here
5 | nonisolated public init(text: Binding<String>)
6 | @available(iOS 18.0, macOS 15.0, visionOS 2.0, *)
SwiftEmitModule normal arm64 Emitting\ module\ for\ MurtiBuilder (in target 'MurtiBuilder' from project 'Murti')
SwiftCompile normal arm64 (in target 'MurtiBuilder' from project 'Murti')
cd /Users/admin/builder/spi-builder-workspace/.swiftpm/xcode
SwiftEmitModule normal arm64_32 Emitting\ module\ for\ MurtiBuilder (in target 'MurtiBuilder' from project 'Murti')
SwiftCompile normal arm64_32 (in target 'MurtiBuilder' from project 'Murti')
cd /Users/admin/builder/spi-builder-workspace/.swiftpm/xcode
SwiftCompile normal arm64_32 Compiling\ Image.swift /Users/admin/builder/spi-builder-workspace/Sources/MurtiBuilder/Image.swift (in target 'MurtiBuilder' from project 'Murti')
SwiftCompile normal arm64_32 /Users/admin/builder/spi-builder-workspace/Sources/MurtiBuilder/Image.swift (in target 'MurtiBuilder' from project 'Murti')
cd /Users/admin/builder/spi-builder-workspace/.swiftpm/xcode
builtin-SwiftPerFileCompile Image.swift
SwiftDriverJobDiscovery normal arm64 Compiling GalleryExamples.swift (in target 'MurtiGallery-product' from project 'Murti')
SwiftCompile normal arm64_32 Compiling\ Component.swift /Users/admin/builder/spi-builder-workspace/Sources/MurtiBuilder/Component.swift (in target 'MurtiBuilder' from project 'Murti')
SwiftCompile normal arm64_32 /Users/admin/builder/spi-builder-workspace/Sources/MurtiBuilder/Component.swift (in target 'MurtiBuilder' from project 'Murti')
cd /Users/admin/builder/spi-builder-workspace/.swiftpm/xcode
builtin-SwiftPerFileCompile Component.swift
SwiftDriverJobDiscovery normal arm64_32 Compiling GalleryExamples.swift (in target 'MurtiGallery-product' from project 'Murti')
SwiftCompile normal arm64 Compiling\ Screen.swift /Users/admin/builder/spi-builder-workspace/Sources/MurtiBuilder/Screen.swift (in target 'MurtiBuilder' from project 'Murti')
SwiftCompile normal arm64 /Users/admin/builder/spi-builder-workspace/Sources/MurtiBuilder/Screen.swift (in target 'MurtiBuilder' from project 'Murti')
cd /Users/admin/builder/spi-builder-workspace/.swiftpm/xcode
builtin-SwiftPerFileCompile Screen.swift
SwiftDriverJobDiscovery normal arm64 Emitting module for MurtiBuilder (in target 'MurtiBuilder' from project 'Murti')
SwiftDriver\ Compilation\ Requirements MurtiBuilder normal arm64 com.apple.xcode.tools.swift.compiler (in target 'MurtiBuilder' from project 'Murti')
cd /Users/admin/builder/spi-builder-workspace/.swiftpm/xcode
builtin-Swift-Compilation-Requirements -- /Applications/Xcode-27.0.0-Release.Candidate.app/Contents/Developer/Toolchains/XcodeDefault.xctoolchain/usr/bin/swiftc -parse-as-library -module-name MurtiBuilder -Onone @/Users/admin/builder/spi-builder-workspace/.derivedData/Build/Intermediates.noindex/Murti.build/Debug-watchos/MurtiBuilder-t.build/Objects-normal/arm64/MurtiBuilder.SwiftFileList -DSWIFT_PACKAGE -DDEBUG -DSWIFT_MODULE_RESOURCE_BUNDLE_UNAVAILABLE -DXcode -plugin-path /Applications/Xcode-27.0.0-Release.Candidate.app/Contents/Developer/Toolchains/XcodeDefault.xctoolchain/usr/lib/swift/host/plugins/testing -enable-experimental-feature DebugDescriptionMacro -sdk /Applications/Xcode-27.0.0-Release.Candidate.app/Contents/Developer/Platforms/WatchOS.platform/Developer/SDKs/WatchOS27.0.sdk -target arm64-apple-watchos10.0 -g -module-cache-path /Users/admin/builder/spi-builder-workspace/.derivedData/ModuleCache.noindex -Xfrontend -serialize-debugging-options -profile-coverage-mapping -profile-generate -enable-testing -index-store-path /Users/admin/builder/spi-builder-workspace/.derivedData/Index.noindex/DataStore -Xcc -D_LIBCPP_HARDENING_MODE\=_LIBCPP_HARDENING_MODE_DEBUG -swift-version 6 -I /Users/admin/builder/spi-builder-workspace/.derivedData/Build/Products/Debug-watchos -Isystem /Applications/Xcode-27.0.0-Release.Candidate.app/Contents/Developer/Platforms/WatchOS.platform/Developer/usr/lib -F /Users/admin/builder/spi-builder-workspace/.derivedData/Build/Products/Debug-watchos/PackageFrameworks -F /Users/admin/builder/spi-builder-workspace/.derivedData/Build/Products/Debug-watchos -F /Applications/Xcode-27.0.0-Release.Candidate.app/Contents/Developer/Platforms/WatchOS.platform/Developer/Library/Frameworks -F /Applications/Xcode-27.0.0-Release.Candidate.app/Contents/Developer/Platforms/WatchOS.platform/Developer/SDKs/WatchOS27.0.sdk/Developer/Library/Frameworks -c -j10 -enable-batch-mode -incremental -Xcc -ivfsstatcache -Xcc /Users/admin/builder/spi-builder-workspace/.derivedData/SDKStatCaches.noindex/watchos27.0-24R360-e829b21a6f8c9b70876ba0858053c04477534ef55a1706bf4c1112bbb242f0a2.sdkstatcache -output-file-map /Users/admin/builder/spi-builder-workspace/.derivedData/Build/Intermediates.noindex/Murti.build/Debug-watchos/MurtiBuilder-t.build/Objects-normal/arm64/MurtiBuilder-OutputFileMap.json -save-temps -no-color-diagnostics -explicit-module-build -module-cache-path /Users/admin/builder/spi-builder-workspace/.derivedData/Build/Intermediates.noindex/SwiftExplicitPrecompiledModules -clang-scanner-module-cache-path /Users/admin/builder/spi-builder-workspace/.derivedData/ModuleCache.noindex -sdk-module-cache-path /Users/admin/builder/spi-builder-workspace/.derivedData/SDKExplicitPrecompiledModules -emit-dependencies -emit-module -emit-module-path /Users/admin/builder/spi-builder-workspace/.derivedData/Build/Intermediates.noindex/Murti.build/Debug-watchos/MurtiBuilder-t.build/Objects-normal/arm64/MurtiBuilder.swiftmodule -serialize-diagnostics -dependency-scan-serialize-diagnostics-path /Users/admin/builder/spi-builder-workspace/.derivedData/Build/Intermediates.noindex/Murti.build/Debug-watchos/MurtiBuilder-t.build/Objects-normal/arm64/MurtiBuilder-dependency-scan.dia -validate-clang-modules-once -clang-build-session-file /Users/admin/builder/spi-builder-workspace/.derivedData/ModuleCache.noindex/Session.modulevalidation -Xcc -fmodules-prune-interval\=86400 -Xcc -fmodules-prune-after\=345600 -package-name spi_builder_workspace -emit-const-values -const-gather-protocols-list /Users/admin/builder/spi-builder-workspace/.derivedData/Build/Intermediates.noindex/Murti.build/Debug-watchos/MurtiBuilder-t.build/Objects-normal/arm64/MurtiBuilder_const_extract_protocols.json -Xcc -I/Users/admin/builder/spi-builder-workspace/.derivedData/Build/Products/Debug-watchos/include -Xcc -I/Users/admin/builder/spi-builder-workspace/.derivedData/Build/Intermediates.noindex/Murti.build/Debug-watchos/MurtiBuilder-t.build/DerivedSources-normal/arm64 -Xcc -I/Users/admin/builder/spi-builder-workspace/.derivedData/Build/Intermediates.noindex/Murti.build/Debug-watchos/MurtiBuilder-t.build/DerivedSources/arm64 -Xcc -I/Users/admin/builder/spi-builder-workspace/.derivedData/Build/Intermediates.noindex/Murti.build/Debug-watchos/MurtiBuilder-t.build/DerivedSources -Xcc -DSWIFT_PACKAGE -Xcc -DDEBUG\=1 -emit-objc-header -emit-objc-header-path /Users/admin/builder/spi-builder-workspace/.derivedData/Build/Intermediates.noindex/Murti.build/Debug-watchos/MurtiBuilder-t.build/Objects-normal/arm64/MurtiBuilder-Swift.h -working-directory /Users/admin/builder/spi-builder-workspace/.swiftpm/xcode -experimental-emit-module-separately -disable-cmo
SwiftDriverJobDiscovery normal arm64_32 Emitting module for MurtiBuilder (in target 'MurtiBuilder' from project 'Murti')
SwiftDriver\ Compilation\ Requirements MurtiBuilder normal arm64_32 com.apple.xcode.tools.swift.compiler (in target 'MurtiBuilder' from project 'Murti')
cd /Users/admin/builder/spi-builder-workspace/.swiftpm/xcode
builtin-Swift-Compilation-Requirements -- /Applications/Xcode-27.0.0-Release.Candidate.app/Contents/Developer/Toolchains/XcodeDefault.xctoolchain/usr/bin/swiftc -parse-as-library -module-name MurtiBuilder -Onone @/Users/admin/builder/spi-builder-workspace/.derivedData/Build/Intermediates.noindex/Murti.build/Debug-watchos/MurtiBuilder-t.build/Objects-normal/arm64_32/MurtiBuilder.SwiftFileList -DSWIFT_PACKAGE -DDEBUG -DSWIFT_MODULE_RESOURCE_BUNDLE_UNAVAILABLE -DXcode -plugin-path /Applications/Xcode-27.0.0-Release.Candidate.app/Contents/Developer/Toolchains/XcodeDefault.xctoolchain/usr/lib/swift/host/plugins/testing -enable-experimental-feature DebugDescriptionMacro -sdk /Applications/Xcode-27.0.0-Release.Candidate.app/Contents/Developer/Platforms/WatchOS.platform/Developer/SDKs/WatchOS27.0.sdk -target arm64_32-apple-watchos10.0 -g -module-cache-path /Users/admin/builder/spi-builder-workspace/.derivedData/ModuleCache.noindex -Xfrontend -serialize-debugging-options -profile-coverage-mapping -profile-generate -enable-testing -index-store-path /Users/admin/builder/spi-builder-workspace/.derivedData/Index.noindex/DataStore -Xcc -D_LIBCPP_HARDENING_MODE\=_LIBCPP_HARDENING_MODE_DEBUG -swift-version 6 -I /Users/admin/builder/spi-builder-workspace/.derivedData/Build/Products/Debug-watchos -Isystem /Applications/Xcode-27.0.0-Release.Candidate.app/Contents/Developer/Platforms/WatchOS.platform/Developer/usr/lib -F /Users/admin/builder/spi-builder-workspace/.derivedData/Build/Products/Debug-watchos/PackageFrameworks -F /Users/admin/builder/spi-builder-workspace/.derivedData/Build/Products/Debug-watchos -F /Applications/Xcode-27.0.0-Release.Candidate.app/Contents/Developer/Platforms/WatchOS.platform/Developer/Library/Frameworks -F /Applications/Xcode-27.0.0-Release.Candidate.app/Contents/Developer/Platforms/WatchOS.platform/Developer/SDKs/WatchOS27.0.sdk/Developer/Library/Frameworks -c -j10 -enable-batch-mode -incremental -Xcc -ivfsstatcache -Xcc /Users/admin/builder/spi-builder-workspace/.derivedData/SDKStatCaches.noindex/watchos27.0-24R360-e829b21a6f8c9b70876ba0858053c04477534ef55a1706bf4c1112bbb242f0a2.sdkstatcache -output-file-map /Users/admin/builder/spi-builder-workspace/.derivedData/Build/Intermediates.noindex/Murti.build/Debug-watchos/MurtiBuilder-t.build/Objects-normal/arm64_32/MurtiBuilder-OutputFileMap.json -save-temps -no-color-diagnostics -explicit-module-build -module-cache-path /Users/admin/builder/spi-builder-workspace/.derivedData/Build/Intermediates.noindex/SwiftExplicitPrecompiledModules -clang-scanner-module-cache-path /Users/admin/builder/spi-builder-workspace/.derivedData/ModuleCache.noindex -sdk-module-cache-path /Users/admin/builder/spi-builder-workspace/.derivedData/SDKExplicitPrecompiledModules -emit-dependencies -emit-module -emit-module-path /Users/admin/builder/spi-builder-workspace/.derivedData/Build/Intermediates.noindex/Murti.build/Debug-watchos/MurtiBuilder-t.build/Objects-normal/arm64_32/MurtiBuilder.swiftmodule -serialize-diagnostics -dependency-scan-serialize-diagnostics-path /Users/admin/builder/spi-builder-workspace/.derivedData/Build/Intermediates.noindex/Murti.build/Debug-watchos/MurtiBuilder-t.build/Objects-normal/arm64_32/MurtiBuilder-dependency-scan.dia -validate-clang-modules-once -clang-build-session-file /Users/admin/builder/spi-builder-workspace/.derivedData/ModuleCache.noindex/Session.modulevalidation -Xcc -fmodules-prune-interval\=86400 -Xcc -fmodules-prune-after\=345600 -package-name spi_builder_workspace -emit-const-values -const-gather-protocols-list /Users/admin/builder/spi-builder-workspace/.derivedData/Build/Intermediates.noindex/Murti.build/Debug-watchos/MurtiBuilder-t.build/Objects-normal/arm64_32/MurtiBuilder_const_extract_protocols.json -Xcc -I/Users/admin/builder/spi-builder-workspace/.derivedData/Build/Products/Debug-watchos/include -Xcc -I/Users/admin/builder/spi-builder-workspace/.derivedData/Build/Intermediates.noindex/Murti.build/Debug-watchos/MurtiBuilder-t.build/DerivedSources-normal/arm64_32 -Xcc -I/Users/admin/builder/spi-builder-workspace/.derivedData/Build/Intermediates.noindex/Murti.build/Debug-watchos/MurtiBuilder-t.build/DerivedSources/arm64_32 -Xcc -I/Users/admin/builder/spi-builder-workspace/.derivedData/Build/Intermediates.noindex/Murti.build/Debug-watchos/MurtiBuilder-t.build/DerivedSources -Xcc -DSWIFT_PACKAGE -Xcc -DDEBUG\=1 -emit-objc-header -emit-objc-header-path /Users/admin/builder/spi-builder-workspace/.derivedData/Build/Intermediates.noindex/Murti.build/Debug-watchos/MurtiBuilder-t.build/Objects-normal/arm64_32/MurtiBuilder-Swift.h -working-directory /Users/admin/builder/spi-builder-workspace/.swiftpm/xcode -experimental-emit-module-separately -disable-cmo
Copy /Users/admin/builder/spi-builder-workspace/.derivedData/Build/Products/Debug-watchos/MurtiBuilder.swiftmodule/arm64-apple-watchos.swiftmodule /Users/admin/builder/spi-builder-workspace/.derivedData/Build/Intermediates.noindex/Murti.build/Debug-watchos/MurtiBuilder-t.build/Objects-normal/arm64/MurtiBuilder.swiftmodule (in target 'MurtiBuilder' from project 'Murti')
cd /Users/admin/builder/spi-builder-workspace
builtin-copy -exclude .DS_Store -exclude CVS -exclude .svn -exclude .git -exclude .hg -resolve-src-symlinks -rename /Users/admin/builder/spi-builder-workspace/.derivedData/Build/Intermediates.noindex/Murti.build/Debug-watchos/MurtiBuilder-t.build/Objects-normal/arm64/MurtiBuilder.swiftmodule /Users/admin/builder/spi-builder-workspace/.derivedData/Build/Products/Debug-watchos/MurtiBuilder.swiftmodule/arm64-apple-watchos.swiftmodule
SwiftMergeGeneratedHeaders /Users/admin/builder/spi-builder-workspace/.derivedData/Build/Intermediates.noindex/GeneratedModuleMaps-watchos/MurtiBuilder-Swift.h /Users/admin/builder/spi-builder-workspace/.derivedData/Build/Intermediates.noindex/Murti.build/Debug-watchos/MurtiBuilder-t.build/Objects-normal/arm64/MurtiBuilder-Swift.h /Users/admin/builder/spi-builder-workspace/.derivedData/Build/Intermediates.noindex/Murti.build/Debug-watchos/MurtiBuilder-t.build/Objects-normal/arm64_32/MurtiBuilder-Swift.h (in target 'MurtiBuilder' from project 'Murti')
cd /Users/admin/builder/spi-builder-workspace
builtin-swiftHeaderTool -arch arm64 /Users/admin/builder/spi-builder-workspace/.derivedData/Build/Intermediates.noindex/Murti.build/Debug-watchos/MurtiBuilder-t.build/Objects-normal/arm64/MurtiBuilder-Swift.h -arch arm64_32 /Users/admin/builder/spi-builder-workspace/.derivedData/Build/Intermediates.noindex/Murti.build/Debug-watchos/MurtiBuilder-t.build/Objects-normal/arm64_32/MurtiBuilder-Swift.h -o /Users/admin/builder/spi-builder-workspace/.derivedData/Build/Intermediates.noindex/GeneratedModuleMaps-watchos/MurtiBuilder-Swift.h
Copy /Users/admin/builder/spi-builder-workspace/.derivedData/Build/Products/Debug-watchos/MurtiBuilder.swiftmodule/arm64_32-apple-watchos.swiftmodule /Users/admin/builder/spi-builder-workspace/.derivedData/Build/Intermediates.noindex/Murti.build/Debug-watchos/MurtiBuilder-t.build/Objects-normal/arm64_32/MurtiBuilder.swiftmodule (in target 'MurtiBuilder' from project 'Murti')
cd /Users/admin/builder/spi-builder-workspace
builtin-copy -exclude .DS_Store -exclude CVS -exclude .svn -exclude .git -exclude .hg -resolve-src-symlinks -rename /Users/admin/builder/spi-builder-workspace/.derivedData/Build/Intermediates.noindex/Murti.build/Debug-watchos/MurtiBuilder-t.build/Objects-normal/arm64_32/MurtiBuilder.swiftmodule /Users/admin/builder/spi-builder-workspace/.derivedData/Build/Products/Debug-watchos/MurtiBuilder.swiftmodule/arm64_32-apple-watchos.swiftmodule
Copy /Users/admin/builder/spi-builder-workspace/.derivedData/Build/Products/Debug-watchos/MurtiBuilder.swiftmodule/arm64_32-apple-watchos.swiftdoc /Users/admin/builder/spi-builder-workspace/.derivedData/Build/Intermediates.noindex/Murti.build/Debug-watchos/MurtiBuilder-t.build/Objects-normal/arm64_32/MurtiBuilder.swiftdoc (in target 'MurtiBuilder' from project 'Murti')
cd /Users/admin/builder/spi-builder-workspace
builtin-copy -exclude .DS_Store -exclude CVS -exclude .svn -exclude .git -exclude .hg -resolve-src-symlinks -rename /Users/admin/builder/spi-builder-workspace/.derivedData/Build/Intermediates.noindex/Murti.build/Debug-watchos/MurtiBuilder-t.build/Objects-normal/arm64_32/MurtiBuilder.swiftdoc /Users/admin/builder/spi-builder-workspace/.derivedData/Build/Products/Debug-watchos/MurtiBuilder.swiftmodule/arm64_32-apple-watchos.swiftdoc
Copy /Users/admin/builder/spi-builder-workspace/.derivedData/Build/Products/Debug-watchos/MurtiBuilder.swiftmodule/arm64_32-apple-watchos.abi.json /Users/admin/builder/spi-builder-workspace/.derivedData/Build/Intermediates.noindex/Murti.build/Debug-watchos/MurtiBuilder-t.build/Objects-normal/arm64_32/MurtiBuilder.abi.json (in target 'MurtiBuilder' from project 'Murti')
cd /Users/admin/builder/spi-builder-workspace
builtin-copy -exclude .DS_Store -exclude CVS -exclude .svn -exclude .git -exclude .hg -resolve-src-symlinks -rename /Users/admin/builder/spi-builder-workspace/.derivedData/Build/Intermediates.noindex/Murti.build/Debug-watchos/MurtiBuilder-t.build/Objects-normal/arm64_32/MurtiBuilder.abi.json /Users/admin/builder/spi-builder-workspace/.derivedData/Build/Products/Debug-watchos/MurtiBuilder.swiftmodule/arm64_32-apple-watchos.abi.json
Copy /Users/admin/builder/spi-builder-workspace/.derivedData/Build/Products/Debug-watchos/MurtiBuilder.swiftmodule/arm64-apple-watchos.swiftdoc /Users/admin/builder/spi-builder-workspace/.derivedData/Build/Intermediates.noindex/Murti.build/Debug-watchos/MurtiBuilder-t.build/Objects-normal/arm64/MurtiBuilder.swiftdoc (in target 'MurtiBuilder' from project 'Murti')
cd /Users/admin/builder/spi-builder-workspace
builtin-copy -exclude .DS_Store -exclude CVS -exclude .svn -exclude .git -exclude .hg -resolve-src-symlinks -rename /Users/admin/builder/spi-builder-workspace/.derivedData/Build/Intermediates.noindex/Murti.build/Debug-watchos/MurtiBuilder-t.build/Objects-normal/arm64/MurtiBuilder.swiftdoc /Users/admin/builder/spi-builder-workspace/.derivedData/Build/Products/Debug-watchos/MurtiBuilder.swiftmodule/arm64-apple-watchos.swiftdoc
Copy /Users/admin/builder/spi-builder-workspace/.derivedData/Build/Products/Debug-watchos/MurtiBuilder.swiftmodule/arm64-apple-watchos.abi.json /Users/admin/builder/spi-builder-workspace/.derivedData/Build/Intermediates.noindex/Murti.build/Debug-watchos/MurtiBuilder-t.build/Objects-normal/arm64/MurtiBuilder.abi.json (in target 'MurtiBuilder' from project 'Murti')
cd /Users/admin/builder/spi-builder-workspace
builtin-copy -exclude .DS_Store -exclude CVS -exclude .svn -exclude .git -exclude .hg -resolve-src-symlinks -rename /Users/admin/builder/spi-builder-workspace/.derivedData/Build/Intermediates.noindex/Murti.build/Debug-watchos/MurtiBuilder-t.build/Objects-normal/arm64/MurtiBuilder.abi.json /Users/admin/builder/spi-builder-workspace/.derivedData/Build/Products/Debug-watchos/MurtiBuilder.swiftmodule/arm64-apple-watchos.abi.json
Copy /Users/admin/builder/spi-builder-workspace/.derivedData/Build/Products/Debug-watchos/MurtiBuilder.swiftmodule/Project/arm64_32-apple-watchos.swiftsourceinfo /Users/admin/builder/spi-builder-workspace/.derivedData/Build/Intermediates.noindex/Murti.build/Debug-watchos/MurtiBuilder-t.build/Objects-normal/arm64_32/MurtiBuilder.swiftsourceinfo (in target 'MurtiBuilder' from project 'Murti')
cd /Users/admin/builder/spi-builder-workspace
builtin-copy -exclude .DS_Store -exclude CVS -exclude .svn -exclude .git -exclude .hg -resolve-src-symlinks -rename /Users/admin/builder/spi-builder-workspace/.derivedData/Build/Intermediates.noindex/Murti.build/Debug-watchos/MurtiBuilder-t.build/Objects-normal/arm64_32/MurtiBuilder.swiftsourceinfo /Users/admin/builder/spi-builder-workspace/.derivedData/Build/Products/Debug-watchos/MurtiBuilder.swiftmodule/Project/arm64_32-apple-watchos.swiftsourceinfo
Copy /Users/admin/builder/spi-builder-workspace/.derivedData/Build/Products/Debug-watchos/MurtiBuilder.swiftmodule/Project/arm64-apple-watchos.swiftsourceinfo /Users/admin/builder/spi-builder-workspace/.derivedData/Build/Intermediates.noindex/Murti.build/Debug-watchos/MurtiBuilder-t.build/Objects-normal/arm64/MurtiBuilder.swiftsourceinfo (in target 'MurtiBuilder' from project 'Murti')
cd /Users/admin/builder/spi-builder-workspace
builtin-copy -exclude .DS_Store -exclude CVS -exclude .svn -exclude .git -exclude .hg -resolve-src-symlinks -rename /Users/admin/builder/spi-builder-workspace/.derivedData/Build/Intermediates.noindex/Murti.build/Debug-watchos/MurtiBuilder-t.build/Objects-normal/arm64/MurtiBuilder.swiftsourceinfo /Users/admin/builder/spi-builder-workspace/.derivedData/Build/Products/Debug-watchos/MurtiBuilder.swiftmodule/Project/arm64-apple-watchos.swiftsourceinfo
SwiftCompile normal arm64 Compiling\ Stacks.swift /Users/admin/builder/spi-builder-workspace/Sources/MurtiBuilder/Stacks.swift (in target 'MurtiBuilder' from project 'Murti')
SwiftCompile normal arm64 /Users/admin/builder/spi-builder-workspace/Sources/MurtiBuilder/Stacks.swift (in target 'MurtiBuilder' from project 'Murti')
cd /Users/admin/builder/spi-builder-workspace/.swiftpm/xcode
builtin-SwiftPerFileCompile Stacks.swift
SwiftCompile normal arm64 Compiling\ Text.swift /Users/admin/builder/spi-builder-workspace/Sources/MurtiBuilder/Text.swift (in target 'MurtiBuilder' from project 'Murti')
SwiftCompile normal arm64 /Users/admin/builder/spi-builder-workspace/Sources/MurtiBuilder/Text.swift (in target 'MurtiBuilder' from project 'Murti')
cd /Users/admin/builder/spi-builder-workspace/.swiftpm/xcode
builtin-SwiftPerFileCompile Text.swift
SwiftDriverJobDiscovery normal arm64_32 Compiling MurtiGalleryApp.swift (in target 'MurtiGallery-product' from project 'Murti')
SwiftCompile normal arm64_32 Compiling\ Action.swift,\ Button.swift /Users/admin/builder/spi-builder-workspace/Sources/MurtiBuilder/Action.swift /Users/admin/builder/spi-builder-workspace/Sources/MurtiBuilder/Button.swift (in target 'MurtiBuilder' from project 'Murti')
SwiftCompile normal arm64_32 /Users/admin/builder/spi-builder-workspace/Sources/MurtiBuilder/Action.swift (in target 'MurtiBuilder' from project 'Murti')
cd /Users/admin/builder/spi-builder-workspace/.swiftpm/xcode
builtin-SwiftPerFileCompile Action.swift
SwiftCompile normal arm64_32 /Users/admin/builder/spi-builder-workspace/Sources/MurtiBuilder/Button.swift (in target 'MurtiBuilder' from project 'Murti')
cd /Users/admin/builder/spi-builder-workspace/.swiftpm/xcode
builtin-SwiftPerFileCompile Button.swift
SwiftDriverJobDiscovery normal arm64 Compiling MurtiGalleryApp.swift (in target 'MurtiGallery-product' from project 'Murti')
SwiftCompile normal arm64 Compiling\ MurtiTreeBuilder.swift /Users/admin/builder/spi-builder-workspace/Sources/MurtiBuilder/MurtiTreeBuilder.swift (in target 'MurtiBuilder' from project 'Murti')
SwiftCompile normal arm64 /Users/admin/builder/spi-builder-workspace/Sources/MurtiBuilder/MurtiTreeBuilder.swift (in target 'MurtiBuilder' from project 'Murti')
cd /Users/admin/builder/spi-builder-workspace/.swiftpm/xcode
builtin-SwiftPerFileCompile MurtiTreeBuilder.swift
SwiftDriverJobDiscovery normal arm64_32 Emitting module for MurtiGallery (in target 'MurtiGallery-product' from project 'Murti')
SwiftDriver\ Compilation\ Requirements MurtiGallery normal arm64_32 com.apple.xcode.tools.swift.compiler (in target 'MurtiGallery-product' from project 'Murti')
cd /Users/admin/builder/spi-builder-workspace/.swiftpm/xcode
builtin-Swift-Compilation-Requirements -- /Applications/Xcode-27.0.0-Release.Candidate.app/Contents/Developer/Toolchains/XcodeDefault.xctoolchain/usr/bin/swiftc -parse-as-library -module-name MurtiGallery -Onone @/Users/admin/builder/spi-builder-workspace/.derivedData/Build/Intermediates.noindex/Murti.build/Debug-watchos/MurtiGallery-p.build/Objects-normal/arm64_32/MurtiGallery.SwiftFileList -DSWIFT_PACKAGE -DDEBUG -DXcode -plugin-path /Applications/Xcode-27.0.0-Release.Candidate.app/Contents/Developer/Toolchains/XcodeDefault.xctoolchain/usr/lib/swift/host/plugins/testing -enable-experimental-feature DebugDescriptionMacro -sdk /Applications/Xcode-27.0.0-Release.Candidate.app/Contents/Developer/Platforms/WatchOS.platform/Developer/SDKs/WatchOS27.0.sdk -target arm64_32-apple-watchos10.0 -g -module-cache-path /Users/admin/builder/spi-builder-workspace/.derivedData/ModuleCache.noindex -Xfrontend -serialize-debugging-options -profile-coverage-mapping -profile-generate -enable-testing -index-store-path /Users/admin/builder/spi-builder-workspace/.derivedData/Index.noindex/DataStore -Xcc -D_LIBCPP_HARDENING_MODE\=_LIBCPP_HARDENING_MODE_DEBUG -swift-version 6 -I /Users/admin/builder/spi-builder-workspace/.derivedData/Build/Products/Debug-watchos -Isystem /Applications/Xcode-27.0.0-Release.Candidate.app/Contents/Developer/Platforms/WatchOS.platform/Developer/usr/lib -F /Users/admin/builder/spi-builder-workspace/.derivedData/Build/Products/Debug-watchos/PackageFrameworks -F /Users/admin/builder/spi-builder-workspace/.derivedData/Build/Products/Debug-watchos -F /Applications/Xcode-27.0.0-Release.Candidate.app/Contents/Developer/Platforms/WatchOS.platform/Developer/Library/Frameworks -F /Applications/Xcode-27.0.0-Release.Candidate.app/Contents/Developer/Platforms/WatchOS.platform/Developer/SDKs/WatchOS27.0.sdk/Developer/Library/Frameworks -c -j10 -enable-batch-mode -incremental -Xcc -ivfsstatcache -Xcc /Users/admin/builder/spi-builder-workspace/.derivedData/SDKStatCaches.noindex/watchos27.0-24R360-e829b21a6f8c9b70876ba0858053c04477534ef55a1706bf4c1112bbb242f0a2.sdkstatcache -output-file-map /Users/admin/builder/spi-builder-workspace/.derivedData/Build/Intermediates.noindex/Murti.build/Debug-watchos/MurtiGallery-p.build/Objects-normal/arm64_32/MurtiGallery-OutputFileMap.json -save-temps -no-color-diagnostics -explicit-module-build -module-cache-path /Users/admin/builder/spi-builder-workspace/.derivedData/Build/Intermediates.noindex/SwiftExplicitPrecompiledModules -clang-scanner-module-cache-path /Users/admin/builder/spi-builder-workspace/.derivedData/ModuleCache.noindex -sdk-module-cache-path /Users/admin/builder/spi-builder-workspace/.derivedData/SDKExplicitPrecompiledModules -emit-dependencies -emit-module -emit-module-path /Users/admin/builder/spi-builder-workspace/.derivedData/Build/Intermediates.noindex/Murti.build/Debug-watchos/MurtiGallery-p.build/Objects-normal/arm64_32/MurtiGallery.swiftmodule -serialize-diagnostics -dependency-scan-serialize-diagnostics-path /Users/admin/builder/spi-builder-workspace/.derivedData/Build/Intermediates.noindex/Murti.build/Debug-watchos/MurtiGallery-p.build/Objects-normal/arm64_32/MurtiGallery-dependency-scan.dia -validate-clang-modules-once -clang-build-session-file /Users/admin/builder/spi-builder-workspace/.derivedData/ModuleCache.noindex/Session.modulevalidation -Xcc -fmodules-prune-interval\=86400 -Xcc -fmodules-prune-after\=345600 -package-name spi_builder_workspace -emit-const-values -const-gather-protocols-list /Users/admin/builder/spi-builder-workspace/.derivedData/Build/Intermediates.noindex/Murti.build/Debug-watchos/MurtiGallery-p.build/Objects-normal/arm64_32/MurtiGallery_const_extract_protocols.json -Xcc -I/Users/admin/builder/spi-builder-workspace/.derivedData/Build/Products/Debug-watchos/include -Xcc -I/Users/admin/builder/spi-builder-workspace/.derivedData/Build/Intermediates.noindex/Murti.build/Debug-watchos/MurtiGallery-p.build/DerivedSources-normal/arm64_32 -Xcc -I/Users/admin/builder/spi-builder-workspace/.derivedData/Build/Intermediates.noindex/Murti.build/Debug-watchos/MurtiGallery-p.build/DerivedSources/arm64_32 -Xcc -I/Users/admin/builder/spi-builder-workspace/.derivedData/Build/Intermediates.noindex/Murti.build/Debug-watchos/MurtiGallery-p.build/DerivedSources -Xcc -DSWIFT_PACKAGE -Xcc -DDEBUG\=1 -working-directory /Users/admin/builder/spi-builder-workspace/.swiftpm/xcode -experimental-emit-module-separately -disable-cmo
SwiftDriverJobDiscovery normal arm64 Emitting module for MurtiGallery (in target 'MurtiGallery-product' from project 'Murti')
SwiftDriver\ Compilation\ Requirements MurtiGallery normal arm64 com.apple.xcode.tools.swift.compiler (in target 'MurtiGallery-product' from project 'Murti')
cd /Users/admin/builder/spi-builder-workspace/.swiftpm/xcode
builtin-Swift-Compilation-Requirements -- /Applications/Xcode-27.0.0-Release.Candidate.app/Contents/Developer/Toolchains/XcodeDefault.xctoolchain/usr/bin/swiftc -parse-as-library -module-name MurtiGallery -Onone @/Users/admin/builder/spi-builder-workspace/.derivedData/Build/Intermediates.noindex/Murti.build/Debug-watchos/MurtiGallery-p.build/Objects-normal/arm64/MurtiGallery.SwiftFileList -DSWIFT_PACKAGE -DDEBUG -DXcode -plugin-path /Applications/Xcode-27.0.0-Release.Candidate.app/Contents/Developer/Toolchains/XcodeDefault.xctoolchain/usr/lib/swift/host/plugins/testing -enable-experimental-feature DebugDescriptionMacro -sdk /Applications/Xcode-27.0.0-Release.Candidate.app/Contents/Developer/Platforms/WatchOS.platform/Developer/SDKs/WatchOS27.0.sdk -target arm64-apple-watchos10.0 -g -module-cache-path /Users/admin/builder/spi-builder-workspace/.derivedData/ModuleCache.noindex -Xfrontend -serialize-debugging-options -profile-coverage-mapping -profile-generate -enable-testing -index-store-path /Users/admin/builder/spi-builder-workspace/.derivedData/Index.noindex/DataStore -Xcc -D_LIBCPP_HARDENING_MODE\=_LIBCPP_HARDENING_MODE_DEBUG -swift-version 6 -I /Users/admin/builder/spi-builder-workspace/.derivedData/Build/Products/Debug-watchos -Isystem /Applications/Xcode-27.0.0-Release.Candidate.app/Contents/Developer/Platforms/WatchOS.platform/Developer/usr/lib -F /Users/admin/builder/spi-builder-workspace/.derivedData/Build/Products/Debug-watchos/PackageFrameworks -F /Users/admin/builder/spi-builder-workspace/.derivedData/Build/Products/Debug-watchos -F /Applications/Xcode-27.0.0-Release.Candidate.app/Contents/Developer/Platforms/WatchOS.platform/Developer/Library/Frameworks -F /Applications/Xcode-27.0.0-Release.Candidate.app/Contents/Developer/Platforms/WatchOS.platform/Developer/SDKs/WatchOS27.0.sdk/Developer/Library/Frameworks -c -j10 -enable-batch-mode -incremental -Xcc -ivfsstatcache -Xcc /Users/admin/builder/spi-builder-workspace/.derivedData/SDKStatCaches.noindex/watchos27.0-24R360-e829b21a6f8c9b70876ba0858053c04477534ef55a1706bf4c1112bbb242f0a2.sdkstatcache -output-file-map /Users/admin/builder/spi-builder-workspace/.derivedData/Build/Intermediates.noindex/Murti.build/Debug-watchos/MurtiGallery-p.build/Objects-normal/arm64/MurtiGallery-OutputFileMap.json -save-temps -no-color-diagnostics -explicit-module-build -module-cache-path /Users/admin/builder/spi-builder-workspace/.derivedData/Build/Intermediates.noindex/SwiftExplicitPrecompiledModules -clang-scanner-module-cache-path /Users/admin/builder/spi-builder-workspace/.derivedData/ModuleCache.noindex -sdk-module-cache-path /Users/admin/builder/spi-builder-workspace/.derivedData/SDKExplicitPrecompiledModules -emit-dependencies -emit-module -emit-module-path /Users/admin/builder/spi-builder-workspace/.derivedData/Build/Intermediates.noindex/Murti.build/Debug-watchos/MurtiGallery-p.build/Objects-normal/arm64/MurtiGallery.swiftmodule -serialize-diagnostics -dependency-scan-serialize-diagnostics-path /Users/admin/builder/spi-builder-workspace/.derivedData/Build/Intermediates.noindex/Murti.build/Debug-watchos/MurtiGallery-p.build/Objects-normal/arm64/MurtiGallery-dependency-scan.dia -validate-clang-modules-once -clang-build-session-file /Users/admin/builder/spi-builder-workspace/.derivedData/ModuleCache.noindex/Session.modulevalidation -Xcc -fmodules-prune-interval\=86400 -Xcc -fmodules-prune-after\=345600 -package-name spi_builder_workspace -emit-const-values -const-gather-protocols-list /Users/admin/builder/spi-builder-workspace/.derivedData/Build/Intermediates.noindex/Murti.build/Debug-watchos/MurtiGallery-p.build/Objects-normal/arm64/MurtiGallery_const_extract_protocols.json -Xcc -I/Users/admin/builder/spi-builder-workspace/.derivedData/Build/Products/Debug-watchos/include -Xcc -I/Users/admin/builder/spi-builder-workspace/.derivedData/Build/Intermediates.noindex/Murti.build/Debug-watchos/MurtiGallery-p.build/DerivedSources-normal/arm64 -Xcc -I/Users/admin/builder/spi-builder-workspace/.derivedData/Build/Intermediates.noindex/Murti.build/Debug-watchos/MurtiGallery-p.build/DerivedSources/arm64 -Xcc -I/Users/admin/builder/spi-builder-workspace/.derivedData/Build/Intermediates.noindex/Murti.build/Debug-watchos/MurtiGallery-p.build/DerivedSources -Xcc -DSWIFT_PACKAGE -Xcc -DDEBUG\=1 -working-directory /Users/admin/builder/spi-builder-workspace/.swiftpm/xcode -experimental-emit-module-separately -disable-cmo
SwiftCompile normal arm64 Compiling\ Action.swift,\ Button.swift /Users/admin/builder/spi-builder-workspace/Sources/MurtiBuilder/Action.swift /Users/admin/builder/spi-builder-workspace/Sources/MurtiBuilder/Button.swift (in target 'MurtiBuilder' from project 'Murti')
SwiftCompile normal arm64 /Users/admin/builder/spi-builder-workspace/Sources/MurtiBuilder/Action.swift (in target 'MurtiBuilder' from project 'Murti')
cd /Users/admin/builder/spi-builder-workspace/.swiftpm/xcode
builtin-SwiftPerFileCompile Action.swift
SwiftCompile normal arm64 /Users/admin/builder/spi-builder-workspace/Sources/MurtiBuilder/Button.swift (in target 'MurtiBuilder' from project 'Murti')
cd /Users/admin/builder/spi-builder-workspace/.swiftpm/xcode
builtin-SwiftPerFileCompile Button.swift
SwiftDriverJobDiscovery normal arm64_32 Compiling Component.swift (in target 'MurtiBuilder' from project 'Murti')
SwiftCompile normal arm64_32 Compiling\ DSLExport.swift /Users/admin/builder/spi-builder-workspace/Sources/MurtiBuilder/DSLExport.swift (in target 'MurtiBuilder' from project 'Murti')
SwiftCompile normal arm64_32 /Users/admin/builder/spi-builder-workspace/Sources/MurtiBuilder/DSLExport.swift (in target 'MurtiBuilder' from project 'Murti')
cd /Users/admin/builder/spi-builder-workspace/.swiftpm/xcode
builtin-SwiftPerFileCompile DSLExport.swift
SwiftDriverJobDiscovery normal arm64_32 Compiling Image.swift (in target 'MurtiBuilder' from project 'Murti')
SwiftCompile normal arm64 Compiling\ MurtiBuilder.swift /Users/admin/builder/spi-builder-workspace/Sources/MurtiBuilder/MurtiBuilder.swift (in target 'MurtiBuilder' from project 'Murti')
SwiftCompile normal arm64 /Users/admin/builder/spi-builder-workspace/Sources/MurtiBuilder/MurtiBuilder.swift (in target 'MurtiBuilder' from project 'Murti')
cd /Users/admin/builder/spi-builder-workspace/.swiftpm/xcode
builtin-SwiftPerFileCompile MurtiBuilder.swift
SwiftDriverJobDiscovery normal arm64 Compiling Screen.swift (in target 'MurtiBuilder' from project 'Murti')
SwiftCompile normal arm64_32 Compiling\ Stacks.swift /Users/admin/builder/spi-builder-workspace/Sources/MurtiBuilder/Stacks.swift (in target 'MurtiBuilder' from project 'Murti')
SwiftCompile normal arm64_32 /Users/admin/builder/spi-builder-workspace/Sources/MurtiBuilder/Stacks.swift (in target 'MurtiBuilder' from project 'Murti')
cd /Users/admin/builder/spi-builder-workspace/.swiftpm/xcode
builtin-SwiftPerFileCompile Stacks.swift
SwiftCompile normal arm64_32 Compiling\ Screen.swift /Users/admin/builder/spi-builder-workspace/Sources/MurtiBuilder/Screen.swift (in target 'MurtiBuilder' from project 'Murti')
SwiftCompile normal arm64_32 /Users/admin/builder/spi-builder-workspace/Sources/MurtiBuilder/Screen.swift (in target 'MurtiBuilder' from project 'Murti')
cd /Users/admin/builder/spi-builder-workspace/.swiftpm/xcode
builtin-SwiftPerFileCompile Screen.swift
SwiftDriverJobDiscovery normal arm64 Compiling Text.swift (in target 'MurtiBuilder' from project 'Murti')
SwiftCompile normal arm64 Compiling\ DSLExport.swift /Users/admin/builder/spi-builder-workspace/Sources/MurtiBuilder/DSLExport.swift (in target 'MurtiBuilder' from project 'Murti')
SwiftCompile normal arm64 /Users/admin/builder/spi-builder-workspace/Sources/MurtiBuilder/DSLExport.swift (in target 'MurtiBuilder' from project 'Murti')
cd /Users/admin/builder/spi-builder-workspace/.swiftpm/xcode
builtin-SwiftPerFileCompile DSLExport.swift
PruneExplicitPrecompiledModules /Users/admin/builder/spi-builder-workspace/.derivedData/Build/Intermediates.noindex/SwiftExplicitPrecompiledModules
PruneExplicitPrecompiledModules /Users/admin/builder/spi-builder-workspace/.derivedData/Build/Intermediates.noindex/ExplicitPrecompiledModules
PruneExplicitPrecompiledModules /Users/admin/builder/spi-builder-workspace/.derivedData/SDKExplicitPrecompiledModules
2026-09-27 16:52:47.127 xcodebuild[626:3895] [MT] IDERunDestination: Supported platforms for the buildables in the current scheme is empty.
** BUILD FAILED **
The following build commands failed:
SwiftCompile normal arm64_32 /Users/admin/builder/spi-builder-workspace/Sources/MurtiGallery/GalleryRootView.swift (in target 'MurtiGallery-product' from project 'Murti')
SwiftCompile normal arm64_32 Compiling\ GalleryRootView.swift /Users/admin/builder/spi-builder-workspace/Sources/MurtiGallery/GalleryRootView.swift (in target 'MurtiGallery-product' from project 'Murti')
Building workspace Murti with scheme Murti-Package
(3 failures)
Command line invocation:
/Applications/Xcode-27.0.0-Release.Candidate.app/Contents/Developer/usr/bin/xcodebuild -IDEClonedSourcePackagesDirPathOverride=/Users/admin/builder/spi-builder-workspace/.dependencies -resolvePackageDependencies
Resolve Package Graph
Resolved source packages:
Murti: /Users/admin/builder/spi-builder-workspace
resolved source packages: Murti
2026-09-27 16:52:59.159 xcodebuild[865:5236] [MT] IDERunDestination: Supported platforms for the buildables in the current scheme is empty.
{
"dependencies" : [
],
"manifest_display_name" : "Murti",
"name" : "Murti",
"path" : "/Users/admin/builder/spi-builder-workspace",
"platforms" : [
{
"name" : "ios",
"version" : "17.0"
},
{
"name" : "macos",
"version" : "14.0"
},
{
"name" : "maccatalyst",
"version" : "17.0"
},
{
"name" : "tvos",
"version" : "17.0"
},
{
"name" : "watchos",
"version" : "10.0"
},
{
"name" : "visionos",
"version" : "1.0"
}
],
"products" : [
{
"name" : "MurtiCore",
"targets" : [
"MurtiCore"
],
"type" : {
"library" : [
"automatic"
]
}
},
{
"name" : "MurtiBuilder",
"targets" : [
"MurtiBuilder"
],
"type" : {
"library" : [
"automatic"
]
}
},
{
"name" : "MurtiGallery",
"targets" : [
"MurtiGallery"
],
"type" : {
"executable" : null
}
},
{
"name" : "MurtiGen",
"targets" : [
"MurtiGen"
],
"type" : {
"executable" : null
}
},
{
"name" : "MurtiStudio",
"targets" : [
"MurtiStudio"
],
"type" : {
"executable" : null
}
}
],
"targets" : [
{
"c99name" : "MurtiStudioTests",
"module_type" : "SwiftTarget",
"name" : "MurtiStudioTests",
"path" : "Tests/MurtiStudioTests",
"sources" : [
"EditorDocumentTests.swift",
"ImportExportTests.swift",
"NodeTreeInsertTests.swift",
"NodeTreeTests.swift",
"SmokeTests.swift",
"UndoTests.swift",
"ViewSmokeTests.swift"
],
"target_dependencies" : [
"MurtiStudio",
"MurtiCore"
],
"type" : "test"
},
{
"c99name" : "MurtiStudio",
"module_type" : "SwiftTarget",
"name" : "MurtiStudio",
"path" : "Sources/MurtiStudio",
"product_memberships" : [
"MurtiStudio"
],
"sources" : [
"EditorDocument.swift",
"InspectorView.swift",
"MurtiStudioApp.swift",
"NodeIdentity.swift",
"NodeTree.swift",
"OutlineView.swift",
"PaletteView.swift",
"PreviewView.swift",
"StudioView.swift"
],
"target_dependencies" : [
"MurtiCore",
"MurtiBuilder"
],
"type" : "executable"
},
{
"c99name" : "MurtiGenTests",
"module_type" : "SwiftTarget",
"name" : "MurtiGenTests",
"path" : "Tests/MurtiGenTests",
"sources" : [
"ScreenBundleTests.swift"
],
"target_dependencies" : [
"MurtiGen",
"MurtiBuilder",
"MurtiCore"
],
"type" : "test"
},
{
"c99name" : "MurtiGen",
"module_type" : "SwiftTarget",
"name" : "MurtiGen",
"path" : "Sources/MurtiGen",
"product_memberships" : [
"MurtiGen"
],
"sources" : [
"ScreenBundle.swift",
"main.swift"
],
"target_dependencies" : [
"MurtiBuilder",
"MurtiCore"
],
"type" : "executable"
},
{
"c99name" : "MurtiGallery",
"module_type" : "SwiftTarget",
"name" : "MurtiGallery",
"path" : "Sources/MurtiGallery",
"product_memberships" : [
"MurtiGallery"
],
"sources" : [
"GalleryExamples.swift",
"GalleryRootView.swift",
"MurtiGalleryApp.swift"
],
"target_dependencies" : [
"MurtiCore"
],
"type" : "executable"
},
{
"c99name" : "MurtiCoreTests",
"module_type" : "SwiftTarget",
"name" : "MurtiCoreTests",
"path" : "Tests/MurtiCoreTests",
"sources" : [
"AESGCMCipherTests.swift",
"CacheKeyTests.swift",
"DataContextTests.swift",
"FileCacheStoreTests.swift",
"FixtureDecodingTests.swift",
"LayoutTests.swift",
"ManifestTests.swift",
"MemoryCacheStoreTests.swift",
"MurtiActionDispatcherTests.swift",
"MurtiActionSpecTests.swift",
"MurtiCacheCipherTests.swift",
"MurtiCacheCoordinatorTests.swift",
"MurtiCacheLoadTests.swift",
"MurtiCacheWiringTests.swift",
"MurtiComponentFactoryTests.swift",
"MurtiCryptoTests.swift",
"MurtiEngineTests.swift",
"MurtiManifestTests.swift",
"MurtiNodeTests.swift",
"MurtiRendererTests.swift",
"MurtiSchemaValidatorTests.swift",
"MurtiValueLiteralTests.swift",
"MurtiValueTests.swift",
"StyleTests.swift",
"TokenResolverTests.swift"
],
"target_dependencies" : [
"MurtiCore"
],
"type" : "test"
},
{
"c99name" : "MurtiCore",
"module_type" : "SwiftTarget",
"name" : "MurtiCore",
"path" : "Sources/MurtiCore",
"product_memberships" : [
"MurtiCore",
"MurtiBuilder",
"MurtiGallery",
"MurtiGen",
"MurtiStudio"
],
"sources" : [
"AESGCMCipher.swift",
"Accessibility.swift",
"BuiltinComponents.swift",
"CacheKey.swift",
"Commands.swift",
"DataContext.swift",
"FileCacheStore.swift",
"Manifest.swift",
"MurtiActionDispatcher.swift",
"MurtiActionSpec.swift",
"MurtiBounds.swift",
"MurtiCache.swift",
"MurtiCacheCipher.swift",
"MurtiCacheCoordinator.swift",
"MurtiCacheStore.swift",
"MurtiCommand.swift",
"MurtiComponent.swift",
"MurtiComponentFactory.swift",
"MurtiEngine.swift",
"MurtiError.swift",
"MurtiNavigator.swift",
"MurtiNetworkClient.swift",
"MurtiNode.swift",
"MurtiPayload.swift",
"MurtiRenderContext.swift",
"MurtiRenderer.swift",
"MurtiSchemaValidator.swift",
"MurtiScreen.swift",
"MurtiScreenFactory.swift",
"MurtiSignatureVerifier.swift",
"MurtiStyle.swift",
"MurtiUnknownView.swift",
"MurtiValue+Literals.swift",
"MurtiValue.swift",
"ScreenSource.swift",
"TokenResolver.swift"
],
"type" : "library"
},
{
"c99name" : "MurtiBuilderTests",
"module_type" : "SwiftTarget",
"name" : "MurtiBuilderTests",
"path" : "Tests/MurtiBuilderTests",
"sources" : [
"ButtonActionTests.swift",
"DSLExportTests.swift",
"EquivalenceTests.swift",
"ImageCardComponentTests.swift",
"ScreenTests.swift",
"SmokeTests.swift",
"StackTests.swift",
"TextTests.swift"
],
"target_dependencies" : [
"MurtiBuilder"
],
"type" : "test"
},
{
"c99name" : "MurtiBuilder",
"module_type" : "SwiftTarget",
"name" : "MurtiBuilder",
"path" : "Sources/MurtiBuilder",
"product_memberships" : [
"MurtiBuilder",
"MurtiGen",
"MurtiStudio"
],
"sources" : [
"Action.swift",
"Button.swift",
"Card.swift",
"Component.swift",
"DSLExport.swift",
"Image.swift",
"MurtiBuilder.swift",
"MurtiTreeBuilder.swift",
"Screen.swift",
"Stacks.swift",
"Text.swift"
],
"target_dependencies" : [
"MurtiCore"
],
"type" : "library"
}
],
"tools_version" : "6.0"
}
{
"workspace" : {
"name" : "Murti",
"schemes" : [
"Murti-Package",
"MurtiBuilder",
"MurtiCore",
"MurtiGallery",
"MurtiGen",
"MurtiStudio"
]
}
}
2026-09-27 16:53:00.457 xcodebuild[873:5308] [MT] IDERunDestination: Supported platforms for the buildables in the current scheme is empty.
Running build ...
env DEVELOPER_DIR=/Applications/Xcode-27.0.0-Release.Candidate.app xcrun xcodebuild -IDEClonedSourcePackagesDirPathOverride=$PWD/.dependencies -skipMacroValidation -skipPackagePluginValidation -derivedDataPath $PWD/.derivedData build -scheme Murti-Package -destination generic/platform=watchOS
Command line invocation:
/Applications/Xcode-27.0.0-Release.Candidate.app/Contents/Developer/usr/bin/xcodebuild -IDEClonedSourcePackagesDirPathOverride=/Users/admin/builder/spi-builder-workspace/.dependencies -skipMacroValidation -skipPackagePluginValidation -derivedDataPath /Users/admin/builder/spi-builder-workspace/.derivedData build -scheme Murti-Package -destination generic/platform=watchOS
Resolve Package Graph
Resolved source packages:
Murti: /Users/admin/builder/spi-builder-workspace
ComputePackagePrebuildTargetDependencyGraph
Prepare packages
CreateBuildRequest
SendProjectDescription
CreateBuildOperation
ComputeTargetDependencyGraph
note: Building targets in dependency order
note: Target dependency graph (7 targets)
Target 'MurtiStudio-product' in project 'Murti'
➜ Explicit dependency on target 'MurtiCore' in project 'Murti'
➜ Explicit dependency on target 'MurtiBuilder' in project 'Murti'
Target 'MurtiGen-product' in project 'Murti'
➜ Explicit dependency on target 'MurtiCore' in project 'Murti'
➜ Explicit dependency on target 'MurtiBuilder' in project 'Murti'
Target 'MurtiGallery-product' in project 'Murti'
➜ Explicit dependency on target 'MurtiCore' in project 'Murti'
Target 'MurtiBuilder-product' in project 'Murti'
➜ Explicit dependency on target 'MurtiBuilder' in project 'Murti'
➜ Explicit dependency on target 'MurtiCore' in project 'Murti'
Target 'MurtiBuilder' in project 'Murti'
➜ Explicit dependency on target 'MurtiCore' in project 'Murti'
Target 'MurtiCore-product' in project 'Murti'
➜ Explicit dependency on target 'MurtiCore' in project 'Murti'
Target 'MurtiCore' in project 'Murti' (no dependencies)
GatherProvisioningInputs
CreateBuildDescription
ClangStatCache /Applications/Xcode-27.0.0-Release.Candidate.app/Contents/Developer/Toolchains/XcodeDefault.xctoolchain/usr/bin/clang-stat-cache /Applications/Xcode-27.0.0-Release.Candidate.app/Contents/Developer/Platforms/WatchOS.platform/Developer/SDKs/WatchOS27.0.sdk /Users/admin/builder/spi-builder-workspace/.derivedData/SDKStatCaches.noindex/watchos27.0-24R360-e829b21a6f8c9b70876ba0858053c04477534ef55a1706bf4c1112bbb242f0a2.sdkstatcache
cd /Users/admin/builder/spi-builder-workspace/.swiftpm/xcode
/Applications/Xcode-27.0.0-Release.Candidate.app/Contents/Developer/Toolchains/XcodeDefault.xctoolchain/usr/bin/clang-stat-cache /Applications/Xcode-27.0.0-Release.Candidate.app/Contents/Developer/Platforms/WatchOS.platform/Developer/SDKs/WatchOS27.0.sdk -o /Users/admin/builder/spi-builder-workspace/.derivedData/SDKStatCaches.noindex/watchos27.0-24R360-e829b21a6f8c9b70876ba0858053c04477534ef55a1706bf4c1112bbb242f0a2.sdkstatcache
SwiftDriver MurtiGallery normal arm64_32 com.apple.xcode.tools.swift.compiler (in target 'MurtiGallery-product' from project 'Murti')
cd /Users/admin/builder/spi-builder-workspace/.swiftpm/xcode
builtin-SwiftDriver -- /Applications/Xcode-27.0.0-Release.Candidate.app/Contents/Developer/Toolchains/XcodeDefault.xctoolchain/usr/bin/swiftc -parse-as-library -module-name MurtiGallery -Onone @/Users/admin/builder/spi-builder-workspace/.derivedData/Build/Intermediates.noindex/Murti.build/Debug-watchos/MurtiGallery-p.build/Objects-normal/arm64_32/MurtiGallery.SwiftFileList -DSWIFT_PACKAGE -DDEBUG -DXcode -plugin-path /Applications/Xcode-27.0.0-Release.Candidate.app/Contents/Developer/Toolchains/XcodeDefault.xctoolchain/usr/lib/swift/host/plugins/testing -enable-experimental-feature DebugDescriptionMacro -sdk /Applications/Xcode-27.0.0-Release.Candidate.app/Contents/Developer/Platforms/WatchOS.platform/Developer/SDKs/WatchOS27.0.sdk -target arm64_32-apple-watchos10.0 -g -module-cache-path /Users/admin/builder/spi-builder-workspace/.derivedData/ModuleCache.noindex -Xfrontend -serialize-debugging-options -profile-coverage-mapping -profile-generate -enable-testing -index-store-path /Users/admin/builder/spi-builder-workspace/.derivedData/Index.noindex/DataStore -Xcc -D_LIBCPP_HARDENING_MODE\=_LIBCPP_HARDENING_MODE_DEBUG -swift-version 6 -I /Users/admin/builder/spi-builder-workspace/.derivedData/Build/Products/Debug-watchos -Isystem /Applications/Xcode-27.0.0-Release.Candidate.app/Contents/Developer/Platforms/WatchOS.platform/Developer/usr/lib -F /Users/admin/builder/spi-builder-workspace/.derivedData/Build/Products/Debug-watchos/PackageFrameworks -F /Users/admin/builder/spi-builder-workspace/.derivedData/Build/Products/Debug-watchos -F /Applications/Xcode-27.0.0-Release.Candidate.app/Contents/Developer/Platforms/WatchOS.platform/Developer/Library/Frameworks -F /Applications/Xcode-27.0.0-Release.Candidate.app/Contents/Developer/Platforms/WatchOS.platform/Developer/SDKs/WatchOS27.0.sdk/Developer/Library/Frameworks -c -j10 -enable-batch-mode -incremental -Xcc -ivfsstatcache -Xcc /Users/admin/builder/spi-builder-workspace/.derivedData/SDKStatCaches.noindex/watchos27.0-24R360-e829b21a6f8c9b70876ba0858053c04477534ef55a1706bf4c1112bbb242f0a2.sdkstatcache -output-file-map /Users/admin/builder/spi-builder-workspace/.derivedData/Build/Intermediates.noindex/Murti.build/Debug-watchos/MurtiGallery-p.build/Objects-normal/arm64_32/MurtiGallery-OutputFileMap.json -save-temps -no-color-diagnostics -explicit-module-build -module-cache-path /Users/admin/builder/spi-builder-workspace/.derivedData/Build/Intermediates.noindex/SwiftExplicitPrecompiledModules -clang-scanner-module-cache-path /Users/admin/builder/spi-builder-workspace/.derivedData/ModuleCache.noindex -sdk-module-cache-path /Users/admin/builder/spi-builder-workspace/.derivedData/SDKExplicitPrecompiledModules -emit-dependencies -emit-module -emit-module-path /Users/admin/builder/spi-builder-workspace/.derivedData/Build/Intermediates.noindex/Murti.build/Debug-watchos/MurtiGallery-p.build/Objects-normal/arm64_32/MurtiGallery.swiftmodule -serialize-diagnostics -dependency-scan-serialize-diagnostics-path /Users/admin/builder/spi-builder-workspace/.derivedData/Build/Intermediates.noindex/Murti.build/Debug-watchos/MurtiGallery-p.build/Objects-normal/arm64_32/MurtiGallery-dependency-scan.dia -validate-clang-modules-once -clang-build-session-file /Users/admin/builder/spi-builder-workspace/.derivedData/ModuleCache.noindex/Session.modulevalidation -Xcc -fmodules-prune-interval\=86400 -Xcc -fmodules-prune-after\=345600 -package-name spi_builder_workspace -emit-const-values -const-gather-protocols-list /Users/admin/builder/spi-builder-workspace/.derivedData/Build/Intermediates.noindex/Murti.build/Debug-watchos/MurtiGallery-p.build/Objects-normal/arm64_32/MurtiGallery_const_extract_protocols.json -Xcc -I/Users/admin/builder/spi-builder-workspace/.derivedData/Build/Products/Debug-watchos/include -Xcc -I/Users/admin/builder/spi-builder-workspace/.derivedData/Build/Intermediates.noindex/Murti.build/Debug-watchos/MurtiGallery-p.build/DerivedSources-normal/arm64_32 -Xcc -I/Users/admin/builder/spi-builder-workspace/.derivedData/Build/Intermediates.noindex/Murti.build/Debug-watchos/MurtiGallery-p.build/DerivedSources/arm64_32 -Xcc -I/Users/admin/builder/spi-builder-workspace/.derivedData/Build/Intermediates.noindex/Murti.build/Debug-watchos/MurtiGallery-p.build/DerivedSources -Xcc -DSWIFT_PACKAGE -Xcc -DDEBUG\=1 -working-directory /Users/admin/builder/spi-builder-workspace/.swiftpm/xcode -experimental-emit-module-separately -disable-cmo
SwiftDriver MurtiBuilder normal arm64 com.apple.xcode.tools.swift.compiler (in target 'MurtiBuilder' from project 'Murti')
cd /Users/admin/builder/spi-builder-workspace/.swiftpm/xcode
builtin-SwiftDriver -- /Applications/Xcode-27.0.0-Release.Candidate.app/Contents/Developer/Toolchains/XcodeDefault.xctoolchain/usr/bin/swiftc -parse-as-library -module-name MurtiBuilder -Onone @/Users/admin/builder/spi-builder-workspace/.derivedData/Build/Intermediates.noindex/Murti.build/Debug-watchos/MurtiBuilder-t.build/Objects-normal/arm64/MurtiBuilder.SwiftFileList -DSWIFT_PACKAGE -DDEBUG -DSWIFT_MODULE_RESOURCE_BUNDLE_UNAVAILABLE -DXcode -plugin-path /Applications/Xcode-27.0.0-Release.Candidate.app/Contents/Developer/Toolchains/XcodeDefault.xctoolchain/usr/lib/swift/host/plugins/testing -enable-experimental-feature DebugDescriptionMacro -sdk /Applications/Xcode-27.0.0-Release.Candidate.app/Contents/Developer/Platforms/WatchOS.platform/Developer/SDKs/WatchOS27.0.sdk -target arm64-apple-watchos10.0 -g -module-cache-path /Users/admin/builder/spi-builder-workspace/.derivedData/ModuleCache.noindex -Xfrontend -serialize-debugging-options -profile-coverage-mapping -profile-generate -enable-testing -index-store-path /Users/admin/builder/spi-builder-workspace/.derivedData/Index.noindex/DataStore -Xcc -D_LIBCPP_HARDENING_MODE\=_LIBCPP_HARDENING_MODE_DEBUG -swift-version 6 -I /Users/admin/builder/spi-builder-workspace/.derivedData/Build/Products/Debug-watchos -Isystem /Applications/Xcode-27.0.0-Release.Candidate.app/Contents/Developer/Platforms/WatchOS.platform/Developer/usr/lib -F /Users/admin/builder/spi-builder-workspace/.derivedData/Build/Products/Debug-watchos/PackageFrameworks -F /Users/admin/builder/spi-builder-workspace/.derivedData/Build/Products/Debug-watchos -F /Applications/Xcode-27.0.0-Release.Candidate.app/Contents/Developer/Platforms/WatchOS.platform/Developer/Library/Frameworks -F /Applications/Xcode-27.0.0-Release.Candidate.app/Contents/Developer/Platforms/WatchOS.platform/Developer/SDKs/WatchOS27.0.sdk/Developer/Library/Frameworks -c -j10 -enable-batch-mode -incremental -Xcc -ivfsstatcache -Xcc /Users/admin/builder/spi-builder-workspace/.derivedData/SDKStatCaches.noindex/watchos27.0-24R360-e829b21a6f8c9b70876ba0858053c04477534ef55a1706bf4c1112bbb242f0a2.sdkstatcache -output-file-map /Users/admin/builder/spi-builder-workspace/.derivedData/Build/Intermediates.noindex/Murti.build/Debug-watchos/MurtiBuilder-t.build/Objects-normal/arm64/MurtiBuilder-OutputFileMap.json -save-temps -no-color-diagnostics -explicit-module-build -module-cache-path /Users/admin/builder/spi-builder-workspace/.derivedData/Build/Intermediates.noindex/SwiftExplicitPrecompiledModules -clang-scanner-module-cache-path /Users/admin/builder/spi-builder-workspace/.derivedData/ModuleCache.noindex -sdk-module-cache-path /Users/admin/builder/spi-builder-workspace/.derivedData/SDKExplicitPrecompiledModules -emit-dependencies -emit-module -emit-module-path /Users/admin/builder/spi-builder-workspace/.derivedData/Build/Intermediates.noindex/Murti.build/Debug-watchos/MurtiBuilder-t.build/Objects-normal/arm64/MurtiBuilder.swiftmodule -serialize-diagnostics -dependency-scan-serialize-diagnostics-path /Users/admin/builder/spi-builder-workspace/.derivedData/Build/Intermediates.noindex/Murti.build/Debug-watchos/MurtiBuilder-t.build/Objects-normal/arm64/MurtiBuilder-dependency-scan.dia -validate-clang-modules-once -clang-build-session-file /Users/admin/builder/spi-builder-workspace/.derivedData/ModuleCache.noindex/Session.modulevalidation -Xcc -fmodules-prune-interval\=86400 -Xcc -fmodules-prune-after\=345600 -package-name spi_builder_workspace -emit-const-values -const-gather-protocols-list /Users/admin/builder/spi-builder-workspace/.derivedData/Build/Intermediates.noindex/Murti.build/Debug-watchos/MurtiBuilder-t.build/Objects-normal/arm64/MurtiBuilder_const_extract_protocols.json -Xcc -I/Users/admin/builder/spi-builder-workspace/.derivedData/Build/Products/Debug-watchos/include -Xcc -I/Users/admin/builder/spi-builder-workspace/.derivedData/Build/Intermediates.noindex/Murti.build/Debug-watchos/MurtiBuilder-t.build/DerivedSources-normal/arm64 -Xcc -I/Users/admin/builder/spi-builder-workspace/.derivedData/Build/Intermediates.noindex/Murti.build/Debug-watchos/MurtiBuilder-t.build/DerivedSources/arm64 -Xcc -I/Users/admin/builder/spi-builder-workspace/.derivedData/Build/Intermediates.noindex/Murti.build/Debug-watchos/MurtiBuilder-t.build/DerivedSources -Xcc -DSWIFT_PACKAGE -Xcc -DDEBUG\=1 -emit-objc-header -emit-objc-header-path /Users/admin/builder/spi-builder-workspace/.derivedData/Build/Intermediates.noindex/Murti.build/Debug-watchos/MurtiBuilder-t.build/Objects-normal/arm64/MurtiBuilder-Swift.h -working-directory /Users/admin/builder/spi-builder-workspace/.swiftpm/xcode -experimental-emit-module-separately -disable-cmo
SwiftDriver MurtiGallery normal arm64 com.apple.xcode.tools.swift.compiler (in target 'MurtiGallery-product' from project 'Murti')
cd /Users/admin/builder/spi-builder-workspace/.swiftpm/xcode
builtin-SwiftDriver -- /Applications/Xcode-27.0.0-Release.Candidate.app/Contents/Developer/Toolchains/XcodeDefault.xctoolchain/usr/bin/swiftc -parse-as-library -module-name MurtiGallery -Onone @/Users/admin/builder/spi-builder-workspace/.derivedData/Build/Intermediates.noindex/Murti.build/Debug-watchos/MurtiGallery-p.build/Objects-normal/arm64/MurtiGallery.SwiftFileList -DSWIFT_PACKAGE -DDEBUG -DXcode -plugin-path /Applications/Xcode-27.0.0-Release.Candidate.app/Contents/Developer/Toolchains/XcodeDefault.xctoolchain/usr/lib/swift/host/plugins/testing -enable-experimental-feature DebugDescriptionMacro -sdk /Applications/Xcode-27.0.0-Release.Candidate.app/Contents/Developer/Platforms/WatchOS.platform/Developer/SDKs/WatchOS27.0.sdk -target arm64-apple-watchos10.0 -g -module-cache-path /Users/admin/builder/spi-builder-workspace/.derivedData/ModuleCache.noindex -Xfrontend -serialize-debugging-options -profile-coverage-mapping -profile-generate -enable-testing -index-store-path /Users/admin/builder/spi-builder-workspace/.derivedData/Index.noindex/DataStore -Xcc -D_LIBCPP_HARDENING_MODE\=_LIBCPP_HARDENING_MODE_DEBUG -swift-version 6 -I /Users/admin/builder/spi-builder-workspace/.derivedData/Build/Products/Debug-watchos -Isystem /Applications/Xcode-27.0.0-Release.Candidate.app/Contents/Developer/Platforms/WatchOS.platform/Developer/usr/lib -F /Users/admin/builder/spi-builder-workspace/.derivedData/Build/Products/Debug-watchos/PackageFrameworks -F /Users/admin/builder/spi-builder-workspace/.derivedData/Build/Products/Debug-watchos -F /Applications/Xcode-27.0.0-Release.Candidate.app/Contents/Developer/Platforms/WatchOS.platform/Developer/Library/Frameworks -F /Applications/Xcode-27.0.0-Release.Candidate.app/Contents/Developer/Platforms/WatchOS.platform/Developer/SDKs/WatchOS27.0.sdk/Developer/Library/Frameworks -c -j10 -enable-batch-mode -incremental -Xcc -ivfsstatcache -Xcc /Users/admin/builder/spi-builder-workspace/.derivedData/SDKStatCaches.noindex/watchos27.0-24R360-e829b21a6f8c9b70876ba0858053c04477534ef55a1706bf4c1112bbb242f0a2.sdkstatcache -output-file-map /Users/admin/builder/spi-builder-workspace/.derivedData/Build/Intermediates.noindex/Murti.build/Debug-watchos/MurtiGallery-p.build/Objects-normal/arm64/MurtiGallery-OutputFileMap.json -save-temps -no-color-diagnostics -explicit-module-build -module-cache-path /Users/admin/builder/spi-builder-workspace/.derivedData/Build/Intermediates.noindex/SwiftExplicitPrecompiledModules -clang-scanner-module-cache-path /Users/admin/builder/spi-builder-workspace/.derivedData/ModuleCache.noindex -sdk-module-cache-path /Users/admin/builder/spi-builder-workspace/.derivedData/SDKExplicitPrecompiledModules -emit-dependencies -emit-module -emit-module-path /Users/admin/builder/spi-builder-workspace/.derivedData/Build/Intermediates.noindex/Murti.build/Debug-watchos/MurtiGallery-p.build/Objects-normal/arm64/MurtiGallery.swiftmodule -serialize-diagnostics -dependency-scan-serialize-diagnostics-path /Users/admin/builder/spi-builder-workspace/.derivedData/Build/Intermediates.noindex/Murti.build/Debug-watchos/MurtiGallery-p.build/Objects-normal/arm64/MurtiGallery-dependency-scan.dia -validate-clang-modules-once -clang-build-session-file /Users/admin/builder/spi-builder-workspace/.derivedData/ModuleCache.noindex/Session.modulevalidation -Xcc -fmodules-prune-interval\=86400 -Xcc -fmodules-prune-after\=345600 -package-name spi_builder_workspace -emit-const-values -const-gather-protocols-list /Users/admin/builder/spi-builder-workspace/.derivedData/Build/Intermediates.noindex/Murti.build/Debug-watchos/MurtiGallery-p.build/Objects-normal/arm64/MurtiGallery_const_extract_protocols.json -Xcc -I/Users/admin/builder/spi-builder-workspace/.derivedData/Build/Products/Debug-watchos/include -Xcc -I/Users/admin/builder/spi-builder-workspace/.derivedData/Build/Intermediates.noindex/Murti.build/Debug-watchos/MurtiGallery-p.build/DerivedSources-normal/arm64 -Xcc -I/Users/admin/builder/spi-builder-workspace/.derivedData/Build/Intermediates.noindex/Murti.build/Debug-watchos/MurtiGallery-p.build/DerivedSources/arm64 -Xcc -I/Users/admin/builder/spi-builder-workspace/.derivedData/Build/Intermediates.noindex/Murti.build/Debug-watchos/MurtiGallery-p.build/DerivedSources -Xcc -DSWIFT_PACKAGE -Xcc -DDEBUG\=1 -working-directory /Users/admin/builder/spi-builder-workspace/.swiftpm/xcode -experimental-emit-module-separately -disable-cmo
SwiftDriver MurtiBuilder normal arm64_32 com.apple.xcode.tools.swift.compiler (in target 'MurtiBuilder' from project 'Murti')
cd /Users/admin/builder/spi-builder-workspace/.swiftpm/xcode
builtin-SwiftDriver -- /Applications/Xcode-27.0.0-Release.Candidate.app/Contents/Developer/Toolchains/XcodeDefault.xctoolchain/usr/bin/swiftc -parse-as-library -module-name MurtiBuilder -Onone @/Users/admin/builder/spi-builder-workspace/.derivedData/Build/Intermediates.noindex/Murti.build/Debug-watchos/MurtiBuilder-t.build/Objects-normal/arm64_32/MurtiBuilder.SwiftFileList -DSWIFT_PACKAGE -DDEBUG -DSWIFT_MODULE_RESOURCE_BUNDLE_UNAVAILABLE -DXcode -plugin-path /Applications/Xcode-27.0.0-Release.Candidate.app/Contents/Developer/Toolchains/XcodeDefault.xctoolchain/usr/lib/swift/host/plugins/testing -enable-experimental-feature DebugDescriptionMacro -sdk /Applications/Xcode-27.0.0-Release.Candidate.app/Contents/Developer/Platforms/WatchOS.platform/Developer/SDKs/WatchOS27.0.sdk -target arm64_32-apple-watchos10.0 -g -module-cache-path /Users/admin/builder/spi-builder-workspace/.derivedData/ModuleCache.noindex -Xfrontend -serialize-debugging-options -profile-coverage-mapping -profile-generate -enable-testing -index-store-path /Users/admin/builder/spi-builder-workspace/.derivedData/Index.noindex/DataStore -Xcc -D_LIBCPP_HARDENING_MODE\=_LIBCPP_HARDENING_MODE_DEBUG -swift-version 6 -I /Users/admin/builder/spi-builder-workspace/.derivedData/Build/Products/Debug-watchos -Isystem /Applications/Xcode-27.0.0-Release.Candidate.app/Contents/Developer/Platforms/WatchOS.platform/Developer/usr/lib -F /Users/admin/builder/spi-builder-workspace/.derivedData/Build/Products/Debug-watchos/PackageFrameworks -F /Users/admin/builder/spi-builder-workspace/.derivedData/Build/Products/Debug-watchos -F /Applications/Xcode-27.0.0-Release.Candidate.app/Contents/Developer/Platforms/WatchOS.platform/Developer/Library/Frameworks -F /Applications/Xcode-27.0.0-Release.Candidate.app/Contents/Developer/Platforms/WatchOS.platform/Developer/SDKs/WatchOS27.0.sdk/Developer/Library/Frameworks -c -j10 -enable-batch-mode -incremental -Xcc -ivfsstatcache -Xcc /Users/admin/builder/spi-builder-workspace/.derivedData/SDKStatCaches.noindex/watchos27.0-24R360-e829b21a6f8c9b70876ba0858053c04477534ef55a1706bf4c1112bbb242f0a2.sdkstatcache -output-file-map /Users/admin/builder/spi-builder-workspace/.derivedData/Build/Intermediates.noindex/Murti.build/Debug-watchos/MurtiBuilder-t.build/Objects-normal/arm64_32/MurtiBuilder-OutputFileMap.json -save-temps -no-color-diagnostics -explicit-module-build -module-cache-path /Users/admin/builder/spi-builder-workspace/.derivedData/Build/Intermediates.noindex/SwiftExplicitPrecompiledModules -clang-scanner-module-cache-path /Users/admin/builder/spi-builder-workspace/.derivedData/ModuleCache.noindex -sdk-module-cache-path /Users/admin/builder/spi-builder-workspace/.derivedData/SDKExplicitPrecompiledModules -emit-dependencies -emit-module -emit-module-path /Users/admin/builder/spi-builder-workspace/.derivedData/Build/Intermediates.noindex/Murti.build/Debug-watchos/MurtiBuilder-t.build/Objects-normal/arm64_32/MurtiBuilder.swiftmodule -serialize-diagnostics -dependency-scan-serialize-diagnostics-path /Users/admin/builder/spi-builder-workspace/.derivedData/Build/Intermediates.noindex/Murti.build/Debug-watchos/MurtiBuilder-t.build/Objects-normal/arm64_32/MurtiBuilder-dependency-scan.dia -validate-clang-modules-once -clang-build-session-file /Users/admin/builder/spi-builder-workspace/.derivedData/ModuleCache.noindex/Session.modulevalidation -Xcc -fmodules-prune-interval\=86400 -Xcc -fmodules-prune-after\=345600 -package-name spi_builder_workspace -emit-const-values -const-gather-protocols-list /Users/admin/builder/spi-builder-workspace/.derivedData/Build/Intermediates.noindex/Murti.build/Debug-watchos/MurtiBuilder-t.build/Objects-normal/arm64_32/MurtiBuilder_const_extract_protocols.json -Xcc -I/Users/admin/builder/spi-builder-workspace/.derivedData/Build/Products/Debug-watchos/include -Xcc -I/Users/admin/builder/spi-builder-workspace/.derivedData/Build/Intermediates.noindex/Murti.build/Debug-watchos/MurtiBuilder-t.build/DerivedSources-normal/arm64_32 -Xcc -I/Users/admin/builder/spi-builder-workspace/.derivedData/Build/Intermediates.noindex/Murti.build/Debug-watchos/MurtiBuilder-t.build/DerivedSources/arm64_32 -Xcc -I/Users/admin/builder/spi-builder-workspace/.derivedData/Build/Intermediates.noindex/Murti.build/Debug-watchos/MurtiBuilder-t.build/DerivedSources -Xcc -DSWIFT_PACKAGE -Xcc -DDEBUG\=1 -emit-objc-header -emit-objc-header-path /Users/admin/builder/spi-builder-workspace/.derivedData/Build/Intermediates.noindex/Murti.build/Debug-watchos/MurtiBuilder-t.build/Objects-normal/arm64_32/MurtiBuilder-Swift.h -working-directory /Users/admin/builder/spi-builder-workspace/.swiftpm/xcode -experimental-emit-module-separately -disable-cmo
SwiftDriver MurtiStudio normal arm64_32 com.apple.xcode.tools.swift.compiler (in target 'MurtiStudio-product' from project 'Murti')
cd /Users/admin/builder/spi-builder-workspace/.swiftpm/xcode
builtin-SwiftDriver -- /Applications/Xcode-27.0.0-Release.Candidate.app/Contents/Developer/Toolchains/XcodeDefault.xctoolchain/usr/bin/swiftc -parse-as-library -module-name MurtiStudio -Onone @/Users/admin/builder/spi-builder-workspace/.derivedData/Build/Intermediates.noindex/Murti.build/Debug-watchos/MurtiStudio-p.build/Objects-normal/arm64_32/MurtiStudio.SwiftFileList -DSWIFT_PACKAGE -DDEBUG -DXcode -plugin-path /Applications/Xcode-27.0.0-Release.Candidate.app/Contents/Developer/Toolchains/XcodeDefault.xctoolchain/usr/lib/swift/host/plugins/testing -enable-experimental-feature DebugDescriptionMacro -sdk /Applications/Xcode-27.0.0-Release.Candidate.app/Contents/Developer/Platforms/WatchOS.platform/Developer/SDKs/WatchOS27.0.sdk -target arm64_32-apple-watchos10.0 -g -module-cache-path /Users/admin/builder/spi-builder-workspace/.derivedData/ModuleCache.noindex -Xfrontend -serialize-debugging-options -profile-coverage-mapping -profile-generate -enable-testing -index-store-path /Users/admin/builder/spi-builder-workspace/.derivedData/Index.noindex/DataStore -Xcc -D_LIBCPP_HARDENING_MODE\=_LIBCPP_HARDENING_MODE_DEBUG -swift-version 6 -I /Users/admin/builder/spi-builder-workspace/.derivedData/Build/Products/Debug-watchos -Isystem /Applications/Xcode-27.0.0-Release.Candidate.app/Contents/Developer/Platforms/WatchOS.platform/Developer/usr/lib -F /Users/admin/builder/spi-builder-workspace/.derivedData/Build/Products/Debug-watchos/PackageFrameworks -F /Users/admin/builder/spi-builder-workspace/.derivedData/Build/Products/Debug-watchos -F /Applications/Xcode-27.0.0-Release.Candidate.app/Contents/Developer/Platforms/WatchOS.platform/Developer/Library/Frameworks -F /Applications/Xcode-27.0.0-Release.Candidate.app/Contents/Developer/Platforms/WatchOS.platform/Developer/SDKs/WatchOS27.0.sdk/Developer/Library/Frameworks -c -j10 -enable-batch-mode -incremental -Xcc -ivfsstatcache -Xcc /Users/admin/builder/spi-builder-workspace/.derivedData/SDKStatCaches.noindex/watchos27.0-24R360-e829b21a6f8c9b70876ba0858053c04477534ef55a1706bf4c1112bbb242f0a2.sdkstatcache -output-file-map /Users/admin/builder/spi-builder-workspace/.derivedData/Build/Intermediates.noindex/Murti.build/Debug-watchos/MurtiStudio-p.build/Objects-normal/arm64_32/MurtiStudio-OutputFileMap.json -save-temps -no-color-diagnostics -explicit-module-build -module-cache-path /Users/admin/builder/spi-builder-workspace/.derivedData/Build/Intermediates.noindex/SwiftExplicitPrecompiledModules -clang-scanner-module-cache-path /Users/admin/builder/spi-builder-workspace/.derivedData/ModuleCache.noindex -sdk-module-cache-path /Users/admin/builder/spi-builder-workspace/.derivedData/SDKExplicitPrecompiledModules -emit-dependencies -emit-module -emit-module-path /Users/admin/builder/spi-builder-workspace/.derivedData/Build/Intermediates.noindex/Murti.build/Debug-watchos/MurtiStudio-p.build/Objects-normal/arm64_32/MurtiStudio.swiftmodule -serialize-diagnostics -dependency-scan-serialize-diagnostics-path /Users/admin/builder/spi-builder-workspace/.derivedData/Build/Intermediates.noindex/Murti.build/Debug-watchos/MurtiStudio-p.build/Objects-normal/arm64_32/MurtiStudio-dependency-scan.dia -validate-clang-modules-once -clang-build-session-file /Users/admin/builder/spi-builder-workspace/.derivedData/ModuleCache.noindex/Session.modulevalidation -Xcc -fmodules-prune-interval\=86400 -Xcc -fmodules-prune-after\=345600 -package-name spi_builder_workspace -emit-const-values -const-gather-protocols-list /Users/admin/builder/spi-builder-workspace/.derivedData/Build/Intermediates.noindex/Murti.build/Debug-watchos/MurtiStudio-p.build/Objects-normal/arm64_32/MurtiStudio_const_extract_protocols.json -Xcc -I/Users/admin/builder/spi-builder-workspace/.derivedData/Build/Products/Debug-watchos/include -Xcc -I/Users/admin/builder/spi-builder-workspace/.derivedData/Build/Intermediates.noindex/Murti.build/Debug-watchos/MurtiStudio-p.build/DerivedSources-normal/arm64_32 -Xcc -I/Users/admin/builder/spi-builder-workspace/.derivedData/Build/Intermediates.noindex/Murti.build/Debug-watchos/MurtiStudio-p.build/DerivedSources/arm64_32 -Xcc -I/Users/admin/builder/spi-builder-workspace/.derivedData/Build/Intermediates.noindex/Murti.build/Debug-watchos/MurtiStudio-p.build/DerivedSources -Xcc -DSWIFT_PACKAGE -Xcc -DDEBUG\=1 -working-directory /Users/admin/builder/spi-builder-workspace/.swiftpm/xcode -experimental-emit-module-separately -disable-cmo
SwiftDriver MurtiStudio normal arm64 com.apple.xcode.tools.swift.compiler (in target 'MurtiStudio-product' from project 'Murti')
cd /Users/admin/builder/spi-builder-workspace/.swiftpm/xcode
builtin-SwiftDriver -- /Applications/Xcode-27.0.0-Release.Candidate.app/Contents/Developer/Toolchains/XcodeDefault.xctoolchain/usr/bin/swiftc -parse-as-library -module-name MurtiStudio -Onone @/Users/admin/builder/spi-builder-workspace/.derivedData/Build/Intermediates.noindex/Murti.build/Debug-watchos/MurtiStudio-p.build/Objects-normal/arm64/MurtiStudio.SwiftFileList -DSWIFT_PACKAGE -DDEBUG -DXcode -plugin-path /Applications/Xcode-27.0.0-Release.Candidate.app/Contents/Developer/Toolchains/XcodeDefault.xctoolchain/usr/lib/swift/host/plugins/testing -enable-experimental-feature DebugDescriptionMacro -sdk /Applications/Xcode-27.0.0-Release.Candidate.app/Contents/Developer/Platforms/WatchOS.platform/Developer/SDKs/WatchOS27.0.sdk -target arm64-apple-watchos10.0 -g -module-cache-path /Users/admin/builder/spi-builder-workspace/.derivedData/ModuleCache.noindex -Xfrontend -serialize-debugging-options -profile-coverage-mapping -profile-generate -enable-testing -index-store-path /Users/admin/builder/spi-builder-workspace/.derivedData/Index.noindex/DataStore -Xcc -D_LIBCPP_HARDENING_MODE\=_LIBCPP_HARDENING_MODE_DEBUG -swift-version 6 -I /Users/admin/builder/spi-builder-workspace/.derivedData/Build/Products/Debug-watchos -Isystem /Applications/Xcode-27.0.0-Release.Candidate.app/Contents/Developer/Platforms/WatchOS.platform/Developer/usr/lib -F /Users/admin/builder/spi-builder-workspace/.derivedData/Build/Products/Debug-watchos/PackageFrameworks -F /Users/admin/builder/spi-builder-workspace/.derivedData/Build/Products/Debug-watchos -F /Applications/Xcode-27.0.0-Release.Candidate.app/Contents/Developer/Platforms/WatchOS.platform/Developer/Library/Frameworks -F /Applications/Xcode-27.0.0-Release.Candidate.app/Contents/Developer/Platforms/WatchOS.platform/Developer/SDKs/WatchOS27.0.sdk/Developer/Library/Frameworks -c -j10 -enable-batch-mode -incremental -Xcc -ivfsstatcache -Xcc /Users/admin/builder/spi-builder-workspace/.derivedData/SDKStatCaches.noindex/watchos27.0-24R360-e829b21a6f8c9b70876ba0858053c04477534ef55a1706bf4c1112bbb242f0a2.sdkstatcache -output-file-map /Users/admin/builder/spi-builder-workspace/.derivedData/Build/Intermediates.noindex/Murti.build/Debug-watchos/MurtiStudio-p.build/Objects-normal/arm64/MurtiStudio-OutputFileMap.json -save-temps -no-color-diagnostics -explicit-module-build -module-cache-path /Users/admin/builder/spi-builder-workspace/.derivedData/Build/Intermediates.noindex/SwiftExplicitPrecompiledModules -clang-scanner-module-cache-path /Users/admin/builder/spi-builder-workspace/.derivedData/ModuleCache.noindex -sdk-module-cache-path /Users/admin/builder/spi-builder-workspace/.derivedData/SDKExplicitPrecompiledModules -emit-dependencies -emit-module -emit-module-path /Users/admin/builder/spi-builder-workspace/.derivedData/Build/Intermediates.noindex/Murti.build/Debug-watchos/MurtiStudio-p.build/Objects-normal/arm64/MurtiStudio.swiftmodule -serialize-diagnostics -dependency-scan-serialize-diagnostics-path /Users/admin/builder/spi-builder-workspace/.derivedData/Build/Intermediates.noindex/Murti.build/Debug-watchos/MurtiStudio-p.build/Objects-normal/arm64/MurtiStudio-dependency-scan.dia -validate-clang-modules-once -clang-build-session-file /Users/admin/builder/spi-builder-workspace/.derivedData/ModuleCache.noindex/Session.modulevalidation -Xcc -fmodules-prune-interval\=86400 -Xcc -fmodules-prune-after\=345600 -package-name spi_builder_workspace -emit-const-values -const-gather-protocols-list /Users/admin/builder/spi-builder-workspace/.derivedData/Build/Intermediates.noindex/Murti.build/Debug-watchos/MurtiStudio-p.build/Objects-normal/arm64/MurtiStudio_const_extract_protocols.json -Xcc -I/Users/admin/builder/spi-builder-workspace/.derivedData/Build/Products/Debug-watchos/include -Xcc -I/Users/admin/builder/spi-builder-workspace/.derivedData/Build/Intermediates.noindex/Murti.build/Debug-watchos/MurtiStudio-p.build/DerivedSources-normal/arm64 -Xcc -I/Users/admin/builder/spi-builder-workspace/.derivedData/Build/Intermediates.noindex/Murti.build/Debug-watchos/MurtiStudio-p.build/DerivedSources/arm64 -Xcc -I/Users/admin/builder/spi-builder-workspace/.derivedData/Build/Intermediates.noindex/Murti.build/Debug-watchos/MurtiStudio-p.build/DerivedSources -Xcc -DSWIFT_PACKAGE -Xcc -DDEBUG\=1 -working-directory /Users/admin/builder/spi-builder-workspace/.swiftpm/xcode -experimental-emit-module-separately -disable-cmo
SwiftDriver MurtiGen normal arm64 com.apple.xcode.tools.swift.compiler (in target 'MurtiGen-product' from project 'Murti')
cd /Users/admin/builder/spi-builder-workspace/.swiftpm/xcode
builtin-SwiftDriver -- /Applications/Xcode-27.0.0-Release.Candidate.app/Contents/Developer/Toolchains/XcodeDefault.xctoolchain/usr/bin/swiftc -module-name MurtiGen -Onone @/Users/admin/builder/spi-builder-workspace/.derivedData/Build/Intermediates.noindex/Murti.build/Debug-watchos/MurtiGen-p.build/Objects-normal/arm64/MurtiGen.SwiftFileList -DSWIFT_PACKAGE -DDEBUG -DXcode -plugin-path /Applications/Xcode-27.0.0-Release.Candidate.app/Contents/Developer/Toolchains/XcodeDefault.xctoolchain/usr/lib/swift/host/plugins/testing -enable-experimental-feature DebugDescriptionMacro -sdk /Applications/Xcode-27.0.0-Release.Candidate.app/Contents/Developer/Platforms/WatchOS.platform/Developer/SDKs/WatchOS27.0.sdk -target arm64-apple-watchos10.0 -g -module-cache-path /Users/admin/builder/spi-builder-workspace/.derivedData/ModuleCache.noindex -Xfrontend -serialize-debugging-options -profile-coverage-mapping -profile-generate -enable-testing -index-store-path /Users/admin/builder/spi-builder-workspace/.derivedData/Index.noindex/DataStore -Xcc -D_LIBCPP_HARDENING_MODE\=_LIBCPP_HARDENING_MODE_DEBUG -swift-version 6 -I /Users/admin/builder/spi-builder-workspace/.derivedData/Build/Products/Debug-watchos -Isystem /Applications/Xcode-27.0.0-Release.Candidate.app/Contents/Developer/Platforms/WatchOS.platform/Developer/usr/lib -F /Users/admin/builder/spi-builder-workspace/.derivedData/Build/Products/Debug-watchos/PackageFrameworks -F /Users/admin/builder/spi-builder-workspace/.derivedData/Build/Products/Debug-watchos -F /Applications/Xcode-27.0.0-Release.Candidate.app/Contents/Developer/Platforms/WatchOS.platform/Developer/Library/Frameworks -F /Applications/Xcode-27.0.0-Release.Candidate.app/Contents/Developer/Platforms/WatchOS.platform/Developer/SDKs/WatchOS27.0.sdk/Developer/Library/Frameworks -c -j10 -enable-batch-mode -incremental -Xcc -ivfsstatcache -Xcc /Users/admin/builder/spi-builder-workspace/.derivedData/SDKStatCaches.noindex/watchos27.0-24R360-e829b21a6f8c9b70876ba0858053c04477534ef55a1706bf4c1112bbb242f0a2.sdkstatcache -output-file-map /Users/admin/builder/spi-builder-workspace/.derivedData/Build/Intermediates.noindex/Murti.build/Debug-watchos/MurtiGen-p.build/Objects-normal/arm64/MurtiGen-OutputFileMap.json -save-temps -no-color-diagnostics -explicit-module-build -module-cache-path /Users/admin/builder/spi-builder-workspace/.derivedData/Build/Intermediates.noindex/SwiftExplicitPrecompiledModules -clang-scanner-module-cache-path /Users/admin/builder/spi-builder-workspace/.derivedData/ModuleCache.noindex -sdk-module-cache-path /Users/admin/builder/spi-builder-workspace/.derivedData/SDKExplicitPrecompiledModules -emit-dependencies -emit-module -emit-module-path /Users/admin/builder/spi-builder-workspace/.derivedData/Build/Intermediates.noindex/Murti.build/Debug-watchos/MurtiGen-p.build/Objects-normal/arm64/MurtiGen.swiftmodule -serialize-diagnostics -dependency-scan-serialize-diagnostics-path /Users/admin/builder/spi-builder-workspace/.derivedData/Build/Intermediates.noindex/Murti.build/Debug-watchos/MurtiGen-p.build/Objects-normal/arm64/MurtiGen-dependency-scan.dia -validate-clang-modules-once -clang-build-session-file /Users/admin/builder/spi-builder-workspace/.derivedData/ModuleCache.noindex/Session.modulevalidation -Xcc -fmodules-prune-interval\=86400 -Xcc -fmodules-prune-after\=345600 -package-name spi_builder_workspace -emit-const-values -const-gather-protocols-list /Users/admin/builder/spi-builder-workspace/.derivedData/Build/Intermediates.noindex/Murti.build/Debug-watchos/MurtiGen-p.build/Objects-normal/arm64/MurtiGen_const_extract_protocols.json -Xcc -I/Users/admin/builder/spi-builder-workspace/.derivedData/Build/Products/Debug-watchos/include -Xcc -I/Users/admin/builder/spi-builder-workspace/.derivedData/Build/Intermediates.noindex/Murti.build/Debug-watchos/MurtiGen-p.build/DerivedSources-normal/arm64 -Xcc -I/Users/admin/builder/spi-builder-workspace/.derivedData/Build/Intermediates.noindex/Murti.build/Debug-watchos/MurtiGen-p.build/DerivedSources/arm64 -Xcc -I/Users/admin/builder/spi-builder-workspace/.derivedData/Build/Intermediates.noindex/Murti.build/Debug-watchos/MurtiGen-p.build/DerivedSources -Xcc -DSWIFT_PACKAGE -Xcc -DDEBUG\=1 -working-directory /Users/admin/builder/spi-builder-workspace/.swiftpm/xcode -experimental-emit-module-separately -disable-cmo
SwiftDriver MurtiGen normal arm64_32 com.apple.xcode.tools.swift.compiler (in target 'MurtiGen-product' from project 'Murti')
cd /Users/admin/builder/spi-builder-workspace/.swiftpm/xcode
builtin-SwiftDriver -- /Applications/Xcode-27.0.0-Release.Candidate.app/Contents/Developer/Toolchains/XcodeDefault.xctoolchain/usr/bin/swiftc -module-name MurtiGen -Onone @/Users/admin/builder/spi-builder-workspace/.derivedData/Build/Intermediates.noindex/Murti.build/Debug-watchos/MurtiGen-p.build/Objects-normal/arm64_32/MurtiGen.SwiftFileList -DSWIFT_PACKAGE -DDEBUG -DXcode -plugin-path /Applications/Xcode-27.0.0-Release.Candidate.app/Contents/Developer/Toolchains/XcodeDefault.xctoolchain/usr/lib/swift/host/plugins/testing -enable-experimental-feature DebugDescriptionMacro -sdk /Applications/Xcode-27.0.0-Release.Candidate.app/Contents/Developer/Platforms/WatchOS.platform/Developer/SDKs/WatchOS27.0.sdk -target arm64_32-apple-watchos10.0 -g -module-cache-path /Users/admin/builder/spi-builder-workspace/.derivedData/ModuleCache.noindex -Xfrontend -serialize-debugging-options -profile-coverage-mapping -profile-generate -enable-testing -index-store-path /Users/admin/builder/spi-builder-workspace/.derivedData/Index.noindex/DataStore -Xcc -D_LIBCPP_HARDENING_MODE\=_LIBCPP_HARDENING_MODE_DEBUG -swift-version 6 -I /Users/admin/builder/spi-builder-workspace/.derivedData/Build/Products/Debug-watchos -Isystem /Applications/Xcode-27.0.0-Release.Candidate.app/Contents/Developer/Platforms/WatchOS.platform/Developer/usr/lib -F /Users/admin/builder/spi-builder-workspace/.derivedData/Build/Products/Debug-watchos/PackageFrameworks -F /Users/admin/builder/spi-builder-workspace/.derivedData/Build/Products/Debug-watchos -F /Applications/Xcode-27.0.0-Release.Candidate.app/Contents/Developer/Platforms/WatchOS.platform/Developer/Library/Frameworks -F /Applications/Xcode-27.0.0-Release.Candidate.app/Contents/Developer/Platforms/WatchOS.platform/Developer/SDKs/WatchOS27.0.sdk/Developer/Library/Frameworks -c -j10 -enable-batch-mode -incremental -Xcc -ivfsstatcache -Xcc /Users/admin/builder/spi-builder-workspace/.derivedData/SDKStatCaches.noindex/watchos27.0-24R360-e829b21a6f8c9b70876ba0858053c04477534ef55a1706bf4c1112bbb242f0a2.sdkstatcache -output-file-map /Users/admin/builder/spi-builder-workspace/.derivedData/Build/Intermediates.noindex/Murti.build/Debug-watchos/MurtiGen-p.build/Objects-normal/arm64_32/MurtiGen-OutputFileMap.json -save-temps -no-color-diagnostics -explicit-module-build -module-cache-path /Users/admin/builder/spi-builder-workspace/.derivedData/Build/Intermediates.noindex/SwiftExplicitPrecompiledModules -clang-scanner-module-cache-path /Users/admin/builder/spi-builder-workspace/.derivedData/ModuleCache.noindex -sdk-module-cache-path /Users/admin/builder/spi-builder-workspace/.derivedData/SDKExplicitPrecompiledModules -emit-dependencies -emit-module -emit-module-path /Users/admin/builder/spi-builder-workspace/.derivedData/Build/Intermediates.noindex/Murti.build/Debug-watchos/MurtiGen-p.build/Objects-normal/arm64_32/MurtiGen.swiftmodule -serialize-diagnostics -dependency-scan-serialize-diagnostics-path /Users/admin/builder/spi-builder-workspace/.derivedData/Build/Intermediates.noindex/Murti.build/Debug-watchos/MurtiGen-p.build/Objects-normal/arm64_32/MurtiGen-dependency-scan.dia -validate-clang-modules-once -clang-build-session-file /Users/admin/builder/spi-builder-workspace/.derivedData/ModuleCache.noindex/Session.modulevalidation -Xcc -fmodules-prune-interval\=86400 -Xcc -fmodules-prune-after\=345600 -package-name spi_builder_workspace -emit-const-values -const-gather-protocols-list /Users/admin/builder/spi-builder-workspace/.derivedData/Build/Intermediates.noindex/Murti.build/Debug-watchos/MurtiGen-p.build/Objects-normal/arm64_32/MurtiGen_const_extract_protocols.json -Xcc -I/Users/admin/builder/spi-builder-workspace/.derivedData/Build/Products/Debug-watchos/include -Xcc -I/Users/admin/builder/spi-builder-workspace/.derivedData/Build/Intermediates.noindex/Murti.build/Debug-watchos/MurtiGen-p.build/DerivedSources-normal/arm64_32 -Xcc -I/Users/admin/builder/spi-builder-workspace/.derivedData/Build/Intermediates.noindex/Murti.build/Debug-watchos/MurtiGen-p.build/DerivedSources/arm64_32 -Xcc -I/Users/admin/builder/spi-builder-workspace/.derivedData/Build/Intermediates.noindex/Murti.build/Debug-watchos/MurtiGen-p.build/DerivedSources -Xcc -DSWIFT_PACKAGE -Xcc -DDEBUG\=1 -working-directory /Users/admin/builder/spi-builder-workspace/.swiftpm/xcode -experimental-emit-module-separately -disable-cmo
SwiftEmitModule normal arm64 Emitting\ module\ for\ MurtiGallery (in target 'MurtiGallery-product' from project 'Murti')
SwiftCompile normal arm64 (in target 'MurtiGallery-product' from project 'Murti')
cd /Users/admin/builder/spi-builder-workspace/.swiftpm/xcode
SwiftCompile normal arm64 Compiling\ GalleryRootView.swift /Users/admin/builder/spi-builder-workspace/Sources/MurtiGallery/GalleryRootView.swift (in target 'MurtiGallery-product' from project 'Murti')
SwiftCompile normal arm64 /Users/admin/builder/spi-builder-workspace/Sources/MurtiGallery/GalleryRootView.swift (in target 'MurtiGallery-product' from project 'Murti')
cd /Users/admin/builder/spi-builder-workspace/.swiftpm/xcode
builtin-SwiftPerFileCompile GalleryRootView.swift
/Users/admin/builder/spi-builder-workspace/Sources/MurtiGallery/GalleryRootView.swift:104:26: error: 'textSelection' is unavailable in watchOS
102 | Text(example.json)
103 | .font(.system(.footnote, design: .monospaced))
104 | .textSelection(.enabled)
| `- error: 'textSelection' is unavailable in watchOS
105 | .frame(maxWidth: .infinity, alignment: .leading)
106 | .padding()
SwiftUI.View.textSelection:2:25: note: 'textSelection' has been explicitly marked unavailable here
1 | protocol View {
2 | nonisolated public func textSelection<S>(_ selectability: S) -> some View where S : TextSelectability
| `- note: 'textSelection' has been explicitly marked unavailable here
3 | }
4 |
/Users/admin/builder/spi-builder-workspace/Sources/MurtiGallery/GalleryRootView.swift:104:41: error: 'enabled' is unavailable in watchOS
102 | Text(example.json)
103 | .font(.system(.footnote, design: .monospaced))
104 | .textSelection(.enabled)
| `- error: 'enabled' is unavailable in watchOS
105 | .frame(maxWidth: .infinity, alignment: .leading)
106 | .padding()
SwiftUI.TextSelectability.enabled:2:43: note: 'enabled' has been explicitly marked unavailable here
1 | protocol TextSelectability {
2 | @export(implementation) public static var enabled: EnabledTextSelectability { get }}
| `- note: 'enabled' has been explicitly marked unavailable here
3 |
/Users/admin/builder/spi-builder-workspace/Sources/MurtiGallery/GalleryRootView.swift:129:13: error: 'TextEditor' is unavailable in watchOS
127 | var body: some View {
128 | VStack(spacing: 0) {
129 | TextEditor(text: $json)
| `- error: 'TextEditor' is unavailable in watchOS
130 | .font(.system(.footnote, design: .monospaced))
131 | .frame(maxHeight: 280)
SwiftUI.TextEditor:4:27: note: 'TextEditor' has been explicitly marked unavailable here
2 | @available(tvOS, unavailable)
3 | @available(watchOS, unavailable)
4 | nonisolated public struct TextEditor : View, ~Sendable {
| `- note: 'TextEditor' has been explicitly marked unavailable here
5 | nonisolated public init(text: Binding<String>)
6 | @available(iOS 18.0, macOS 15.0, visionOS 2.0, *)
Failed frontend command:
/Applications/Xcode-27.0.0-Release.Candidate.app/Contents/Developer/Toolchains/XcodeDefault.xctoolchain/usr/bin/swift-frontend -frontend -c /Users/admin/builder/spi-builder-workspace/Sources/MurtiGallery/GalleryExamples.swift -primary-file /Users/admin/builder/spi-builder-workspace/Sources/MurtiGallery/GalleryRootView.swift /Users/admin/builder/spi-builder-workspace/Sources/MurtiGallery/MurtiGalleryApp.swift -emit-dependencies-path /Users/admin/builder/spi-builder-workspace/.derivedData/Build/Intermediates.noindex/Murti.build/Debug-watchos/MurtiGallery-p.build/Objects-normal/arm64/GalleryRootView.d -emit-const-values-path /Users/admin/builder/spi-builder-workspace/.derivedData/Build/Intermediates.noindex/Murti.build/Debug-watchos/MurtiGallery-p.build/Objects-normal/arm64/GalleryRootView.swiftconstvalues -emit-reference-dependencies-path /Users/admin/builder/spi-builder-workspace/.derivedData/Build/Intermediates.noindex/Murti.build/Debug-watchos/MurtiGallery-p.build/Objects-normal/arm64/GalleryRootView.swiftdeps -serialize-diagnostics-path /Users/admin/builder/spi-builder-workspace/.derivedData/Build/Intermediates.noindex/Murti.build/Debug-watchos/MurtiGallery-p.build/Objects-normal/arm64/GalleryRootView.dia -target arm64-apple-watchos10.0 -disable-cross-import-overlay-search -load-resolved-plugin /Applications/Xcode-27.0.0-Release.Candidate.app/Contents/Developer/Platforms/WatchOS.platform/Developer/usr/lib/swift/host/plugins/libFoundationMacros.dylib\#/Applications/Xcode-27.0.0-Release.Candidate.app/Contents/Developer/Platforms/WatchOS.platform/Developer/usr/bin/swift-plugin-server\#FoundationMacros -load-resolved-plugin /Applications/Xcode-27.0.0-Release.Candidate.app/Contents/Developer/Platforms/WatchOS.platform/Developer/usr/lib/swift/host/plugins/libObservationMacros.dylib\#/Applications/Xcode-27.0.0-Release.Candidate.app/Contents/Developer/Platforms/WatchOS.platform/Developer/usr/bin/swift-plugin-server\#ObservationMacros -load-resolved-plugin /Applications/Xcode-27.0.0-Release.Candidate.app/Contents/Developer/Platforms/WatchOS.platform/Developer/usr/lib/swift/host/plugins/libPreviewsMacros.dylib\#/Applications/Xcode-27.0.0-Release.Candidate.app/Contents/Developer/Platforms/WatchOS.platform/Developer/usr/bin/swift-plugin-server\#PreviewsMacros -load-resolved-plugin /Applications/Xcode-27.0.0-Release.Candidate.app/Contents/Developer/Platforms/WatchOS.platform/Developer/usr/lib/swift/host/plugins/libSwiftMacros.dylib\#/Applications/Xcode-27.0.0-Release.Candidate.app/Contents/Developer/Platforms/WatchOS.platform/Developer/usr/bin/swift-plugin-server\#SwiftMacros -load-resolved-plugin /Applications/Xcode-27.0.0-Release.Candidate.app/Contents/Developer/Platforms/WatchOS.platform/Developer/usr/lib/swift/host/plugins/libSwiftUIMacros.dylib\#/Applications/Xcode-27.0.0-Release.Candidate.app/Contents/Developer/Platforms/WatchOS.platform/Developer/usr/bin/swift-plugin-server\#SwiftUIMacros -disable-implicit-swift-modules -Xcc -fno-implicit-modules -Xcc -fno-implicit-module-maps -explicit-swift-module-map-file /Users/admin/builder/spi-builder-workspace/.derivedData/Build/Intermediates.noindex/Murti.build/Debug-watchos/MurtiGallery-p.build/Objects-normal/arm64/MurtiGallery-dependencies-2.json -Xllvm -aarch64-use-tbi -enable-objc-interop -stack-check -sdk /Applications/Xcode-27.0.0-Release.Candidate.app/Contents/Developer/Platforms/WatchOS.platform/Developer/SDKs/WatchOS27.0.sdk -I /Users/admin/builder/spi-builder-workspace/.derivedData/Build/Products/Debug-watchos -Isystem /Applications/Xcode-27.0.0-Release.Candidate.app/Contents/Developer/Platforms/WatchOS.platform/Developer/usr/lib -F /Users/admin/builder/spi-builder-workspace/.derivedData/Build/Products/Debug-watchos/PackageFrameworks -F /Users/admin/builder/spi-builder-workspace/.derivedData/Build/Products/Debug-watchos -F /Applications/Xcode-27.0.0-Release.Candidate.app/Contents/Developer/Platforms/WatchOS.platform/Developer/Library/Frameworks -F /Applications/Xcode-27.0.0-Release.Candidate.app/Contents/Developer/Platforms/WatchOS.platform/Developer/SDKs/WatchOS27.0.sdk/Developer/Library/Frameworks -module-cache-path /Users/admin/builder/spi-builder-workspace/.derivedData/Build/Intermediates.noindex/SwiftExplicitPrecompiledModules -no-color-diagnostics -Xcc -fno-color-diagnostics -enable-testing -g -debug-info-format\=dwarf -dwarf-version\=4 -profile-generate -profile-coverage-mapping -swift-version 6 -Onone -D SWIFT_PACKAGE -D DEBUG -D Xcode -serialize-debugging-options -enable-experimental-feature DebugDescriptionMacro -empty-abi-descriptor -validate-clang-modules-once -clang-build-session-file /Users/admin/builder/spi-builder-workspace/.derivedData/ModuleCache.noindex/Session.modulevalidation -Xcc -working-directory -Xcc /Users/admin/builder/spi-builder-workspace/.swiftpm/xcode -enable-anonymous-context-mangled-names -file-compilation-dir /Users/admin/builder/spi-builder-workspace/.swiftpm/xcode -Xcc -D_LIBCPP_HARDENING_MODE\=_LIBCPP_HARDENING_MODE_DEBUG -Xcc -ivfsstatcache -Xcc /Users/admin/builder/spi-builder-workspace/.derivedData/SDKStatCaches.noindex/watchos27.0-24R360-e829b21a6f8c9b70876ba0858053c04477534ef55a1706bf4c1112bbb242f0a2.sdkstatcache -Xcc -fmodules-prune-interval\=86400 -Xcc -fmodules-prune-after\=345600 -Xcc -I/Users/admin/builder/spi-builder-workspace/.derivedData/Build/Products/Debug-watchos/include -Xcc -I/Users/admin/builder/spi-builder-workspace/.derivedData/Build/Intermediates.noindex/Murti.build/Debug-watchos/MurtiGallery-p.build/DerivedSources-normal/arm64 -Xcc -I/Users/admin/builder/spi-builder-workspace/.derivedData/Build/Intermediates.noindex/Murti.build/Debug-watchos/MurtiGallery-p.build/DerivedSources/arm64 -Xcc -I/Users/admin/builder/spi-builder-workspace/.derivedData/Build/Intermediates.noindex/Murti.build/Debug-watchos/MurtiGallery-p.build/DerivedSources -Xcc -DSWIFT_PACKAGE -Xcc -DDEBUG\=1 -no-auto-bridging-header-chaining -module-name MurtiGallery -package-name spi_builder_workspace -const-gather-protocols-file /Users/admin/builder/spi-builder-workspace/.derivedData/Build/Intermediates.noindex/Murti.build/Debug-watchos/MurtiGallery-p.build/Objects-normal/arm64/MurtiGallery_const_extract_protocols.json -disable-clang-spi -clang-target arm64-apple-watchos27.0 -target-sdk-version 27.0 -target-sdk-name watchos27.0 -in-process-plugin-server-path /Applications/Xcode-27.0.0-Release.Candidate.app/Contents/Developer/Toolchains/XcodeDefault.xctoolchain/usr/lib/swift/host/libSwiftInProcPluginServer.dylib -parse-as-library -o /Users/admin/builder/spi-builder-workspace/.derivedData/Build/Intermediates.noindex/Murti.build/Debug-watchos/MurtiGallery-p.build/Objects-normal/arm64/GalleryRootView.o -debug-module-path /Users/admin/builder/spi-builder-workspace/.derivedData/Build/Intermediates.noindex/Murti.build/Debug-watchos/MurtiGallery-p.build/Objects-normal/arm64/MurtiGallery.swiftmodule -index-unit-output-path /Murti.build/Debug-watchos/MurtiGallery-p.build/Objects-normal/arm64/GalleryRootView.o -index-store-path /Users/admin/builder/spi-builder-workspace/.derivedData/Index.noindex/DataStore -index-system-modules
SwiftEmitModule normal arm64_32 Emitting\ module\ for\ MurtiGallery (in target 'MurtiGallery-product' from project 'Murti')
SwiftCompile normal arm64_32 (in target 'MurtiGallery-product' from project 'Murti')
cd /Users/admin/builder/spi-builder-workspace/.swiftpm/xcode
SwiftCompile normal arm64_32 Compiling\ GalleryRootView.swift /Users/admin/builder/spi-builder-workspace/Sources/MurtiGallery/GalleryRootView.swift (in target 'MurtiGallery-product' from project 'Murti')
SwiftCompile normal arm64_32 /Users/admin/builder/spi-builder-workspace/Sources/MurtiGallery/GalleryRootView.swift (in target 'MurtiGallery-product' from project 'Murti')
cd /Users/admin/builder/spi-builder-workspace/.swiftpm/xcode
builtin-SwiftPerFileCompile GalleryRootView.swift
/Users/admin/builder/spi-builder-workspace/Sources/MurtiGallery/GalleryRootView.swift:104:26: error: 'textSelection' is unavailable in watchOS
102 | Text(example.json)
103 | .font(.system(.footnote, design: .monospaced))
104 | .textSelection(.enabled)
| `- error: 'textSelection' is unavailable in watchOS
105 | .frame(maxWidth: .infinity, alignment: .leading)
106 | .padding()
SwiftUI.View.textSelection:2:25: note: 'textSelection' has been explicitly marked unavailable here
1 | protocol View {
2 | nonisolated public func textSelection<S>(_ selectability: S) -> some View where S : TextSelectability
| `- note: 'textSelection' has been explicitly marked unavailable here
3 | }
4 |
/Users/admin/builder/spi-builder-workspace/Sources/MurtiGallery/GalleryRootView.swift:104:41: error: 'enabled' is unavailable in watchOS
102 | Text(example.json)
103 | .font(.system(.footnote, design: .monospaced))
104 | .textSelection(.enabled)
| `- error: 'enabled' is unavailable in watchOS
105 | .frame(maxWidth: .infinity, alignment: .leading)
106 | .padding()
SwiftUI.TextSelectability.enabled:2:43: note: 'enabled' has been explicitly marked unavailable here
1 | protocol TextSelectability {
2 | @export(implementation) public static var enabled: EnabledTextSelectability { get }}
| `- note: 'enabled' has been explicitly marked unavailable here
3 |
/Users/admin/builder/spi-builder-workspace/Sources/MurtiGallery/GalleryRootView.swift:129:13: error: 'TextEditor' is unavailable in watchOS
127 | var body: some View {
128 | VStack(spacing: 0) {
129 | TextEditor(text: $json)
| `- error: 'TextEditor' is unavailable in watchOS
130 | .font(.system(.footnote, design: .monospaced))
131 | .frame(maxHeight: 280)
SwiftUI.TextEditor:4:27: note: 'TextEditor' has been explicitly marked unavailable here
2 | @available(tvOS, unavailable)
3 | @available(watchOS, unavailable)
4 | nonisolated public struct TextEditor : View, ~Sendable {
| `- note: 'TextEditor' has been explicitly marked unavailable here
5 | nonisolated public init(text: Binding<String>)
6 | @available(iOS 18.0, macOS 15.0, visionOS 2.0, *)
Failed frontend command:
/Applications/Xcode-27.0.0-Release.Candidate.app/Contents/Developer/Toolchains/XcodeDefault.xctoolchain/usr/bin/swift-frontend -frontend -c /Users/admin/builder/spi-builder-workspace/Sources/MurtiGallery/GalleryExamples.swift -primary-file /Users/admin/builder/spi-builder-workspace/Sources/MurtiGallery/GalleryRootView.swift /Users/admin/builder/spi-builder-workspace/Sources/MurtiGallery/MurtiGalleryApp.swift -emit-dependencies-path /Users/admin/builder/spi-builder-workspace/.derivedData/Build/Intermediates.noindex/Murti.build/Debug-watchos/MurtiGallery-p.build/Objects-normal/arm64_32/GalleryRootView.d -emit-const-values-path /Users/admin/builder/spi-builder-workspace/.derivedData/Build/Intermediates.noindex/Murti.build/Debug-watchos/MurtiGallery-p.build/Objects-normal/arm64_32/GalleryRootView.swiftconstvalues -emit-reference-dependencies-path /Users/admin/builder/spi-builder-workspace/.derivedData/Build/Intermediates.noindex/Murti.build/Debug-watchos/MurtiGallery-p.build/Objects-normal/arm64_32/GalleryRootView.swiftdeps -serialize-diagnostics-path /Users/admin/builder/spi-builder-workspace/.derivedData/Build/Intermediates.noindex/Murti.build/Debug-watchos/MurtiGallery-p.build/Objects-normal/arm64_32/GalleryRootView.dia -target arm64_32-apple-watchos10.0 -disable-cross-import-overlay-search -load-resolved-plugin /Applications/Xcode-27.0.0-Release.Candidate.app/Contents/Developer/Platforms/WatchOS.platform/Developer/usr/lib/swift/host/plugins/libFoundationMacros.dylib\#/Applications/Xcode-27.0.0-Release.Candidate.app/Contents/Developer/Platforms/WatchOS.platform/Developer/usr/bin/swift-plugin-server\#FoundationMacros -load-resolved-plugin /Applications/Xcode-27.0.0-Release.Candidate.app/Contents/Developer/Platforms/WatchOS.platform/Developer/usr/lib/swift/host/plugins/libObservationMacros.dylib\#/Applications/Xcode-27.0.0-Release.Candidate.app/Contents/Developer/Platforms/WatchOS.platform/Developer/usr/bin/swift-plugin-server\#ObservationMacros -load-resolved-plugin /Applications/Xcode-27.0.0-Release.Candidate.app/Contents/Developer/Platforms/WatchOS.platform/Developer/usr/lib/swift/host/plugins/libPreviewsMacros.dylib\#/Applications/Xcode-27.0.0-Release.Candidate.app/Contents/Developer/Platforms/WatchOS.platform/Developer/usr/bin/swift-plugin-server\#PreviewsMacros -load-resolved-plugin /Applications/Xcode-27.0.0-Release.Candidate.app/Contents/Developer/Platforms/WatchOS.platform/Developer/usr/lib/swift/host/plugins/libSwiftMacros.dylib\#/Applications/Xcode-27.0.0-Release.Candidate.app/Contents/Developer/Platforms/WatchOS.platform/Developer/usr/bin/swift-plugin-server\#SwiftMacros -load-resolved-plugin /Applications/Xcode-27.0.0-Release.Candidate.app/Contents/Developer/Platforms/WatchOS.platform/Developer/usr/lib/swift/host/plugins/libSwiftUIMacros.dylib\#/Applications/Xcode-27.0.0-Release.Candidate.app/Contents/Developer/Platforms/WatchOS.platform/Developer/usr/bin/swift-plugin-server\#SwiftUIMacros -disable-implicit-swift-modules -Xcc -fno-implicit-modules -Xcc -fno-implicit-module-maps -explicit-swift-module-map-file /Users/admin/builder/spi-builder-workspace/.derivedData/Build/Intermediates.noindex/Murti.build/Debug-watchos/MurtiGallery-p.build/Objects-normal/arm64_32/MurtiGallery-dependencies-1.json -enable-objc-interop -sdk /Applications/Xcode-27.0.0-Release.Candidate.app/Contents/Developer/Platforms/WatchOS.platform/Developer/SDKs/WatchOS27.0.sdk -I /Users/admin/builder/spi-builder-workspace/.derivedData/Build/Products/Debug-watchos -Isystem /Applications/Xcode-27.0.0-Release.Candidate.app/Contents/Developer/Platforms/WatchOS.platform/Developer/usr/lib -F /Users/admin/builder/spi-builder-workspace/.derivedData/Build/Products/Debug-watchos/PackageFrameworks -F /Users/admin/builder/spi-builder-workspace/.derivedData/Build/Products/Debug-watchos -F /Applications/Xcode-27.0.0-Release.Candidate.app/Contents/Developer/Platforms/WatchOS.platform/Developer/Library/Frameworks -F /Applications/Xcode-27.0.0-Release.Candidate.app/Contents/Developer/Platforms/WatchOS.platform/Developer/SDKs/WatchOS27.0.sdk/Developer/Library/Frameworks -module-cache-path /Users/admin/builder/spi-builder-workspace/.derivedData/Build/Intermediates.noindex/SwiftExplicitPrecompiledModules -no-color-diagnostics -Xcc -fno-color-diagnostics -enable-testing -g -debug-info-format\=dwarf -dwarf-version\=4 -profile-generate -profile-coverage-mapping -swift-version 6 -Onone -D SWIFT_PACKAGE -D DEBUG -D Xcode -serialize-debugging-options -enable-experimental-feature DebugDescriptionMacro -empty-abi-descriptor -validate-clang-modules-once -clang-build-session-file /Users/admin/builder/spi-builder-workspace/.derivedData/ModuleCache.noindex/Session.modulevalidation -Xcc -working-directory -Xcc /Users/admin/builder/spi-builder-workspace/.swiftpm/xcode -enable-anonymous-context-mangled-names -file-compilation-dir /Users/admin/builder/spi-builder-workspace/.swiftpm/xcode -Xcc -D_LIBCPP_HARDENING_MODE\=_LIBCPP_HARDENING_MODE_DEBUG -Xcc -ivfsstatcache -Xcc /Users/admin/builder/spi-builder-workspace/.derivedData/SDKStatCaches.noindex/watchos27.0-24R360-e829b21a6f8c9b70876ba0858053c04477534ef55a1706bf4c1112bbb242f0a2.sdkstatcache -Xcc -fmodules-prune-interval\=86400 -Xcc -fmodules-prune-after\=345600 -Xcc -I/Users/admin/builder/spi-builder-workspace/.derivedData/Build/Products/Debug-watchos/include -Xcc -I/Users/admin/builder/spi-builder-workspace/.derivedData/Build/Intermediates.noindex/Murti.build/Debug-watchos/MurtiGallery-p.build/DerivedSources-normal/arm64_32 -Xcc -I/Users/admin/builder/spi-builder-workspace/.derivedData/Build/Intermediates.noindex/Murti.build/Debug-watchos/MurtiGallery-p.build/DerivedSources/arm64_32 -Xcc -I/Users/admin/builder/spi-builder-workspace/.derivedData/Build/Intermediates.noindex/Murti.build/Debug-watchos/MurtiGallery-p.build/DerivedSources -Xcc -DSWIFT_PACKAGE -Xcc -DDEBUG\=1 -no-auto-bridging-header-chaining -module-name MurtiGallery -package-name spi_builder_workspace -const-gather-protocols-file /Users/admin/builder/spi-builder-workspace/.derivedData/Build/Intermediates.noindex/Murti.build/Debug-watchos/MurtiGallery-p.build/Objects-normal/arm64_32/MurtiGallery_const_extract_protocols.json -disable-clang-spi -clang-target arm64_32-apple-watchos27.0 -target-sdk-version 27.0 -target-sdk-name watchos27.0 -in-process-plugin-server-path /Applications/Xcode-27.0.0-Release.Candidate.app/Contents/Developer/Toolchains/XcodeDefault.xctoolchain/usr/lib/swift/host/libSwiftInProcPluginServer.dylib -parse-as-library -o /Users/admin/builder/spi-builder-workspace/.derivedData/Build/Intermediates.noindex/Murti.build/Debug-watchos/MurtiGallery-p.build/Objects-normal/arm64_32/GalleryRootView.o -debug-module-path /Users/admin/builder/spi-builder-workspace/.derivedData/Build/Intermediates.noindex/Murti.build/Debug-watchos/MurtiGallery-p.build/Objects-normal/arm64_32/MurtiGallery.swiftmodule -index-unit-output-path /Murti.build/Debug-watchos/MurtiGallery-p.build/Objects-normal/arm64_32/GalleryRootView.o -index-store-path /Users/admin/builder/spi-builder-workspace/.derivedData/Index.noindex/DataStore -index-system-modules
SwiftEmitModule normal arm64_32 Emitting\ module\ for\ MurtiBuilder (in target 'MurtiBuilder' from project 'Murti')
SwiftCompile normal arm64_32 (in target 'MurtiBuilder' from project 'Murti')
cd /Users/admin/builder/spi-builder-workspace/.swiftpm/xcode
SwiftCompile normal arm64_32 Compiling\ MurtiTreeBuilder.swift /Users/admin/builder/spi-builder-workspace/Sources/MurtiBuilder/MurtiTreeBuilder.swift (in target 'MurtiBuilder' from project 'Murti')
SwiftCompile normal arm64_32 /Users/admin/builder/spi-builder-workspace/Sources/MurtiBuilder/MurtiTreeBuilder.swift (in target 'MurtiBuilder' from project 'Murti')
cd /Users/admin/builder/spi-builder-workspace/.swiftpm/xcode
builtin-SwiftPerFileCompile MurtiTreeBuilder.swift
SwiftEmitModule normal arm64 Emitting\ module\ for\ MurtiBuilder (in target 'MurtiBuilder' from project 'Murti')
SwiftCompile normal arm64 (in target 'MurtiBuilder' from project 'Murti')
cd /Users/admin/builder/spi-builder-workspace/.swiftpm/xcode
SwiftCompile normal arm64 Compiling\ DSLExport.swift /Users/admin/builder/spi-builder-workspace/Sources/MurtiBuilder/DSLExport.swift (in target 'MurtiBuilder' from project 'Murti')
SwiftCompile normal arm64 /Users/admin/builder/spi-builder-workspace/Sources/MurtiBuilder/DSLExport.swift (in target 'MurtiBuilder' from project 'Murti')
cd /Users/admin/builder/spi-builder-workspace/.swiftpm/xcode
builtin-SwiftPerFileCompile DSLExport.swift
SwiftEmitModule normal arm64_32 Emitting\ module\ for\ MurtiGen (in target 'MurtiGen-product' from project 'Murti')
SwiftCompile normal arm64_32 (in target 'MurtiGen-product' from project 'Murti')
cd /Users/admin/builder/spi-builder-workspace/.swiftpm/xcode
SwiftEmitModule normal arm64 Emitting\ module\ for\ MurtiGen (in target 'MurtiGen-product' from project 'Murti')
SwiftCompile normal arm64 (in target 'MurtiGen-product' from project 'Murti')
cd /Users/admin/builder/spi-builder-workspace/.swiftpm/xcode
SwiftEmitModule normal arm64_32 Emitting\ module\ for\ MurtiStudio (in target 'MurtiStudio-product' from project 'Murti')
SwiftCompile normal arm64_32 (in target 'MurtiStudio-product' from project 'Murti')
cd /Users/admin/builder/spi-builder-workspace/.swiftpm/xcode
SwiftEmitModule normal arm64 Emitting\ module\ for\ MurtiStudio (in target 'MurtiStudio-product' from project 'Murti')
SwiftCompile normal arm64 (in target 'MurtiStudio-product' from project 'Murti')
cd /Users/admin/builder/spi-builder-workspace/.swiftpm/xcode
SwiftCompile normal arm64_32 Compiling\ StudioView.swift /Users/admin/builder/spi-builder-workspace/Sources/MurtiStudio/StudioView.swift (in target 'MurtiStudio-product' from project 'Murti')
SwiftCompile normal arm64_32 /Users/admin/builder/spi-builder-workspace/Sources/MurtiStudio/StudioView.swift (in target 'MurtiStudio-product' from project 'Murti')
cd /Users/admin/builder/spi-builder-workspace/.swiftpm/xcode
builtin-SwiftPerFileCompile StudioView.swift
SwiftDriverJobDiscovery normal arm64_32 Compiling MurtiTreeBuilder.swift (in target 'MurtiBuilder' from project 'Murti')
SwiftCompile normal arm64 Compiling\ NodeTree.swift /Users/admin/builder/spi-builder-workspace/Sources/MurtiStudio/NodeTree.swift (in target 'MurtiStudio-product' from project 'Murti')
SwiftCompile normal arm64 /Users/admin/builder/spi-builder-workspace/Sources/MurtiStudio/NodeTree.swift (in target 'MurtiStudio-product' from project 'Murti')
cd /Users/admin/builder/spi-builder-workspace/.swiftpm/xcode
builtin-SwiftPerFileCompile NodeTree.swift
SwiftCompile normal arm64 Compiling\ EditorDocument.swift /Users/admin/builder/spi-builder-workspace/Sources/MurtiStudio/EditorDocument.swift (in target 'MurtiStudio-product' from project 'Murti')
SwiftCompile normal arm64 /Users/admin/builder/spi-builder-workspace/Sources/MurtiStudio/EditorDocument.swift (in target 'MurtiStudio-product' from project 'Murti')
cd /Users/admin/builder/spi-builder-workspace/.swiftpm/xcode
builtin-SwiftPerFileCompile EditorDocument.swift
SwiftDriverJobDiscovery normal arm64_32 Emitting module for MurtiGen (in target 'MurtiGen-product' from project 'Murti')
SwiftDriver\ Compilation\ Requirements MurtiGen normal arm64_32 com.apple.xcode.tools.swift.compiler (in target 'MurtiGen-product' from project 'Murti')
cd /Users/admin/builder/spi-builder-workspace/.swiftpm/xcode
builtin-Swift-Compilation-Requirements -- /Applications/Xcode-27.0.0-Release.Candidate.app/Contents/Developer/Toolchains/XcodeDefault.xctoolchain/usr/bin/swiftc -module-name MurtiGen -Onone @/Users/admin/builder/spi-builder-workspace/.derivedData/Build/Intermediates.noindex/Murti.build/Debug-watchos/MurtiGen-p.build/Objects-normal/arm64_32/MurtiGen.SwiftFileList -DSWIFT_PACKAGE -DDEBUG -DXcode -plugin-path /Applications/Xcode-27.0.0-Release.Candidate.app/Contents/Developer/Toolchains/XcodeDefault.xctoolchain/usr/lib/swift/host/plugins/testing -enable-experimental-feature DebugDescriptionMacro -sdk /Applications/Xcode-27.0.0-Release.Candidate.app/Contents/Developer/Platforms/WatchOS.platform/Developer/SDKs/WatchOS27.0.sdk -target arm64_32-apple-watchos10.0 -g -module-cache-path /Users/admin/builder/spi-builder-workspace/.derivedData/ModuleCache.noindex -Xfrontend -serialize-debugging-options -profile-coverage-mapping -profile-generate -enable-testing -index-store-path /Users/admin/builder/spi-builder-workspace/.derivedData/Index.noindex/DataStore -Xcc -D_LIBCPP_HARDENING_MODE\=_LIBCPP_HARDENING_MODE_DEBUG -swift-version 6 -I /Users/admin/builder/spi-builder-workspace/.derivedData/Build/Products/Debug-watchos -Isystem /Applications/Xcode-27.0.0-Release.Candidate.app/Contents/Developer/Platforms/WatchOS.platform/Developer/usr/lib -F /Users/admin/builder/spi-builder-workspace/.derivedData/Build/Products/Debug-watchos/PackageFrameworks -F /Users/admin/builder/spi-builder-workspace/.derivedData/Build/Products/Debug-watchos -F /Applications/Xcode-27.0.0-Release.Candidate.app/Contents/Developer/Platforms/WatchOS.platform/Developer/Library/Frameworks -F /Applications/Xcode-27.0.0-Release.Candidate.app/Contents/Developer/Platforms/WatchOS.platform/Developer/SDKs/WatchOS27.0.sdk/Developer/Library/Frameworks -c -j10 -enable-batch-mode -incremental -Xcc -ivfsstatcache -Xcc /Users/admin/builder/spi-builder-workspace/.derivedData/SDKStatCaches.noindex/watchos27.0-24R360-e829b21a6f8c9b70876ba0858053c04477534ef55a1706bf4c1112bbb242f0a2.sdkstatcache -output-file-map /Users/admin/builder/spi-builder-workspace/.derivedData/Build/Intermediates.noindex/Murti.build/Debug-watchos/MurtiGen-p.build/Objects-normal/arm64_32/MurtiGen-OutputFileMap.json -save-temps -no-color-diagnostics -explicit-module-build -module-cache-path /Users/admin/builder/spi-builder-workspace/.derivedData/Build/Intermediates.noindex/SwiftExplicitPrecompiledModules -clang-scanner-module-cache-path /Users/admin/builder/spi-builder-workspace/.derivedData/ModuleCache.noindex -sdk-module-cache-path /Users/admin/builder/spi-builder-workspace/.derivedData/SDKExplicitPrecompiledModules -emit-dependencies -emit-module -emit-module-path /Users/admin/builder/spi-builder-workspace/.derivedData/Build/Intermediates.noindex/Murti.build/Debug-watchos/MurtiGen-p.build/Objects-normal/arm64_32/MurtiGen.swiftmodule -serialize-diagnostics -dependency-scan-serialize-diagnostics-path /Users/admin/builder/spi-builder-workspace/.derivedData/Build/Intermediates.noindex/Murti.build/Debug-watchos/MurtiGen-p.build/Objects-normal/arm64_32/MurtiGen-dependency-scan.dia -validate-clang-modules-once -clang-build-session-file /Users/admin/builder/spi-builder-workspace/.derivedData/ModuleCache.noindex/Session.modulevalidation -Xcc -fmodules-prune-interval\=86400 -Xcc -fmodules-prune-after\=345600 -package-name spi_builder_workspace -emit-const-values -const-gather-protocols-list /Users/admin/builder/spi-builder-workspace/.derivedData/Build/Intermediates.noindex/Murti.build/Debug-watchos/MurtiGen-p.build/Objects-normal/arm64_32/MurtiGen_const_extract_protocols.json -Xcc -I/Users/admin/builder/spi-builder-workspace/.derivedData/Build/Products/Debug-watchos/include -Xcc -I/Users/admin/builder/spi-builder-workspace/.derivedData/Build/Intermediates.noindex/Murti.build/Debug-watchos/MurtiGen-p.build/DerivedSources-normal/arm64_32 -Xcc -I/Users/admin/builder/spi-builder-workspace/.derivedData/Build/Intermediates.noindex/Murti.build/Debug-watchos/MurtiGen-p.build/DerivedSources/arm64_32 -Xcc -I/Users/admin/builder/spi-builder-workspace/.derivedData/Build/Intermediates.noindex/Murti.build/Debug-watchos/MurtiGen-p.build/DerivedSources -Xcc -DSWIFT_PACKAGE -Xcc -DDEBUG\=1 -working-directory /Users/admin/builder/spi-builder-workspace/.swiftpm/xcode -experimental-emit-module-separately -disable-cmo
SwiftDriverJobDiscovery normal arm64 Emitting module for MurtiGen (in target 'MurtiGen-product' from project 'Murti')
SwiftCompile normal arm64_32 Compiling\ InspectorView.swift /Users/admin/builder/spi-builder-workspace/Sources/MurtiStudio/InspectorView.swift (in target 'MurtiStudio-product' from project 'Murti')
SwiftCompile normal arm64_32 /Users/admin/builder/spi-builder-workspace/Sources/MurtiStudio/InspectorView.swift (in target 'MurtiStudio-product' from project 'Murti')
cd /Users/admin/builder/spi-builder-workspace/.swiftpm/xcode
builtin-SwiftPerFileCompile InspectorView.swift
SwiftDriver\ Compilation\ Requirements MurtiGen normal arm64 com.apple.xcode.tools.swift.compiler (in target 'MurtiGen-product' from project 'Murti')
cd /Users/admin/builder/spi-builder-workspace/.swiftpm/xcode
builtin-Swift-Compilation-Requirements -- /Applications/Xcode-27.0.0-Release.Candidate.app/Contents/Developer/Toolchains/XcodeDefault.xctoolchain/usr/bin/swiftc -module-name MurtiGen -Onone @/Users/admin/builder/spi-builder-workspace/.derivedData/Build/Intermediates.noindex/Murti.build/Debug-watchos/MurtiGen-p.build/Objects-normal/arm64/MurtiGen.SwiftFileList -DSWIFT_PACKAGE -DDEBUG -DXcode -plugin-path /Applications/Xcode-27.0.0-Release.Candidate.app/Contents/Developer/Toolchains/XcodeDefault.xctoolchain/usr/lib/swift/host/plugins/testing -enable-experimental-feature DebugDescriptionMacro -sdk /Applications/Xcode-27.0.0-Release.Candidate.app/Contents/Developer/Platforms/WatchOS.platform/Developer/SDKs/WatchOS27.0.sdk -target arm64-apple-watchos10.0 -g -module-cache-path /Users/admin/builder/spi-builder-workspace/.derivedData/ModuleCache.noindex -Xfrontend -serialize-debugging-options -profile-coverage-mapping -profile-generate -enable-testing -index-store-path /Users/admin/builder/spi-builder-workspace/.derivedData/Index.noindex/DataStore -Xcc -D_LIBCPP_HARDENING_MODE\=_LIBCPP_HARDENING_MODE_DEBUG -swift-version 6 -I /Users/admin/builder/spi-builder-workspace/.derivedData/Build/Products/Debug-watchos -Isystem /Applications/Xcode-27.0.0-Release.Candidate.app/Contents/Developer/Platforms/WatchOS.platform/Developer/usr/lib -F /Users/admin/builder/spi-builder-workspace/.derivedData/Build/Products/Debug-watchos/PackageFrameworks -F /Users/admin/builder/spi-builder-workspace/.derivedData/Build/Products/Debug-watchos -F /Applications/Xcode-27.0.0-Release.Candidate.app/Contents/Developer/Platforms/WatchOS.platform/Developer/Library/Frameworks -F /Applications/Xcode-27.0.0-Release.Candidate.app/Contents/Developer/Platforms/WatchOS.platform/Developer/SDKs/WatchOS27.0.sdk/Developer/Library/Frameworks -c -j10 -enable-batch-mode -incremental -Xcc -ivfsstatcache -Xcc /Users/admin/builder/spi-builder-workspace/.derivedData/SDKStatCaches.noindex/watchos27.0-24R360-e829b21a6f8c9b70876ba0858053c04477534ef55a1706bf4c1112bbb242f0a2.sdkstatcache -output-file-map /Users/admin/builder/spi-builder-workspace/.derivedData/Build/Intermediates.noindex/Murti.build/Debug-watchos/MurtiGen-p.build/Objects-normal/arm64/MurtiGen-OutputFileMap.json -save-temps -no-color-diagnostics -explicit-module-build -module-cache-path /Users/admin/builder/spi-builder-workspace/.derivedData/Build/Intermediates.noindex/SwiftExplicitPrecompiledModules -clang-scanner-module-cache-path /Users/admin/builder/spi-builder-workspace/.derivedData/ModuleCache.noindex -sdk-module-cache-path /Users/admin/builder/spi-builder-workspace/.derivedData/SDKExplicitPrecompiledModules -emit-dependencies -emit-module -emit-module-path /Users/admin/builder/spi-builder-workspace/.derivedData/Build/Intermediates.noindex/Murti.build/Debug-watchos/MurtiGen-p.build/Objects-normal/arm64/MurtiGen.swiftmodule -serialize-diagnostics -dependency-scan-serialize-diagnostics-path /Users/admin/builder/spi-builder-workspace/.derivedData/Build/Intermediates.noindex/Murti.build/Debug-watchos/MurtiGen-p.build/Objects-normal/arm64/MurtiGen-dependency-scan.dia -validate-clang-modules-once -clang-build-session-file /Users/admin/builder/spi-builder-workspace/.derivedData/ModuleCache.noindex/Session.modulevalidation -Xcc -fmodules-prune-interval\=86400 -Xcc -fmodules-prune-after\=345600 -package-name spi_builder_workspace -emit-const-values -const-gather-protocols-list /Users/admin/builder/spi-builder-workspace/.derivedData/Build/Intermediates.noindex/Murti.build/Debug-watchos/MurtiGen-p.build/Objects-normal/arm64/MurtiGen_const_extract_protocols.json -Xcc -I/Users/admin/builder/spi-builder-workspace/.derivedData/Build/Products/Debug-watchos/include -Xcc -I/Users/admin/builder/spi-builder-workspace/.derivedData/Build/Intermediates.noindex/Murti.build/Debug-watchos/MurtiGen-p.build/DerivedSources-normal/arm64 -Xcc -I/Users/admin/builder/spi-builder-workspace/.derivedData/Build/Intermediates.noindex/Murti.build/Debug-watchos/MurtiGen-p.build/DerivedSources/arm64 -Xcc -I/Users/admin/builder/spi-builder-workspace/.derivedData/Build/Intermediates.noindex/Murti.build/Debug-watchos/MurtiGen-p.build/DerivedSources -Xcc -DSWIFT_PACKAGE -Xcc -DDEBUG\=1 -working-directory /Users/admin/builder/spi-builder-workspace/.swiftpm/xcode -experimental-emit-module-separately -disable-cmo
PruneExplicitPrecompiledModules /Users/admin/builder/spi-builder-workspace/.derivedData/SDKExplicitPrecompiledModules
PruneExplicitPrecompiledModules /Users/admin/builder/spi-builder-workspace/.derivedData/Build/Intermediates.noindex/ExplicitPrecompiledModules
PruneExplicitPrecompiledModules /Users/admin/builder/spi-builder-workspace/.derivedData/Build/Intermediates.noindex/SwiftExplicitPrecompiledModules
2026-09-27 16:53:01.483 xcodebuild[874:5336] [MT] IDERunDestination: Supported platforms for the buildables in the current scheme is empty.
** BUILD FAILED **
The following build commands failed:
SwiftCompile normal arm64 /Users/admin/builder/spi-builder-workspace/Sources/MurtiGallery/GalleryRootView.swift (in target 'MurtiGallery-product' from project 'Murti')
SwiftCompile normal arm64 Compiling\ GalleryRootView.swift /Users/admin/builder/spi-builder-workspace/Sources/MurtiGallery/GalleryRootView.swift (in target 'MurtiGallery-product' from project 'Murti')
SwiftCompile normal arm64_32 /Users/admin/builder/spi-builder-workspace/Sources/MurtiGallery/GalleryRootView.swift (in target 'MurtiGallery-product' from project 'Murti')
SwiftCompile normal arm64_32 Compiling\ GalleryRootView.swift /Users/admin/builder/spi-builder-workspace/Sources/MurtiGallery/GalleryRootView.swift (in target 'MurtiGallery-product' from project 'Murti')
Building workspace Murti with scheme Murti-Package
(5 failures)
BUILD FAILURE 6.4 watchOS