Build Information
Failed to build LumiKit, reference main (281dca), with Swift 6.2 for Android on 25 Oct 2026 03:36:17 UTC.
Build Command
bash -c docker run --pull=always --rm -v "checkouts-54344845-0":/host -w "$PWD" -e JAVA_HOME="/root/.sdkman/candidates/java/current" -e SPI_BUILD="1" -e SPI_PROCESSING="1" registry.gitlab.com/saguaro1/spi-images:android-6.2-latest swift build --swift-sdk aarch64-unknown-linux-android28 2>&1Build Log
========================================
RunAll
========================================
Builder version: 5.1.3
Interrupt handler set up.
========================================
Checkout
========================================
Clone URL: https://github.com/Luminoid/LumiKit.git
Reference: main
Initialized empty Git repository in /host/spi-builder-workspace/.git/
hint: Using 'master' as the name for the initial branch. This default branch name
hint: is subject to change. To configure the initial branch name to use in all
hint: of your new repositories, which will suppress this warning, call:
hint:
hint: git config --global init.defaultBranch <name>
hint:
hint: Names commonly chosen instead of 'master' are 'main', 'trunk' and
hint: 'development'. The just-created branch can be renamed via this command:
hint:
hint: git branch -m <name>
From https://github.com/Luminoid/LumiKit
* branch main -> FETCH_HEAD
* [new branch] main -> origin/main
HEAD is now at 281dcad fix: pin LMKChipView content just below required so frame-hosted chips stop logging constraint conflicts
Cloned https://github.com/Luminoid/LumiKit.git
Revision (git rev-parse @):
281dcad69904bd45adb109b89c847e0493575c6d
SPI manifest file found: $PWD/.spi.yml
SUCCESS checkout https://github.com/Luminoid/LumiKit.git at main
========================================
Build
========================================
Selected platform: android
Swift version: 6.2
Building package at path: $PWD
https://github.com/Luminoid/LumiKit.git
Running build ...
bash -c docker run --pull=always --rm -v "checkouts-54344845-0":/host -w "$PWD" -e JAVA_HOME="/root/.sdkman/candidates/java/current" -e SPI_BUILD="1" -e SPI_PROCESSING="1" registry.gitlab.com/saguaro1/spi-images:android-6.2-latest swift build --swift-sdk aarch64-unknown-linux-android28 2>&1
android-6.2-latest: Pulling from saguaro1/spi-images
Digest: sha256:9e4b64e17859f153444a8085b41803f96a8252f8f76139cd5e69e2540803aa5a
Status: Image is up to date for registry.gitlab.com/saguaro1/spi-images:android-6.2-latest
Fetching https://github.com/SnapKit/SnapKit.git
Fetching https://github.com/airbnb/lottie-spm.git
[1/609] Fetching lottie-spm
[50/4904] Fetching lottie-spm, snapkit
Fetched https://github.com/SnapKit/SnapKit.git from cache (0.54s)
[55/609] Fetching lottie-spm
Fetched https://github.com/airbnb/lottie-spm.git from cache (2.34s)
Computing version for https://github.com/SnapKit/SnapKit.git
Computed https://github.com/SnapKit/SnapKit.git at 6.0.0 (2.49s)
Computing version for https://github.com/airbnb/lottie-spm.git
Computed https://github.com/airbnb/lottie-spm.git at 4.6.1 (0.14s)
Creating working copy for https://github.com/SnapKit/SnapKit.git
Working copy of https://github.com/SnapKit/SnapKit.git resolved at 6.0.0
Creating working copy for https://github.com/airbnb/lottie-spm.git
Working copy of https://github.com/airbnb/lottie-spm.git resolved at 4.6.1
Downloading binary artifact https://github.com/airbnb/lottie-ios/releases/download/4.6.1/Lottie.xcframework.zip
[16375/55189302] Downloading https://github.com/airbnb/lottie-ios/releases/download/4.6.1/Lottie.xcframework.zip
Downloaded https://github.com/airbnb/lottie-ios/releases/download/4.6.1/Lottie.xcframework.zip (3.31s)
Building for debugging...
[0/35] Write sources
[0/35] Copying PrivacyInfo.xcprivacy
[0/35] Write sources
[8/35] Copying Localizable.strings
[13/35] Copying Info.plist
[16/35] Copying Localizable.strings
[17/35] Copying Info.plist
[17/35] Copying Localizable.strings
[20/35] Copying refresh_spinner.json
[20/35] Copying Localizable.strings
[21/35] Copying Info.plist
[24/35] Copying Localizable.strings
[26/35] Copying Info.plist
[26/35] Copying Localizable.strings
[32/35] Copying Info.plist
[32/35] Copying Localizable.strings
[34/35] Write swift-version--11D90AFD9DD3AB2.txt
[36/87] Emitting module _LottieStub
[37/87] Compiling _LottieStub Stub.swift
[38/88] Compiling SnapKit ConstraintView.swift
/host/spi-builder-workspace/.build/checkouts/SnapKit/Sources/Constraint.swift:27:12: error: no such module 'AppKit'
25 | import UIKit
26 | #else
27 | import AppKit
| `- error: no such module 'AppKit'
28 | #endif
29 |
[39/88] Compiling SnapKit ConstraintViewDSL.swift
/host/spi-builder-workspace/.build/checkouts/SnapKit/Sources/Constraint.swift:27:12: error: no such module 'AppKit'
25 | import UIKit
26 | #else
27 | import AppKit
| `- error: no such module 'AppKit'
28 | #endif
29 |
[40/88] Compiling SnapKit Debugging.swift
/host/spi-builder-workspace/.build/checkouts/SnapKit/Sources/Constraint.swift:27:12: error: no such module 'AppKit'
25 | import UIKit
26 | #else
27 | import AppKit
| `- error: no such module 'AppKit'
28 | #endif
29 |
[41/88] Compiling SnapKit LayoutConstraint.swift
/host/spi-builder-workspace/.build/checkouts/SnapKit/Sources/Constraint.swift:27:12: error: no such module 'AppKit'
25 | import UIKit
26 | #else
27 | import AppKit
| `- error: no such module 'AppKit'
28 | #endif
29 |
[43/92] Compiling SnapKit ConstraintLayoutSupportDSL.swift
/host/spi-builder-workspace/.build/checkouts/SnapKit/Sources/Constraint.swift:27:12: error: no such module 'AppKit'
25 | import UIKit
26 | #else
27 | import AppKit
| `- error: no such module 'AppKit'
28 | #endif
29 |
[44/92] Compiling SnapKit ConstraintMaker.swift
/host/spi-builder-workspace/.build/checkouts/SnapKit/Sources/Constraint.swift:27:12: error: no such module 'AppKit'
25 | import UIKit
26 | #else
27 | import AppKit
| `- error: no such module 'AppKit'
28 | #endif
29 |
[45/92] Compiling SnapKit ConstraintMakerEditable.swift
/host/spi-builder-workspace/.build/checkouts/SnapKit/Sources/Constraint.swift:27:12: error: no such module 'AppKit'
25 | import UIKit
26 | #else
27 | import AppKit
| `- error: no such module 'AppKit'
28 | #endif
29 |
[46/92] Compiling SnapKit ConstraintMakerExtendable.swift
/host/spi-builder-workspace/.build/checkouts/SnapKit/Sources/Constraint.swift:27:12: error: no such module 'AppKit'
25 | import UIKit
26 | #else
27 | import AppKit
| `- error: no such module 'AppKit'
28 | #endif
29 |
[47/92] Compiling SnapKit ConstraintMakerFinalizable.swift
/host/spi-builder-workspace/.build/checkouts/SnapKit/Sources/Constraint.swift:27:12: error: no such module 'AppKit'
25 | import UIKit
26 | #else
27 | import AppKit
| `- error: no such module 'AppKit'
28 | #endif
29 |
[48/92] Compiling SnapKit ConstraintPriority.swift
/host/spi-builder-workspace/.build/checkouts/SnapKit/Sources/Constraint.swift:27:12: error: no such module 'AppKit'
25 | import UIKit
26 | #else
27 | import AppKit
| `- error: no such module 'AppKit'
28 | #endif
29 |
[49/92] Compiling SnapKit ConstraintPriorityTarget.swift
/host/spi-builder-workspace/.build/checkouts/SnapKit/Sources/Constraint.swift:27:12: error: no such module 'AppKit'
25 | import UIKit
26 | #else
27 | import AppKit
| `- error: no such module 'AppKit'
28 | #endif
29 |
[50/92] Compiling SnapKit ConstraintRelatableTarget.swift
/host/spi-builder-workspace/.build/checkouts/SnapKit/Sources/Constraint.swift:27:12: error: no such module 'AppKit'
25 | import UIKit
26 | #else
27 | import AppKit
| `- error: no such module 'AppKit'
28 | #endif
29 |
[51/92] Compiling SnapKit ConstraintRelation.swift
/host/spi-builder-workspace/.build/checkouts/SnapKit/Sources/Constraint.swift:27:12: error: no such module 'AppKit'
25 | import UIKit
26 | #else
27 | import AppKit
| `- error: no such module 'AppKit'
28 | #endif
29 |
[52/92] Compiling SnapKit ConstraintView+Extensions.swift
/host/spi-builder-workspace/.build/checkouts/SnapKit/Sources/Constraint.swift:27:12: error: no such module 'AppKit'
25 | import UIKit
26 | #else
27 | import AppKit
| `- error: no such module 'AppKit'
28 | #endif
29 |
[53/92] Compiling SnapKit ConstraintMakerPrioritizable.swift
/host/spi-builder-workspace/.build/checkouts/SnapKit/Sources/Constraint.swift:27:12: error: no such module 'AppKit'
25 | import UIKit
26 | #else
27 | import AppKit
| `- error: no such module 'AppKit'
28 | #endif
29 |
[54/92] Compiling SnapKit ConstraintMakerRelatable+Extensions.swift
/host/spi-builder-workspace/.build/checkouts/SnapKit/Sources/Constraint.swift:27:12: error: no such module 'AppKit'
25 | import UIKit
26 | #else
27 | import AppKit
| `- error: no such module 'AppKit'
28 | #endif
29 |
[55/92] Compiling SnapKit ConstraintMakerRelatable.swift
/host/spi-builder-workspace/.build/checkouts/SnapKit/Sources/Constraint.swift:27:12: error: no such module 'AppKit'
25 | import UIKit
26 | #else
27 | import AppKit
| `- error: no such module 'AppKit'
28 | #endif
29 |
[56/92] Compiling SnapKit ConstraintMultiplierTarget.swift
/host/spi-builder-workspace/.build/checkouts/SnapKit/Sources/Constraint.swift:27:12: error: no such module 'AppKit'
25 | import UIKit
26 | #else
27 | import AppKit
| `- error: no such module 'AppKit'
28 | #endif
29 |
[57/92] Compiling SnapKit ConstraintOffsetTarget.swift
/host/spi-builder-workspace/.build/checkouts/SnapKit/Sources/Constraint.swift:27:12: error: no such module 'AppKit'
25 | import UIKit
26 | #else
27 | import AppKit
| `- error: no such module 'AppKit'
28 | #endif
29 |
[58/92] Compiling SnapKit ConstraintItem.swift
/host/spi-builder-workspace/.build/checkouts/SnapKit/Sources/Constraint.swift:27:12: error: no such module 'AppKit'
25 | import UIKit
26 | #else
27 | import AppKit
| `- error: no such module 'AppKit'
28 | #endif
29 |
[59/92] Compiling SnapKit ConstraintLayoutGuide+Extensions.swift
/host/spi-builder-workspace/.build/checkouts/SnapKit/Sources/Constraint.swift:27:12: error: no such module 'AppKit'
25 | import UIKit
26 | #else
27 | import AppKit
| `- error: no such module 'AppKit'
28 | #endif
29 |
[60/92] Compiling SnapKit ConstraintLayoutGuide.swift
/host/spi-builder-workspace/.build/checkouts/SnapKit/Sources/Constraint.swift:27:12: error: no such module 'AppKit'
25 | import UIKit
26 | #else
27 | import AppKit
| `- error: no such module 'AppKit'
28 | #endif
29 |
[61/92] Compiling SnapKit ConstraintLayoutGuideDSL.swift
/host/spi-builder-workspace/.build/checkouts/SnapKit/Sources/Constraint.swift:27:12: error: no such module 'AppKit'
25 | import UIKit
26 | #else
27 | import AppKit
| `- error: no such module 'AppKit'
28 | #endif
29 |
[62/92] Compiling SnapKit ConstraintLayoutSupport.swift
/host/spi-builder-workspace/.build/checkouts/SnapKit/Sources/Constraint.swift:27:12: error: no such module 'AppKit'
25 | import UIKit
26 | #else
27 | import AppKit
| `- error: no such module 'AppKit'
28 | #endif
29 |
error: emit-module command failed with exit code 1 (use -v to see invocation)
[63/92] Emitting module SnapKit
/host/spi-builder-workspace/.build/checkouts/SnapKit/Sources/Constraint.swift:27:12: error: no such module 'AppKit'
25 | import UIKit
26 | #else
27 | import AppKit
| `- error: no such module 'AppKit'
28 | #endif
29 |
[64/92] Compiling SnapKit Constraint.swift
/host/spi-builder-workspace/.build/checkouts/SnapKit/Sources/Constraint.swift:27:12: error: no such module 'AppKit'
25 | import UIKit
26 | #else
27 | import AppKit
| `- error: no such module 'AppKit'
28 | #endif
29 |
[65/92] Compiling SnapKit ConstraintAttributes.swift
/host/spi-builder-workspace/.build/checkouts/SnapKit/Sources/Constraint.swift:27:12: error: no such module 'AppKit'
25 | import UIKit
26 | #else
27 | import AppKit
| `- error: no such module 'AppKit'
28 | #endif
29 |
[66/92] Compiling SnapKit ConstraintConfig.swift
/host/spi-builder-workspace/.build/checkouts/SnapKit/Sources/Constraint.swift:27:12: error: no such module 'AppKit'
25 | import UIKit
26 | #else
27 | import AppKit
| `- error: no such module 'AppKit'
28 | #endif
29 |
[67/92] Compiling SnapKit ConstraintConstantTarget.swift
/host/spi-builder-workspace/.build/checkouts/SnapKit/Sources/Constraint.swift:27:12: error: no such module 'AppKit'
25 | import UIKit
26 | #else
27 | import AppKit
| `- error: no such module 'AppKit'
28 | #endif
29 |
[68/92] Compiling SnapKit ConstraintDSL.swift
/host/spi-builder-workspace/.build/checkouts/SnapKit/Sources/Constraint.swift:27:12: error: no such module 'AppKit'
25 | import UIKit
26 | #else
27 | import AppKit
| `- error: no such module 'AppKit'
28 | #endif
29 |
[69/92] Compiling SnapKit ConstraintDescription.swift
/host/spi-builder-workspace/.build/checkouts/SnapKit/Sources/Constraint.swift:27:12: error: no such module 'AppKit'
25 | import UIKit
26 | #else
27 | import AppKit
| `- error: no such module 'AppKit'
28 | #endif
29 |
[70/92] Compiling SnapKit ConstraintDirectionalInsetTarget.swift
/host/spi-builder-workspace/.build/checkouts/SnapKit/Sources/Constraint.swift:27:12: error: no such module 'AppKit'
25 | import UIKit
26 | #else
27 | import AppKit
| `- error: no such module 'AppKit'
28 | #endif
29 |
[71/92] Compiling SnapKit ConstraintDirectionalInsets.swift
/host/spi-builder-workspace/.build/checkouts/SnapKit/Sources/Constraint.swift:27:12: error: no such module 'AppKit'
25 | import UIKit
26 | #else
27 | import AppKit
| `- error: no such module 'AppKit'
28 | #endif
29 |
[72/92] Compiling SnapKit ConstraintInsetTarget.swift
/host/spi-builder-workspace/.build/checkouts/SnapKit/Sources/Constraint.swift:27:12: error: no such module 'AppKit'
25 | import UIKit
26 | #else
27 | import AppKit
| `- error: no such module 'AppKit'
28 | #endif
29 |
[73/92] Compiling SnapKit ConstraintInsets.swift
/host/spi-builder-workspace/.build/checkouts/SnapKit/Sources/Constraint.swift:27:12: error: no such module 'AppKit'
25 | import UIKit
26 | #else
27 | import AppKit
| `- error: no such module 'AppKit'
28 | #endif
29 |
/host/spi-builder-workspace/Sources/LumiKitCore/File/LMKFile.swift:9:8: error: no such module 'UniformTypeIdentifiers'
7 |
8 | import Foundation
9 | import UniformTypeIdentifiers
| `- error: no such module 'UniformTypeIdentifiers'
10 |
11 | /// Temporary file URLs and cleanup of the app's temporary directory.
/host/spi-builder-workspace/Sources/LumiKitCore/File/LMKFile.swift:9:8: error: no such module 'UniformTypeIdentifiers'
7 |
8 | import Foundation
9 | import UniformTypeIdentifiers
| `- error: no such module 'UniformTypeIdentifiers'
10 |
11 | /// Temporary file URLs and cleanup of the app's temporary directory.
/host/spi-builder-workspace/Sources/LumiKitCore/File/LMKFile.swift:9:8: error: no such module 'UniformTypeIdentifiers'
7 |
8 | import Foundation
9 | import UniformTypeIdentifiers
| `- error: no such module 'UniformTypeIdentifiers'
10 |
11 | /// Temporary file URLs and cleanup of the app's temporary directory.
/host/spi-builder-workspace/Sources/LumiKitCore/File/LMKFile.swift:9:8: error: no such module 'UniformTypeIdentifiers'
7 |
8 | import Foundation
9 | import UniformTypeIdentifiers
| `- error: no such module 'UniformTypeIdentifiers'
10 |
11 | /// Temporary file URLs and cleanup of the app's temporary directory.
[78/94] Compiling SnapKit LayoutConstraintItem.swift
/host/spi-builder-workspace/.build/checkouts/SnapKit/Sources/Constraint.swift:27:12: error: no such module 'AppKit'
25 | import UIKit
26 | #else
27 | import AppKit
| `- error: no such module 'AppKit'
28 | #endif
29 |
[79/94] Compiling SnapKit Typealiases.swift
/host/spi-builder-workspace/.build/checkouts/SnapKit/Sources/Constraint.swift:27:12: error: no such module 'AppKit'
25 | import UIKit
26 | #else
27 | import AppKit
| `- error: no such module 'AppKit'
28 | #endif
29 |
[80/94] Compiling SnapKit UILayoutSupport+Extensions.swift
/host/spi-builder-workspace/.build/checkouts/SnapKit/Sources/Constraint.swift:27:12: error: no such module 'AppKit'
25 | import UIKit
26 | #else
27 | import AppKit
| `- error: no such module 'AppKit'
28 | #endif
29 |
[81/94] Compiling SnapKit resource_bundle_accessor.swift
/host/spi-builder-workspace/.build/checkouts/SnapKit/Sources/Constraint.swift:27:12: error: no such module 'AppKit'
25 | import UIKit
26 | #else
27 | import AppKit
| `- error: no such module 'AppKit'
28 | #endif
29 |
/host/spi-builder-workspace/Sources/LumiKitCore/File/LMKFile.swift:9:8: error: no such module 'UniformTypeIdentifiers'
7 |
8 | import Foundation
9 | import UniformTypeIdentifiers
| `- error: no such module 'UniformTypeIdentifiers'
10 |
11 | /// Temporary file URLs and cleanup of the app's temporary directory.
BUILD FAILURE 6.2 android