The Swift Package Index logo.Swift Package Index

Build Information

Failed to build XcodeTargetGraphGen, reference v1.0.0 (a73c78), with Swift 6.4 for watchOS using Xcode 27.0 on 19 Sep 2026 07:23:57 UTC.

Build Command

env DEVELOPER_DIR=/Applications/Xcode-27.0.0-Release.Candidate.app xcrun xcodebuild -IDEClonedSourcePackagesDirPathOverride=$PWD/.dependencies -skipMacroValidation -skipPackagePluginValidation -derivedDataPath $PWD/.derivedData build -scheme XcodeTargetGraphGen -destination generic/platform=watchOS

Build Log

SwiftDriver Mermaid normal arm64 com.apple.xcode.tools.swift.compiler (in target 'Mermaid' from project 'XcodeTargetGraphGen')
    cd /Users/admin/builder/spi-builder-workspace/.swiftpm/xcode
    builtin-SwiftDriver -- /Applications/Xcode-27.0.0-Release.Candidate.app/Contents/Developer/Toolchains/XcodeDefault.xctoolchain/usr/bin/swiftc -parse-as-library -module-name Mermaid -Onone @/Users/admin/builder/spi-builder-workspace/.derivedData/Build/Intermediates.noindex/XcodeTargetGraphGen.build/Debug-watchos/Mermaid-t.build/Objects-normal/arm64/Mermaid.SwiftFileList -DSWIFT_PACKAGE -DDEBUG -DSWIFT_MODULE_RESOURCE_BUNDLE_UNAVAILABLE -DXcode -plugin-path /Applications/Xcode-27.0.0-Release.Candidate.app/Contents/Developer/Toolchains/XcodeDefault.xctoolchain/usr/lib/swift/host/plugins/testing -enable-experimental-feature DebugDescriptionMacro -sdk /Applications/Xcode-27.0.0-Release.Candidate.app/Contents/Developer/Platforms/WatchOS.platform/Developer/SDKs/WatchOS27.0.sdk -target arm64-apple-watchos9.0 -g -module-cache-path /Users/admin/builder/spi-builder-workspace/.derivedData/ModuleCache.noindex -Xfrontend -serialize-debugging-options -profile-coverage-mapping -profile-generate -enable-testing -index-store-path /Users/admin/builder/spi-builder-workspace/.derivedData/Index.noindex/DataStore -Xcc -D_LIBCPP_HARDENING_MODE\=_LIBCPP_HARDENING_MODE_DEBUG -swift-version 5 -I /Users/admin/builder/spi-builder-workspace/.derivedData/Build/Products/Debug-watchos -Isystem /Applications/Xcode-27.0.0-Release.Candidate.app/Contents/Developer/Platforms/WatchOS.platform/Developer/usr/lib -F /Users/admin/builder/spi-builder-workspace/.derivedData/Build/Products/Debug-watchos/PackageFrameworks -F /Users/admin/builder/spi-builder-workspace/.derivedData/Build/Products/Debug-watchos -F /Applications/Xcode-27.0.0-Release.Candidate.app/Contents/Developer/Platforms/WatchOS.platform/Developer/Library/Frameworks -F /Applications/Xcode-27.0.0-Release.Candidate.app/Contents/Developer/Platforms/WatchOS.platform/Developer/SDKs/WatchOS27.0.sdk/Developer/Library/Frameworks -c -j10 -enable-batch-mode -incremental -Xcc -ivfsstatcache -Xcc /Users/admin/builder/spi-builder-workspace/.derivedData/SDKStatCaches.noindex/watchos27.0-24R360-e829b21a6f8c9b70876ba0858053c04477534ef55a1706bf4c1112bbb242f0a2.sdkstatcache -output-file-map /Users/admin/builder/spi-builder-workspace/.derivedData/Build/Intermediates.noindex/XcodeTargetGraphGen.build/Debug-watchos/Mermaid-t.build/Objects-normal/arm64/Mermaid-OutputFileMap.json -save-temps -no-color-diagnostics -explicit-module-build -module-cache-path /Users/admin/builder/spi-builder-workspace/.derivedData/Build/Intermediates.noindex/SwiftExplicitPrecompiledModules -clang-scanner-module-cache-path /Users/admin/builder/spi-builder-workspace/.derivedData/ModuleCache.noindex -sdk-module-cache-path /Users/admin/builder/spi-builder-workspace/.derivedData/SDKExplicitPrecompiledModules -emit-dependencies -emit-module -emit-module-path /Users/admin/builder/spi-builder-workspace/.derivedData/Build/Intermediates.noindex/XcodeTargetGraphGen.build/Debug-watchos/Mermaid-t.build/Objects-normal/arm64/Mermaid.swiftmodule -serialize-diagnostics -dependency-scan-serialize-diagnostics-path /Users/admin/builder/spi-builder-workspace/.derivedData/Build/Intermediates.noindex/XcodeTargetGraphGen.build/Debug-watchos/Mermaid-t.build/Objects-normal/arm64/Mermaid-dependency-scan.dia -validate-clang-modules-once -clang-build-session-file /Users/admin/builder/spi-builder-workspace/.derivedData/ModuleCache.noindex/Session.modulevalidation -Xcc -fmodules-prune-interval\=86400 -Xcc -fmodules-prune-after\=345600 -emit-const-values -const-gather-protocols-list /Users/admin/builder/spi-builder-workspace/.derivedData/Build/Intermediates.noindex/XcodeTargetGraphGen.build/Debug-watchos/Mermaid-t.build/Objects-normal/arm64/Mermaid_const_extract_protocols.json -Xcc -I/Users/admin/builder/spi-builder-workspace/.derivedData/Build/Products/Debug-watchos/include -Xcc -I/Users/admin/builder/spi-builder-workspace/.derivedData/Build/Intermediates.noindex/XcodeTargetGraphGen.build/Debug-watchos/Mermaid-t.build/DerivedSources-normal/arm64 -Xcc -I/Users/admin/builder/spi-builder-workspace/.derivedData/Build/Intermediates.noindex/XcodeTargetGraphGen.build/Debug-watchos/Mermaid-t.build/DerivedSources/arm64 -Xcc -I/Users/admin/builder/spi-builder-workspace/.derivedData/Build/Intermediates.noindex/XcodeTargetGraphGen.build/Debug-watchos/Mermaid-t.build/DerivedSources -Xcc -DSWIFT_PACKAGE -Xcc -DDEBUG\=1 -emit-objc-header -emit-objc-header-path /Users/admin/builder/spi-builder-workspace/.derivedData/Build/Intermediates.noindex/XcodeTargetGraphGen.build/Debug-watchos/Mermaid-t.build/Objects-normal/arm64/Mermaid-Swift.h -working-directory /Users/admin/builder/spi-builder-workspace/.swiftpm/xcode -experimental-emit-module-separately -disable-cmo
SwiftDriver\ Compilation Converter normal arm64_32 com.apple.xcode.tools.swift.compiler (in target 'Converter' from project 'XcodeTargetGraphGen')
    cd /Users/admin/builder/spi-builder-workspace/.swiftpm/xcode
    builtin-Swift-Compilation -- /Applications/Xcode-27.0.0-Release.Candidate.app/Contents/Developer/Toolchains/XcodeDefault.xctoolchain/usr/bin/swiftc -parse-as-library -module-name Converter -Onone @/Users/admin/builder/spi-builder-workspace/.derivedData/Build/Intermediates.noindex/XcodeTargetGraphGen.build/Debug-watchos/Converter-t.build/Objects-normal/arm64_32/Converter.SwiftFileList -DSWIFT_PACKAGE -DDEBUG -DSWIFT_MODULE_RESOURCE_BUNDLE_UNAVAILABLE -DXcode -plugin-path /Applications/Xcode-27.0.0-Release.Candidate.app/Contents/Developer/Toolchains/XcodeDefault.xctoolchain/usr/lib/swift/host/plugins/testing -enable-experimental-feature DebugDescriptionMacro -sdk /Applications/Xcode-27.0.0-Release.Candidate.app/Contents/Developer/Platforms/WatchOS.platform/Developer/SDKs/WatchOS27.0.sdk -target arm64_32-apple-watchos9.0 -g -module-cache-path /Users/admin/builder/spi-builder-workspace/.derivedData/ModuleCache.noindex -Xfrontend -serialize-debugging-options -profile-coverage-mapping -profile-generate -enable-testing -index-store-path /Users/admin/builder/spi-builder-workspace/.derivedData/Index.noindex/DataStore -Xcc -D_LIBCPP_HARDENING_MODE\=_LIBCPP_HARDENING_MODE_DEBUG -swift-version 5 -I /Users/admin/builder/spi-builder-workspace/.derivedData/Build/Products/Debug-watchos -Isystem /Applications/Xcode-27.0.0-Release.Candidate.app/Contents/Developer/Platforms/WatchOS.platform/Developer/usr/lib -F /Users/admin/builder/spi-builder-workspace/.derivedData/Build/Products/Debug-watchos/PackageFrameworks -F /Users/admin/builder/spi-builder-workspace/.derivedData/Build/Products/Debug-watchos -F /Applications/Xcode-27.0.0-Release.Candidate.app/Contents/Developer/Platforms/WatchOS.platform/Developer/Library/Frameworks -F /Applications/Xcode-27.0.0-Release.Candidate.app/Contents/Developer/Platforms/WatchOS.platform/Developer/SDKs/WatchOS27.0.sdk/Developer/Library/Frameworks -c -j10 -enable-batch-mode -incremental -Xcc -ivfsstatcache -Xcc /Users/admin/builder/spi-builder-workspace/.derivedData/SDKStatCaches.noindex/watchos27.0-24R360-e829b21a6f8c9b70876ba0858053c04477534ef55a1706bf4c1112bbb242f0a2.sdkstatcache -output-file-map /Users/admin/builder/spi-builder-workspace/.derivedData/Build/Intermediates.noindex/XcodeTargetGraphGen.build/Debug-watchos/Converter-t.build/Objects-normal/arm64_32/Converter-OutputFileMap.json -save-temps -no-color-diagnostics -explicit-module-build -module-cache-path /Users/admin/builder/spi-builder-workspace/.derivedData/Build/Intermediates.noindex/SwiftExplicitPrecompiledModules -clang-scanner-module-cache-path /Users/admin/builder/spi-builder-workspace/.derivedData/ModuleCache.noindex -sdk-module-cache-path /Users/admin/builder/spi-builder-workspace/.derivedData/SDKExplicitPrecompiledModules -emit-dependencies -emit-module -emit-module-path /Users/admin/builder/spi-builder-workspace/.derivedData/Build/Intermediates.noindex/XcodeTargetGraphGen.build/Debug-watchos/Converter-t.build/Objects-normal/arm64_32/Converter.swiftmodule -serialize-diagnostics -dependency-scan-serialize-diagnostics-path /Users/admin/builder/spi-builder-workspace/.derivedData/Build/Intermediates.noindex/XcodeTargetGraphGen.build/Debug-watchos/Converter-t.build/Objects-normal/arm64_32/Converter-dependency-scan.dia -validate-clang-modules-once -clang-build-session-file /Users/admin/builder/spi-builder-workspace/.derivedData/ModuleCache.noindex/Session.modulevalidation -Xcc -fmodules-prune-interval\=86400 -Xcc -fmodules-prune-after\=345600 -emit-const-values -const-gather-protocols-list /Users/admin/builder/spi-builder-workspace/.derivedData/Build/Intermediates.noindex/XcodeTargetGraphGen.build/Debug-watchos/Converter-t.build/Objects-normal/arm64_32/Converter_const_extract_protocols.json -Xcc -I/Users/admin/builder/spi-builder-workspace/.derivedData/Build/Products/Debug-watchos/include -Xcc -I/Users/admin/builder/spi-builder-workspace/.derivedData/Build/Intermediates.noindex/XcodeTargetGraphGen.build/Debug-watchos/Converter-t.build/DerivedSources-normal/arm64_32 -Xcc -I/Users/admin/builder/spi-builder-workspace/.derivedData/Build/Intermediates.noindex/XcodeTargetGraphGen.build/Debug-watchos/Converter-t.build/DerivedSources/arm64_32 -Xcc -I/Users/admin/builder/spi-builder-workspace/.derivedData/Build/Intermediates.noindex/XcodeTargetGraphGen.build/Debug-watchos/Converter-t.build/DerivedSources -Xcc -DSWIFT_PACKAGE -Xcc -DDEBUG\=1 -emit-objc-header -emit-objc-header-path /Users/admin/builder/spi-builder-workspace/.derivedData/Build/Intermediates.noindex/XcodeTargetGraphGen.build/Debug-watchos/Converter-t.build/Objects-normal/arm64_32/Converter-Swift.h -working-directory /Users/admin/builder/spi-builder-workspace/.swiftpm/xcode -experimental-emit-module-separately -disable-cmo
SwiftDriver\ Compilation Converter normal arm64 com.apple.xcode.tools.swift.compiler (in target 'Converter' from project 'XcodeTargetGraphGen')
    cd /Users/admin/builder/spi-builder-workspace/.swiftpm/xcode
    builtin-Swift-Compilation -- /Applications/Xcode-27.0.0-Release.Candidate.app/Contents/Developer/Toolchains/XcodeDefault.xctoolchain/usr/bin/swiftc -parse-as-library -module-name Converter -Onone @/Users/admin/builder/spi-builder-workspace/.derivedData/Build/Intermediates.noindex/XcodeTargetGraphGen.build/Debug-watchos/Converter-t.build/Objects-normal/arm64/Converter.SwiftFileList -DSWIFT_PACKAGE -DDEBUG -DSWIFT_MODULE_RESOURCE_BUNDLE_UNAVAILABLE -DXcode -plugin-path /Applications/Xcode-27.0.0-Release.Candidate.app/Contents/Developer/Toolchains/XcodeDefault.xctoolchain/usr/lib/swift/host/plugins/testing -enable-experimental-feature DebugDescriptionMacro -sdk /Applications/Xcode-27.0.0-Release.Candidate.app/Contents/Developer/Platforms/WatchOS.platform/Developer/SDKs/WatchOS27.0.sdk -target arm64-apple-watchos9.0 -g -module-cache-path /Users/admin/builder/spi-builder-workspace/.derivedData/ModuleCache.noindex -Xfrontend -serialize-debugging-options -profile-coverage-mapping -profile-generate -enable-testing -index-store-path /Users/admin/builder/spi-builder-workspace/.derivedData/Index.noindex/DataStore -Xcc -D_LIBCPP_HARDENING_MODE\=_LIBCPP_HARDENING_MODE_DEBUG -swift-version 5 -I /Users/admin/builder/spi-builder-workspace/.derivedData/Build/Products/Debug-watchos -Isystem /Applications/Xcode-27.0.0-Release.Candidate.app/Contents/Developer/Platforms/WatchOS.platform/Developer/usr/lib -F /Users/admin/builder/spi-builder-workspace/.derivedData/Build/Products/Debug-watchos/PackageFrameworks -F /Users/admin/builder/spi-builder-workspace/.derivedData/Build/Products/Debug-watchos -F /Applications/Xcode-27.0.0-Release.Candidate.app/Contents/Developer/Platforms/WatchOS.platform/Developer/Library/Frameworks -F /Applications/Xcode-27.0.0-Release.Candidate.app/Contents/Developer/Platforms/WatchOS.platform/Developer/SDKs/WatchOS27.0.sdk/Developer/Library/Frameworks -c -j10 -enable-batch-mode -incremental -Xcc -ivfsstatcache -Xcc /Users/admin/builder/spi-builder-workspace/.derivedData/SDKStatCaches.noindex/watchos27.0-24R360-e829b21a6f8c9b70876ba0858053c04477534ef55a1706bf4c1112bbb242f0a2.sdkstatcache -output-file-map /Users/admin/builder/spi-builder-workspace/.derivedData/Build/Intermediates.noindex/XcodeTargetGraphGen.build/Debug-watchos/Converter-t.build/Objects-normal/arm64/Converter-OutputFileMap.json -save-temps -no-color-diagnostics -explicit-module-build -module-cache-path /Users/admin/builder/spi-builder-workspace/.derivedData/Build/Intermediates.noindex/SwiftExplicitPrecompiledModules -clang-scanner-module-cache-path /Users/admin/builder/spi-builder-workspace/.derivedData/ModuleCache.noindex -sdk-module-cache-path /Users/admin/builder/spi-builder-workspace/.derivedData/SDKExplicitPrecompiledModules -emit-dependencies -emit-module -emit-module-path /Users/admin/builder/spi-builder-workspace/.derivedData/Build/Intermediates.noindex/XcodeTargetGraphGen.build/Debug-watchos/Converter-t.build/Objects-normal/arm64/Converter.swiftmodule -serialize-diagnostics -dependency-scan-serialize-diagnostics-path /Users/admin/builder/spi-builder-workspace/.derivedData/Build/Intermediates.noindex/XcodeTargetGraphGen.build/Debug-watchos/Converter-t.build/Objects-normal/arm64/Converter-dependency-scan.dia -validate-clang-modules-once -clang-build-session-file /Users/admin/builder/spi-builder-workspace/.derivedData/ModuleCache.noindex/Session.modulevalidation -Xcc -fmodules-prune-interval\=86400 -Xcc -fmodules-prune-after\=345600 -emit-const-values -const-gather-protocols-list /Users/admin/builder/spi-builder-workspace/.derivedData/Build/Intermediates.noindex/XcodeTargetGraphGen.build/Debug-watchos/Converter-t.build/Objects-normal/arm64/Converter_const_extract_protocols.json -Xcc -I/Users/admin/builder/spi-builder-workspace/.derivedData/Build/Products/Debug-watchos/include -Xcc -I/Users/admin/builder/spi-builder-workspace/.derivedData/Build/Intermediates.noindex/XcodeTargetGraphGen.build/Debug-watchos/Converter-t.build/DerivedSources-normal/arm64 -Xcc -I/Users/admin/builder/spi-builder-workspace/.derivedData/Build/Intermediates.noindex/XcodeTargetGraphGen.build/Debug-watchos/Converter-t.build/DerivedSources/arm64 -Xcc -I/Users/admin/builder/spi-builder-workspace/.derivedData/Build/Intermediates.noindex/XcodeTargetGraphGen.build/Debug-watchos/Converter-t.build/DerivedSources -Xcc -DSWIFT_PACKAGE -Xcc -DDEBUG\=1 -emit-objc-header -emit-objc-header-path /Users/admin/builder/spi-builder-workspace/.derivedData/Build/Intermediates.noindex/XcodeTargetGraphGen.build/Debug-watchos/Converter-t.build/Objects-normal/arm64/Converter-Swift.h -working-directory /Users/admin/builder/spi-builder-workspace/.swiftpm/xcode -experimental-emit-module-separately -disable-cmo
Ld /Users/admin/builder/spi-builder-workspace/.derivedData/Build/Intermediates.noindex/XcodeTargetGraphGen.build/Debug-watchos/Converter-t.build/Objects-normal/arm64/Binary/Converter.o normal arm64 (in target 'Converter' from project 'XcodeTargetGraphGen')
    cd /Users/admin/builder/spi-builder-workspace
    /Applications/Xcode-27.0.0-Release.Candidate.app/Contents/Developer/Toolchains/XcodeDefault.xctoolchain/usr/bin/clang -Xlinker -reproducible -target arm64-apple-watchos9.0 -r -isysroot /Applications/Xcode-27.0.0-Release.Candidate.app/Contents/Developer/Platforms/WatchOS.platform/Developer/SDKs/WatchOS27.0.sdk -O0 -Xlinker -no_warn_duplicate_libraries -F/Users/admin/builder/spi-builder-workspace/.derivedData/Build/Intermediates.noindex/EagerLinkingTBDs/Debug-watchos -F/Users/admin/builder/spi-builder-workspace/.derivedData/Build/Products/Debug-watchos/PackageFrameworks -F/Users/admin/builder/spi-builder-workspace/.derivedData/Build/Products/Debug-watchos -iframework /Applications/Xcode-27.0.0-Release.Candidate.app/Contents/Developer/Platforms/WatchOS.platform/Developer/Library/Frameworks -iframework /Applications/Xcode-27.0.0-Release.Candidate.app/Contents/Developer/Platforms/WatchOS.platform/Developer/SDKs/WatchOS27.0.sdk/Developer/Library/Frameworks -filelist /Users/admin/builder/spi-builder-workspace/.derivedData/Build/Intermediates.noindex/XcodeTargetGraphGen.build/Debug-watchos/Converter-t.build/Objects-normal/arm64/Converter.LinkFileList -nostdlib -Xlinker -object_path_lto -Xlinker /Users/admin/builder/spi-builder-workspace/.derivedData/Build/Intermediates.noindex/XcodeTargetGraphGen.build/Debug-watchos/Converter-t.build/Objects-normal/arm64/Converter_lto.o -Xlinker -no_deduplicate -Xlinker -debug_variant -Xlinker -dependency_info -Xlinker /Users/admin/builder/spi-builder-workspace/.derivedData/Build/Intermediates.noindex/XcodeTargetGraphGen.build/Debug-watchos/Converter-t.build/Objects-normal/arm64/Converter_dependency_info.dat -fobjc-link-runtime -L/Applications/Xcode-27.0.0-Release.Candidate.app/Contents/Developer/Toolchains/XcodeDefault.xctoolchain/usr/lib/swift/watchos -L/usr/lib/swift -Xlinker -add_ast_path -Xlinker /Users/admin/builder/spi-builder-workspace/.derivedData/Build/Intermediates.noindex/XcodeTargetGraphGen.build/Debug-watchos/Converter-t.build/Objects-normal/arm64/Converter.swiftmodule -o /Users/admin/builder/spi-builder-workspace/.derivedData/Build/Intermediates.noindex/XcodeTargetGraphGen.build/Debug-watchos/Converter-t.build/Objects-normal/arm64/Binary/Converter.o
Ld /Users/admin/builder/spi-builder-workspace/.derivedData/Build/Intermediates.noindex/XcodeTargetGraphGen.build/Debug-watchos/Converter-t.build/Objects-normal/arm64_32/Binary/Converter.o normal arm64_32 (in target 'Converter' from project 'XcodeTargetGraphGen')
    cd /Users/admin/builder/spi-builder-workspace
    /Applications/Xcode-27.0.0-Release.Candidate.app/Contents/Developer/Toolchains/XcodeDefault.xctoolchain/usr/bin/clang -Xlinker -reproducible -target arm64_32-apple-watchos9.0 -r -isysroot /Applications/Xcode-27.0.0-Release.Candidate.app/Contents/Developer/Platforms/WatchOS.platform/Developer/SDKs/WatchOS27.0.sdk -O0 -Xlinker -no_warn_duplicate_libraries -F/Users/admin/builder/spi-builder-workspace/.derivedData/Build/Intermediates.noindex/EagerLinkingTBDs/Debug-watchos -F/Users/admin/builder/spi-builder-workspace/.derivedData/Build/Products/Debug-watchos/PackageFrameworks -F/Users/admin/builder/spi-builder-workspace/.derivedData/Build/Products/Debug-watchos -iframework /Applications/Xcode-27.0.0-Release.Candidate.app/Contents/Developer/Platforms/WatchOS.platform/Developer/Library/Frameworks -iframework /Applications/Xcode-27.0.0-Release.Candidate.app/Contents/Developer/Platforms/WatchOS.platform/Developer/SDKs/WatchOS27.0.sdk/Developer/Library/Frameworks -filelist /Users/admin/builder/spi-builder-workspace/.derivedData/Build/Intermediates.noindex/XcodeTargetGraphGen.build/Debug-watchos/Converter-t.build/Objects-normal/arm64_32/Converter.LinkFileList -nostdlib -Xlinker -object_path_lto -Xlinker /Users/admin/builder/spi-builder-workspace/.derivedData/Build/Intermediates.noindex/XcodeTargetGraphGen.build/Debug-watchos/Converter-t.build/Objects-normal/arm64_32/Converter_lto.o -Xlinker -no_deduplicate -Xlinker -debug_variant -Xlinker -dependency_info -Xlinker /Users/admin/builder/spi-builder-workspace/.derivedData/Build/Intermediates.noindex/XcodeTargetGraphGen.build/Debug-watchos/Converter-t.build/Objects-normal/arm64_32/Converter_dependency_info.dat -fobjc-link-runtime -L/Applications/Xcode-27.0.0-Release.Candidate.app/Contents/Developer/Toolchains/XcodeDefault.xctoolchain/usr/lib/swift/watchos -L/usr/lib/swift -Xlinker -add_ast_path -Xlinker /Users/admin/builder/spi-builder-workspace/.derivedData/Build/Intermediates.noindex/XcodeTargetGraphGen.build/Debug-watchos/Converter-t.build/Objects-normal/arm64_32/Converter.swiftmodule -o /Users/admin/builder/spi-builder-workspace/.derivedData/Build/Intermediates.noindex/XcodeTargetGraphGen.build/Debug-watchos/Converter-t.build/Objects-normal/arm64_32/Binary/Converter.o
CreateUniversalBinary /Users/admin/builder/spi-builder-workspace/.derivedData/Build/Products/Debug-watchos/Converter.o normal arm64\ arm64_32 (in target 'Converter' from project 'XcodeTargetGraphGen')
    cd /Users/admin/builder/spi-builder-workspace
    /Applications/Xcode-27.0.0-Release.Candidate.app/Contents/Developer/Toolchains/XcodeDefault.xctoolchain/usr/bin/lipo -create /Users/admin/builder/spi-builder-workspace/.derivedData/Build/Intermediates.noindex/XcodeTargetGraphGen.build/Debug-watchos/Converter-t.build/Objects-normal/arm64/Binary/Converter.o /Users/admin/builder/spi-builder-workspace/.derivedData/Build/Intermediates.noindex/XcodeTargetGraphGen.build/Debug-watchos/Converter-t.build/Objects-normal/arm64_32/Binary/Converter.o -output /Users/admin/builder/spi-builder-workspace/.derivedData/Build/Products/Debug-watchos/Converter.o
ExtractAppIntentsMetadata (in target 'Converter' from project 'XcodeTargetGraphGen')
    cd /Users/admin/builder/spi-builder-workspace
    /Applications/Xcode-27.0.0-Release.Candidate.app/Contents/Developer/Toolchains/XcodeDefault.xctoolchain/usr/bin/appintentsmetadataprocessor --toolchain-dir /var/run/com.apple.security.cryptexd/mnt/com.apple.MobileAsset.MetalToolchain-v27.1.266.1.r3opiJ/Metal.xctoolchain --module-name Converter --sdk-root /Applications/Xcode-27.0.0-Release.Candidate.app/Contents/Developer/Platforms/WatchOS.platform/Developer/SDKs/WatchOS27.0.sdk --xcode-version 27A266a --platform-family watchOS --deployment-target 9.0 --bundle-identifier spi-builder-workspace.Converter --output /Users/admin/builder/spi-builder-workspace/.derivedData/Build/Products/Debug-watchos/Converter.appintents --target-triple arm64-apple-watchos9.0 --target-triple arm64_32-apple-watchos9.0 --binary-file /Users/admin/builder/spi-builder-workspace/.derivedData/Build/Products/Debug-watchos/Converter.o --dependency-file /Users/admin/builder/spi-builder-workspace/.derivedData/Build/Intermediates.noindex/XcodeTargetGraphGen.build/Debug-watchos/Converter-t.build/Objects-normal/arm64/Converter_dependency_info.dat --dependency-file /Users/admin/builder/spi-builder-workspace/.derivedData/Build/Intermediates.noindex/XcodeTargetGraphGen.build/Debug-watchos/Converter-t.build/Objects-normal/arm64_32/Converter_dependency_info.dat --stringsdata-file /Users/admin/builder/spi-builder-workspace/.derivedData/Build/Intermediates.noindex/XcodeTargetGraphGen.build/Debug-watchos/Converter-t.build/Objects-normal/arm64/ExtractedAppShortcutsMetadata.stringsdata --stringsdata-file /Users/admin/builder/spi-builder-workspace/.derivedData/Build/Intermediates.noindex/XcodeTargetGraphGen.build/Debug-watchos/Converter-t.build/Objects-normal/arm64_32/ExtractedAppShortcutsMetadata.stringsdata --source-file-list /Users/admin/builder/spi-builder-workspace/.derivedData/Build/Intermediates.noindex/XcodeTargetGraphGen.build/Debug-watchos/Converter-t.build/Objects-normal/arm64/Converter.SwiftFileList --source-file-list /Users/admin/builder/spi-builder-workspace/.derivedData/Build/Intermediates.noindex/XcodeTargetGraphGen.build/Debug-watchos/Converter-t.build/Objects-normal/arm64_32/Converter.SwiftFileList --metadata-file-list /Users/admin/builder/spi-builder-workspace/.derivedData/Build/Intermediates.noindex/XcodeTargetGraphGen.build/Debug-watchos/Converter-t.build/Converter.DependencyMetadataFileList --static-metadata-file-list /Users/admin/builder/spi-builder-workspace/.derivedData/Build/Intermediates.noindex/XcodeTargetGraphGen.build/Debug-watchos/Converter-t.build/Converter.DependencyStaticMetadataFileList --swift-const-vals-list /Users/admin/builder/spi-builder-workspace/.derivedData/Build/Intermediates.noindex/XcodeTargetGraphGen.build/Debug-watchos/Converter-t.build/Objects-normal/arm64/Converter.SwiftConstValuesFileList --swift-const-vals-list /Users/admin/builder/spi-builder-workspace/.derivedData/Build/Intermediates.noindex/XcodeTargetGraphGen.build/Debug-watchos/Converter-t.build/Objects-normal/arm64_32/Converter.SwiftConstValuesFileList --force --compile-time-extraction --deployment-aware-processing --no-app-shortcuts-localization
2026-09-19 03:23:55.008 appintentsmetadataprocessor[1198:7333] Starting appintentsmetadataprocessor export
2026-09-19 03:23:55.072 appintentsmetadataprocessor[1198:7333] Extracted no relevant App Intents symbols, skipping writing output
SwiftEmitModule normal arm64_32 Emitting\ module\ for\ Mermaid (in target 'Mermaid' from project 'XcodeTargetGraphGen')
SwiftCompile normal arm64_32 (in target 'Mermaid' from project 'XcodeTargetGraphGen')
    cd /Users/admin/builder/spi-builder-workspace/.swiftpm/xcode

SwiftCompile normal arm64_32 Compiling\ SyntaxType.swift /Users/admin/builder/spi-builder-workspace/Sources/Formatter/Mermaid/SyntaxType.swift (in target 'Mermaid' from project 'XcodeTargetGraphGen')
SwiftCompile normal arm64_32 /Users/admin/builder/spi-builder-workspace/Sources/Formatter/Mermaid/SyntaxType.swift (in target 'Mermaid' from project 'XcodeTargetGraphGen')
    cd /Users/admin/builder/spi-builder-workspace/.swiftpm/xcode
    builtin-SwiftPerFileCompile SyntaxType.swift
SwiftEmitModule normal arm64 Emitting\ module\ for\ Mermaid (in target 'Mermaid' from project 'XcodeTargetGraphGen')
SwiftCompile normal arm64 (in target 'Mermaid' from project 'XcodeTargetGraphGen')
    cd /Users/admin/builder/spi-builder-workspace/.swiftpm/xcode

SwiftCompile normal arm64_32 Compiling\ NodeEdgeFormatter.swift /Users/admin/builder/spi-builder-workspace/Sources/Formatter/Mermaid/NodeEdgeFormatter.swift (in target 'Mermaid' from project 'XcodeTargetGraphGen')
SwiftCompile normal arm64_32 /Users/admin/builder/spi-builder-workspace/Sources/Formatter/Mermaid/NodeEdgeFormatter.swift (in target 'Mermaid' from project 'XcodeTargetGraphGen')
    cd /Users/admin/builder/spi-builder-workspace/.swiftpm/xcode
    builtin-SwiftPerFileCompile NodeEdgeFormatter.swift
SwiftCompile normal arm64 Compiling\ MermaidFormatter.swift /Users/admin/builder/spi-builder-workspace/Sources/Formatter/Mermaid/MermaidFormatter.swift (in target 'Mermaid' from project 'XcodeTargetGraphGen')
SwiftCompile normal arm64 /Users/admin/builder/spi-builder-workspace/Sources/Formatter/Mermaid/MermaidFormatter.swift (in target 'Mermaid' from project 'XcodeTargetGraphGen')
    cd /Users/admin/builder/spi-builder-workspace/.swiftpm/xcode
    builtin-SwiftPerFileCompile MermaidFormatter.swift
SwiftCompile normal arm64_32 Compiling\ MermaidFormatter.swift /Users/admin/builder/spi-builder-workspace/Sources/Formatter/Mermaid/MermaidFormatter.swift (in target 'Mermaid' from project 'XcodeTargetGraphGen')
SwiftCompile normal arm64_32 /Users/admin/builder/spi-builder-workspace/Sources/Formatter/Mermaid/MermaidFormatter.swift (in target 'Mermaid' from project 'XcodeTargetGraphGen')
    cd /Users/admin/builder/spi-builder-workspace/.swiftpm/xcode
    builtin-SwiftPerFileCompile MermaidFormatter.swift
SwiftCompile normal arm64_32 Compiling\ SubgraphFormatter.swift /Users/admin/builder/spi-builder-workspace/Sources/Formatter/Mermaid/SubgraphFormatter.swift (in target 'Mermaid' from project 'XcodeTargetGraphGen')
SwiftCompile normal arm64_32 /Users/admin/builder/spi-builder-workspace/Sources/Formatter/Mermaid/SubgraphFormatter.swift (in target 'Mermaid' from project 'XcodeTargetGraphGen')
    cd /Users/admin/builder/spi-builder-workspace/.swiftpm/xcode
    builtin-SwiftPerFileCompile SubgraphFormatter.swift
SwiftDriverJobDiscovery normal arm64_32 Compiling NodeEdgeFormatter.swift (in target 'Mermaid' from project 'XcodeTargetGraphGen')
SwiftCompile normal arm64 Compiling\ SubgraphFormatter.swift /Users/admin/builder/spi-builder-workspace/Sources/Formatter/Mermaid/SubgraphFormatter.swift (in target 'Mermaid' from project 'XcodeTargetGraphGen')
SwiftCompile normal arm64 /Users/admin/builder/spi-builder-workspace/Sources/Formatter/Mermaid/SubgraphFormatter.swift (in target 'Mermaid' from project 'XcodeTargetGraphGen')
    cd /Users/admin/builder/spi-builder-workspace/.swiftpm/xcode
    builtin-SwiftPerFileCompile SubgraphFormatter.swift
SwiftDriverJobDiscovery normal arm64 Emitting module for Mermaid (in target 'Mermaid' from project 'XcodeTargetGraphGen')
SwiftDriver\ Compilation\ Requirements Mermaid normal arm64 com.apple.xcode.tools.swift.compiler (in target 'Mermaid' from project 'XcodeTargetGraphGen')
    cd /Users/admin/builder/spi-builder-workspace/.swiftpm/xcode
    builtin-Swift-Compilation-Requirements -- /Applications/Xcode-27.0.0-Release.Candidate.app/Contents/Developer/Toolchains/XcodeDefault.xctoolchain/usr/bin/swiftc -parse-as-library -module-name Mermaid -Onone @/Users/admin/builder/spi-builder-workspace/.derivedData/Build/Intermediates.noindex/XcodeTargetGraphGen.build/Debug-watchos/Mermaid-t.build/Objects-normal/arm64/Mermaid.SwiftFileList -DSWIFT_PACKAGE -DDEBUG -DSWIFT_MODULE_RESOURCE_BUNDLE_UNAVAILABLE -DXcode -plugin-path /Applications/Xcode-27.0.0-Release.Candidate.app/Contents/Developer/Toolchains/XcodeDefault.xctoolchain/usr/lib/swift/host/plugins/testing -enable-experimental-feature DebugDescriptionMacro -sdk /Applications/Xcode-27.0.0-Release.Candidate.app/Contents/Developer/Platforms/WatchOS.platform/Developer/SDKs/WatchOS27.0.sdk -target arm64-apple-watchos9.0 -g -module-cache-path /Users/admin/builder/spi-builder-workspace/.derivedData/ModuleCache.noindex -Xfrontend -serialize-debugging-options -profile-coverage-mapping -profile-generate -enable-testing -index-store-path /Users/admin/builder/spi-builder-workspace/.derivedData/Index.noindex/DataStore -Xcc -D_LIBCPP_HARDENING_MODE\=_LIBCPP_HARDENING_MODE_DEBUG -swift-version 5 -I /Users/admin/builder/spi-builder-workspace/.derivedData/Build/Products/Debug-watchos -Isystem /Applications/Xcode-27.0.0-Release.Candidate.app/Contents/Developer/Platforms/WatchOS.platform/Developer/usr/lib -F /Users/admin/builder/spi-builder-workspace/.derivedData/Build/Products/Debug-watchos/PackageFrameworks -F /Users/admin/builder/spi-builder-workspace/.derivedData/Build/Products/Debug-watchos -F /Applications/Xcode-27.0.0-Release.Candidate.app/Contents/Developer/Platforms/WatchOS.platform/Developer/Library/Frameworks -F /Applications/Xcode-27.0.0-Release.Candidate.app/Contents/Developer/Platforms/WatchOS.platform/Developer/SDKs/WatchOS27.0.sdk/Developer/Library/Frameworks -c -j10 -enable-batch-mode -incremental -Xcc -ivfsstatcache -Xcc /Users/admin/builder/spi-builder-workspace/.derivedData/SDKStatCaches.noindex/watchos27.0-24R360-e829b21a6f8c9b70876ba0858053c04477534ef55a1706bf4c1112bbb242f0a2.sdkstatcache -output-file-map /Users/admin/builder/spi-builder-workspace/.derivedData/Build/Intermediates.noindex/XcodeTargetGraphGen.build/Debug-watchos/Mermaid-t.build/Objects-normal/arm64/Mermaid-OutputFileMap.json -save-temps -no-color-diagnostics -explicit-module-build -module-cache-path /Users/admin/builder/spi-builder-workspace/.derivedData/Build/Intermediates.noindex/SwiftExplicitPrecompiledModules -clang-scanner-module-cache-path /Users/admin/builder/spi-builder-workspace/.derivedData/ModuleCache.noindex -sdk-module-cache-path /Users/admin/builder/spi-builder-workspace/.derivedData/SDKExplicitPrecompiledModules -emit-dependencies -emit-module -emit-module-path /Users/admin/builder/spi-builder-workspace/.derivedData/Build/Intermediates.noindex/XcodeTargetGraphGen.build/Debug-watchos/Mermaid-t.build/Objects-normal/arm64/Mermaid.swiftmodule -serialize-diagnostics -dependency-scan-serialize-diagnostics-path /Users/admin/builder/spi-builder-workspace/.derivedData/Build/Intermediates.noindex/XcodeTargetGraphGen.build/Debug-watchos/Mermaid-t.build/Objects-normal/arm64/Mermaid-dependency-scan.dia -validate-clang-modules-once -clang-build-session-file /Users/admin/builder/spi-builder-workspace/.derivedData/ModuleCache.noindex/Session.modulevalidation -Xcc -fmodules-prune-interval\=86400 -Xcc -fmodules-prune-after\=345600 -emit-const-values -const-gather-protocols-list /Users/admin/builder/spi-builder-workspace/.derivedData/Build/Intermediates.noindex/XcodeTargetGraphGen.build/Debug-watchos/Mermaid-t.build/Objects-normal/arm64/Mermaid_const_extract_protocols.json -Xcc -I/Users/admin/builder/spi-builder-workspace/.derivedData/Build/Products/Debug-watchos/include -Xcc -I/Users/admin/builder/spi-builder-workspace/.derivedData/Build/Intermediates.noindex/XcodeTargetGraphGen.build/Debug-watchos/Mermaid-t.build/DerivedSources-normal/arm64 -Xcc -I/Users/admin/builder/spi-builder-workspace/.derivedData/Build/Intermediates.noindex/XcodeTargetGraphGen.build/Debug-watchos/Mermaid-t.build/DerivedSources/arm64 -Xcc -I/Users/admin/builder/spi-builder-workspace/.derivedData/Build/Intermediates.noindex/XcodeTargetGraphGen.build/Debug-watchos/Mermaid-t.build/DerivedSources -Xcc -DSWIFT_PACKAGE -Xcc -DDEBUG\=1 -emit-objc-header -emit-objc-header-path /Users/admin/builder/spi-builder-workspace/.derivedData/Build/Intermediates.noindex/XcodeTargetGraphGen.build/Debug-watchos/Mermaid-t.build/Objects-normal/arm64/Mermaid-Swift.h -working-directory /Users/admin/builder/spi-builder-workspace/.swiftpm/xcode -experimental-emit-module-separately -disable-cmo
SwiftDriverJobDiscovery normal arm64_32 Emitting module for Mermaid (in target 'Mermaid' from project 'XcodeTargetGraphGen')
SwiftDriver\ Compilation\ Requirements Mermaid normal arm64_32 com.apple.xcode.tools.swift.compiler (in target 'Mermaid' from project 'XcodeTargetGraphGen')
    cd /Users/admin/builder/spi-builder-workspace/.swiftpm/xcode
    builtin-Swift-Compilation-Requirements -- /Applications/Xcode-27.0.0-Release.Candidate.app/Contents/Developer/Toolchains/XcodeDefault.xctoolchain/usr/bin/swiftc -parse-as-library -module-name Mermaid -Onone @/Users/admin/builder/spi-builder-workspace/.derivedData/Build/Intermediates.noindex/XcodeTargetGraphGen.build/Debug-watchos/Mermaid-t.build/Objects-normal/arm64_32/Mermaid.SwiftFileList -DSWIFT_PACKAGE -DDEBUG -DSWIFT_MODULE_RESOURCE_BUNDLE_UNAVAILABLE -DXcode -plugin-path /Applications/Xcode-27.0.0-Release.Candidate.app/Contents/Developer/Toolchains/XcodeDefault.xctoolchain/usr/lib/swift/host/plugins/testing -enable-experimental-feature DebugDescriptionMacro -sdk /Applications/Xcode-27.0.0-Release.Candidate.app/Contents/Developer/Platforms/WatchOS.platform/Developer/SDKs/WatchOS27.0.sdk -target arm64_32-apple-watchos9.0 -g -module-cache-path /Users/admin/builder/spi-builder-workspace/.derivedData/ModuleCache.noindex -Xfrontend -serialize-debugging-options -profile-coverage-mapping -profile-generate -enable-testing -index-store-path /Users/admin/builder/spi-builder-workspace/.derivedData/Index.noindex/DataStore -Xcc -D_LIBCPP_HARDENING_MODE\=_LIBCPP_HARDENING_MODE_DEBUG -swift-version 5 -I /Users/admin/builder/spi-builder-workspace/.derivedData/Build/Products/Debug-watchos -Isystem /Applications/Xcode-27.0.0-Release.Candidate.app/Contents/Developer/Platforms/WatchOS.platform/Developer/usr/lib -F /Users/admin/builder/spi-builder-workspace/.derivedData/Build/Products/Debug-watchos/PackageFrameworks -F /Users/admin/builder/spi-builder-workspace/.derivedData/Build/Products/Debug-watchos -F /Applications/Xcode-27.0.0-Release.Candidate.app/Contents/Developer/Platforms/WatchOS.platform/Developer/Library/Frameworks -F /Applications/Xcode-27.0.0-Release.Candidate.app/Contents/Developer/Platforms/WatchOS.platform/Developer/SDKs/WatchOS27.0.sdk/Developer/Library/Frameworks -c -j10 -enable-batch-mode -incremental -Xcc -ivfsstatcache -Xcc /Users/admin/builder/spi-builder-workspace/.derivedData/SDKStatCaches.noindex/watchos27.0-24R360-e829b21a6f8c9b70876ba0858053c04477534ef55a1706bf4c1112bbb242f0a2.sdkstatcache -output-file-map /Users/admin/builder/spi-builder-workspace/.derivedData/Build/Intermediates.noindex/XcodeTargetGraphGen.build/Debug-watchos/Mermaid-t.build/Objects-normal/arm64_32/Mermaid-OutputFileMap.json -save-temps -no-color-diagnostics -explicit-module-build -module-cache-path /Users/admin/builder/spi-builder-workspace/.derivedData/Build/Intermediates.noindex/SwiftExplicitPrecompiledModules -clang-scanner-module-cache-path /Users/admin/builder/spi-builder-workspace/.derivedData/ModuleCache.noindex -sdk-module-cache-path /Users/admin/builder/spi-builder-workspace/.derivedData/SDKExplicitPrecompiledModules -emit-dependencies -emit-module -emit-module-path /Users/admin/builder/spi-builder-workspace/.derivedData/Build/Intermediates.noindex/XcodeTargetGraphGen.build/Debug-watchos/Mermaid-t.build/Objects-normal/arm64_32/Mermaid.swiftmodule -serialize-diagnostics -dependency-scan-serialize-diagnostics-path /Users/admin/builder/spi-builder-workspace/.derivedData/Build/Intermediates.noindex/XcodeTargetGraphGen.build/Debug-watchos/Mermaid-t.build/Objects-normal/arm64_32/Mermaid-dependency-scan.dia -validate-clang-modules-once -clang-build-session-file /Users/admin/builder/spi-builder-workspace/.derivedData/ModuleCache.noindex/Session.modulevalidation -Xcc -fmodules-prune-interval\=86400 -Xcc -fmodules-prune-after\=345600 -emit-const-values -const-gather-protocols-list /Users/admin/builder/spi-builder-workspace/.derivedData/Build/Intermediates.noindex/XcodeTargetGraphGen.build/Debug-watchos/Mermaid-t.build/Objects-normal/arm64_32/Mermaid_const_extract_protocols.json -Xcc -I/Users/admin/builder/spi-builder-workspace/.derivedData/Build/Products/Debug-watchos/include -Xcc -I/Users/admin/builder/spi-builder-workspace/.derivedData/Build/Intermediates.noindex/XcodeTargetGraphGen.build/Debug-watchos/Mermaid-t.build/DerivedSources-normal/arm64_32 -Xcc -I/Users/admin/builder/spi-builder-workspace/.derivedData/Build/Intermediates.noindex/XcodeTargetGraphGen.build/Debug-watchos/Mermaid-t.build/DerivedSources/arm64_32 -Xcc -I/Users/admin/builder/spi-builder-workspace/.derivedData/Build/Intermediates.noindex/XcodeTargetGraphGen.build/Debug-watchos/Mermaid-t.build/DerivedSources -Xcc -DSWIFT_PACKAGE -Xcc -DDEBUG\=1 -emit-objc-header -emit-objc-header-path /Users/admin/builder/spi-builder-workspace/.derivedData/Build/Intermediates.noindex/XcodeTargetGraphGen.build/Debug-watchos/Mermaid-t.build/Objects-normal/arm64_32/Mermaid-Swift.h -working-directory /Users/admin/builder/spi-builder-workspace/.swiftpm/xcode -experimental-emit-module-separately -disable-cmo
Copy /Users/admin/builder/spi-builder-workspace/.derivedData/Build/Products/Debug-watchos/Mermaid.swiftmodule/arm64-apple-watchos.swiftmodule /Users/admin/builder/spi-builder-workspace/.derivedData/Build/Intermediates.noindex/XcodeTargetGraphGen.build/Debug-watchos/Mermaid-t.build/Objects-normal/arm64/Mermaid.swiftmodule (in target 'Mermaid' from project 'XcodeTargetGraphGen')
    cd /Users/admin/builder/spi-builder-workspace
    builtin-copy -exclude .DS_Store -exclude CVS -exclude .svn -exclude .git -exclude .hg -resolve-src-symlinks -rename /Users/admin/builder/spi-builder-workspace/.derivedData/Build/Intermediates.noindex/XcodeTargetGraphGen.build/Debug-watchos/Mermaid-t.build/Objects-normal/arm64/Mermaid.swiftmodule /Users/admin/builder/spi-builder-workspace/.derivedData/Build/Products/Debug-watchos/Mermaid.swiftmodule/arm64-apple-watchos.swiftmodule
SwiftMergeGeneratedHeaders /Users/admin/builder/spi-builder-workspace/.derivedData/Build/Intermediates.noindex/GeneratedModuleMaps-watchos/Mermaid-Swift.h /Users/admin/builder/spi-builder-workspace/.derivedData/Build/Intermediates.noindex/XcodeTargetGraphGen.build/Debug-watchos/Mermaid-t.build/Objects-normal/arm64/Mermaid-Swift.h /Users/admin/builder/spi-builder-workspace/.derivedData/Build/Intermediates.noindex/XcodeTargetGraphGen.build/Debug-watchos/Mermaid-t.build/Objects-normal/arm64_32/Mermaid-Swift.h (in target 'Mermaid' from project 'XcodeTargetGraphGen')
    cd /Users/admin/builder/spi-builder-workspace
    builtin-swiftHeaderTool -arch arm64 /Users/admin/builder/spi-builder-workspace/.derivedData/Build/Intermediates.noindex/XcodeTargetGraphGen.build/Debug-watchos/Mermaid-t.build/Objects-normal/arm64/Mermaid-Swift.h -arch arm64_32 /Users/admin/builder/spi-builder-workspace/.derivedData/Build/Intermediates.noindex/XcodeTargetGraphGen.build/Debug-watchos/Mermaid-t.build/Objects-normal/arm64_32/Mermaid-Swift.h -o /Users/admin/builder/spi-builder-workspace/.derivedData/Build/Intermediates.noindex/GeneratedModuleMaps-watchos/Mermaid-Swift.h
Copy /Users/admin/builder/spi-builder-workspace/.derivedData/Build/Products/Debug-watchos/Mermaid.swiftmodule/arm64_32-apple-watchos.swiftmodule /Users/admin/builder/spi-builder-workspace/.derivedData/Build/Intermediates.noindex/XcodeTargetGraphGen.build/Debug-watchos/Mermaid-t.build/Objects-normal/arm64_32/Mermaid.swiftmodule (in target 'Mermaid' from project 'XcodeTargetGraphGen')
    cd /Users/admin/builder/spi-builder-workspace
    builtin-copy -exclude .DS_Store -exclude CVS -exclude .svn -exclude .git -exclude .hg -resolve-src-symlinks -rename /Users/admin/builder/spi-builder-workspace/.derivedData/Build/Intermediates.noindex/XcodeTargetGraphGen.build/Debug-watchos/Mermaid-t.build/Objects-normal/arm64_32/Mermaid.swiftmodule /Users/admin/builder/spi-builder-workspace/.derivedData/Build/Products/Debug-watchos/Mermaid.swiftmodule/arm64_32-apple-watchos.swiftmodule
Copy /Users/admin/builder/spi-builder-workspace/.derivedData/Build/Products/Debug-watchos/Mermaid.swiftmodule/arm64_32-apple-watchos.swiftdoc /Users/admin/builder/spi-builder-workspace/.derivedData/Build/Intermediates.noindex/XcodeTargetGraphGen.build/Debug-watchos/Mermaid-t.build/Objects-normal/arm64_32/Mermaid.swiftdoc (in target 'Mermaid' from project 'XcodeTargetGraphGen')
    cd /Users/admin/builder/spi-builder-workspace
    builtin-copy -exclude .DS_Store -exclude CVS -exclude .svn -exclude .git -exclude .hg -resolve-src-symlinks -rename /Users/admin/builder/spi-builder-workspace/.derivedData/Build/Intermediates.noindex/XcodeTargetGraphGen.build/Debug-watchos/Mermaid-t.build/Objects-normal/arm64_32/Mermaid.swiftdoc /Users/admin/builder/spi-builder-workspace/.derivedData/Build/Products/Debug-watchos/Mermaid.swiftmodule/arm64_32-apple-watchos.swiftdoc
Copy /Users/admin/builder/spi-builder-workspace/.derivedData/Build/Products/Debug-watchos/Mermaid.swiftmodule/arm64_32-apple-watchos.abi.json /Users/admin/builder/spi-builder-workspace/.derivedData/Build/Intermediates.noindex/XcodeTargetGraphGen.build/Debug-watchos/Mermaid-t.build/Objects-normal/arm64_32/Mermaid.abi.json (in target 'Mermaid' from project 'XcodeTargetGraphGen')
    cd /Users/admin/builder/spi-builder-workspace
    builtin-copy -exclude .DS_Store -exclude CVS -exclude .svn -exclude .git -exclude .hg -resolve-src-symlinks -rename /Users/admin/builder/spi-builder-workspace/.derivedData/Build/Intermediates.noindex/XcodeTargetGraphGen.build/Debug-watchos/Mermaid-t.build/Objects-normal/arm64_32/Mermaid.abi.json /Users/admin/builder/spi-builder-workspace/.derivedData/Build/Products/Debug-watchos/Mermaid.swiftmodule/arm64_32-apple-watchos.abi.json
Copy /Users/admin/builder/spi-builder-workspace/.derivedData/Build/Products/Debug-watchos/Mermaid.swiftmodule/arm64-apple-watchos.swiftdoc /Users/admin/builder/spi-builder-workspace/.derivedData/Build/Intermediates.noindex/XcodeTargetGraphGen.build/Debug-watchos/Mermaid-t.build/Objects-normal/arm64/Mermaid.swiftdoc (in target 'Mermaid' from project 'XcodeTargetGraphGen')
    cd /Users/admin/builder/spi-builder-workspace
    builtin-copy -exclude .DS_Store -exclude CVS -exclude .svn -exclude .git -exclude .hg -resolve-src-symlinks -rename /Users/admin/builder/spi-builder-workspace/.derivedData/Build/Intermediates.noindex/XcodeTargetGraphGen.build/Debug-watchos/Mermaid-t.build/Objects-normal/arm64/Mermaid.swiftdoc /Users/admin/builder/spi-builder-workspace/.derivedData/Build/Products/Debug-watchos/Mermaid.swiftmodule/arm64-apple-watchos.swiftdoc
Copy /Users/admin/builder/spi-builder-workspace/.derivedData/Build/Products/Debug-watchos/Mermaid.swiftmodule/arm64-apple-watchos.abi.json /Users/admin/builder/spi-builder-workspace/.derivedData/Build/Intermediates.noindex/XcodeTargetGraphGen.build/Debug-watchos/Mermaid-t.build/Objects-normal/arm64/Mermaid.abi.json (in target 'Mermaid' from project 'XcodeTargetGraphGen')
    cd /Users/admin/builder/spi-builder-workspace
    builtin-copy -exclude .DS_Store -exclude CVS -exclude .svn -exclude .git -exclude .hg -resolve-src-symlinks -rename /Users/admin/builder/spi-builder-workspace/.derivedData/Build/Intermediates.noindex/XcodeTargetGraphGen.build/Debug-watchos/Mermaid-t.build/Objects-normal/arm64/Mermaid.abi.json /Users/admin/builder/spi-builder-workspace/.derivedData/Build/Products/Debug-watchos/Mermaid.swiftmodule/arm64-apple-watchos.abi.json
Copy /Users/admin/builder/spi-builder-workspace/.derivedData/Build/Products/Debug-watchos/Mermaid.swiftmodule/Project/arm64_32-apple-watchos.swiftsourceinfo /Users/admin/builder/spi-builder-workspace/.derivedData/Build/Intermediates.noindex/XcodeTargetGraphGen.build/Debug-watchos/Mermaid-t.build/Objects-normal/arm64_32/Mermaid.swiftsourceinfo (in target 'Mermaid' from project 'XcodeTargetGraphGen')
    cd /Users/admin/builder/spi-builder-workspace
    builtin-copy -exclude .DS_Store -exclude CVS -exclude .svn -exclude .git -exclude .hg -resolve-src-symlinks -rename /Users/admin/builder/spi-builder-workspace/.derivedData/Build/Intermediates.noindex/XcodeTargetGraphGen.build/Debug-watchos/Mermaid-t.build/Objects-normal/arm64_32/Mermaid.swiftsourceinfo /Users/admin/builder/spi-builder-workspace/.derivedData/Build/Products/Debug-watchos/Mermaid.swiftmodule/Project/arm64_32-apple-watchos.swiftsourceinfo
SwiftDriverJobDiscovery normal arm64_32 Compiling SyntaxType.swift (in target 'Mermaid' from project 'XcodeTargetGraphGen')
Copy /Users/admin/builder/spi-builder-workspace/.derivedData/Build/Products/Debug-watchos/Mermaid.swiftmodule/Project/arm64-apple-watchos.swiftsourceinfo /Users/admin/builder/spi-builder-workspace/.derivedData/Build/Intermediates.noindex/XcodeTargetGraphGen.build/Debug-watchos/Mermaid-t.build/Objects-normal/arm64/Mermaid.swiftsourceinfo (in target 'Mermaid' from project 'XcodeTargetGraphGen')
    cd /Users/admin/builder/spi-builder-workspace
    builtin-copy -exclude .DS_Store -exclude CVS -exclude .svn -exclude .git -exclude .hg -resolve-src-symlinks -rename /Users/admin/builder/spi-builder-workspace/.derivedData/Build/Intermediates.noindex/XcodeTargetGraphGen.build/Debug-watchos/Mermaid-t.build/Objects-normal/arm64/Mermaid.swiftsourceinfo /Users/admin/builder/spi-builder-workspace/.derivedData/Build/Products/Debug-watchos/Mermaid.swiftmodule/Project/arm64-apple-watchos.swiftsourceinfo
SwiftCompile normal arm64 Compiling\ SyntaxType.swift /Users/admin/builder/spi-builder-workspace/Sources/Formatter/Mermaid/SyntaxType.swift (in target 'Mermaid' from project 'XcodeTargetGraphGen')
SwiftCompile normal arm64 /Users/admin/builder/spi-builder-workspace/Sources/Formatter/Mermaid/SyntaxType.swift (in target 'Mermaid' from project 'XcodeTargetGraphGen')
    cd /Users/admin/builder/spi-builder-workspace/.swiftpm/xcode
    builtin-SwiftPerFileCompile SyntaxType.swift
SwiftCompile normal arm64 Compiling\ NodeEdgeFormatter.swift /Users/admin/builder/spi-builder-workspace/Sources/Formatter/Mermaid/NodeEdgeFormatter.swift (in target 'Mermaid' from project 'XcodeTargetGraphGen')
SwiftCompile normal arm64 /Users/admin/builder/spi-builder-workspace/Sources/Formatter/Mermaid/NodeEdgeFormatter.swift (in target 'Mermaid' from project 'XcodeTargetGraphGen')
    cd /Users/admin/builder/spi-builder-workspace/.swiftpm/xcode
    builtin-SwiftPerFileCompile NodeEdgeFormatter.swift
SwiftEmitModule normal arm64_32 Emitting\ module\ for\ XcodeProj (in target 'XcodeProj' from project 'XcodeProj')
SwiftCompile normal arm64_32 (in target 'XcodeProj' from project 'XcodeProj')
    cd /Users/admin/builder/spi-builder-workspace/.swiftpm/xcode

SwiftEmitModule normal arm64 Emitting\ module\ for\ XcodeProj (in target 'XcodeProj' from project 'XcodeProj')
SwiftCompile normal arm64 (in target 'XcodeProj' from project 'XcodeProj')
    cd /Users/admin/builder/spi-builder-workspace/.swiftpm/xcode

SwiftCompile normal arm64_32 Compiling\ PBXProject.swift,\ Equality.generated.swift,\ Sourcery.swift,\ XCLocalSwiftPackageReference.swift,\ XCRemoteSwiftPackageReference.swift,\ XCSwiftPackageProductDependency.swift,\ PBXAggregateTarget.swift,\ PBXLegacyTarget.swift,\ PBXNativeTarget.swift,\ PBXProductType.swift /Users/admin/builder/spi-builder-workspace/.dependencies/checkouts/XcodeProj/Sources/XcodeProj/Objects/Project/PBXProject.swift /Users/admin/builder/spi-builder-workspace/.dependencies/checkouts/XcodeProj/Sources/XcodeProj/Objects/Sourcery/Equality.generated.swift /Users/admin/builder/spi-builder-workspace/.dependencies/checkouts/XcodeProj/Sources/XcodeProj/Objects/Sourcery/Sourcery.swift /Users/admin/builder/spi-builder-workspace/.dependencies/checkouts/XcodeProj/Sources/XcodeProj/Objects/SwiftPackage/XCLocalSwiftPackageReference.swift /Users/admin/builder/spi-builder-workspace/.dependencies/checkouts/XcodeProj/Sources/XcodeProj/Objects/SwiftPackage/XCRemoteSwiftPackageReference.swift /Users/admin/builder/spi-builder-workspace/.dependencies/checkouts/XcodeProj/Sources/XcodeProj/Objects/SwiftPackage/XCSwiftPackageProductDependency.swift /Users/admin/builder/spi-builder-workspace/.dependencies/checkouts/XcodeProj/Sources/XcodeProj/Objects/Targets/PBXAggregateTarget.swift /Users/admin/builder/spi-builder-workspace/.dependencies/checkouts/XcodeProj/Sources/XcodeProj/Objects/Targets/PBXLegacyTarget.swift /Users/admin/builder/spi-builder-workspace/.dependencies/checkouts/XcodeProj/Sources/XcodeProj/Objects/Targets/PBXNativeTarget.swift /Users/admin/builder/spi-builder-workspace/.dependencies/checkouts/XcodeProj/Sources/XcodeProj/Objects/Targets/PBXProductType.swift (in target 'XcodeProj' from project 'XcodeProj')
SwiftCompile normal arm64_32 /Users/admin/builder/spi-builder-workspace/.dependencies/checkouts/XcodeProj/Sources/XcodeProj/Objects/Project/PBXProject.swift (in target 'XcodeProj' from project 'XcodeProj')
    cd /Users/admin/builder/spi-builder-workspace/.swiftpm/xcode
    builtin-SwiftPerFileCompile PBXProject.swift
SwiftCompile normal arm64_32 /Users/admin/builder/spi-builder-workspace/.dependencies/checkouts/XcodeProj/Sources/XcodeProj/Objects/Sourcery/Equality.generated.swift (in target 'XcodeProj' from project 'XcodeProj')
    cd /Users/admin/builder/spi-builder-workspace/.swiftpm/xcode
    builtin-SwiftPerFileCompile Equality.generated.swift
SwiftCompile normal arm64_32 /Users/admin/builder/spi-builder-workspace/.dependencies/checkouts/XcodeProj/Sources/XcodeProj/Objects/Sourcery/Sourcery.swift (in target 'XcodeProj' from project 'XcodeProj')
    cd /Users/admin/builder/spi-builder-workspace/.swiftpm/xcode
    builtin-SwiftPerFileCompile Sourcery.swift
SwiftCompile normal arm64_32 /Users/admin/builder/spi-builder-workspace/.dependencies/checkouts/XcodeProj/Sources/XcodeProj/Objects/SwiftPackage/XCLocalSwiftPackageReference.swift (in target 'XcodeProj' from project 'XcodeProj')
    cd /Users/admin/builder/spi-builder-workspace/.swiftpm/xcode
    builtin-SwiftPerFileCompile XCLocalSwiftPackageReference.swift
SwiftCompile normal arm64_32 /Users/admin/builder/spi-builder-workspace/.dependencies/checkouts/XcodeProj/Sources/XcodeProj/Objects/SwiftPackage/XCRemoteSwiftPackageReference.swift (in target 'XcodeProj' from project 'XcodeProj')
    cd /Users/admin/builder/spi-builder-workspace/.swiftpm/xcode
    builtin-SwiftPerFileCompile XCRemoteSwiftPackageReference.swift
SwiftCompile normal arm64_32 /Users/admin/builder/spi-builder-workspace/.dependencies/checkouts/XcodeProj/Sources/XcodeProj/Objects/SwiftPackage/XCSwiftPackageProductDependency.swift (in target 'XcodeProj' from project 'XcodeProj')
    cd /Users/admin/builder/spi-builder-workspace/.swiftpm/xcode
    builtin-SwiftPerFileCompile XCSwiftPackageProductDependency.swift
SwiftCompile normal arm64_32 /Users/admin/builder/spi-builder-workspace/.dependencies/checkouts/XcodeProj/Sources/XcodeProj/Objects/Targets/PBXAggregateTarget.swift (in target 'XcodeProj' from project 'XcodeProj')
    cd /Users/admin/builder/spi-builder-workspace/.swiftpm/xcode
    builtin-SwiftPerFileCompile PBXAggregateTarget.swift
SwiftCompile normal arm64_32 /Users/admin/builder/spi-builder-workspace/.dependencies/checkouts/XcodeProj/Sources/XcodeProj/Objects/Targets/PBXLegacyTarget.swift (in target 'XcodeProj' from project 'XcodeProj')
    cd /Users/admin/builder/spi-builder-workspace/.swiftpm/xcode
    builtin-SwiftPerFileCompile PBXLegacyTarget.swift
SwiftCompile normal arm64_32 /Users/admin/builder/spi-builder-workspace/.dependencies/checkouts/XcodeProj/Sources/XcodeProj/Objects/Targets/PBXNativeTarget.swift (in target 'XcodeProj' from project 'XcodeProj')
    cd /Users/admin/builder/spi-builder-workspace/.swiftpm/xcode
    builtin-SwiftPerFileCompile PBXNativeTarget.swift
SwiftCompile normal arm64_32 /Users/admin/builder/spi-builder-workspace/.dependencies/checkouts/XcodeProj/Sources/XcodeProj/Objects/Targets/PBXProductType.swift (in target 'XcodeProj' from project 'XcodeProj')
    cd /Users/admin/builder/spi-builder-workspace/.swiftpm/xcode
    builtin-SwiftPerFileCompile PBXProductType.swift
SwiftCompile normal arm64 Compiling\ PBXReferenceProxy.swift,\ PBXTarget.swift,\ PBXTargetDependency.swift,\ WorkspaceSettings.swift,\ XCBreakpointList.swift,\ XCDebugger.swift,\ XCSharedData.swift,\ XCUserData.swift,\ Xcode.swift,\ XcodeProj.swift /Users/admin/builder/spi-builder-workspace/.dependencies/checkouts/XcodeProj/Sources/XcodeProj/Objects/Targets/PBXReferenceProxy.swift /Users/admin/builder/spi-builder-workspace/.dependencies/checkouts/XcodeProj/Sources/XcodeProj/Objects/Targets/PBXTarget.swift /Users/admin/builder/spi-builder-workspace/.dependencies/checkouts/XcodeProj/Sources/XcodeProj/Objects/Targets/PBXTargetDependency.swift /Users/admin/builder/spi-builder-workspace/.dependencies/checkouts/XcodeProj/Sources/XcodeProj/Project/WorkspaceSettings.swift /Users/admin/builder/spi-builder-workspace/.dependencies/checkouts/XcodeProj/Sources/XcodeProj/Project/XCBreakpointList.swift /Users/admin/builder/spi-builder-workspace/.dependencies/checkouts/XcodeProj/Sources/XcodeProj/Project/XCDebugger.swift /Users/admin/builder/spi-builder-workspace/.dependencies/checkouts/XcodeProj/Sources/XcodeProj/Project/XCSharedData.swift /Users/admin/builder/spi-builder-workspace/.dependencies/checkouts/XcodeProj/Sources/XcodeProj/Project/XCUserData.swift /Users/admin/builder/spi-builder-workspace/.dependencies/checkouts/XcodeProj/Sources/XcodeProj/Project/Xcode.swift /Users/admin/builder/spi-builder-workspace/.dependencies/checkouts/XcodeProj/Sources/XcodeProj/Project/XcodeProj.swift (in target 'XcodeProj' from project 'XcodeProj')
SwiftCompile normal arm64 /Users/admin/builder/spi-builder-workspace/.dependencies/checkouts/XcodeProj/Sources/XcodeProj/Objects/Targets/PBXReferenceProxy.swift (in target 'XcodeProj' from project 'XcodeProj')
    cd /Users/admin/builder/spi-builder-workspace/.swiftpm/xcode
    builtin-SwiftPerFileCompile PBXReferenceProxy.swift
SwiftCompile normal arm64 /Users/admin/builder/spi-builder-workspace/.dependencies/checkouts/XcodeProj/Sources/XcodeProj/Objects/Targets/PBXTarget.swift (in target 'XcodeProj' from project 'XcodeProj')
    cd /Users/admin/builder/spi-builder-workspace/.swiftpm/xcode
    builtin-SwiftPerFileCompile PBXTarget.swift
SwiftCompile normal arm64 /Users/admin/builder/spi-builder-workspace/.dependencies/checkouts/XcodeProj/Sources/XcodeProj/Objects/Targets/PBXTargetDependency.swift (in target 'XcodeProj' from project 'XcodeProj')
    cd /Users/admin/builder/spi-builder-workspace/.swiftpm/xcode
    builtin-SwiftPerFileCompile PBXTargetDependency.swift
SwiftCompile normal arm64 /Users/admin/builder/spi-builder-workspace/.dependencies/checkouts/XcodeProj/Sources/XcodeProj/Project/WorkspaceSettings.swift (in target 'XcodeProj' from project 'XcodeProj')
    cd /Users/admin/builder/spi-builder-workspace/.swiftpm/xcode
    builtin-SwiftPerFileCompile WorkspaceSettings.swift
SwiftCompile normal arm64 /Users/admin/builder/spi-builder-workspace/.dependencies/checkouts/XcodeProj/Sources/XcodeProj/Project/XCBreakpointList.swift (in target 'XcodeProj' from project 'XcodeProj')
    cd /Users/admin/builder/spi-builder-workspace/.swiftpm/xcode
    builtin-SwiftPerFileCompile XCBreakpointList.swift
SwiftCompile normal arm64 /Users/admin/builder/spi-builder-workspace/.dependencies/checkouts/XcodeProj/Sources/XcodeProj/Project/XCDebugger.swift (in target 'XcodeProj' from project 'XcodeProj')
    cd /Users/admin/builder/spi-builder-workspace/.swiftpm/xcode
    builtin-SwiftPerFileCompile XCDebugger.swift
SwiftCompile normal arm64 /Users/admin/builder/spi-builder-workspace/.dependencies/checkouts/XcodeProj/Sources/XcodeProj/Project/XCSharedData.swift (in target 'XcodeProj' from project 'XcodeProj')
    cd /Users/admin/builder/spi-builder-workspace/.swiftpm/xcode
    builtin-SwiftPerFileCompile XCSharedData.swift
SwiftCompile normal arm64 /Users/admin/builder/spi-builder-workspace/.dependencies/checkouts/XcodeProj/Sources/XcodeProj/Project/XCUserData.swift (in target 'XcodeProj' from project 'XcodeProj')
    cd /Users/admin/builder/spi-builder-workspace/.swiftpm/xcode
    builtin-SwiftPerFileCompile XCUserData.swift
SwiftCompile normal arm64 /Users/admin/builder/spi-builder-workspace/.dependencies/checkouts/XcodeProj/Sources/XcodeProj/Project/Xcode.swift (in target 'XcodeProj' from project 'XcodeProj')
    cd /Users/admin/builder/spi-builder-workspace/.swiftpm/xcode
    builtin-SwiftPerFileCompile Xcode.swift
SwiftCompile normal arm64 /Users/admin/builder/spi-builder-workspace/.dependencies/checkouts/XcodeProj/Sources/XcodeProj/Project/XcodeProj.swift (in target 'XcodeProj' from project 'XcodeProj')
    cd /Users/admin/builder/spi-builder-workspace/.swiftpm/xcode
    builtin-SwiftPerFileCompile XcodeProj.swift
SwiftDriverJobDiscovery normal arm64 Compiling MermaidFormatter.swift (in target 'Mermaid' from project 'XcodeTargetGraphGen')
SwiftCompile normal arm64_32 Compiling\ PBXBuildPhase.swift,\ PBXBuildRule.swift,\ PBXCopyFilesBuildPhase.swift,\ PBXFrameworksBuildPhase.swift,\ PBXHeadersBuildPhase.swift,\ PBXResourcesBuildPhase.swift,\ PBXRezBuildPhase.swift,\ PBXShellScriptBuildPhase.swift,\ PBXSourcesBuildPhase.swift,\ BuildSettings.swift,\ XCBuildConfiguration.swift /Users/admin/builder/spi-builder-workspace/.dependencies/checkouts/XcodeProj/Sources/XcodeProj/Objects/BuildPhase/PBXBuildPhase.swift /Users/admin/builder/spi-builder-workspace/.dependencies/checkouts/XcodeProj/Sources/XcodeProj/Objects/BuildPhase/PBXBuildRule.swift /Users/admin/builder/spi-builder-workspace/.dependencies/checkouts/XcodeProj/Sources/XcodeProj/Objects/BuildPhase/PBXCopyFilesBuildPhase.swift /Users/admin/builder/spi-builder-workspace/.dependencies/checkouts/XcodeProj/Sources/XcodeProj/Objects/BuildPhase/PBXFrameworksBuildPhase.swift /Users/admin/builder/spi-builder-workspace/.dependencies/checkouts/XcodeProj/Sources/XcodeProj/Objects/BuildPhase/PBXHeadersBuildPhase.swift /Users/admin/builder/spi-builder-workspace/.dependencies/checkouts/XcodeProj/Sources/XcodeProj/Objects/BuildPhase/PBXResourcesBuildPhase.swift /Users/admin/builder/spi-builder-workspace/.dependencies/checkouts/XcodeProj/Sources/XcodeProj/Objects/BuildPhase/PBXRezBuildPhase.swift /Users/admin/builder/spi-builder-workspace/.dependencies/checkouts/XcodeProj/Sources/XcodeProj/Objects/BuildPhase/PBXShellScriptBuildPhase.swift /Users/admin/builder/spi-builder-workspace/.dependencies/checkouts/XcodeProj/Sources/XcodeProj/Objects/BuildPhase/PBXSourcesBuildPhase.swift /Users/admin/builder/spi-builder-workspace/.dependencies/checkouts/XcodeProj/Sources/XcodeProj/Objects/Configuration/BuildSettings.swift /Users/admin/builder/spi-builder-workspace/.dependencies/checkouts/XcodeProj/Sources/XcodeProj/Objects/Configuration/XCBuildConfiguration.swift (in target 'XcodeProj' from project 'XcodeProj')
SwiftCompile normal arm64_32 /Users/admin/builder/spi-builder-workspace/.dependencies/checkouts/XcodeProj/Sources/XcodeProj/Objects/BuildPhase/PBXBuildPhase.swift (in target 'XcodeProj' from project 'XcodeProj')
    cd /Users/admin/builder/spi-builder-workspace/.swiftpm/xcode
    builtin-SwiftPerFileCompile PBXBuildPhase.swift
SwiftCompile normal arm64_32 /Users/admin/builder/spi-builder-workspace/.dependencies/checkouts/XcodeProj/Sources/XcodeProj/Objects/BuildPhase/PBXBuildRule.swift (in target 'XcodeProj' from project 'XcodeProj')
    cd /Users/admin/builder/spi-builder-workspace/.swiftpm/xcode
    builtin-SwiftPerFileCompile PBXBuildRule.swift
SwiftCompile normal arm64_32 /Users/admin/builder/spi-builder-workspace/.dependencies/checkouts/XcodeProj/Sources/XcodeProj/Objects/BuildPhase/PBXCopyFilesBuildPhase.swift (in target 'XcodeProj' from project 'XcodeProj')
    cd /Users/admin/builder/spi-builder-workspace/.swiftpm/xcode
    builtin-SwiftPerFileCompile PBXCopyFilesBuildPhase.swift
SwiftCompile normal arm64_32 /Users/admin/builder/spi-builder-workspace/.dependencies/checkouts/XcodeProj/Sources/XcodeProj/Objects/BuildPhase/PBXFrameworksBuildPhase.swift (in target 'XcodeProj' from project 'XcodeProj')
    cd /Users/admin/builder/spi-builder-workspace/.swiftpm/xcode
    builtin-SwiftPerFileCompile PBXFrameworksBuildPhase.swift
SwiftCompile normal arm64_32 /Users/admin/builder/spi-builder-workspace/.dependencies/checkouts/XcodeProj/Sources/XcodeProj/Objects/BuildPhase/PBXHeadersBuildPhase.swift (in target 'XcodeProj' from project 'XcodeProj')
    cd /Users/admin/builder/spi-builder-workspace/.swiftpm/xcode
    builtin-SwiftPerFileCompile PBXHeadersBuildPhase.swift
SwiftCompile normal arm64_32 /Users/admin/builder/spi-builder-workspace/.dependencies/checkouts/XcodeProj/Sources/XcodeProj/Objects/BuildPhase/PBXResourcesBuildPhase.swift (in target 'XcodeProj' from project 'XcodeProj')
    cd /Users/admin/builder/spi-builder-workspace/.swiftpm/xcode
    builtin-SwiftPerFileCompile PBXResourcesBuildPhase.swift
SwiftCompile normal arm64_32 /Users/admin/builder/spi-builder-workspace/.dependencies/checkouts/XcodeProj/Sources/XcodeProj/Objects/BuildPhase/PBXRezBuildPhase.swift (in target 'XcodeProj' from project 'XcodeProj')
    cd /Users/admin/builder/spi-builder-workspace/.swiftpm/xcode
    builtin-SwiftPerFileCompile PBXRezBuildPhase.swift
SwiftCompile normal arm64_32 /Users/admin/builder/spi-builder-workspace/.dependencies/checkouts/XcodeProj/Sources/XcodeProj/Objects/BuildPhase/PBXShellScriptBuildPhase.swift (in target 'XcodeProj' from project 'XcodeProj')
    cd /Users/admin/builder/spi-builder-workspace/.swiftpm/xcode
    builtin-SwiftPerFileCompile PBXShellScriptBuildPhase.swift
SwiftCompile normal arm64_32 /Users/admin/builder/spi-builder-workspace/.dependencies/checkouts/XcodeProj/Sources/XcodeProj/Objects/BuildPhase/PBXSourcesBuildPhase.swift (in target 'XcodeProj' from project 'XcodeProj')
    cd /Users/admin/builder/spi-builder-workspace/.swiftpm/xcode
    builtin-SwiftPerFileCompile PBXSourcesBuildPhase.swift
SwiftCompile normal arm64_32 /Users/admin/builder/spi-builder-workspace/.dependencies/checkouts/XcodeProj/Sources/XcodeProj/Objects/Configuration/BuildSettings.swift (in target 'XcodeProj' from project 'XcodeProj')
    cd /Users/admin/builder/spi-builder-workspace/.swiftpm/xcode
    builtin-SwiftPerFileCompile BuildSettings.swift
SwiftCompile normal arm64_32 /Users/admin/builder/spi-builder-workspace/.dependencies/checkouts/XcodeProj/Sources/XcodeProj/Objects/Configuration/XCBuildConfiguration.swift (in target 'XcodeProj' from project 'XcodeProj')
    cd /Users/admin/builder/spi-builder-workspace/.swiftpm/xcode
    builtin-SwiftPerFileCompile XCBuildConfiguration.swift
SwiftCompile normal arm64 Compiling\ XCConfigurationList.swift,\ PBXContainerItem.swift,\ PBXContainerItemProxy.swift,\ PBXFileElement.swift,\ PBXFileReference.swift,\ PBXFileSystemSynchronizedBuildFileExceptionSet.swift,\ PBXFileSystemSynchronizedExceptionSet.swift,\ PBXFileSystemSynchronizedGroupBuildPhaseMembershipExceptionSet.swift,\ PBXFileSystemSynchronizedRootGroup.swift,\ PBXGroup.swift /Users/admin/builder/spi-builder-workspace/.dependencies/checkouts/XcodeProj/Sources/XcodeProj/Objects/Configuration/XCConfigurationList.swift /Users/admin/builder/spi-builder-workspace/.dependencies/checkouts/XcodeProj/Sources/XcodeProj/Objects/Files/PBXContainerItem.swift /Users/admin/builder/spi-builder-workspace/.dependencies/checkouts/XcodeProj/Sources/XcodeProj/Objects/Files/PBXContainerItemProxy.swift /Users/admin/builder/spi-builder-workspace/.dependencies/checkouts/XcodeProj/Sources/XcodeProj/Objects/Files/PBXFileElement.swift /Users/admin/builder/spi-builder-workspace/.dependencies/checkouts/XcodeProj/Sources/XcodeProj/Objects/Files/PBXFileReference.swift /Users/admin/builder/spi-builder-workspace/.dependencies/checkouts/XcodeProj/Sources/XcodeProj/Objects/Files/PBXFileSystemSynchronizedBuildFileExceptionSet.swift /Users/admin/builder/spi-builder-workspace/.dependencies/checkouts/XcodeProj/Sources/XcodeProj/Objects/Files/PBXFileSystemSynchronizedExceptionSet.swift /Users/admin/builder/spi-builder-workspace/.dependencies/checkouts/XcodeProj/Sources/XcodeProj/Objects/Files/PBXFileSystemSynchronizedGroupBuildPhaseMembershipExceptionSet.swift /Users/admin/builder/spi-builder-workspace/.dependencies/checkouts/XcodeProj/Sources/XcodeProj/Objects/Files/PBXFileSystemSynchronizedRootGroup.swift /Users/admin/builder/spi-builder-workspace/.dependencies/checkouts/XcodeProj/Sources/XcodeProj/Objects/Files/PBXGroup.swift (in target 'XcodeProj' from project 'XcodeProj')
SwiftCompile normal arm64 /Users/admin/builder/spi-builder-workspace/.dependencies/checkouts/XcodeProj/Sources/XcodeProj/Objects/Configuration/XCConfigurationList.swift (in target 'XcodeProj' from project 'XcodeProj')
    cd /Users/admin/builder/spi-builder-workspace/.swiftpm/xcode
    builtin-SwiftPerFileCompile XCConfigurationList.swift
SwiftCompile normal arm64 /Users/admin/builder/spi-builder-workspace/.dependencies/checkouts/XcodeProj/Sources/XcodeProj/Objects/Files/PBXContainerItem.swift (in target 'XcodeProj' from project 'XcodeProj')
    cd /Users/admin/builder/spi-builder-workspace/.swiftpm/xcode
    builtin-SwiftPerFileCompile PBXContainerItem.swift
SwiftCompile normal arm64 /Users/admin/builder/spi-builder-workspace/.dependencies/checkouts/XcodeProj/Sources/XcodeProj/Objects/Files/PBXContainerItemProxy.swift (in target 'XcodeProj' from project 'XcodeProj')
    cd /Users/admin/builder/spi-builder-workspace/.swiftpm/xcode
    builtin-SwiftPerFileCompile PBXContainerItemProxy.swift
SwiftCompile normal arm64 /Users/admin/builder/spi-builder-workspace/.dependencies/checkouts/XcodeProj/Sources/XcodeProj/Objects/Files/PBXFileElement.swift (in target 'XcodeProj' from project 'XcodeProj')
    cd /Users/admin/builder/spi-builder-workspace/.swiftpm/xcode
    builtin-SwiftPerFileCompile PBXFileElement.swift
SwiftCompile normal arm64 /Users/admin/builder/spi-builder-workspace/.dependencies/checkouts/XcodeProj/Sources/XcodeProj/Objects/Files/PBXFileReference.swift (in target 'XcodeProj' from project 'XcodeProj')
    cd /Users/admin/builder/spi-builder-workspace/.swiftpm/xcode
    builtin-SwiftPerFileCompile PBXFileReference.swift
SwiftCompile normal arm64 /Users/admin/builder/spi-builder-workspace/.dependencies/checkouts/XcodeProj/Sources/XcodeProj/Objects/Files/PBXFileSystemSynchronizedBuildFileExceptionSet.swift (in target 'XcodeProj' from project 'XcodeProj')
    cd /Users/admin/builder/spi-builder-workspace/.swiftpm/xcode
    builtin-SwiftPerFileCompile PBXFileSystemSynchronizedBuildFileExceptionSet.swift
SwiftCompile normal arm64 /Users/admin/builder/spi-builder-workspace/.dependencies/checkouts/XcodeProj/Sources/XcodeProj/Objects/Files/PBXFileSystemSynchronizedExceptionSet.swift (in target 'XcodeProj' from project 'XcodeProj')
    cd /Users/admin/builder/spi-builder-workspace/.swiftpm/xcode
    builtin-SwiftPerFileCompile PBXFileSystemSynchronizedExceptionSet.swift
SwiftCompile normal arm64 /Users/admin/builder/spi-builder-workspace/.dependencies/checkouts/XcodeProj/Sources/XcodeProj/Objects/Files/PBXFileSystemSynchronizedGroupBuildPhaseMembershipExceptionSet.swift (in target 'XcodeProj' from project 'XcodeProj')
    cd /Users/admin/builder/spi-builder-workspace/.swiftpm/xcode
    builtin-SwiftPerFileCompile PBXFileSystemSynchronizedGroupBuildPhaseMembershipExceptionSet.swift
SwiftCompile normal arm64 /Users/admin/builder/spi-builder-workspace/.dependencies/checkouts/XcodeProj/Sources/XcodeProj/Objects/Files/PBXFileSystemSynchronizedRootGroup.swift (in target 'XcodeProj' from project 'XcodeProj')
    cd /Users/admin/builder/spi-builder-workspace/.swiftpm/xcode
    builtin-SwiftPerFileCompile PBXFileSystemSynchronizedRootGroup.swift
SwiftCompile normal arm64 /Users/admin/builder/spi-builder-workspace/.dependencies/checkouts/XcodeProj/Sources/XcodeProj/Objects/Files/PBXGroup.swift (in target 'XcodeProj' from project 'XcodeProj')
    cd /Users/admin/builder/spi-builder-workspace/.swiftpm/xcode
    builtin-SwiftPerFileCompile PBXGroup.swift
SwiftDriverJobDiscovery normal arm64_32 Compiling MermaidFormatter.swift (in target 'Mermaid' from project 'XcodeTargetGraphGen')
SwiftCompile normal arm64_32 Compiling\ PlistDecoding.swift,\ PlistValue.swift,\ ReferenceGenerator.swift,\ XCConfig.swift,\ XCWorkspace.swift,\ XCWorkspaceData.swift,\ XCWorkspaceDataElement.swift,\ XCWorkspaceDataElementLocationType.swift,\ XCWorkspaceDataFileRef.swift,\ XCWorkspaceDataGroup.swift /Users/admin/builder/spi-builder-workspace/.dependencies/checkouts/XcodeProj/Sources/XcodeProj/Utils/PlistDecoding.swift /Users/admin/builder/spi-builder-workspace/.dependencies/checkouts/XcodeProj/Sources/XcodeProj/Utils/PlistValue.swift /Users/admin/builder/spi-builder-workspace/.dependencies/checkouts/XcodeProj/Sources/XcodeProj/Utils/ReferenceGenerator.swift /Users/admin/builder/spi-builder-workspace/.dependencies/checkouts/XcodeProj/Sources/XcodeProj/Utils/XCConfig.swift /Users/admin/builder/spi-builder-workspace/.dependencies/checkouts/XcodeProj/Sources/XcodeProj/Workspace/XCWorkspace.swift /Users/admin/builder/spi-builder-workspace/.dependencies/checkouts/XcodeProj/Sources/XcodeProj/Workspace/XCWorkspaceData.swift /Users/admin/builder/spi-builder-workspace/.dependencies/checkouts/XcodeProj/Sources/XcodeProj/Workspace/XCWorkspaceDataElement.swift /Users/admin/builder/spi-builder-workspace/.dependencies/checkouts/XcodeProj/Sources/XcodeProj/Workspace/XCWorkspaceDataElementLocationType.swift /Users/admin/builder/spi-builder-workspace/.dependencies/checkouts/XcodeProj/Sources/XcodeProj/Workspace/XCWorkspaceDataFileRef.swift /Users/admin/builder/spi-builder-workspace/.dependencies/checkouts/XcodeProj/Sources/XcodeProj/Workspace/XCWorkspaceDataGroup.swift (in target 'XcodeProj' from project 'XcodeProj')
SwiftCompile normal arm64_32 /Users/admin/builder/spi-builder-workspace/.dependencies/checkouts/XcodeProj/Sources/XcodeProj/Utils/PlistDecoding.swift (in target 'XcodeProj' from project 'XcodeProj')
    cd /Users/admin/builder/spi-builder-workspace/.swiftpm/xcode
    builtin-SwiftPerFileCompile PlistDecoding.swift
SwiftCompile normal arm64_32 /Users/admin/builder/spi-builder-workspace/.dependencies/checkouts/XcodeProj/Sources/XcodeProj/Utils/PlistValue.swift (in target 'XcodeProj' from project 'XcodeProj')
    cd /Users/admin/builder/spi-builder-workspace/.swiftpm/xcode
    builtin-SwiftPerFileCompile PlistValue.swift
SwiftCompile normal arm64_32 /Users/admin/builder/spi-builder-workspace/.dependencies/checkouts/XcodeProj/Sources/XcodeProj/Utils/ReferenceGenerator.swift (in target 'XcodeProj' from project 'XcodeProj')
    cd /Users/admin/builder/spi-builder-workspace/.swiftpm/xcode
    builtin-SwiftPerFileCompile ReferenceGenerator.swift
SwiftCompile normal arm64_32 /Users/admin/builder/spi-builder-workspace/.dependencies/checkouts/XcodeProj/Sources/XcodeProj/Utils/XCConfig.swift (in target 'XcodeProj' from project 'XcodeProj')
    cd /Users/admin/builder/spi-builder-workspace/.swiftpm/xcode
    builtin-SwiftPerFileCompile XCConfig.swift
SwiftCompile normal arm64_32 /Users/admin/builder/spi-builder-workspace/.dependencies/checkouts/XcodeProj/Sources/XcodeProj/Workspace/XCWorkspace.swift (in target 'XcodeProj' from project 'XcodeProj')
    cd /Users/admin/builder/spi-builder-workspace/.swiftpm/xcode
    builtin-SwiftPerFileCompile XCWorkspace.swift
SwiftCompile normal arm64_32 /Users/admin/builder/spi-builder-workspace/.dependencies/checkouts/XcodeProj/Sources/XcodeProj/Workspace/XCWorkspaceData.swift (in target 'XcodeProj' from project 'XcodeProj')
    cd /Users/admin/builder/spi-builder-workspace/.swiftpm/xcode
    builtin-SwiftPerFileCompile XCWorkspaceData.swift
SwiftCompile normal arm64_32 /Users/admin/builder/spi-builder-workspace/.dependencies/checkouts/XcodeProj/Sources/XcodeProj/Workspace/XCWorkspaceDataElement.swift (in target 'XcodeProj' from project 'XcodeProj')
    cd /Users/admin/builder/spi-builder-workspace/.swiftpm/xcode
    builtin-SwiftPerFileCompile XCWorkspaceDataElement.swift
SwiftCompile normal arm64_32 /Users/admin/builder/spi-builder-workspace/.dependencies/checkouts/XcodeProj/Sources/XcodeProj/Workspace/XCWorkspaceDataElementLocationType.swift (in target 'XcodeProj' from project 'XcodeProj')
    cd /Users/admin/builder/spi-builder-workspace/.swiftpm/xcode
    builtin-SwiftPerFileCompile XCWorkspaceDataElementLocationType.swift
SwiftCompile normal arm64_32 /Users/admin/builder/spi-builder-workspace/.dependencies/checkouts/XcodeProj/Sources/XcodeProj/Workspace/XCWorkspaceDataFileRef.swift (in target 'XcodeProj' from project 'XcodeProj')
    cd /Users/admin/builder/spi-builder-workspace/.swiftpm/xcode
    builtin-SwiftPerFileCompile XCWorkspaceDataFileRef.swift
SwiftCompile normal arm64_32 /Users/admin/builder/spi-builder-workspace/.dependencies/checkouts/XcodeProj/Sources/XcodeProj/Workspace/XCWorkspaceDataGroup.swift (in target 'XcodeProj' from project 'XcodeProj')
    cd /Users/admin/builder/spi-builder-workspace/.swiftpm/xcode
    builtin-SwiftPerFileCompile XCWorkspaceDataGroup.swift
SwiftDriverJobDiscovery normal arm64_32 Compiling SubgraphFormatter.swift (in target 'Mermaid' from project 'XcodeTargetGraphGen')
SwiftCompile normal arm64 Compiling\ PlistDecoding.swift,\ PlistValue.swift,\ ReferenceGenerator.swift,\ XCConfig.swift,\ XCWorkspace.swift,\ XCWorkspaceData.swift,\ XCWorkspaceDataElement.swift,\ XCWorkspaceDataElementLocationType.swift,\ XCWorkspaceDataFileRef.swift,\ XCWorkspaceDataGroup.swift /Users/admin/builder/spi-builder-workspace/.dependencies/checkouts/XcodeProj/Sources/XcodeProj/Utils/PlistDecoding.swift /Users/admin/builder/spi-builder-workspace/.dependencies/checkouts/XcodeProj/Sources/XcodeProj/Utils/PlistValue.swift /Users/admin/builder/spi-builder-workspace/.dependencies/checkouts/XcodeProj/Sources/XcodeProj/Utils/ReferenceGenerator.swift /Users/admin/builder/spi-builder-workspace/.dependencies/checkouts/XcodeProj/Sources/XcodeProj/Utils/XCConfig.swift /Users/admin/builder/spi-builder-workspace/.dependencies/checkouts/XcodeProj/Sources/XcodeProj/Workspace/XCWorkspace.swift /Users/admin/builder/spi-builder-workspace/.dependencies/checkouts/XcodeProj/Sources/XcodeProj/Workspace/XCWorkspaceData.swift /Users/admin/builder/spi-builder-workspace/.dependencies/checkouts/XcodeProj/Sources/XcodeProj/Workspace/XCWorkspaceDataElement.swift /Users/admin/builder/spi-builder-workspace/.dependencies/checkouts/XcodeProj/Sources/XcodeProj/Workspace/XCWorkspaceDataElementLocationType.swift /Users/admin/builder/spi-builder-workspace/.dependencies/checkouts/XcodeProj/Sources/XcodeProj/Workspace/XCWorkspaceDataFileRef.swift /Users/admin/builder/spi-builder-workspace/.dependencies/checkouts/XcodeProj/Sources/XcodeProj/Workspace/XCWorkspaceDataGroup.swift (in target 'XcodeProj' from project 'XcodeProj')
SwiftCompile normal arm64 /Users/admin/builder/spi-builder-workspace/.dependencies/checkouts/XcodeProj/Sources/XcodeProj/Utils/PlistDecoding.swift (in target 'XcodeProj' from project 'XcodeProj')
    cd /Users/admin/builder/spi-builder-workspace/.swiftpm/xcode
    builtin-SwiftPerFileCompile PlistDecoding.swift
SwiftCompile normal arm64 /Users/admin/builder/spi-builder-workspace/.dependencies/checkouts/XcodeProj/Sources/XcodeProj/Utils/PlistValue.swift (in target 'XcodeProj' from project 'XcodeProj')
    cd /Users/admin/builder/spi-builder-workspace/.swiftpm/xcode
    builtin-SwiftPerFileCompile PlistValue.swift
SwiftCompile normal arm64 /Users/admin/builder/spi-builder-workspace/.dependencies/checkouts/XcodeProj/Sources/XcodeProj/Utils/ReferenceGenerator.swift (in target 'XcodeProj' from project 'XcodeProj')
    cd /Users/admin/builder/spi-builder-workspace/.swiftpm/xcode
    builtin-SwiftPerFileCompile ReferenceGenerator.swift
SwiftCompile normal arm64 /Users/admin/builder/spi-builder-workspace/.dependencies/checkouts/XcodeProj/Sources/XcodeProj/Utils/XCConfig.swift (in target 'XcodeProj' from project 'XcodeProj')
    cd /Users/admin/builder/spi-builder-workspace/.swiftpm/xcode
    builtin-SwiftPerFileCompile XCConfig.swift
SwiftCompile normal arm64 /Users/admin/builder/spi-builder-workspace/.dependencies/checkouts/XcodeProj/Sources/XcodeProj/Workspace/XCWorkspace.swift (in target 'XcodeProj' from project 'XcodeProj')
    cd /Users/admin/builder/spi-builder-workspace/.swiftpm/xcode
    builtin-SwiftPerFileCompile XCWorkspace.swift
SwiftCompile normal arm64 /Users/admin/builder/spi-builder-workspace/.dependencies/checkouts/XcodeProj/Sources/XcodeProj/Workspace/XCWorkspaceData.swift (in target 'XcodeProj' from project 'XcodeProj')
    cd /Users/admin/builder/spi-builder-workspace/.swiftpm/xcode
    builtin-SwiftPerFileCompile XCWorkspaceData.swift
SwiftCompile normal arm64 /Users/admin/builder/spi-builder-workspace/.dependencies/checkouts/XcodeProj/Sources/XcodeProj/Workspace/XCWorkspaceDataElement.swift (in target 'XcodeProj' from project 'XcodeProj')
    cd /Users/admin/builder/spi-builder-workspace/.swiftpm/xcode
    builtin-SwiftPerFileCompile XCWorkspaceDataElement.swift
SwiftCompile normal arm64 /Users/admin/builder/spi-builder-workspace/.dependencies/checkouts/XcodeProj/Sources/XcodeProj/Workspace/XCWorkspaceDataElementLocationType.swift (in target 'XcodeProj' from project 'XcodeProj')
    cd /Users/admin/builder/spi-builder-workspace/.swiftpm/xcode
    builtin-SwiftPerFileCompile XCWorkspaceDataElementLocationType.swift
SwiftCompile normal arm64 /Users/admin/builder/spi-builder-workspace/.dependencies/checkouts/XcodeProj/Sources/XcodeProj/Workspace/XCWorkspaceDataFileRef.swift (in target 'XcodeProj' from project 'XcodeProj')
    cd /Users/admin/builder/spi-builder-workspace/.swiftpm/xcode
    builtin-SwiftPerFileCompile XCWorkspaceDataFileRef.swift
SwiftCompile normal arm64 /Users/admin/builder/spi-builder-workspace/.dependencies/checkouts/XcodeProj/Sources/XcodeProj/Workspace/XCWorkspaceDataGroup.swift (in target 'XcodeProj' from project 'XcodeProj')
    cd /Users/admin/builder/spi-builder-workspace/.swiftpm/xcode
    builtin-SwiftPerFileCompile XCWorkspaceDataGroup.swift
SwiftDriverJobDiscovery normal arm64 Compiling NodeEdgeFormatter.swift (in target 'Mermaid' from project 'XcodeTargetGraphGen')
SwiftCompile normal arm64_32 Compiling\ XCScheme+TestParallelization.swift,\ XCScheme+TestPlanReference.swift,\ XCScheme+TestableReference.swift,\ XCScheme.swift,\ XCSchemeManagement.swift,\ BuildSettingsProvider.swift,\ CommentedString.swift,\ Decoders.swift,\ JSONDecoding.swift,\ PBXBatchUpdater.swift /Users/admin/builder/spi-builder-workspace/.dependencies/checkouts/XcodeProj/Sources/XcodeProj/Scheme/XCScheme+TestParallelization.swift /Users/admin/builder/spi-builder-workspace/.dependencies/checkouts/XcodeProj/Sources/XcodeProj/Scheme/XCScheme+TestPlanReference.swift /Users/admin/builder/spi-builder-workspace/.dependencies/checkouts/XcodeProj/Sources/XcodeProj/Scheme/XCScheme+TestableReference.swift /Users/admin/builder/spi-builder-workspace/.dependencies/checkouts/XcodeProj/Sources/XcodeProj/Scheme/XCScheme.swift /Users/admin/builder/spi-builder-workspace/.dependencies/checkouts/XcodeProj/Sources/XcodeProj/Scheme/XCSchemeManagement.swift /Users/admin/builder/spi-builder-workspace/.dependencies/checkouts/XcodeProj/Sources/XcodeProj/Utils/BuildSettingsProvider.swift /Users/admin/builder/spi-builder-workspace/.dependencies/checkouts/XcodeProj/Sources/XcodeProj/Utils/CommentedString.swift /Users/admin/builder/spi-builder-workspace/.dependencies/checkouts/XcodeProj/Sources/XcodeProj/Utils/Decoders.swift /Users/admin/builder/spi-builder-workspace/.dependencies/checkouts/XcodeProj/Sources/XcodeProj/Utils/JSONDecoding.swift /Users/admin/builder/spi-builder-workspace/.dependencies/checkouts/XcodeProj/Sources/XcodeProj/Utils/PBXBatchUpdater.swift (in target 'XcodeProj' from project 'XcodeProj')
SwiftCompile normal arm64_32 /Users/admin/builder/spi-builder-workspace/.dependencies/checkouts/XcodeProj/Sources/XcodeProj/Scheme/XCScheme+TestParallelization.swift (in target 'XcodeProj' from project 'XcodeProj')
    cd /Users/admin/builder/spi-builder-workspace/.swiftpm/xcode
    builtin-SwiftPerFileCompile XCScheme+TestParallelization.swift
SwiftCompile normal arm64_32 /Users/admin/builder/spi-builder-workspace/.dependencies/checkouts/XcodeProj/Sources/XcodeProj/Scheme/XCScheme+TestPlanReference.swift (in target 'XcodeProj' from project 'XcodeProj')
    cd /Users/admin/builder/spi-builder-workspace/.swiftpm/xcode
    builtin-SwiftPerFileCompile XCScheme+TestPlanReference.swift
SwiftCompile normal arm64_32 /Users/admin/builder/spi-builder-workspace/.dependencies/checkouts/XcodeProj/Sources/XcodeProj/Scheme/XCScheme+TestableReference.swift (in target 'XcodeProj' from project 'XcodeProj')
    cd /Users/admin/builder/spi-builder-workspace/.swiftpm/xcode
    builtin-SwiftPerFileCompile XCScheme+TestableReference.swift
SwiftCompile normal arm64_32 /Users/admin/builder/spi-builder-workspace/.dependencies/checkouts/XcodeProj/Sources/XcodeProj/Scheme/XCScheme.swift (in target 'XcodeProj' from project 'XcodeProj')
    cd /Users/admin/builder/spi-builder-workspace/.swiftpm/xcode
    builtin-SwiftPerFileCompile XCScheme.swift
SwiftCompile normal arm64_32 /Users/admin/builder/spi-builder-workspace/.dependencies/checkouts/XcodeProj/Sources/XcodeProj/Scheme/XCSchemeManagement.swift (in target 'XcodeProj' from project 'XcodeProj')
    cd /Users/admin/builder/spi-builder-workspace/.swiftpm/xcode
    builtin-SwiftPerFileCompile XCSchemeManagement.swift
SwiftCompile normal arm64_32 /Users/admin/builder/spi-builder-workspace/.dependencies/checkouts/XcodeProj/Sources/XcodeProj/Utils/BuildSettingsProvider.swift (in target 'XcodeProj' from project 'XcodeProj')
    cd /Users/admin/builder/spi-builder-workspace/.swiftpm/xcode
    builtin-SwiftPerFileCompile BuildSettingsProvider.swift
SwiftCompile normal arm64_32 /Users/admin/builder/spi-builder-workspace/.dependencies/checkouts/XcodeProj/Sources/XcodeProj/Utils/CommentedString.swift (in target 'XcodeProj' from project 'XcodeProj')
    cd /Users/admin/builder/spi-builder-workspace/.swiftpm/xcode
    builtin-SwiftPerFileCompile CommentedString.swift
SwiftCompile normal arm64_32 /Users/admin/builder/spi-builder-workspace/.dependencies/checkouts/XcodeProj/Sources/XcodeProj/Utils/Decoders.swift (in target 'XcodeProj' from project 'XcodeProj')
    cd /Users/admin/builder/spi-builder-workspace/.swiftpm/xcode
    builtin-SwiftPerFileCompile Decoders.swift
SwiftCompile normal arm64_32 /Users/admin/builder/spi-builder-workspace/.dependencies/checkouts/XcodeProj/Sources/XcodeProj/Utils/JSONDecoding.swift (in target 'XcodeProj' from project 'XcodeProj')
    cd /Users/admin/builder/spi-builder-workspace/.swiftpm/xcode
    builtin-SwiftPerFileCompile JSONDecoding.swift
SwiftCompile normal arm64_32 /Users/admin/builder/spi-builder-workspace/.dependencies/checkouts/XcodeProj/Sources/XcodeProj/Utils/PBXBatchUpdater.swift (in target 'XcodeProj' from project 'XcodeProj')
    cd /Users/admin/builder/spi-builder-workspace/.swiftpm/xcode
    builtin-SwiftPerFileCompile PBXBatchUpdater.swift
SwiftDriverJobDiscovery normal arm64 Compiling SubgraphFormatter.swift (in target 'Mermaid' from project 'XcodeTargetGraphGen')
SwiftCompile normal arm64_32 Compiling\ XCConfigurationList.swift,\ PBXContainerItem.swift,\ PBXContainerItemProxy.swift,\ PBXFileElement.swift,\ PBXFileReference.swift,\ PBXFileSystemSynchronizedBuildFileExceptionSet.swift,\ PBXFileSystemSynchronizedExceptionSet.swift,\ PBXFileSystemSynchronizedGroupBuildPhaseMembershipExceptionSet.swift,\ PBXFileSystemSynchronizedRootGroup.swift,\ PBXGroup.swift /Users/admin/builder/spi-builder-workspace/.dependencies/checkouts/XcodeProj/Sources/XcodeProj/Objects/Configuration/XCConfigurationList.swift /Users/admin/builder/spi-builder-workspace/.dependencies/checkouts/XcodeProj/Sources/XcodeProj/Objects/Files/PBXContainerItem.swift /Users/admin/builder/spi-builder-workspace/.dependencies/checkouts/XcodeProj/Sources/XcodeProj/Objects/Files/PBXContainerItemProxy.swift /Users/admin/builder/spi-builder-workspace/.dependencies/checkouts/XcodeProj/Sources/XcodeProj/Objects/Files/PBXFileElement.swift /Users/admin/builder/spi-builder-workspace/.dependencies/checkouts/XcodeProj/Sources/XcodeProj/Objects/Files/PBXFileReference.swift /Users/admin/builder/spi-builder-workspace/.dependencies/checkouts/XcodeProj/Sources/XcodeProj/Objects/Files/PBXFileSystemSynchronizedBuildFileExceptionSet.swift /Users/admin/builder/spi-builder-workspace/.dependencies/checkouts/XcodeProj/Sources/XcodeProj/Objects/Files/PBXFileSystemSynchronizedExceptionSet.swift /Users/admin/builder/spi-builder-workspace/.dependencies/checkouts/XcodeProj/Sources/XcodeProj/Objects/Files/PBXFileSystemSynchronizedGroupBuildPhaseMembershipExceptionSet.swift /Users/admin/builder/spi-builder-workspace/.dependencies/checkouts/XcodeProj/Sources/XcodeProj/Objects/Files/PBXFileSystemSynchronizedRootGroup.swift /Users/admin/builder/spi-builder-workspace/.dependencies/checkouts/XcodeProj/Sources/XcodeProj/Objects/Files/PBXGroup.swift (in target 'XcodeProj' from project 'XcodeProj')
SwiftCompile normal arm64_32 /Users/admin/builder/spi-builder-workspace/.dependencies/checkouts/XcodeProj/Sources/XcodeProj/Objects/Configuration/XCConfigurationList.swift (in target 'XcodeProj' from project 'XcodeProj')
    cd /Users/admin/builder/spi-builder-workspace/.swiftpm/xcode
    builtin-SwiftPerFileCompile XCConfigurationList.swift
SwiftCompile normal arm64_32 /Users/admin/builder/spi-builder-workspace/.dependencies/checkouts/XcodeProj/Sources/XcodeProj/Objects/Files/PBXContainerItem.swift (in target 'XcodeProj' from project 'XcodeProj')
    cd /Users/admin/builder/spi-builder-workspace/.swiftpm/xcode
    builtin-SwiftPerFileCompile PBXContainerItem.swift
SwiftCompile normal arm64_32 /Users/admin/builder/spi-builder-workspace/.dependencies/checkouts/XcodeProj/Sources/XcodeProj/Objects/Files/PBXContainerItemProxy.swift (in target 'XcodeProj' from project 'XcodeProj')
    cd /Users/admin/builder/spi-builder-workspace/.swiftpm/xcode
    builtin-SwiftPerFileCompile PBXContainerItemProxy.swift
SwiftCompile normal arm64_32 /Users/admin/builder/spi-builder-workspace/.dependencies/checkouts/XcodeProj/Sources/XcodeProj/Objects/Files/PBXFileElement.swift (in target 'XcodeProj' from project 'XcodeProj')
    cd /Users/admin/builder/spi-builder-workspace/.swiftpm/xcode
    builtin-SwiftPerFileCompile PBXFileElement.swift
SwiftCompile normal arm64_32 /Users/admin/builder/spi-builder-workspace/.dependencies/checkouts/XcodeProj/Sources/XcodeProj/Objects/Files/PBXFileReference.swift (in target 'XcodeProj' from project 'XcodeProj')
    cd /Users/admin/builder/spi-builder-workspace/.swiftpm/xcode
    builtin-SwiftPerFileCompile PBXFileReference.swift
SwiftCompile normal arm64_32 /Users/admin/builder/spi-builder-workspace/.dependencies/checkouts/XcodeProj/Sources/XcodeProj/Objects/Files/PBXFileSystemSynchronizedBuildFileExceptionSet.swift (in target 'XcodeProj' from project 'XcodeProj')
    cd /Users/admin/builder/spi-builder-workspace/.swiftpm/xcode
    builtin-SwiftPerFileCompile PBXFileSystemSynchronizedBuildFileExceptionSet.swift
SwiftCompile normal arm64_32 /Users/admin/builder/spi-builder-workspace/.dependencies/checkouts/XcodeProj/Sources/XcodeProj/Objects/Files/PBXFileSystemSynchronizedExceptionSet.swift (in target 'XcodeProj' from project 'XcodeProj')
    cd /Users/admin/builder/spi-builder-workspace/.swiftpm/xcode
    builtin-SwiftPerFileCompile PBXFileSystemSynchronizedExceptionSet.swift
SwiftCompile normal arm64_32 /Users/admin/builder/spi-builder-workspace/.dependencies/checkouts/XcodeProj/Sources/XcodeProj/Objects/Files/PBXFileSystemSynchronizedGroupBuildPhaseMembershipExceptionSet.swift (in target 'XcodeProj' from project 'XcodeProj')
    cd /Users/admin/builder/spi-builder-workspace/.swiftpm/xcode
    builtin-SwiftPerFileCompile PBXFileSystemSynchronizedGroupBuildPhaseMembershipExceptionSet.swift
SwiftCompile normal arm64_32 /Users/admin/builder/spi-builder-workspace/.dependencies/checkouts/XcodeProj/Sources/XcodeProj/Objects/Files/PBXFileSystemSynchronizedRootGroup.swift (in target 'XcodeProj' from project 'XcodeProj')
    cd /Users/admin/builder/spi-builder-workspace/.swiftpm/xcode
    builtin-SwiftPerFileCompile PBXFileSystemSynchronizedRootGroup.swift
SwiftCompile normal arm64_32 /Users/admin/builder/spi-builder-workspace/.dependencies/checkouts/XcodeProj/Sources/XcodeProj/Objects/Files/PBXGroup.swift (in target 'XcodeProj' from project 'XcodeProj')
    cd /Users/admin/builder/spi-builder-workspace/.swiftpm/xcode
    builtin-SwiftPerFileCompile PBXGroup.swift
SwiftDriverJobDiscovery normal arm64 Compiling SyntaxType.swift (in target 'Mermaid' from project 'XcodeTargetGraphGen')
SwiftCompile normal arm64 Compiling\ PBXBuildPhase.swift,\ PBXBuildRule.swift,\ PBXCopyFilesBuildPhase.swift,\ PBXFrameworksBuildPhase.swift,\ PBXHeadersBuildPhase.swift,\ PBXResourcesBuildPhase.swift,\ PBXRezBuildPhase.swift,\ PBXShellScriptBuildPhase.swift,\ PBXSourcesBuildPhase.swift,\ BuildSettings.swift,\ XCBuildConfiguration.swift /Users/admin/builder/spi-builder-workspace/.dependencies/checkouts/XcodeProj/Sources/XcodeProj/Objects/BuildPhase/PBXBuildPhase.swift /Users/admin/builder/spi-builder-workspace/.dependencies/checkouts/XcodeProj/Sources/XcodeProj/Objects/BuildPhase/PBXBuildRule.swift /Users/admin/builder/spi-builder-workspace/.dependencies/checkouts/XcodeProj/Sources/XcodeProj/Objects/BuildPhase/PBXCopyFilesBuildPhase.swift /Users/admin/builder/spi-builder-workspace/.dependencies/checkouts/XcodeProj/Sources/XcodeProj/Objects/BuildPhase/PBXFrameworksBuildPhase.swift /Users/admin/builder/spi-builder-workspace/.dependencies/checkouts/XcodeProj/Sources/XcodeProj/Objects/BuildPhase/PBXHeadersBuildPhase.swift /Users/admin/builder/spi-builder-workspace/.dependencies/checkouts/XcodeProj/Sources/XcodeProj/Objects/BuildPhase/PBXResourcesBuildPhase.swift /Users/admin/builder/spi-builder-workspace/.dependencies/checkouts/XcodeProj/Sources/XcodeProj/Objects/BuildPhase/PBXRezBuildPhase.swift /Users/admin/builder/spi-builder-workspace/.dependencies/checkouts/XcodeProj/Sources/XcodeProj/Objects/BuildPhase/PBXShellScriptBuildPhase.swift /Users/admin/builder/spi-builder-workspace/.dependencies/checkouts/XcodeProj/Sources/XcodeProj/Objects/BuildPhase/PBXSourcesBuildPhase.swift /Users/admin/builder/spi-builder-workspace/.dependencies/checkouts/XcodeProj/Sources/XcodeProj/Objects/Configuration/BuildSettings.swift /Users/admin/builder/spi-builder-workspace/.dependencies/checkouts/XcodeProj/Sources/XcodeProj/Objects/Configuration/XCBuildConfiguration.swift (in target 'XcodeProj' from project 'XcodeProj')
SwiftCompile normal arm64 /Users/admin/builder/spi-builder-workspace/.dependencies/checkouts/XcodeProj/Sources/XcodeProj/Objects/BuildPhase/PBXBuildPhase.swift (in target 'XcodeProj' from project 'XcodeProj')
    cd /Users/admin/builder/spi-builder-workspace/.swiftpm/xcode
    builtin-SwiftPerFileCompile PBXBuildPhase.swift
SwiftCompile normal arm64 /Users/admin/builder/spi-builder-workspace/.dependencies/checkouts/XcodeProj/Sources/XcodeProj/Objects/BuildPhase/PBXBuildRule.swift (in target 'XcodeProj' from project 'XcodeProj')
    cd /Users/admin/builder/spi-builder-workspace/.swiftpm/xcode
    builtin-SwiftPerFileCompile PBXBuildRule.swift
SwiftCompile normal arm64 /Users/admin/builder/spi-builder-workspace/.dependencies/checkouts/XcodeProj/Sources/XcodeProj/Objects/BuildPhase/PBXCopyFilesBuildPhase.swift (in target 'XcodeProj' from project 'XcodeProj')
    cd /Users/admin/builder/spi-builder-workspace/.swiftpm/xcode
    builtin-SwiftPerFileCompile PBXCopyFilesBuildPhase.swift
SwiftCompile normal arm64 /Users/admin/builder/spi-builder-workspace/.dependencies/checkouts/XcodeProj/Sources/XcodeProj/Objects/BuildPhase/PBXFrameworksBuildPhase.swift (in target 'XcodeProj' from project 'XcodeProj')
    cd /Users/admin/builder/spi-builder-workspace/.swiftpm/xcode
    builtin-SwiftPerFileCompile PBXFrameworksBuildPhase.swift
SwiftCompile normal arm64 /Users/admin/builder/spi-builder-workspace/.dependencies/checkouts/XcodeProj/Sources/XcodeProj/Objects/BuildPhase/PBXHeadersBuildPhase.swift (in target 'XcodeProj' from project 'XcodeProj')
    cd /Users/admin/builder/spi-builder-workspace/.swiftpm/xcode
    builtin-SwiftPerFileCompile PBXHeadersBuildPhase.swift
SwiftCompile normal arm64 /Users/admin/builder/spi-builder-workspace/.dependencies/checkouts/XcodeProj/Sources/XcodeProj/Objects/BuildPhase/PBXResourcesBuildPhase.swift (in target 'XcodeProj' from project 'XcodeProj')
    cd /Users/admin/builder/spi-builder-workspace/.swiftpm/xcode
    builtin-SwiftPerFileCompile PBXResourcesBuildPhase.swift
SwiftCompile normal arm64 /Users/admin/builder/spi-builder-workspace/.dependencies/checkouts/XcodeProj/Sources/XcodeProj/Objects/BuildPhase/PBXRezBuildPhase.swift (in target 'XcodeProj' from project 'XcodeProj')
    cd /Users/admin/builder/spi-builder-workspace/.swiftpm/xcode
    builtin-SwiftPerFileCompile PBXRezBuildPhase.swift
SwiftCompile normal arm64 /Users/admin/builder/spi-builder-workspace/.dependencies/checkouts/XcodeProj/Sources/XcodeProj/Objects/BuildPhase/PBXShellScriptBuildPhase.swift (in target 'XcodeProj' from project 'XcodeProj')
    cd /Users/admin/builder/spi-builder-workspace/.swiftpm/xcode
    builtin-SwiftPerFileCompile PBXShellScriptBuildPhase.swift
SwiftCompile normal arm64 /Users/admin/builder/spi-builder-workspace/.dependencies/checkouts/XcodeProj/Sources/XcodeProj/Objects/BuildPhase/PBXSourcesBuildPhase.swift (in target 'XcodeProj' from project 'XcodeProj')
    cd /Users/admin/builder/spi-builder-workspace/.swiftpm/xcode
    builtin-SwiftPerFileCompile PBXSourcesBuildPhase.swift
SwiftCompile normal arm64 /Users/admin/builder/spi-builder-workspace/.dependencies/checkouts/XcodeProj/Sources/XcodeProj/Objects/Configuration/BuildSettings.swift (in target 'XcodeProj' from project 'XcodeProj')
    cd /Users/admin/builder/spi-builder-workspace/.swiftpm/xcode
    builtin-SwiftPerFileCompile BuildSettings.swift
SwiftCompile normal arm64 /Users/admin/builder/spi-builder-workspace/.dependencies/checkouts/XcodeProj/Sources/XcodeProj/Objects/Configuration/XCBuildConfiguration.swift (in target 'XcodeProj' from project 'XcodeProj')
    cd /Users/admin/builder/spi-builder-workspace/.swiftpm/xcode
    builtin-SwiftPerFileCompile XCBuildConfiguration.swift
SwiftDriverJobDiscovery normal arm64_32 Compiling PBXBuildPhase.swift, PBXBuildRule.swift, PBXCopyFilesBuildPhase.swift, PBXFrameworksBuildPhase.swift, PBXHeadersBuildPhase.swift, PBXResourcesBuildPhase.swift, PBXRezBuildPhase.swift, PBXShellScriptBuildPhase.swift, PBXSourcesBuildPhase.swift, BuildSettings.swift, XCBuildConfiguration.swift (in target 'XcodeProj' from project 'XcodeProj')
SwiftCompile normal arm64 Compiling\ PBXProject.swift,\ Equality.generated.swift,\ Sourcery.swift,\ XCLocalSwiftPackageReference.swift,\ XCRemoteSwiftPackageReference.swift,\ XCSwiftPackageProductDependency.swift,\ PBXAggregateTarget.swift,\ PBXLegacyTarget.swift,\ PBXNativeTarget.swift,\ PBXProductType.swift /Users/admin/builder/spi-builder-workspace/.dependencies/checkouts/XcodeProj/Sources/XcodeProj/Objects/Project/PBXProject.swift /Users/admin/builder/spi-builder-workspace/.dependencies/checkouts/XcodeProj/Sources/XcodeProj/Objects/Sourcery/Equality.generated.swift /Users/admin/builder/spi-builder-workspace/.dependencies/checkouts/XcodeProj/Sources/XcodeProj/Objects/Sourcery/Sourcery.swift /Users/admin/builder/spi-builder-workspace/.dependencies/checkouts/XcodeProj/Sources/XcodeProj/Objects/SwiftPackage/XCLocalSwiftPackageReference.swift /Users/admin/builder/spi-builder-workspace/.dependencies/checkouts/XcodeProj/Sources/XcodeProj/Objects/SwiftPackage/XCRemoteSwiftPackageReference.swift /Users/admin/builder/spi-builder-workspace/.dependencies/checkouts/XcodeProj/Sources/XcodeProj/Objects/SwiftPackage/XCSwiftPackageProductDependency.swift /Users/admin/builder/spi-builder-workspace/.dependencies/checkouts/XcodeProj/Sources/XcodeProj/Objects/Targets/PBXAggregateTarget.swift /Users/admin/builder/spi-builder-workspace/.dependencies/checkouts/XcodeProj/Sources/XcodeProj/Objects/Targets/PBXLegacyTarget.swift /Users/admin/builder/spi-builder-workspace/.dependencies/checkouts/XcodeProj/Sources/XcodeProj/Objects/Targets/PBXNativeTarget.swift /Users/admin/builder/spi-builder-workspace/.dependencies/checkouts/XcodeProj/Sources/XcodeProj/Objects/Targets/PBXProductType.swift (in target 'XcodeProj' from project 'XcodeProj')
SwiftCompile normal arm64 /Users/admin/builder/spi-builder-workspace/.dependencies/checkouts/XcodeProj/Sources/XcodeProj/Objects/Project/PBXProject.swift (in target 'XcodeProj' from project 'XcodeProj')
    cd /Users/admin/builder/spi-builder-workspace/.swiftpm/xcode
    builtin-SwiftPerFileCompile PBXProject.swift
SwiftCompile normal arm64 /Users/admin/builder/spi-builder-workspace/.dependencies/checkouts/XcodeProj/Sources/XcodeProj/Objects/Sourcery/Equality.generated.swift (in target 'XcodeProj' from project 'XcodeProj')
    cd /Users/admin/builder/spi-builder-workspace/.swiftpm/xcode
    builtin-SwiftPerFileCompile Equality.generated.swift
SwiftCompile normal arm64 /Users/admin/builder/spi-builder-workspace/.dependencies/checkouts/XcodeProj/Sources/XcodeProj/Objects/Sourcery/Sourcery.swift (in target 'XcodeProj' from project 'XcodeProj')
    cd /Users/admin/builder/spi-builder-workspace/.swiftpm/xcode
    builtin-SwiftPerFileCompile Sourcery.swift
SwiftCompile normal arm64 /Users/admin/builder/spi-builder-workspace/.dependencies/checkouts/XcodeProj/Sources/XcodeProj/Objects/SwiftPackage/XCLocalSwiftPackageReference.swift (in target 'XcodeProj' from project 'XcodeProj')
    cd /Users/admin/builder/spi-builder-workspace/.swiftpm/xcode
    builtin-SwiftPerFileCompile XCLocalSwiftPackageReference.swift
SwiftCompile normal arm64 /Users/admin/builder/spi-builder-workspace/.dependencies/checkouts/XcodeProj/Sources/XcodeProj/Objects/SwiftPackage/XCRemoteSwiftPackageReference.swift (in target 'XcodeProj' from project 'XcodeProj')
    cd /Users/admin/builder/spi-builder-workspace/.swiftpm/xcode
    builtin-SwiftPerFileCompile XCRemoteSwiftPackageReference.swift
SwiftCompile normal arm64 /Users/admin/builder/spi-builder-workspace/.dependencies/checkouts/XcodeProj/Sources/XcodeProj/Objects/SwiftPackage/XCSwiftPackageProductDependency.swift (in target 'XcodeProj' from project 'XcodeProj')
    cd /Users/admin/builder/spi-builder-workspace/.swiftpm/xcode
    builtin-SwiftPerFileCompile XCSwiftPackageProductDependency.swift
SwiftCompile normal arm64 /Users/admin/builder/spi-builder-workspace/.dependencies/checkouts/XcodeProj/Sources/XcodeProj/Objects/Targets/PBXAggregateTarget.swift (in target 'XcodeProj' from project 'XcodeProj')
    cd /Users/admin/builder/spi-builder-workspace/.swiftpm/xcode
    builtin-SwiftPerFileCompile PBXAggregateTarget.swift
SwiftCompile normal arm64 /Users/admin/builder/spi-builder-workspace/.dependencies/checkouts/XcodeProj/Sources/XcodeProj/Objects/Targets/PBXLegacyTarget.swift (in target 'XcodeProj' from project 'XcodeProj')
    cd /Users/admin/builder/spi-builder-workspace/.swiftpm/xcode
    builtin-SwiftPerFileCompile PBXLegacyTarget.swift
SwiftCompile normal arm64 /Users/admin/builder/spi-builder-workspace/.dependencies/checkouts/XcodeProj/Sources/XcodeProj/Objects/Targets/PBXNativeTarget.swift (in target 'XcodeProj' from project 'XcodeProj')
    cd /Users/admin/builder/spi-builder-workspace/.swiftpm/xcode
    builtin-SwiftPerFileCompile PBXNativeTarget.swift
SwiftCompile normal arm64 /Users/admin/builder/spi-builder-workspace/.dependencies/checkouts/XcodeProj/Sources/XcodeProj/Objects/Targets/PBXProductType.swift (in target 'XcodeProj' from project 'XcodeProj')
    cd /Users/admin/builder/spi-builder-workspace/.swiftpm/xcode
    builtin-SwiftPerFileCompile PBXProductType.swift
SwiftDriverJobDiscovery normal arm64 Compiling PlistDecoding.swift, PlistValue.swift, ReferenceGenerator.swift, XCConfig.swift, XCWorkspace.swift, XCWorkspaceData.swift, XCWorkspaceDataElement.swift, XCWorkspaceDataElementLocationType.swift, XCWorkspaceDataFileRef.swift, XCWorkspaceDataGroup.swift (in target 'XcodeProj' from project 'XcodeProj')
SwiftCompile normal arm64 Compiling\ XCScheme+TestParallelization.swift,\ XCScheme+TestPlanReference.swift,\ XCScheme+TestableReference.swift,\ XCScheme.swift,\ XCSchemeManagement.swift,\ BuildSettingsProvider.swift,\ CommentedString.swift,\ Decoders.swift,\ JSONDecoding.swift,\ PBXBatchUpdater.swift /Users/admin/builder/spi-builder-workspace/.dependencies/checkouts/XcodeProj/Sources/XcodeProj/Scheme/XCScheme+TestParallelization.swift /Users/admin/builder/spi-builder-workspace/.dependencies/checkouts/XcodeProj/Sources/XcodeProj/Scheme/XCScheme+TestPlanReference.swift /Users/admin/builder/spi-builder-workspace/.dependencies/checkouts/XcodeProj/Sources/XcodeProj/Scheme/XCScheme+TestableReference.swift /Users/admin/builder/spi-builder-workspace/.dependencies/checkouts/XcodeProj/Sources/XcodeProj/Scheme/XCScheme.swift /Users/admin/builder/spi-builder-workspace/.dependencies/checkouts/XcodeProj/Sources/XcodeProj/Scheme/XCSchemeManagement.swift /Users/admin/builder/spi-builder-workspace/.dependencies/checkouts/XcodeProj/Sources/XcodeProj/Utils/BuildSettingsProvider.swift /Users/admin/builder/spi-builder-workspace/.dependencies/checkouts/XcodeProj/Sources/XcodeProj/Utils/CommentedString.swift /Users/admin/builder/spi-builder-workspace/.dependencies/checkouts/XcodeProj/Sources/XcodeProj/Utils/Decoders.swift /Users/admin/builder/spi-builder-workspace/.dependencies/checkouts/XcodeProj/Sources/XcodeProj/Utils/JSONDecoding.swift /Users/admin/builder/spi-builder-workspace/.dependencies/checkouts/XcodeProj/Sources/XcodeProj/Utils/PBXBatchUpdater.swift (in target 'XcodeProj' from project 'XcodeProj')
SwiftCompile normal arm64 /Users/admin/builder/spi-builder-workspace/.dependencies/checkouts/XcodeProj/Sources/XcodeProj/Scheme/XCScheme+TestParallelization.swift (in target 'XcodeProj' from project 'XcodeProj')
    cd /Users/admin/builder/spi-builder-workspace/.swiftpm/xcode
    builtin-SwiftPerFileCompile XCScheme+TestParallelization.swift
SwiftCompile normal arm64 /Users/admin/builder/spi-builder-workspace/.dependencies/checkouts/XcodeProj/Sources/XcodeProj/Scheme/XCScheme+TestPlanReference.swift (in target 'XcodeProj' from project 'XcodeProj')
    cd /Users/admin/builder/spi-builder-workspace/.swiftpm/xcode
    builtin-SwiftPerFileCompile XCScheme+TestPlanReference.swift
SwiftCompile normal arm64 /Users/admin/builder/spi-builder-workspace/.dependencies/checkouts/XcodeProj/Sources/XcodeProj/Scheme/XCScheme+TestableReference.swift (in target 'XcodeProj' from project 'XcodeProj')
    cd /Users/admin/builder/spi-builder-workspace/.swiftpm/xcode
    builtin-SwiftPerFileCompile XCScheme+TestableReference.swift
SwiftCompile normal arm64 /Users/admin/builder/spi-builder-workspace/.dependencies/checkouts/XcodeProj/Sources/XcodeProj/Scheme/XCScheme.swift (in target 'XcodeProj' from project 'XcodeProj')
    cd /Users/admin/builder/spi-builder-workspace/.swiftpm/xcode
    builtin-SwiftPerFileCompile XCScheme.swift
SwiftCompile normal arm64 /Users/admin/builder/spi-builder-workspace/.dependencies/checkouts/XcodeProj/Sources/XcodeProj/Scheme/XCSchemeManagement.swift (in target 'XcodeProj' from project 'XcodeProj')
    cd /Users/admin/builder/spi-builder-workspace/.swiftpm/xcode
    builtin-SwiftPerFileCompile XCSchemeManagement.swift
SwiftCompile normal arm64 /Users/admin/builder/spi-builder-workspace/.dependencies/checkouts/XcodeProj/Sources/XcodeProj/Utils/BuildSettingsProvider.swift (in target 'XcodeProj' from project 'XcodeProj')
    cd /Users/admin/builder/spi-builder-workspace/.swiftpm/xcode
    builtin-SwiftPerFileCompile BuildSettingsProvider.swift
SwiftCompile normal arm64 /Users/admin/builder/spi-builder-workspace/.dependencies/checkouts/XcodeProj/Sources/XcodeProj/Utils/CommentedString.swift (in target 'XcodeProj' from project 'XcodeProj')
    cd /Users/admin/builder/spi-builder-workspace/.swiftpm/xcode
    builtin-SwiftPerFileCompile CommentedString.swift
SwiftCompile normal arm64 /Users/admin/builder/spi-builder-workspace/.dependencies/checkouts/XcodeProj/Sources/XcodeProj/Utils/Decoders.swift (in target 'XcodeProj' from project 'XcodeProj')
    cd /Users/admin/builder/spi-builder-workspace/.swiftpm/xcode
    builtin-SwiftPerFileCompile Decoders.swift
SwiftCompile normal arm64 /Users/admin/builder/spi-builder-workspace/.dependencies/checkouts/XcodeProj/Sources/XcodeProj/Utils/JSONDecoding.swift (in target 'XcodeProj' from project 'XcodeProj')
    cd /Users/admin/builder/spi-builder-workspace/.swiftpm/xcode
    builtin-SwiftPerFileCompile JSONDecoding.swift
SwiftCompile normal arm64 /Users/admin/builder/spi-builder-workspace/.dependencies/checkouts/XcodeProj/Sources/XcodeProj/Utils/PBXBatchUpdater.swift (in target 'XcodeProj' from project 'XcodeProj')
    cd /Users/admin/builder/spi-builder-workspace/.swiftpm/xcode
    builtin-SwiftPerFileCompile PBXBatchUpdater.swift
SwiftDriverJobDiscovery normal arm64_32 Emitting module for XcodeProj (in target 'XcodeProj' from project 'XcodeProj')
SwiftDriver\ Compilation\ Requirements XcodeProj normal arm64_32 com.apple.xcode.tools.swift.compiler (in target 'XcodeProj' from project 'XcodeProj')
    cd /Users/admin/builder/spi-builder-workspace/.swiftpm/xcode
    builtin-Swift-Compilation-Requirements -- /Applications/Xcode-27.0.0-Release.Candidate.app/Contents/Developer/Toolchains/XcodeDefault.xctoolchain/usr/bin/swiftc -parse-as-library -module-name XcodeProj -Onone @/Users/admin/builder/spi-builder-workspace/.derivedData/Build/Intermediates.noindex/XcodeProj.build/Debug-watchos/XcodeProj-t.build/Objects-normal/arm64_32/XcodeProj.SwiftFileList -DSWIFT_PACKAGE -DDEBUG -DSWIFT_MODULE_RESOURCE_BUNDLE_UNAVAILABLE -DXcode -enable-experimental-feature StrictConcurrency -plugin-path /Applications/Xcode-27.0.0-Release.Candidate.app/Contents/Developer/Toolchains/XcodeDefault.xctoolchain/usr/lib/swift/host/plugins/testing -enable-experimental-feature DebugDescriptionMacro -sdk /Applications/Xcode-27.0.0-Release.Candidate.app/Contents/Developer/Platforms/WatchOS.platform/Developer/SDKs/WatchOS27.0.sdk -target arm64_32-apple-watchos9.0 -g -module-cache-path /Users/admin/builder/spi-builder-workspace/.derivedData/ModuleCache.noindex -Xfrontend -serialize-debugging-options -profile-coverage-mapping -profile-generate -enable-testing -suppress-warnings -index-store-path /Users/admin/builder/spi-builder-workspace/.derivedData/Index.noindex/DataStore -Xcc -D_LIBCPP_HARDENING_MODE\=_LIBCPP_HARDENING_MODE_DEBUG -swift-version 5 -I /Users/admin/builder/spi-builder-workspace/.derivedData/Build/Products/Debug-watchos -Isystem /Applications/Xcode-27.0.0-Release.Candidate.app/Contents/Developer/Platforms/WatchOS.platform/Developer/usr/lib -F /Users/admin/builder/spi-builder-workspace/.derivedData/Build/Products/Debug-watchos/PackageFrameworks -F /Users/admin/builder/spi-builder-workspace/.derivedData/Build/Products/Debug-watchos -F /Applications/Xcode-27.0.0-Release.Candidate.app/Contents/Developer/Platforms/WatchOS.platform/Developer/Library/Frameworks -F /Applications/Xcode-27.0.0-Release.Candidate.app/Contents/Developer/Platforms/WatchOS.platform/Developer/SDKs/WatchOS27.0.sdk/Developer/Library/Frameworks -c -j10 -enable-batch-mode -incremental -Xcc -ivfsstatcache -Xcc /Users/admin/builder/spi-builder-workspace/.derivedData/SDKStatCaches.noindex/watchos27.0-24R360-e829b21a6f8c9b70876ba0858053c04477534ef55a1706bf4c1112bbb242f0a2.sdkstatcache -output-file-map /Users/admin/builder/spi-builder-workspace/.derivedData/Build/Intermediates.noindex/XcodeProj.build/Debug-watchos/XcodeProj-t.build/Objects-normal/arm64_32/XcodeProj-OutputFileMap.json -save-temps -no-color-diagnostics -explicit-module-build -module-cache-path /Users/admin/builder/spi-builder-workspace/.derivedData/Build/Intermediates.noindex/SwiftExplicitPrecompiledModules -clang-scanner-module-cache-path /Users/admin/builder/spi-builder-workspace/.derivedData/ModuleCache.noindex -sdk-module-cache-path /Users/admin/builder/spi-builder-workspace/.derivedData/SDKExplicitPrecompiledModules -emit-dependencies -emit-module -emit-module-path /Users/admin/builder/spi-builder-workspace/.derivedData/Build/Intermediates.noindex/XcodeProj.build/Debug-watchos/XcodeProj-t.build/Objects-normal/arm64_32/XcodeProj.swiftmodule -serialize-diagnostics -dependency-scan-serialize-diagnostics-path /Users/admin/builder/spi-builder-workspace/.derivedData/Build/Intermediates.noindex/XcodeProj.build/Debug-watchos/XcodeProj-t.build/Objects-normal/arm64_32/XcodeProj-dependency-scan.dia -validate-clang-modules-once -clang-build-session-file /Users/admin/builder/spi-builder-workspace/.derivedData/ModuleCache.noindex/Session.modulevalidation -Xcc -fmodules-prune-interval\=86400 -Xcc -fmodules-prune-after\=345600 -package-name xcodeproj -emit-const-values -const-gather-protocols-list /Users/admin/builder/spi-builder-workspace/.derivedData/Build/Intermediates.noindex/XcodeProj.build/Debug-watchos/XcodeProj-t.build/Objects-normal/arm64_32/XcodeProj_const_extract_protocols.json -Xcc -I/Users/admin/builder/spi-builder-workspace/.derivedData/Build/Products/Debug-watchos/include -Xcc -I/Users/admin/builder/spi-builder-workspace/.derivedData/Build/Intermediates.noindex/XcodeProj.build/Debug-watchos/XcodeProj-t.build/DerivedSources-normal/arm64_32 -Xcc -I/Users/admin/builder/spi-builder-workspace/.derivedData/Build/Intermediates.noindex/XcodeProj.build/Debug-watchos/XcodeProj-t.build/DerivedSources/arm64_32 -Xcc -I/Users/admin/builder/spi-builder-workspace/.derivedData/Build/Intermediates.noindex/XcodeProj.build/Debug-watchos/XcodeProj-t.build/DerivedSources -Xcc -DSWIFT_PACKAGE -Xcc -DDEBUG\=1 -emit-objc-header -emit-objc-header-path /Users/admin/builder/spi-builder-workspace/.derivedData/Build/Intermediates.noindex/XcodeProj.build/Debug-watchos/XcodeProj-t.build/Objects-normal/arm64_32/XcodeProj-Swift.h -working-directory /Users/admin/builder/spi-builder-workspace/.swiftpm/xcode -experimental-emit-module-separately -disable-cmo
SwiftDriverJobDiscovery normal arm64_32 Compiling PlistDecoding.swift, PlistValue.swift, ReferenceGenerator.swift, XCConfig.swift, XCWorkspace.swift, XCWorkspaceData.swift, XCWorkspaceDataElement.swift, XCWorkspaceDataElementLocationType.swift, XCWorkspaceDataFileRef.swift, XCWorkspaceDataGroup.swift (in target 'XcodeProj' from project 'XcodeProj')
SwiftCompile normal arm64_32 Compiling\ XCScheme+LaunchAction.swift,\ XCScheme+LocationScenarioReference.swift,\ XCScheme+PathRunnable.swift,\ XCScheme+ProfileAction.swift,\ XCScheme+RemoteRunnable.swift,\ XCScheme+Runnable.swift,\ XCScheme+SerialAction.swift,\ XCScheme+StoreKitConfigurationFileReference.swift,\ XCScheme+TestAction.swift,\ XCScheme+TestItem.swift /Users/admin/builder/spi-builder-workspace/.dependencies/checkouts/XcodeProj/Sources/XcodeProj/Scheme/XCScheme+LaunchAction.swift /Users/admin/builder/spi-builder-workspace/.dependencies/checkouts/XcodeProj/Sources/XcodeProj/Scheme/XCScheme+LocationScenarioReference.swift /Users/admin/builder/spi-builder-workspace/.dependencies/checkouts/XcodeProj/Sources/XcodeProj/Scheme/XCScheme+PathRunnable.swift /Users/admin/builder/spi-builder-workspace/.dependencies/checkouts/XcodeProj/Sources/XcodeProj/Scheme/XCScheme+ProfileAction.swift /Users/admin/builder/spi-builder-workspace/.dependencies/checkouts/XcodeProj/Sources/XcodeProj/Scheme/XCScheme+RemoteRunnable.swift /Users/admin/builder/spi-builder-workspace/.dependencies/checkouts/XcodeProj/Sources/XcodeProj/Scheme/XCScheme+Runnable.swift /Users/admin/builder/spi-builder-workspace/.dependencies/checkouts/XcodeProj/Sources/XcodeProj/Scheme/XCScheme+SerialAction.swift /Users/admin/builder/spi-builder-workspace/.dependencies/checkouts/XcodeProj/Sources/XcodeProj/Scheme/XCScheme+StoreKitConfigurationFileReference.swift /Users/admin/builder/spi-builder-workspace/.dependencies/checkouts/XcodeProj/Sources/XcodeProj/Scheme/XCScheme+TestAction.swift /Users/admin/builder/spi-builder-workspace/.dependencies/checkouts/XcodeProj/Sources/XcodeProj/Scheme/XCScheme+TestItem.swift (in target 'XcodeProj' from project 'XcodeProj')
SwiftCompile normal arm64_32 /Users/admin/builder/spi-builder-workspace/.dependencies/checkouts/XcodeProj/Sources/XcodeProj/Scheme/XCScheme+LaunchAction.swift (in target 'XcodeProj' from project 'XcodeProj')
    cd /Users/admin/builder/spi-builder-workspace/.swiftpm/xcode
    builtin-SwiftPerFileCompile XCScheme+LaunchAction.swift
SwiftCompile normal arm64_32 /Users/admin/builder/spi-builder-workspace/.dependencies/checkouts/XcodeProj/Sources/XcodeProj/Scheme/XCScheme+LocationScenarioReference.swift (in target 'XcodeProj' from project 'XcodeProj')
    cd /Users/admin/builder/spi-builder-workspace/.swiftpm/xcode
    builtin-SwiftPerFileCompile XCScheme+LocationScenarioReference.swift
SwiftCompile normal arm64_32 /Users/admin/builder/spi-builder-workspace/.dependencies/checkouts/XcodeProj/Sources/XcodeProj/Scheme/XCScheme+PathRunnable.swift (in target 'XcodeProj' from project 'XcodeProj')
    cd /Users/admin/builder/spi-builder-workspace/.swiftpm/xcode
    builtin-SwiftPerFileCompile XCScheme+PathRunnable.swift
SwiftCompile normal arm64_32 /Users/admin/builder/spi-builder-workspace/.dependencies/checkouts/XcodeProj/Sources/XcodeProj/Scheme/XCScheme+ProfileAction.swift (in target 'XcodeProj' from project 'XcodeProj')
    cd /Users/admin/builder/spi-builder-workspace/.swiftpm/xcode
    builtin-SwiftPerFileCompile XCScheme+ProfileAction.swift
SwiftCompile normal arm64_32 /Users/admin/builder/spi-builder-workspace/.dependencies/checkouts/XcodeProj/Sources/XcodeProj/Scheme/XCScheme+RemoteRunnable.swift (in target 'XcodeProj' from project 'XcodeProj')
    cd /Users/admin/builder/spi-builder-workspace/.swiftpm/xcode
    builtin-SwiftPerFileCompile XCScheme+RemoteRunnable.swift
SwiftCompile normal arm64_32 /Users/admin/builder/spi-builder-workspace/.dependencies/checkouts/XcodeProj/Sources/XcodeProj/Scheme/XCScheme+Runnable.swift (in target 'XcodeProj' from project 'XcodeProj')
    cd /Users/admin/builder/spi-builder-workspace/.swiftpm/xcode
    builtin-SwiftPerFileCompile XCScheme+Runnable.swift
SwiftCompile normal arm64_32 /Users/admin/builder/spi-builder-workspace/.dependencies/checkouts/XcodeProj/Sources/XcodeProj/Scheme/XCScheme+SerialAction.swift (in target 'XcodeProj' from project 'XcodeProj')
    cd /Users/admin/builder/spi-builder-workspace/.swiftpm/xcode
    builtin-SwiftPerFileCompile XCScheme+SerialAction.swift
SwiftCompile normal arm64_32 /Users/admin/builder/spi-builder-workspace/.dependencies/checkouts/XcodeProj/Sources/XcodeProj/Scheme/XCScheme+StoreKitConfigurationFileReference.swift (in target 'XcodeProj' from project 'XcodeProj')
    cd /Users/admin/builder/spi-builder-workspace/.swiftpm/xcode
    builtin-SwiftPerFileCompile XCScheme+StoreKitConfigurationFileReference.swift
SwiftCompile normal arm64_32 /Users/admin/builder/spi-builder-workspace/.dependencies/checkouts/XcodeProj/Sources/XcodeProj/Scheme/XCScheme+TestAction.swift (in target 'XcodeProj' from project 'XcodeProj')
    cd /Users/admin/builder/spi-builder-workspace/.swiftpm/xcode
    builtin-SwiftPerFileCompile XCScheme+TestAction.swift
SwiftCompile normal arm64_32 /Users/admin/builder/spi-builder-workspace/.dependencies/checkouts/XcodeProj/Sources/XcodeProj/Scheme/XCScheme+TestItem.swift (in target 'XcodeProj' from project 'XcodeProj')
    cd /Users/admin/builder/spi-builder-workspace/.swiftpm/xcode
    builtin-SwiftPerFileCompile XCScheme+TestItem.swift
SwiftCompile normal arm64 Compiling\ XCScheme+LaunchAction.swift,\ XCScheme+LocationScenarioReference.swift,\ XCScheme+PathRunnable.swift,\ XCScheme+ProfileAction.swift,\ XCScheme+RemoteRunnable.swift,\ XCScheme+Runnable.swift,\ XCScheme+SerialAction.swift,\ XCScheme+StoreKitConfigurationFileReference.swift,\ XCScheme+TestAction.swift,\ XCScheme+TestItem.swift /Users/admin/builder/spi-builder-workspace/.dependencies/checkouts/XcodeProj/Sources/XcodeProj/Scheme/XCScheme+LaunchAction.swift /Users/admin/builder/spi-builder-workspace/.dependencies/checkouts/XcodeProj/Sources/XcodeProj/Scheme/XCScheme+LocationScenarioReference.swift /Users/admin/builder/spi-builder-workspace/.dependencies/checkouts/XcodeProj/Sources/XcodeProj/Scheme/XCScheme+PathRunnable.swift /Users/admin/builder/spi-builder-workspace/.dependencies/checkouts/XcodeProj/Sources/XcodeProj/Scheme/XCScheme+ProfileAction.swift /Users/admin/builder/spi-builder-workspace/.dependencies/checkouts/XcodeProj/Sources/XcodeProj/Scheme/XCScheme+RemoteRunnable.swift /Users/admin/builder/spi-builder-workspace/.dependencies/checkouts/XcodeProj/Sources/XcodeProj/Scheme/XCScheme+Runnable.swift /Users/admin/builder/spi-builder-workspace/.dependencies/checkouts/XcodeProj/Sources/XcodeProj/Scheme/XCScheme+SerialAction.swift /Users/admin/builder/spi-builder-workspace/.dependencies/checkouts/XcodeProj/Sources/XcodeProj/Scheme/XCScheme+StoreKitConfigurationFileReference.swift /Users/admin/builder/spi-builder-workspace/.dependencies/checkouts/XcodeProj/Sources/XcodeProj/Scheme/XCScheme+TestAction.swift /Users/admin/builder/spi-builder-workspace/.dependencies/checkouts/XcodeProj/Sources/XcodeProj/Scheme/XCScheme+TestItem.swift (in target 'XcodeProj' from project 'XcodeProj')
SwiftCompile normal arm64 /Users/admin/builder/spi-builder-workspace/.dependencies/checkouts/XcodeProj/Sources/XcodeProj/Scheme/XCScheme+LaunchAction.swift (in target 'XcodeProj' from project 'XcodeProj')
    cd /Users/admin/builder/spi-builder-workspace/.swiftpm/xcode
    builtin-SwiftPerFileCompile XCScheme+LaunchAction.swift
SwiftCompile normal arm64 /Users/admin/builder/spi-builder-workspace/.dependencies/checkouts/XcodeProj/Sources/XcodeProj/Scheme/XCScheme+LocationScenarioReference.swift (in target 'XcodeProj' from project 'XcodeProj')
    cd /Users/admin/builder/spi-builder-workspace/.swiftpm/xcode
    builtin-SwiftPerFileCompile XCScheme+LocationScenarioReference.swift
SwiftCompile normal arm64 /Users/admin/builder/spi-builder-workspace/.dependencies/checkouts/XcodeProj/Sources/XcodeProj/Scheme/XCScheme+PathRunnable.swift (in target 'XcodeProj' from project 'XcodeProj')
    cd /Users/admin/builder/spi-builder-workspace/.swiftpm/xcode
    builtin-SwiftPerFileCompile XCScheme+PathRunnable.swift
SwiftCompile normal arm64 /Users/admin/builder/spi-builder-workspace/.dependencies/checkouts/XcodeProj/Sources/XcodeProj/Scheme/XCScheme+ProfileAction.swift (in target 'XcodeProj' from project 'XcodeProj')
    cd /Users/admin/builder/spi-builder-workspace/.swiftpm/xcode
    builtin-SwiftPerFileCompile XCScheme+ProfileAction.swift
SwiftCompile normal arm64 /Users/admin/builder/spi-builder-workspace/.dependencies/checkouts/XcodeProj/Sources/XcodeProj/Scheme/XCScheme+RemoteRunnable.swift (in target 'XcodeProj' from project 'XcodeProj')
    cd /Users/admin/builder/spi-builder-workspace/.swiftpm/xcode
    builtin-SwiftPerFileCompile XCScheme+RemoteRunnable.swift
SwiftCompile normal arm64 /Users/admin/builder/spi-builder-workspace/.dependencies/checkouts/XcodeProj/Sources/XcodeProj/Scheme/XCScheme+Runnable.swift (in target 'XcodeProj' from project 'XcodeProj')
    cd /Users/admin/builder/spi-builder-workspace/.swiftpm/xcode
    builtin-SwiftPerFileCompile XCScheme+Runnable.swift
SwiftCompile normal arm64 /Users/admin/builder/spi-builder-workspace/.dependencies/checkouts/XcodeProj/Sources/XcodeProj/Scheme/XCScheme+SerialAction.swift (in target 'XcodeProj' from project 'XcodeProj')
    cd /Users/admin/builder/spi-builder-workspace/.swiftpm/xcode
    builtin-SwiftPerFileCompile XCScheme+SerialAction.swift
SwiftCompile normal arm64 /Users/admin/builder/spi-builder-workspace/.dependencies/checkouts/XcodeProj/Sources/XcodeProj/Scheme/XCScheme+StoreKitConfigurationFileReference.swift (in target 'XcodeProj' from project 'XcodeProj')
    cd /Users/admin/builder/spi-builder-workspace/.swiftpm/xcode
    builtin-SwiftPerFileCompile XCScheme+StoreKitConfigurationFileReference.swift
SwiftCompile normal arm64 /Users/admin/builder/spi-builder-workspace/.dependencies/checkouts/XcodeProj/Sources/XcodeProj/Scheme/XCScheme+TestAction.swift (in target 'XcodeProj' from project 'XcodeProj')
    cd /Users/admin/builder/spi-builder-workspace/.swiftpm/xcode
    builtin-SwiftPerFileCompile XCScheme+TestAction.swift
SwiftCompile normal arm64 /Users/admin/builder/spi-builder-workspace/.dependencies/checkouts/XcodeProj/Sources/XcodeProj/Scheme/XCScheme+TestItem.swift (in target 'XcodeProj' from project 'XcodeProj')
    cd /Users/admin/builder/spi-builder-workspace/.swiftpm/xcode
    builtin-SwiftPerFileCompile XCScheme+TestItem.swift
SwiftDriverJobDiscovery normal arm64 Emitting module for XcodeProj (in target 'XcodeProj' from project 'XcodeProj')
SwiftDriver\ Compilation\ Requirements XcodeProj normal arm64 com.apple.xcode.tools.swift.compiler (in target 'XcodeProj' from project 'XcodeProj')
    cd /Users/admin/builder/spi-builder-workspace/.swiftpm/xcode
    builtin-Swift-Compilation-Requirements -- /Applications/Xcode-27.0.0-Release.Candidate.app/Contents/Developer/Toolchains/XcodeDefault.xctoolchain/usr/bin/swiftc -parse-as-library -module-name XcodeProj -Onone @/Users/admin/builder/spi-builder-workspace/.derivedData/Build/Intermediates.noindex/XcodeProj.build/Debug-watchos/XcodeProj-t.build/Objects-normal/arm64/XcodeProj.SwiftFileList -DSWIFT_PACKAGE -DDEBUG -DSWIFT_MODULE_RESOURCE_BUNDLE_UNAVAILABLE -DXcode -enable-experimental-feature StrictConcurrency -plugin-path /Applications/Xcode-27.0.0-Release.Candidate.app/Contents/Developer/Toolchains/XcodeDefault.xctoolchain/usr/lib/swift/host/plugins/testing -enable-experimental-feature DebugDescriptionMacro -sdk /Applications/Xcode-27.0.0-Release.Candidate.app/Contents/Developer/Platforms/WatchOS.platform/Developer/SDKs/WatchOS27.0.sdk -target arm64-apple-watchos9.0 -g -module-cache-path /Users/admin/builder/spi-builder-workspace/.derivedData/ModuleCache.noindex -Xfrontend -serialize-debugging-options -profile-coverage-mapping -profile-generate -enable-testing -suppress-warnings -index-store-path /Users/admin/builder/spi-builder-workspace/.derivedData/Index.noindex/DataStore -Xcc -D_LIBCPP_HARDENING_MODE\=_LIBCPP_HARDENING_MODE_DEBUG -swift-version 5 -I /Users/admin/builder/spi-builder-workspace/.derivedData/Build/Products/Debug-watchos -Isystem /Applications/Xcode-27.0.0-Release.Candidate.app/Contents/Developer/Platforms/WatchOS.platform/Developer/usr/lib -F /Users/admin/builder/spi-builder-workspace/.derivedData/Build/Products/Debug-watchos/PackageFrameworks -F /Users/admin/builder/spi-builder-workspace/.derivedData/Build/Products/Debug-watchos -F /Applications/Xcode-27.0.0-Release.Candidate.app/Contents/Developer/Platforms/WatchOS.platform/Developer/Library/Frameworks -F /Applications/Xcode-27.0.0-Release.Candidate.app/Contents/Developer/Platforms/WatchOS.platform/Developer/SDKs/WatchOS27.0.sdk/Developer/Library/Frameworks -c -j10 -enable-batch-mode -incremental -Xcc -ivfsstatcache -Xcc /Users/admin/builder/spi-builder-workspace/.derivedData/SDKStatCaches.noindex/watchos27.0-24R360-e829b21a6f8c9b70876ba0858053c04477534ef55a1706bf4c1112bbb242f0a2.sdkstatcache -output-file-map /Users/admin/builder/spi-builder-workspace/.derivedData/Build/Intermediates.noindex/XcodeProj.build/Debug-watchos/XcodeProj-t.build/Objects-normal/arm64/XcodeProj-OutputFileMap.json -save-temps -no-color-diagnostics -explicit-module-build -module-cache-path /Users/admin/builder/spi-builder-workspace/.derivedData/Build/Intermediates.noindex/SwiftExplicitPrecompiledModules -clang-scanner-module-cache-path /Users/admin/builder/spi-builder-workspace/.derivedData/ModuleCache.noindex -sdk-module-cache-path /Users/admin/builder/spi-builder-workspace/.derivedData/SDKExplicitPrecompiledModules -emit-dependencies -emit-module -emit-module-path /Users/admin/builder/spi-builder-workspace/.derivedData/Build/Intermediates.noindex/XcodeProj.build/Debug-watchos/XcodeProj-t.build/Objects-normal/arm64/XcodeProj.swiftmodule -serialize-diagnostics -dependency-scan-serialize-diagnostics-path /Users/admin/builder/spi-builder-workspace/.derivedData/Build/Intermediates.noindex/XcodeProj.build/Debug-watchos/XcodeProj-t.build/Objects-normal/arm64/XcodeProj-dependency-scan.dia -validate-clang-modules-once -clang-build-session-file /Users/admin/builder/spi-builder-workspace/.derivedData/ModuleCache.noindex/Session.modulevalidation -Xcc -fmodules-prune-interval\=86400 -Xcc -fmodules-prune-after\=345600 -package-name xcodeproj -emit-const-values -const-gather-protocols-list /Users/admin/builder/spi-builder-workspace/.derivedData/Build/Intermediates.noindex/XcodeProj.build/Debug-watchos/XcodeProj-t.build/Objects-normal/arm64/XcodeProj_const_extract_protocols.json -Xcc -I/Users/admin/builder/spi-builder-workspace/.derivedData/Build/Products/Debug-watchos/include -Xcc -I/Users/admin/builder/spi-builder-workspace/.derivedData/Build/Intermediates.noindex/XcodeProj.build/Debug-watchos/XcodeProj-t.build/DerivedSources-normal/arm64 -Xcc -I/Users/admin/builder/spi-builder-workspace/.derivedData/Build/Intermediates.noindex/XcodeProj.build/Debug-watchos/XcodeProj-t.build/DerivedSources/arm64 -Xcc -I/Users/admin/builder/spi-builder-workspace/.derivedData/Build/Intermediates.noindex/XcodeProj.build/Debug-watchos/XcodeProj-t.build/DerivedSources -Xcc -DSWIFT_PACKAGE -Xcc -DDEBUG\=1 -emit-objc-header -emit-objc-header-path /Users/admin/builder/spi-builder-workspace/.derivedData/Build/Intermediates.noindex/XcodeProj.build/Debug-watchos/XcodeProj-t.build/Objects-normal/arm64/XcodeProj-Swift.h -working-directory /Users/admin/builder/spi-builder-workspace/.swiftpm/xcode -experimental-emit-module-separately -disable-cmo
SwiftDriverJobDiscovery normal arm64_32 Compiling XCScheme+TestParallelization.swift, XCScheme+TestPlanReference.swift, XCScheme+TestableReference.swift, XCScheme.swift, XCSchemeManagement.swift, BuildSettingsProvider.swift, CommentedString.swift, Decoders.swift, JSONDecoding.swift, PBXBatchUpdater.swift (in target 'XcodeProj' from project 'XcodeProj')
Copy /Users/admin/builder/spi-builder-workspace/.derivedData/Build/Products/Debug-watchos/XcodeProj.swiftmodule/arm64_32-apple-watchos.swiftmodule /Users/admin/builder/spi-builder-workspace/.derivedData/Build/Intermediates.noindex/XcodeProj.build/Debug-watchos/XcodeProj-t.build/Objects-normal/arm64_32/XcodeProj.swiftmodule (in target 'XcodeProj' from project 'XcodeProj')
    cd /Users/admin/builder/spi-builder-workspace/.dependencies/checkouts/XcodeProj
    builtin-copy -exclude .DS_Store -exclude CVS -exclude .svn -exclude .git -exclude .hg -resolve-src-symlinks -rename /Users/admin/builder/spi-builder-workspace/.derivedData/Build/Intermediates.noindex/XcodeProj.build/Debug-watchos/XcodeProj-t.build/Objects-normal/arm64_32/XcodeProj.swiftmodule /Users/admin/builder/spi-builder-workspace/.derivedData/Build/Products/Debug-watchos/XcodeProj.swiftmodule/arm64_32-apple-watchos.swiftmodule
Copy /Users/admin/builder/spi-builder-workspace/.derivedData/Build/Products/Debug-watchos/XcodeProj.swiftmodule/arm64_32-apple-watchos.swiftdoc /Users/admin/builder/spi-builder-workspace/.derivedData/Build/Intermediates.noindex/XcodeProj.build/Debug-watchos/XcodeProj-t.build/Objects-normal/arm64_32/XcodeProj.swiftdoc (in target 'XcodeProj' from project 'XcodeProj')
    cd /Users/admin/builder/spi-builder-workspace/.dependencies/checkouts/XcodeProj
    builtin-copy -exclude .DS_Store -exclude CVS -exclude .svn -exclude .git -exclude .hg -resolve-src-symlinks -rename /Users/admin/builder/spi-builder-workspace/.derivedData/Build/Intermediates.noindex/XcodeProj.build/Debug-watchos/XcodeProj-t.build/Objects-normal/arm64_32/XcodeProj.swiftdoc /Users/admin/builder/spi-builder-workspace/.derivedData/Build/Products/Debug-watchos/XcodeProj.swiftmodule/arm64_32-apple-watchos.swiftdoc
Copy /Users/admin/builder/spi-builder-workspace/.derivedData/Build/Products/Debug-watchos/XcodeProj.swiftmodule/arm64_32-apple-watchos.abi.json /Users/admin/builder/spi-builder-workspace/.derivedData/Build/Intermediates.noindex/XcodeProj.build/Debug-watchos/XcodeProj-t.build/Objects-normal/arm64_32/XcodeProj.abi.json (in target 'XcodeProj' from project 'XcodeProj')
    cd /Users/admin/builder/spi-builder-workspace/.dependencies/checkouts/XcodeProj
    builtin-copy -exclude .DS_Store -exclude CVS -exclude .svn -exclude .git -exclude .hg -resolve-src-symlinks -rename /Users/admin/builder/spi-builder-workspace/.derivedData/Build/Intermediates.noindex/XcodeProj.build/Debug-watchos/XcodeProj-t.build/Objects-normal/arm64_32/XcodeProj.abi.json /Users/admin/builder/spi-builder-workspace/.derivedData/Build/Products/Debug-watchos/XcodeProj.swiftmodule/arm64_32-apple-watchos.abi.json
Copy /Users/admin/builder/spi-builder-workspace/.derivedData/Build/Products/Debug-watchos/XcodeProj.swiftmodule/Project/arm64_32-apple-watchos.swiftsourceinfo /Users/admin/builder/spi-builder-workspace/.derivedData/Build/Intermediates.noindex/XcodeProj.build/Debug-watchos/XcodeProj-t.build/Objects-normal/arm64_32/XcodeProj.swiftsourceinfo (in target 'XcodeProj' from project 'XcodeProj')
    cd /Users/admin/builder/spi-builder-workspace/.dependencies/checkouts/XcodeProj
    builtin-copy -exclude .DS_Store -exclude CVS -exclude .svn -exclude .git -exclude .hg -resolve-src-symlinks -rename /Users/admin/builder/spi-builder-workspace/.derivedData/Build/Intermediates.noindex/XcodeProj.build/Debug-watchos/XcodeProj-t.build/Objects-normal/arm64_32/XcodeProj.swiftsourceinfo /Users/admin/builder/spi-builder-workspace/.derivedData/Build/Products/Debug-watchos/XcodeProj.swiftmodule/Project/arm64_32-apple-watchos.swiftsourceinfo
SwiftMergeGeneratedHeaders /Users/admin/builder/spi-builder-workspace/.derivedData/Build/Intermediates.noindex/GeneratedModuleMaps-watchos/XcodeProj-Swift.h /Users/admin/builder/spi-builder-workspace/.derivedData/Build/Intermediates.noindex/XcodeProj.build/Debug-watchos/XcodeProj-t.build/Objects-normal/arm64/XcodeProj-Swift.h /Users/admin/builder/spi-builder-workspace/.derivedData/Build/Intermediates.noindex/XcodeProj.build/Debug-watchos/XcodeProj-t.build/Objects-normal/arm64_32/XcodeProj-Swift.h (in target 'XcodeProj' from project 'XcodeProj')
    cd /Users/admin/builder/spi-builder-workspace/.dependencies/checkouts/XcodeProj
    builtin-swiftHeaderTool -arch arm64 /Users/admin/builder/spi-builder-workspace/.derivedData/Build/Intermediates.noindex/XcodeProj.build/Debug-watchos/XcodeProj-t.build/Objects-normal/arm64/XcodeProj-Swift.h -arch arm64_32 /Users/admin/builder/spi-builder-workspace/.derivedData/Build/Intermediates.noindex/XcodeProj.build/Debug-watchos/XcodeProj-t.build/Objects-normal/arm64_32/XcodeProj-Swift.h -o /Users/admin/builder/spi-builder-workspace/.derivedData/Build/Intermediates.noindex/GeneratedModuleMaps-watchos/XcodeProj-Swift.h
Copy /Users/admin/builder/spi-builder-workspace/.derivedData/Build/Products/Debug-watchos/XcodeProj.swiftmodule/arm64-apple-watchos.swiftmodule /Users/admin/builder/spi-builder-workspace/.derivedData/Build/Intermediates.noindex/XcodeProj.build/Debug-watchos/XcodeProj-t.build/Objects-normal/arm64/XcodeProj.swiftmodule (in target 'XcodeProj' from project 'XcodeProj')
    cd /Users/admin/builder/spi-builder-workspace/.dependencies/checkouts/XcodeProj
    builtin-copy -exclude .DS_Store -exclude CVS -exclude .svn -exclude .git -exclude .hg -resolve-src-symlinks -rename /Users/admin/builder/spi-builder-workspace/.derivedData/Build/Intermediates.noindex/XcodeProj.build/Debug-watchos/XcodeProj-t.build/Objects-normal/arm64/XcodeProj.swiftmodule /Users/admin/builder/spi-builder-workspace/.derivedData/Build/Products/Debug-watchos/XcodeProj.swiftmodule/arm64-apple-watchos.swiftmodule
Copy /Users/admin/builder/spi-builder-workspace/.derivedData/Build/Products/Debug-watchos/XcodeProj.swiftmodule/arm64-apple-watchos.swiftdoc /Users/admin/builder/spi-builder-workspace/.derivedData/Build/Intermediates.noindex/XcodeProj.build/Debug-watchos/XcodeProj-t.build/Objects-normal/arm64/XcodeProj.swiftdoc (in target 'XcodeProj' from project 'XcodeProj')
    cd /Users/admin/builder/spi-builder-workspace/.dependencies/checkouts/XcodeProj
    builtin-copy -exclude .DS_Store -exclude CVS -exclude .svn -exclude .git -exclude .hg -resolve-src-symlinks -rename /Users/admin/builder/spi-builder-workspace/.derivedData/Build/Intermediates.noindex/XcodeProj.build/Debug-watchos/XcodeProj-t.build/Objects-normal/arm64/XcodeProj.swiftdoc /Users/admin/builder/spi-builder-workspace/.derivedData/Build/Products/Debug-watchos/XcodeProj.swiftmodule/arm64-apple-watchos.swiftdoc
Copy /Users/admin/builder/spi-builder-workspace/.derivedData/Build/Products/Debug-watchos/XcodeProj.swiftmodule/arm64-apple-watchos.abi.json /Users/admin/builder/spi-builder-workspace/.derivedData/Build/Intermediates.noindex/XcodeProj.build/Debug-watchos/XcodeProj-t.build/Objects-normal/arm64/XcodeProj.abi.json (in target 'XcodeProj' from project 'XcodeProj')
    cd /Users/admin/builder/spi-builder-workspace/.dependencies/checkouts/XcodeProj
    builtin-copy -exclude .DS_Store -exclude CVS -exclude .svn -exclude .git -exclude .hg -resolve-src-symlinks -rename /Users/admin/builder/spi-builder-workspace/.derivedData/Build/Intermediates.noindex/XcodeProj.build/Debug-watchos/XcodeProj-t.build/Objects-normal/arm64/XcodeProj.abi.json /Users/admin/builder/spi-builder-workspace/.derivedData/Build/Products/Debug-watchos/XcodeProj.swiftmodule/arm64-apple-watchos.abi.json
Copy /Users/admin/builder/spi-builder-workspace/.derivedData/Build/Products/Debug-watchos/XcodeProj.swiftmodule/Project/arm64-apple-watchos.swiftsourceinfo /Users/admin/builder/spi-builder-workspace/.derivedData/Build/Intermediates.noindex/XcodeProj.build/Debug-watchos/XcodeProj-t.build/Objects-normal/arm64/XcodeProj.swiftsourceinfo (in target 'XcodeProj' from project 'XcodeProj')
    cd /Users/admin/builder/spi-builder-workspace/.dependencies/checkouts/XcodeProj
    builtin-copy -exclude .DS_Store -exclude CVS -exclude .svn -exclude .git -exclude .hg -resolve-src-symlinks -rename /Users/admin/builder/spi-builder-workspace/.derivedData/Build/Intermediates.noindex/XcodeProj.build/Debug-watchos/XcodeProj-t.build/Objects-normal/arm64/XcodeProj.swiftsourceinfo /Users/admin/builder/spi-builder-workspace/.derivedData/Build/Products/Debug-watchos/XcodeProj.swiftmodule/Project/arm64-apple-watchos.swiftsourceinfo
SwiftCompile normal arm64 Compiling\ PBXSourceTree.swift,\ PBXVariantGroup.swift,\ XCVersionGroup.swift,\ PBXObject.swift,\ PBXObjectDictionaryEntry.swift,\ PBXObjectReference.swift,\ PBXObjects.swift,\ PBXOutputSettings.swift,\ PBXProj.swift,\ PBXProjEncoder.swift /Users/admin/builder/spi-builder-workspace/.dependencies/checkouts/XcodeProj/Sources/XcodeProj/Objects/Files/PBXSourceTree.swift /Users/admin/builder/spi-builder-workspace/.dependencies/checkouts/XcodeProj/Sources/XcodeProj/Objects/Files/PBXVariantGroup.swift /Users/admin/builder/spi-builder-workspace/.dependencies/checkouts/XcodeProj/Sources/XcodeProj/Objects/Files/XCVersionGroup.swift /Users/admin/builder/spi-builder-workspace/.dependencies/checkouts/XcodeProj/Sources/XcodeProj/Objects/Project/PBXObject.swift /Users/admin/builder/spi-builder-workspace/.dependencies/checkouts/XcodeProj/Sources/XcodeProj/Objects/Project/PBXObjectDictionaryEntry.swift /Users/admin/builder/spi-builder-workspace/.dependencies/checkouts/XcodeProj/Sources/XcodeProj/Objects/Project/PBXObjectReference.swift /Users/admin/builder/spi-builder-workspace/.dependencies/checkouts/XcodeProj/Sources/XcodeProj/Objects/Project/PBXObjects.swift /Users/admin/builder/spi-builder-workspace/.dependencies/checkouts/XcodeProj/Sources/XcodeProj/Objects/Project/PBXOutputSettings.swift /Users/admin/builder/spi-builder-workspace/.dependencies/checkouts/XcodeProj/Sources/XcodeProj/Objects/Project/PBXProj.swift /Users/admin/builder/spi-builder-workspace/.dependencies/checkouts/XcodeProj/Sources/XcodeProj/Objects/Project/PBXProjEncoder.swift (in target 'XcodeProj' from project 'XcodeProj')
SwiftCompile normal arm64 /Users/admin/builder/spi-builder-workspace/.dependencies/checkouts/XcodeProj/Sources/XcodeProj/Objects/Files/PBXSourceTree.swift (in target 'XcodeProj' from project 'XcodeProj')
    cd /Users/admin/builder/spi-builder-workspace/.swiftpm/xcode
    builtin-SwiftPerFileCompile PBXSourceTree.swift
SwiftCompile normal arm64 /Users/admin/builder/spi-builder-workspace/.dependencies/checkouts/XcodeProj/Sources/XcodeProj/Objects/Files/PBXVariantGroup.swift (in target 'XcodeProj' from project 'XcodeProj')
    cd /Users/admin/builder/spi-builder-workspace/.swiftpm/xcode
    builtin-SwiftPerFileCompile PBXVariantGroup.swift
SwiftCompile normal arm64 /Users/admin/builder/spi-builder-workspace/.dependencies/checkouts/XcodeProj/Sources/XcodeProj/Objects/Files/XCVersionGroup.swift (in target 'XcodeProj' from project 'XcodeProj')
    cd /Users/admin/builder/spi-builder-workspace/.swiftpm/xcode
    builtin-SwiftPerFileCompile XCVersionGroup.swift
SwiftCompile normal arm64 /Users/admin/builder/spi-builder-workspace/.dependencies/checkouts/XcodeProj/Sources/XcodeProj/Objects/Project/PBXObject.swift (in target 'XcodeProj' from project 'XcodeProj')
    cd /Users/admin/builder/spi-builder-workspace/.swiftpm/xcode
    builtin-SwiftPerFileCompile PBXObject.swift
SwiftCompile normal arm64 /Users/admin/builder/spi-builder-workspace/.dependencies/checkouts/XcodeProj/Sources/XcodeProj/Objects/Project/PBXObjectDictionaryEntry.swift (in target 'XcodeProj' from project 'XcodeProj')
    cd /Users/admin/builder/spi-builder-workspace/.swiftpm/xcode
    builtin-SwiftPerFileCompile PBXObjectDictionaryEntry.swift
SwiftCompile normal arm64 /Users/admin/builder/spi-builder-workspace/.dependencies/checkouts/XcodeProj/Sources/XcodeProj/Objects/Project/PBXObjectReference.swift (in target 'XcodeProj' from project 'XcodeProj')
    cd /Users/admin/builder/spi-builder-workspace/.swiftpm/xcode
    builtin-SwiftPerFileCompile PBXObjectReference.swift
SwiftCompile normal arm64 /Users/admin/builder/spi-builder-workspace/.dependencies/checkouts/XcodeProj/Sources/XcodeProj/Objects/Project/PBXObjects.swift (in target 'XcodeProj' from project 'XcodeProj')
    cd /Users/admin/builder/spi-builder-workspace/.swiftpm/xcode
    builtin-SwiftPerFileCompile PBXObjects.swift
SwiftCompile normal arm64 /Users/admin/builder/spi-builder-workspace/.dependencies/checkouts/XcodeProj/Sources/XcodeProj/Objects/Project/PBXOutputSettings.swift (in target 'XcodeProj' from project 'XcodeProj')
    cd /Users/admin/builder/spi-builder-workspace/.swiftpm/xcode
    builtin-SwiftPerFileCompile PBXOutputSettings.swift
SwiftCompile normal arm64 /Users/admin/builder/spi-builder-workspace/.dependencies/checkouts/XcodeProj/Sources/XcodeProj/Objects/Project/PBXProj.swift (in target 'XcodeProj' from project 'XcodeProj')
    cd /Users/admin/builder/spi-builder-workspace/.swiftpm/xcode
    builtin-SwiftPerFileCompile PBXProj.swift
SwiftCompile normal arm64 /Users/admin/builder/spi-builder-workspace/.dependencies/checkouts/XcodeProj/Sources/XcodeProj/Objects/Project/PBXProjEncoder.swift (in target 'XcodeProj' from project 'XcodeProj')
    cd /Users/admin/builder/spi-builder-workspace/.swiftpm/xcode
    builtin-SwiftPerFileCompile PBXProjEncoder.swift
SwiftDriverJobDiscovery normal arm64 Compiling XCConfigurationList.swift, PBXContainerItem.swift, PBXContainerItemProxy.swift, PBXFileElement.swift, PBXFileReference.swift, PBXFileSystemSynchronizedBuildFileExceptionSet.swift, PBXFileSystemSynchronizedExceptionSet.swift, PBXFileSystemSynchronizedGroupBuildPhaseMembershipExceptionSet.swift, PBXFileSystemSynchronizedRootGroup.swift, PBXGroup.swift (in target 'XcodeProj' from project 'XcodeProj')
SwiftCompile normal arm64_32 Compiling\ Writable.swift,\ XCScheme+AditionalOption.swift,\ XCScheme+AnalyzeAction.swift,\ XCScheme+ArchiveAction.swift,\ XCScheme+BuildAction.swift,\ XCScheme+BuildableProductRunnable.swift,\ XCScheme+BuildableReference.swift,\ XCScheme+CommandLineArguments.swift,\ XCScheme+EnvironmentVariable.swift,\ XCScheme+ExecutionAction.swift /Users/admin/builder/spi-builder-workspace/.dependencies/checkouts/XcodeProj/Sources/XcodeProj/Protocols/Writable.swift /Users/admin/builder/spi-builder-workspace/.dependencies/checkouts/XcodeProj/Sources/XcodeProj/Scheme/XCScheme+AditionalOption.swift /Users/admin/builder/spi-builder-workspace/.dependencies/checkouts/XcodeProj/Sources/XcodeProj/Scheme/XCScheme+AnalyzeAction.swift /Users/admin/builder/spi-builder-workspace/.dependencies/checkouts/XcodeProj/Sources/XcodeProj/Scheme/XCScheme+ArchiveAction.swift /Users/admin/builder/spi-builder-workspace/.dependencies/checkouts/XcodeProj/Sources/XcodeProj/Scheme/XCScheme+BuildAction.swift /Users/admin/builder/spi-builder-workspace/.dependencies/checkouts/XcodeProj/Sources/XcodeProj/Scheme/XCScheme+BuildableProductRunnable.swift /Users/admin/builder/spi-builder-workspace/.dependencies/checkouts/XcodeProj/Sources/XcodeProj/Scheme/XCScheme+BuildableReference.swift /Users/admin/builder/spi-builder-workspace/.dependencies/checkouts/XcodeProj/Sources/XcodeProj/Scheme/XCScheme+CommandLineArguments.swift /Users/admin/builder/spi-builder-workspace/.dependencies/checkouts/XcodeProj/Sources/XcodeProj/Scheme/XCScheme+EnvironmentVariable.swift /Users/admin/builder/spi-builder-workspace/.dependencies/checkouts/XcodeProj/Sources/XcodeProj/Scheme/XCScheme+ExecutionAction.swift (in target 'XcodeProj' from project 'XcodeProj')
SwiftCompile normal arm64_32 /Users/admin/builder/spi-builder-workspace/.dependencies/checkouts/XcodeProj/Sources/XcodeProj/Protocols/Writable.swift (in target 'XcodeProj' from project 'XcodeProj')
    cd /Users/admin/builder/spi-builder-workspace/.swiftpm/xcode
    builtin-SwiftPerFileCompile Writable.swift
SwiftCompile normal arm64_32 /Users/admin/builder/spi-builder-workspace/.dependencies/checkouts/XcodeProj/Sources/XcodeProj/Scheme/XCScheme+AditionalOption.swift (in target 'XcodeProj' from project 'XcodeProj')
    cd /Users/admin/builder/spi-builder-workspace/.swiftpm/xcode
    builtin-SwiftPerFileCompile XCScheme+AditionalOption.swift
SwiftCompile normal arm64_32 /Users/admin/builder/spi-builder-workspace/.dependencies/checkouts/XcodeProj/Sources/XcodeProj/Scheme/XCScheme+AnalyzeAction.swift (in target 'XcodeProj' from project 'XcodeProj')
    cd /Users/admin/builder/spi-builder-workspace/.swiftpm/xcode
    builtin-SwiftPerFileCompile XCScheme+AnalyzeAction.swift
SwiftCompile normal arm64_32 /Users/admin/builder/spi-builder-workspace/.dependencies/checkouts/XcodeProj/Sources/XcodeProj/Scheme/XCScheme+ArchiveAction.swift (in target 'XcodeProj' from project 'XcodeProj')
    cd /Users/admin/builder/spi-builder-workspace/.swiftpm/xcode
    builtin-SwiftPerFileCompile XCScheme+ArchiveAction.swift
SwiftCompile normal arm64_32 /Users/admin/builder/spi-builder-workspace/.dependencies/checkouts/XcodeProj/Sources/XcodeProj/Scheme/XCScheme+BuildAction.swift (in target 'XcodeProj' from project 'XcodeProj')
    cd /Users/admin/builder/spi-builder-workspace/.swiftpm/xcode
    builtin-SwiftPerFileCompile XCScheme+BuildAction.swift
SwiftCompile normal arm64_32 /Users/admin/builder/spi-builder-workspace/.dependencies/checkouts/XcodeProj/Sources/XcodeProj/Scheme/XCScheme+BuildableProductRunnable.swift (in target 'XcodeProj' from project 'XcodeProj')
    cd /Users/admin/builder/spi-builder-workspace/.swiftpm/xcode
    builtin-SwiftPerFileCompile XCScheme+BuildableProductRunnable.swift
SwiftCompile normal arm64_32 /Users/admin/builder/spi-builder-workspace/.dependencies/checkouts/XcodeProj/Sources/XcodeProj/Scheme/XCScheme+BuildableReference.swift (in target 'XcodeProj' from project 'XcodeProj')
    cd /Users/admin/builder/spi-builder-workspace/.swiftpm/xcode
    builtin-SwiftPerFileCompile XCScheme+BuildableReference.swift
SwiftCompile normal arm64_32 /Users/admin/builder/spi-builder-workspace/.dependencies/checkouts/XcodeProj/Sources/XcodeProj/Scheme/XCScheme+CommandLineArguments.swift (in target 'XcodeProj' from project 'XcodeProj')
    cd /Users/admin/builder/spi-builder-workspace/.swiftpm/xcode
    builtin-SwiftPerFileCompile XCScheme+CommandLineArguments.swift
SwiftCompile normal arm64_32 /Users/admin/builder/spi-builder-workspace/.dependencies/checkouts/XcodeProj/Sources/XcodeProj/Scheme/XCScheme+EnvironmentVariable.swift (in target 'XcodeProj' from project 'XcodeProj')
    cd /Users/admin/builder/spi-builder-workspace/.swiftpm/xcode
    builtin-SwiftPerFileCompile XCScheme+EnvironmentVariable.swift
SwiftCompile normal arm64_32 /Users/admin/builder/spi-builder-workspace/.dependencies/checkouts/XcodeProj/Sources/XcodeProj/Scheme/XCScheme+ExecutionAction.swift (in target 'XcodeProj' from project 'XcodeProj')
    cd /Users/admin/builder/spi-builder-workspace/.swiftpm/xcode
    builtin-SwiftPerFileCompile XCScheme+ExecutionAction.swift
SwiftDriverJobDiscovery normal arm64 Compiling PBXReferenceProxy.swift, PBXTarget.swift, PBXTargetDependency.swift, WorkspaceSettings.swift, XCBreakpointList.swift, XCDebugger.swift, XCSharedData.swift, XCUserData.swift, Xcode.swift, XcodeProj.swift (in target 'XcodeProj' from project 'XcodeProj')
SwiftCompile normal arm64 Compiling\ Errors.swift,\ AEXML+XcodeFormat.swift,\ Array+Extras.swift,\ Bool+Extras.swift,\ KeyedDecodingContainer+Additions.swift,\ NSRecursiveLock+Sync.swift,\ Path+Extras.swift,\ String+Utils.swift,\ String+md5.swift,\ BuildPhase.swift,\ PBXBuildFile.swift /Users/admin/builder/spi-builder-workspace/.dependencies/checkouts/XcodeProj/Sources/XcodeProj/Errors/Errors.swift /Users/admin/builder/spi-builder-workspace/.dependencies/checkouts/XcodeProj/Sources/XcodeProj/Extensions/AEXML+XcodeFormat.swift /Users/admin/builder/spi-builder-workspace/.dependencies/checkouts/XcodeProj/Sources/XcodeProj/Extensions/Array+Extras.swift /Users/admin/builder/spi-builder-workspace/.dependencies/checkouts/XcodeProj/Sources/XcodeProj/Extensions/Bool+Extras.swift /Users/admin/builder/spi-builder-workspace/.dependencies/checkouts/XcodeProj/Sources/XcodeProj/Extensions/KeyedDecodingContainer+Additions.swift /Users/admin/builder/spi-builder-workspace/.dependencies/checkouts/XcodeProj/Sources/XcodeProj/Extensions/NSRecursiveLock+Sync.swift /Users/admin/builder/spi-builder-workspace/.dependencies/checkouts/XcodeProj/Sources/XcodeProj/Extensions/Path+Extras.swift /Users/admin/builder/spi-builder-workspace/.dependencies/checkouts/XcodeProj/Sources/XcodeProj/Extensions/String+Utils.swift /Users/admin/builder/spi-builder-workspace/.dependencies/checkouts/XcodeProj/Sources/XcodeProj/Extensions/String+md5.swift /Users/admin/builder/spi-builder-workspace/.dependencies/checkouts/XcodeProj/Sources/XcodeProj/Objects/BuildPhase/BuildPhase.swift /Users/admin/builder/spi-builder-workspace/.dependencies/checkouts/XcodeProj/Sources/XcodeProj/Objects/BuildPhase/PBXBuildFile.swift (in target 'XcodeProj' from project 'XcodeProj')
/Users/admin/builder/spi-builder-workspace/.dependencies/checkouts/XcodeProj/Sources/XcodeProj/Extensions/Path+Extras.swift:12:16: error: cannot find 'Glibc' in scope
10 |         return Darwin.glob(pattern, flags, errfunc, vector_ptr)
11 |     #else
12 |         return Glibc.glob(pattern, flags, errfunc, vector_ptr)
   |                `- error: cannot find 'Glibc' in scope
13 |     #endif
14 | }
Failed frontend command:
/Applications/Xcode-27.0.0-Release.Candidate.app/Contents/Developer/Toolchains/XcodeDefault.xctoolchain/usr/bin/swift-frontend -frontend -c -primary-file /Users/admin/builder/spi-builder-workspace/.dependencies/checkouts/XcodeProj/Sources/XcodeProj/Errors/Errors.swift -primary-file /Users/admin/builder/spi-builder-workspace/.dependencies/checkouts/XcodeProj/Sources/XcodeProj/Extensions/AEXML+XcodeFormat.swift -primary-file /Users/admin/builder/spi-builder-workspace/.dependencies/checkouts/XcodeProj/Sources/XcodeProj/Extensions/Array+Extras.swift -primary-file /Users/admin/builder/spi-builder-workspace/.dependencies/checkouts/XcodeProj/Sources/XcodeProj/Extensions/Bool+Extras.swift -primary-file /Users/admin/builder/spi-builder-workspace/.dependencies/checkouts/XcodeProj/Sources/XcodeProj/Extensions/KeyedDecodingContainer+Additions.swift -primary-file /Users/admin/builder/spi-builder-workspace/.dependencies/checkouts/XcodeProj/Sources/XcodeProj/Extensions/NSRecursiveLock+Sync.swift -primary-file /Users/admin/builder/spi-builder-workspace/.dependencies/checkouts/XcodeProj/Sources/XcodeProj/Extensions/Path+Extras.swift -primary-file /Users/admin/builder/spi-builder-workspace/.dependencies/checkouts/XcodeProj/Sources/XcodeProj/Extensions/String+Utils.swift -primary-file /Users/admin/builder/spi-builder-workspace/.dependencies/checkouts/XcodeProj/Sources/XcodeProj/Extensions/String+md5.swift -primary-file /Users/admin/builder/spi-builder-workspace/.dependencies/checkouts/XcodeProj/Sources/XcodeProj/Objects/BuildPhase/BuildPhase.swift -primary-file /Users/admin/builder/spi-builder-workspace/.dependencies/checkouts/XcodeProj/Sources/XcodeProj/Objects/BuildPhase/PBXBuildFile.swift /Users/admin/builder/spi-builder-workspace/.dependencies/checkouts/XcodeProj/Sources/XcodeProj/Objects/BuildPhase/PBXBuildPhase.swift /Users/admin/builder/spi-builder-workspace/.dependencies/checkouts/XcodeProj/Sources/XcodeProj/Objects/BuildPhase/PBXBuildRule.swift /Users/admin/builder/spi-builder-workspace/.dependencies/checkouts/XcodeProj/Sources/XcodeProj/Objects/BuildPhase/PBXCopyFilesBuildPhase.swift /Users/admin/builder/spi-builder-workspace/.dependencies/checkouts/XcodeProj/Sources/XcodeProj/Objects/BuildPhase/PBXFrameworksBuildPhase.swift /Users/admin/builder/spi-builder-workspace/.dependencies/checkouts/XcodeProj/Sources/XcodeProj/Objects/BuildPhase/PBXHeadersBuildPhase.swift /Users/admin/builder/spi-builder-workspace/.dependencies/checkouts/XcodeProj/Sources/XcodeProj/Objects/BuildPhase/PBXResourcesBuildPhase.swift /Users/admin/builder/spi-builder-workspace/.dependencies/checkouts/XcodeProj/Sources/XcodeProj/Objects/BuildPhase/PBXRezBuildPhase.swift /Users/admin/builder/spi-builder-workspace/.dependencies/checkouts/XcodeProj/Sources/XcodeProj/Objects/BuildPhase/PBXShellScriptBuildPhase.swift /Users/admin/builder/spi-builder-workspace/.dependencies/checkouts/XcodeProj/Sources/XcodeProj/Objects/BuildPhase/PBXSourcesBuildPhase.swift /Users/admin/builder/spi-builder-workspace/.dependencies/checkouts/XcodeProj/Sources/XcodeProj/Objects/Configuration/BuildSettings.swift /Users/admin/builder/spi-builder-workspace/.dependencies/checkouts/XcodeProj/Sources/XcodeProj/Objects/Configuration/XCBuildConfiguration.swift /Users/admin/builder/spi-builder-workspace/.dependencies/checkouts/XcodeProj/Sources/XcodeProj/Objects/Configuration/XCConfigurationList.swift /Users/admin/builder/spi-builder-workspace/.dependencies/checkouts/XcodeProj/Sources/XcodeProj/Objects/Files/PBXContainerItem.swift /Users/admin/builder/spi-builder-workspace/.dependencies/checkouts/XcodeProj/Sources/XcodeProj/Objects/Files/PBXContainerItemProxy.swift /Users/admin/builder/spi-builder-workspace/.dependencies/checkouts/XcodeProj/Sources/XcodeProj/Objects/Files/PBXFileElement.swift /Users/admin/builder/spi-builder-workspace/.dependencies/checkouts/XcodeProj/Sources/XcodeProj/Objects/Files/PBXFileReference.swift /Users/admin/builder/spi-builder-workspace/.dependencies/checkouts/XcodeProj/Sources/XcodeProj/Objects/Files/PBXFileSystemSynchronizedBuildFileExceptionSet.swift /Users/admin/builder/spi-builder-workspace/.dependencies/checkouts/XcodeProj/Sources/XcodeProj/Objects/Files/PBXFileSystemSynchronizedExceptionSet.swift /Users/admin/builder/spi-builder-workspace/.dependencies/checkouts/XcodeProj/Sources/XcodeProj/Objects/Files/PBXFileSystemSynchronizedGroupBuildPhaseMembershipExceptionSet.swift /Users/admin/builder/spi-builder-workspace/.dependencies/checkouts/XcodeProj/Sources/XcodeProj/Objects/Files/PBXFileSystemSynchronizedRootGroup.swift /Users/admin/builder/spi-builder-workspace/.dependencies/checkouts/XcodeProj/Sources/XcodeProj/Objects/Files/PBXGroup.swift /Users/admin/builder/spi-builder-workspace/.dependencies/checkouts/XcodeProj/Sources/XcodeProj/Objects/Files/PBXSourceTree.swift /Users/admin/builder/spi-builder-workspace/.dependencies/checkouts/XcodeProj/Sources/XcodeProj/Objects/Files/PBXVariantGroup.swift /Users/admin/builder/spi-builder-workspace/.dependencies/checkouts/XcodeProj/Sources/XcodeProj/Objects/Files/XCVersionGroup.swift /Users/admin/builder/spi-builder-workspace/.dependencies/checkouts/XcodeProj/Sources/XcodeProj/Objects/Project/PBXObject.swift /Users/admin/builder/spi-builder-workspace/.dependencies/checkouts/XcodeProj/Sources/XcodeProj/Objects/Project/PBXObjectDictionaryEntry.swift /Users/admin/builder/spi-builder-workspace/.dependencies/checkouts/XcodeProj/Sources/XcodeProj/Objects/Project/PBXObjectReference.swift /Users/admin/builder/spi-builder-workspace/.dependencies/checkouts/XcodeProj/Sources/XcodeProj/Objects/Project/PBXObjects.swift /Users/admin/builder/spi-builder-workspace/.dependencies/checkouts/XcodeProj/Sources/XcodeProj/Objects/Project/PBXOutputSettings.swift /Users/admin/builder/spi-builder-workspace/.dependencies/checkouts/XcodeProj/Sources/XcodeProj/Objects/Project/PBXProj.swift /Users/admin/builder/spi-builder-workspace/.dependencies/checkouts/XcodeProj/Sources/XcodeProj/Objects/Project/PBXProjEncoder.swift /Users/admin/builder/spi-builder-workspace/.dependencies/checkouts/XcodeProj/Sources/XcodeProj/Objects/Project/PBXProject.swift /Users/admin/builder/spi-builder-workspace/.dependencies/checkouts/XcodeProj/Sources/XcodeProj/Objects/Sourcery/Equality.generated.swift /Users/admin/builder/spi-builder-workspace/.dependencies/checkouts/XcodeProj/Sources/XcodeProj/Objects/Sourcery/Sourcery.swift /Users/admin/builder/spi-builder-workspace/.dependencies/checkouts/XcodeProj/Sources/XcodeProj/Objects/SwiftPackage/XCLocalSwiftPackageReference.swift /Users/admin/builder/spi-builder-workspace/.dependencies/checkouts/XcodeProj/Sources/XcodeProj/Objects/SwiftPackage/XCRemoteSwiftPackageReference.swift /Users/admin/builder/spi-builder-workspace/.dependencies/checkouts/XcodeProj/Sources/XcodeProj/Objects/SwiftPackage/XCSwiftPackageProductDependency.swift /Users/admin/builder/spi-builder-workspace/.dependencies/checkouts/XcodeProj/Sources/XcodeProj/Objects/Targets/PBXAggregateTarget.swift /Users/admin/builder/spi-builder-workspace/.dependencies/checkouts/XcodeProj/Sources/XcodeProj/Objects/Targets/PBXLegacyTarget.swift /Users/admin/builder/spi-builder-workspace/.dependencies/checkouts/XcodeProj/Sources/XcodeProj/Objects/Targets/PBXNativeTarget.swift /Users/admin/builder/spi-builder-workspace/.dependencies/checkouts/XcodeProj/Sources/XcodeProj/Objects/Targets/PBXProductType.swift /Users/admin/builder/spi-builder-workspace/.dependencies/checkouts/XcodeProj/Sources/XcodeProj/Objects/Targets/PBXReferenceProxy.swift /Users/admin/builder/spi-builder-workspace/.dependencies/checkouts/XcodeProj/Sources/XcodeProj/Objects/Targets/PBXTarget.swift /Users/admin/builder/spi-builder-workspace/.dependencies/checkouts/XcodeProj/Sources/XcodeProj/Objects/Targets/PBXTargetDependency.swift /Users/admin/builder/spi-builder-workspace/.dependencies/checkouts/XcodeProj/Sources/XcodeProj/Project/WorkspaceSettings.swift /Users/admin/builder/spi-builder-workspace/.dependencies/checkouts/XcodeProj/Sources/XcodeProj/Project/XCBreakpointList.swift /Users/admin/builder/spi-builder-workspace/.dependencies/checkouts/XcodeProj/Sources/XcodeProj/Project/XCDebugger.swift /Users/admin/builder/spi-builder-workspace/.dependencies/checkouts/XcodeProj/Sources/XcodeProj/Project/XCSharedData.swift /Users/admin/builder/spi-builder-workspace/.dependencies/checkouts/XcodeProj/Sources/XcodeProj/Project/XCUserData.swift /Users/admin/builder/spi-builder-workspace/.dependencies/checkouts/XcodeProj/Sources/XcodeProj/Project/Xcode.swift /Users/admin/builder/spi-builder-workspace/.dependencies/checkouts/XcodeProj/Sources/XcodeProj/Project/XcodeProj.swift /Users/admin/builder/spi-builder-workspace/.dependencies/checkouts/XcodeProj/Sources/XcodeProj/Protocols/Writable.swift /Users/admin/builder/spi-builder-workspace/.dependencies/checkouts/XcodeProj/Sources/XcodeProj/Scheme/XCScheme+AditionalOption.swift /Users/admin/builder/spi-builder-workspace/.dependencies/checkouts/XcodeProj/Sources/XcodeProj/Scheme/XCScheme+AnalyzeAction.swift /Users/admin/builder/spi-builder-workspace/.dependencies/checkouts/XcodeProj/Sources/XcodeProj/Scheme/XCScheme+ArchiveAction.swift /Users/admin/builder/spi-builder-workspace/.dependencies/checkouts/XcodeProj/Sources/XcodeProj/Scheme/XCScheme+BuildAction.swift /Users/admin/builder/spi-builder-workspace/.dependencies/checkouts/XcodeProj/Sources/XcodeProj/Scheme/XCScheme+BuildableProductRunnable.swift /Users/admin/builder/spi-builder-workspace/.dependencies/checkouts/XcodeProj/Sources/XcodeProj/Scheme/XCScheme+BuildableReference.swift /Users/admin/builder/spi-builder-workspace/.dependencies/checkouts/XcodeProj/Sources/XcodeProj/Scheme/XCScheme+CommandLineArguments.swift /Users/admin/builder/spi-builder-workspace/.dependencies/checkouts/XcodeProj/Sources/XcodeProj/Scheme/XCScheme+EnvironmentVariable.swift /Users/admin/builder/spi-builder-workspace/.dependencies/checkouts/XcodeProj/Sources/XcodeProj/Scheme/XCScheme+ExecutionAction.swift /Users/admin/builder/spi-builder-workspace/.dependencies/checkouts/XcodeProj/Sources/XcodeProj/Scheme/XCScheme+LaunchAction.swift /Users/admin/builder/spi-builder-workspace/.dependencies/checkouts/XcodeProj/Sources/XcodeProj/Scheme/XCScheme+LocationScenarioReference.swift /Users/admin/builder/spi-builder-workspace/.dependencies/checkouts/XcodeProj/Sources/XcodeProj/Scheme/XCScheme+PathRunnable.swift /Users/admin/builder/spi-builder-workspace/.dependencies/checkouts/XcodeProj/Sources/XcodeProj/Scheme/XCScheme+ProfileAction.swift /Users/admin/builder/spi-builder-workspace/.dependencies/checkouts/XcodeProj/Sources/XcodeProj/Scheme/XCScheme+RemoteRunnable.swift /Users/admin/builder/spi-builder-workspace/.dependencies/checkouts/XcodeProj/Sources/XcodeProj/Scheme/XCScheme+Runnable.swift /Users/admin/builder/spi-builder-workspace/.dependencies/checkouts/XcodeProj/Sources/XcodeProj/Scheme/XCScheme+SerialAction.swift /Users/admin/builder/spi-builder-workspace/.dependencies/checkouts/XcodeProj/Sources/XcodeProj/Scheme/XCScheme+StoreKitConfigurationFileReference.swift /Users/admin/builder/spi-builder-workspace/.dependencies/checkouts/XcodeProj/Sources/XcodeProj/Scheme/XCScheme+TestAction.swift /Users/admin/builder/spi-builder-workspace/.dependencies/checkouts/XcodeProj/Sources/XcodeProj/Scheme/XCScheme+TestItem.swift /Users/admin/builder/spi-builder-workspace/.dependencies/checkouts/XcodeProj/Sources/XcodeProj/Scheme/XCScheme+TestParallelization.swift /Users/admin/builder/spi-builder-workspace/.dependencies/checkouts/XcodeProj/Sources/XcodeProj/Scheme/XCScheme+TestPlanReference.swift /Users/admin/builder/spi-builder-workspace/.dependencies/checkouts/XcodeProj/Sources/XcodeProj/Scheme/XCScheme+TestableReference.swift /Users/admin/builder/spi-builder-workspace/.dependencies/checkouts/XcodeProj/Sources/XcodeProj/Scheme/XCScheme.swift /Users/admin/builder/spi-builder-workspace/.dependencies/checkouts/XcodeProj/Sources/XcodeProj/Scheme/XCSchemeManagement.swift /Users/admin/builder/spi-builder-workspace/.dependencies/checkouts/XcodeProj/Sources/XcodeProj/Utils/BuildSettingsProvider.swift /Users/admin/builder/spi-builder-workspace/.dependencies/checkouts/XcodeProj/Sources/XcodeProj/Utils/CommentedString.swift /Users/admin/builder/spi-builder-workspace/.dependencies/checkouts/XcodeProj/Sources/XcodeProj/Utils/Decoders.swift /Users/admin/builder/spi-builder-workspace/.dependencies/checkouts/XcodeProj/Sources/XcodeProj/Utils/JSONDecoding.swift /Users/admin/builder/spi-builder-workspace/.dependencies/checkouts/XcodeProj/Sources/XcodeProj/Utils/PBXBatchUpdater.swift /Users/admin/builder/spi-builder-workspace/.dependencies/checkouts/XcodeProj/Sources/XcodeProj/Utils/PlistDecoding.swift /Users/admin/builder/spi-builder-workspace/.dependencies/checkouts/XcodeProj/Sources/XcodeProj/Utils/PlistValue.swift /Users/admin/builder/spi-builder-workspace/.dependencies/checkouts/XcodeProj/Sources/XcodeProj/Utils/ReferenceGenerator.swift /Users/admin/builder/spi-builder-workspace/.dependencies/checkouts/XcodeProj/Sources/XcodeProj/Utils/XCConfig.swift /Users/admin/builder/spi-builder-workspace/.dependencies/checkouts/XcodeProj/Sources/XcodeProj/Workspace/XCWorkspace.swift /Users/admin/builder/spi-builder-workspace/.dependencies/checkouts/XcodeProj/Sources/XcodeProj/Workspace/XCWorkspaceData.swift /Users/admin/builder/spi-builder-workspace/.dependencies/checkouts/XcodeProj/Sources/XcodeProj/Workspace/XCWorkspaceDataElement.swift /Users/admin/builder/spi-builder-workspace/.dependencies/checkouts/XcodeProj/Sources/XcodeProj/Workspace/XCWorkspaceDataElementLocationType.swift /Users/admin/builder/spi-builder-workspace/.dependencies/checkouts/XcodeProj/Sources/XcodeProj/Workspace/XCWorkspaceDataFileRef.swift /Users/admin/builder/spi-builder-workspace/.dependencies/checkouts/XcodeProj/Sources/XcodeProj/Workspace/XCWorkspaceDataGroup.swift -supplementary-output-file-map /Users/admin/builder/spi-builder-workspace/.derivedData/Build/Intermediates.noindex/XcodeProj.build/Debug-watchos/XcodeProj-t.build/Objects-normal/arm64/supplementaryOutputs-3 -target arm64-apple-watchos9.0 -module-can-import-version CryptoKit 383.4.1 0 -disable-cross-import-overlay-search -load-resolved-plugin /Applications/Xcode-27.0.0-Release.Candidate.app/Contents/Developer/Platforms/WatchOS.platform/Developer/usr/lib/swift/host/plugins/libFoundationMacros.dylib\#/Applications/Xcode-27.0.0-Release.Candidate.app/Contents/Developer/Platforms/WatchOS.platform/Developer/usr/bin/swift-plugin-server\#FoundationMacros -load-resolved-plugin /Applications/Xcode-27.0.0-Release.Candidate.app/Contents/Developer/Platforms/WatchOS.platform/Developer/usr/lib/swift/host/plugins/libObservationMacros.dylib\#/Applications/Xcode-27.0.0-Release.Candidate.app/Contents/Developer/Platforms/WatchOS.platform/Developer/usr/bin/swift-plugin-server\#ObservationMacros -load-resolved-plugin /Applications/Xcode-27.0.0-Release.Candidate.app/Contents/Developer/Platforms/WatchOS.platform/Developer/usr/lib/swift/host/plugins/libSwiftMacros.dylib\#/Applications/Xcode-27.0.0-Release.Candidate.app/Contents/Developer/Platforms/WatchOS.platform/Developer/usr/bin/swift-plugin-server\#SwiftMacros -disable-implicit-swift-modules -Xcc -fno-implicit-modules -Xcc -fno-implicit-module-maps -explicit-swift-module-map-file /Users/admin/builder/spi-builder-workspace/.derivedData/Build/Intermediates.noindex/XcodeProj.build/Debug-watchos/XcodeProj-t.build/Objects-normal/arm64/XcodeProj-dependencies-1.json -Xllvm -aarch64-use-tbi -enable-objc-interop -stack-check -sdk /Applications/Xcode-27.0.0-Release.Candidate.app/Contents/Developer/Platforms/WatchOS.platform/Developer/SDKs/WatchOS27.0.sdk -I /Users/admin/builder/spi-builder-workspace/.derivedData/Build/Products/Debug-watchos -Isystem /Applications/Xcode-27.0.0-Release.Candidate.app/Contents/Developer/Platforms/WatchOS.platform/Developer/usr/lib -F /Users/admin/builder/spi-builder-workspace/.derivedData/Build/Products/Debug-watchos/PackageFrameworks -F /Users/admin/builder/spi-builder-workspace/.derivedData/Build/Products/Debug-watchos -F /Applications/Xcode-27.0.0-Release.Candidate.app/Contents/Developer/Platforms/WatchOS.platform/Developer/Library/Frameworks -F /Applications/Xcode-27.0.0-Release.Candidate.app/Contents/Developer/Platforms/WatchOS.platform/Developer/SDKs/WatchOS27.0.sdk/Developer/Library/Frameworks -module-cache-path /Users/admin/builder/spi-builder-workspace/.derivedData/Build/Intermediates.noindex/SwiftExplicitPrecompiledModules -no-color-diagnostics -Xcc -fno-color-diagnostics -enable-testing -g -debug-info-format\=dwarf -dwarf-version\=4 -suppress-warnings -profile-generate -profile-coverage-mapping -swift-version 5 -Onone -D SWIFT_PACKAGE -D DEBUG -D SWIFT_MODULE_RESOURCE_BUNDLE_UNAVAILABLE -D Xcode -serialize-debugging-options -enable-experimental-feature StrictConcurrency -enable-experimental-feature DebugDescriptionMacro -empty-abi-descriptor -validate-clang-modules-once -clang-build-session-file /Users/admin/builder/spi-builder-workspace/.derivedData/ModuleCache.noindex/Session.modulevalidation -Xcc -working-directory -Xcc /Users/admin/builder/spi-builder-workspace/.swiftpm/xcode -enable-anonymous-context-mangled-names -file-compilation-dir /Users/admin/builder/spi-builder-workspace/.swiftpm/xcode -Xcc -D_LIBCPP_HARDENING_MODE\=_LIBCPP_HARDENING_MODE_DEBUG -Xcc -ivfsstatcache -Xcc /Users/admin/builder/spi-builder-workspace/.derivedData/SDKStatCaches.noindex/watchos27.0-24R360-e829b21a6f8c9b70876ba0858053c04477534ef55a1706bf4c1112bbb242f0a2.sdkstatcache -Xcc -fmodules-prune-interval\=86400 -Xcc -fmodules-prune-after\=345600 -Xcc -I/Users/admin/builder/spi-builder-workspace/.derivedData/Build/Products/Debug-watchos/include -Xcc -I/Users/admin/builder/spi-builder-workspace/.derivedData/Build/Intermediates.noindex/XcodeProj.build/Debug-watchos/XcodeProj-t.build/DerivedSources-normal/arm64 -Xcc -I/Users/admin/builder/spi-builder-workspace/.derivedData/Build/Intermediates.noindex/XcodeProj.build/Debug-watchos/XcodeProj-t.build/DerivedSources/arm64 -Xcc -I/Users/admin/builder/spi-builder-workspace/.derivedData/Build/Intermediates.noindex/XcodeProj.build/Debug-watchos/XcodeProj-t.build/DerivedSources -Xcc -DSWIFT_PACKAGE -Xcc -DDEBUG\=1 -no-auto-bridging-header-chaining -module-name XcodeProj -package-name xcodeproj -const-gather-protocols-file /Users/admin/builder/spi-builder-workspace/.derivedData/Build/Intermediates.noindex/XcodeProj.build/Debug-watchos/XcodeProj-t.build/Objects-normal/arm64/XcodeProj_const_extract_protocols.json -disable-clang-spi -clang-target arm64-apple-watchos27.0 -target-sdk-version 27.0 -target-sdk-name watchos27.0 -in-process-plugin-server-path /Applications/Xcode-27.0.0-Release.Candidate.app/Contents/Developer/Toolchains/XcodeDefault.xctoolchain/usr/lib/swift/host/libSwiftInProcPluginServer.dylib -parse-as-library -o /Users/admin/builder/spi-builder-workspace/.derivedData/Build/Intermediates.noindex/XcodeProj.build/Debug-watchos/XcodeProj-t.build/Objects-normal/arm64/Errors.o -o /Users/admin/builder/spi-builder-workspace/.derivedData/Build/Intermediates.noindex/XcodeProj.build/Debug-watchos/XcodeProj-t.build/Objects-normal/arm64/AEXML+XcodeFormat.o -o /Users/admin/builder/spi-builder-workspace/.derivedData/Build/Intermediates.noindex/XcodeProj.build/Debug-watchos/XcodeProj-t.build/Objects-normal/arm64/Array+Extras.o -o /Users/admin/builder/spi-builder-workspace/.derivedData/Build/Intermediates.noindex/XcodeProj.build/Debug-watchos/XcodeProj-t.build/Objects-normal/arm64/Bool+Extras.o -o /Users/admin/builder/spi-builder-workspace/.derivedData/Build/Intermediates.noindex/XcodeProj.build/Debug-watchos/XcodeProj-t.build/Objects-normal/arm64/KeyedDecodingContainer+Additions.o -o /Users/admin/builder/spi-builder-workspace/.derivedData/Build/Intermediates.noindex/XcodeProj.build/Debug-watchos/XcodeProj-t.build/Objects-normal/arm64/NSRecursiveLock+Sync.o -o /Users/admin/builder/spi-builder-workspace/.derivedData/Build/Intermediates.noindex/XcodeProj.build/Debug-watchos/XcodeProj-t.build/Objects-normal/arm64/Path+Extras.o -o /Users/admin/builder/spi-builder-workspace/.derivedData/Build/Intermediates.noindex/XcodeProj.build/Debug-watchos/XcodeProj-t.build/Objects-normal/arm64/String+Utils.o -o /Users/admin/builder/spi-builder-workspace/.derivedData/Build/Intermediates.noindex/XcodeProj.build/Debug-watchos/XcodeProj-t.build/Objects-normal/arm64/String+md5.o -o /Users/admin/builder/spi-builder-workspace/.derivedData/Build/Intermediates.noindex/XcodeProj.build/Debug-watchos/XcodeProj-t.build/Objects-normal/arm64/BuildPhase.o -o /Users/admin/builder/spi-builder-workspace/.derivedData/Build/Intermediates.noindex/XcodeProj.build/Debug-watchos/XcodeProj-t.build/Objects-normal/arm64/PBXBuildFile.o -debug-module-path /Users/admin/builder/spi-builder-workspace/.derivedData/Build/Intermediates.noindex/XcodeProj.build/Debug-watchos/XcodeProj-t.build/Objects-normal/arm64/XcodeProj.swiftmodule -index-unit-output-path /XcodeProj.build/Debug-watchos/XcodeProj-t.build/Objects-normal/arm64/Errors.o -index-unit-output-path /XcodeProj.build/Debug-watchos/XcodeProj-t.build/Objects-normal/arm64/AEXML+XcodeFormat.o -index-unit-output-path /XcodeProj.build/Debug-watchos/XcodeProj-t.build/Objects-normal/arm64/Array+Extras.o -index-unit-output-path /XcodeProj.build/Debug-watchos/XcodeProj-t.build/Objects-normal/arm64/Bool+Extras.o -index-unit-output-path /XcodeProj.build/Debug-watchos/XcodeProj-t.build/Objects-normal/arm64/KeyedDecodingContainer+Additions.o -index-unit-output-path /XcodeProj.build/Debug-watchos/XcodeProj-t.build/Objects-normal/arm64/NSRecursiveLock+Sync.o -index-unit-output-path /XcodeProj.build/Debug-watchos/XcodeProj-t.build/Objects-normal/arm64/Path+Extras.o -index-unit-output-path /XcodeProj.build/Debug-watchos/XcodeProj-t.build/Objects-normal/arm64/String+Utils.o -index-unit-output-path /XcodeProj.build/Debug-watchos/XcodeProj-t.build/Objects-normal/arm64/String+md5.o -index-unit-output-path /XcodeProj.build/Debug-watchos/XcodeProj-t.build/Objects-normal/arm64/BuildPhase.o -index-unit-output-path /XcodeProj.build/Debug-watchos/XcodeProj-t.build/Objects-normal/arm64/PBXBuildFile.o -index-store-path /Users/admin/builder/spi-builder-workspace/.derivedData/Index.noindex/DataStore -index-system-modules
SwiftCompile normal arm64 /Users/admin/builder/spi-builder-workspace/.dependencies/checkouts/XcodeProj/Sources/XcodeProj/Errors/Errors.swift (in target 'XcodeProj' from project 'XcodeProj')
    cd /Users/admin/builder/spi-builder-workspace/.swiftpm/xcode
    builtin-SwiftPerFileCompile Errors.swift
SwiftCompile normal arm64 /Users/admin/builder/spi-builder-workspace/.dependencies/checkouts/XcodeProj/Sources/XcodeProj/Extensions/AEXML+XcodeFormat.swift (in target 'XcodeProj' from project 'XcodeProj')
    cd /Users/admin/builder/spi-builder-workspace/.swiftpm/xcode
    builtin-SwiftPerFileCompile AEXML+XcodeFormat.swift
SwiftCompile normal arm64 /Users/admin/builder/spi-builder-workspace/.dependencies/checkouts/XcodeProj/Sources/XcodeProj/Extensions/Array+Extras.swift (in target 'XcodeProj' from project 'XcodeProj')
    cd /Users/admin/builder/spi-builder-workspace/.swiftpm/xcode
    builtin-SwiftPerFileCompile Array+Extras.swift
SwiftCompile normal arm64 /Users/admin/builder/spi-builder-workspace/.dependencies/checkouts/XcodeProj/Sources/XcodeProj/Extensions/Bool+Extras.swift (in target 'XcodeProj' from project 'XcodeProj')
    cd /Users/admin/builder/spi-builder-workspace/.swiftpm/xcode
    builtin-SwiftPerFileCompile Bool+Extras.swift
SwiftCompile normal arm64 /Users/admin/builder/spi-builder-workspace/.dependencies/checkouts/XcodeProj/Sources/XcodeProj/Extensions/KeyedDecodingContainer+Additions.swift (in target 'XcodeProj' from project 'XcodeProj')
    cd /Users/admin/builder/spi-builder-workspace/.swiftpm/xcode
    builtin-SwiftPerFileCompile KeyedDecodingContainer+Additions.swift
SwiftCompile normal arm64 /Users/admin/builder/spi-builder-workspace/.dependencies/checkouts/XcodeProj/Sources/XcodeProj/Extensions/NSRecursiveLock+Sync.swift (in target 'XcodeProj' from project 'XcodeProj')
    cd /Users/admin/builder/spi-builder-workspace/.swiftpm/xcode
    builtin-SwiftPerFileCompile NSRecursiveLock+Sync.swift
SwiftCompile normal arm64 /Users/admin/builder/spi-builder-workspace/.dependencies/checkouts/XcodeProj/Sources/XcodeProj/Extensions/Path+Extras.swift (in target 'XcodeProj' from project 'XcodeProj')
    cd /Users/admin/builder/spi-builder-workspace/.swiftpm/xcode
    builtin-SwiftPerFileCompile Path+Extras.swift
SwiftCompile normal arm64 /Users/admin/builder/spi-builder-workspace/.dependencies/checkouts/XcodeProj/Sources/XcodeProj/Extensions/String+Utils.swift (in target 'XcodeProj' from project 'XcodeProj')
    cd /Users/admin/builder/spi-builder-workspace/.swiftpm/xcode
    builtin-SwiftPerFileCompile String+Utils.swift
SwiftCompile normal arm64 /Users/admin/builder/spi-builder-workspace/.dependencies/checkouts/XcodeProj/Sources/XcodeProj/Extensions/String+md5.swift (in target 'XcodeProj' from project 'XcodeProj')
    cd /Users/admin/builder/spi-builder-workspace/.swiftpm/xcode
    builtin-SwiftPerFileCompile String+md5.swift
SwiftCompile normal arm64 /Users/admin/builder/spi-builder-workspace/.dependencies/checkouts/XcodeProj/Sources/XcodeProj/Objects/BuildPhase/BuildPhase.swift (in target 'XcodeProj' from project 'XcodeProj')
    cd /Users/admin/builder/spi-builder-workspace/.swiftpm/xcode
    builtin-SwiftPerFileCompile BuildPhase.swift
SwiftCompile normal arm64 /Users/admin/builder/spi-builder-workspace/.dependencies/checkouts/XcodeProj/Sources/XcodeProj/Objects/BuildPhase/PBXBuildFile.swift (in target 'XcodeProj' from project 'XcodeProj')
    cd /Users/admin/builder/spi-builder-workspace/.swiftpm/xcode
    builtin-SwiftPerFileCompile PBXBuildFile.swift
SwiftDriverJobDiscovery normal arm64_32 Compiling PBXProject.swift, Equality.generated.swift, Sourcery.swift, XCLocalSwiftPackageReference.swift, XCRemoteSwiftPackageReference.swift, XCSwiftPackageProductDependency.swift, PBXAggregateTarget.swift, PBXLegacyTarget.swift, PBXNativeTarget.swift, PBXProductType.swift (in target 'XcodeProj' from project 'XcodeProj')
SwiftCompile normal arm64_32 Compiling\ PBXReferenceProxy.swift,\ PBXTarget.swift,\ PBXTargetDependency.swift,\ WorkspaceSettings.swift,\ XCBreakpointList.swift,\ XCDebugger.swift,\ XCSharedData.swift,\ XCUserData.swift,\ Xcode.swift,\ XcodeProj.swift /Users/admin/builder/spi-builder-workspace/.dependencies/checkouts/XcodeProj/Sources/XcodeProj/Objects/Targets/PBXReferenceProxy.swift /Users/admin/builder/spi-builder-workspace/.dependencies/checkouts/XcodeProj/Sources/XcodeProj/Objects/Targets/PBXTarget.swift /Users/admin/builder/spi-builder-workspace/.dependencies/checkouts/XcodeProj/Sources/XcodeProj/Objects/Targets/PBXTargetDependency.swift /Users/admin/builder/spi-builder-workspace/.dependencies/checkouts/XcodeProj/Sources/XcodeProj/Project/WorkspaceSettings.swift /Users/admin/builder/spi-builder-workspace/.dependencies/checkouts/XcodeProj/Sources/XcodeProj/Project/XCBreakpointList.swift /Users/admin/builder/spi-builder-workspace/.dependencies/checkouts/XcodeProj/Sources/XcodeProj/Project/XCDebugger.swift /Users/admin/builder/spi-builder-workspace/.dependencies/checkouts/XcodeProj/Sources/XcodeProj/Project/XCSharedData.swift /Users/admin/builder/spi-builder-workspace/.dependencies/checkouts/XcodeProj/Sources/XcodeProj/Project/XCUserData.swift /Users/admin/builder/spi-builder-workspace/.dependencies/checkouts/XcodeProj/Sources/XcodeProj/Project/Xcode.swift /Users/admin/builder/spi-builder-workspace/.dependencies/checkouts/XcodeProj/Sources/XcodeProj/Project/XcodeProj.swift (in target 'XcodeProj' from project 'XcodeProj')
SwiftCompile normal arm64_32 /Users/admin/builder/spi-builder-workspace/.dependencies/checkouts/XcodeProj/Sources/XcodeProj/Objects/Targets/PBXReferenceProxy.swift (in target 'XcodeProj' from project 'XcodeProj')
    cd /Users/admin/builder/spi-builder-workspace/.swiftpm/xcode
    builtin-SwiftPerFileCompile PBXReferenceProxy.swift
SwiftCompile normal arm64_32 /Users/admin/builder/spi-builder-workspace/.dependencies/checkouts/XcodeProj/Sources/XcodeProj/Objects/Targets/PBXTarget.swift (in target 'XcodeProj' from project 'XcodeProj')
    cd /Users/admin/builder/spi-builder-workspace/.swiftpm/xcode
    builtin-SwiftPerFileCompile PBXTarget.swift
SwiftCompile normal arm64_32 /Users/admin/builder/spi-builder-workspace/.dependencies/checkouts/XcodeProj/Sources/XcodeProj/Objects/Targets/PBXTargetDependency.swift (in target 'XcodeProj' from project 'XcodeProj')
    cd /Users/admin/builder/spi-builder-workspace/.swiftpm/xcode
    builtin-SwiftPerFileCompile PBXTargetDependency.swift
SwiftCompile normal arm64_32 /Users/admin/builder/spi-builder-workspace/.dependencies/checkouts/XcodeProj/Sources/XcodeProj/Project/WorkspaceSettings.swift (in target 'XcodeProj' from project 'XcodeProj')
    cd /Users/admin/builder/spi-builder-workspace/.swiftpm/xcode
    builtin-SwiftPerFileCompile WorkspaceSettings.swift
SwiftCompile normal arm64_32 /Users/admin/builder/spi-builder-workspace/.dependencies/checkouts/XcodeProj/Sources/XcodeProj/Project/XCBreakpointList.swift (in target 'XcodeProj' from project 'XcodeProj')
    cd /Users/admin/builder/spi-builder-workspace/.swiftpm/xcode
    builtin-SwiftPerFileCompile XCBreakpointList.swift
SwiftCompile normal arm64_32 /Users/admin/builder/spi-builder-workspace/.dependencies/checkouts/XcodeProj/Sources/XcodeProj/Project/XCDebugger.swift (in target 'XcodeProj' from project 'XcodeProj')
    cd /Users/admin/builder/spi-builder-workspace/.swiftpm/xcode
    builtin-SwiftPerFileCompile XCDebugger.swift
SwiftCompile normal arm64_32 /Users/admin/builder/spi-builder-workspace/.dependencies/checkouts/XcodeProj/Sources/XcodeProj/Project/XCSharedData.swift (in target 'XcodeProj' from project 'XcodeProj')
    cd /Users/admin/builder/spi-builder-workspace/.swiftpm/xcode
    builtin-SwiftPerFileCompile XCSharedData.swift
SwiftCompile normal arm64_32 /Users/admin/builder/spi-builder-workspace/.dependencies/checkouts/XcodeProj/Sources/XcodeProj/Project/XCUserData.swift (in target 'XcodeProj' from project 'XcodeProj')
    cd /Users/admin/builder/spi-builder-workspace/.swiftpm/xcode
    builtin-SwiftPerFileCompile XCUserData.swift
SwiftCompile normal arm64_32 /Users/admin/builder/spi-builder-workspace/.dependencies/checkouts/XcodeProj/Sources/XcodeProj/Project/Xcode.swift (in target 'XcodeProj' from project 'XcodeProj')
    cd /Users/admin/builder/spi-builder-workspace/.swiftpm/xcode
    builtin-SwiftPerFileCompile Xcode.swift
SwiftCompile normal arm64_32 /Users/admin/builder/spi-builder-workspace/.dependencies/checkouts/XcodeProj/Sources/XcodeProj/Project/XcodeProj.swift (in target 'XcodeProj' from project 'XcodeProj')
    cd /Users/admin/builder/spi-builder-workspace/.swiftpm/xcode
    builtin-SwiftPerFileCompile XcodeProj.swift
SwiftDriverJobDiscovery normal arm64_32 Compiling XCConfigurationList.swift, PBXContainerItem.swift, PBXContainerItemProxy.swift, PBXFileElement.swift, PBXFileReference.swift, PBXFileSystemSynchronizedBuildFileExceptionSet.swift, PBXFileSystemSynchronizedExceptionSet.swift, PBXFileSystemSynchronizedGroupBuildPhaseMembershipExceptionSet.swift, PBXFileSystemSynchronizedRootGroup.swift, PBXGroup.swift (in target 'XcodeProj' from project 'XcodeProj')
SwiftCompile normal arm64 Compiling\ Writable.swift,\ XCScheme+AditionalOption.swift,\ XCScheme+AnalyzeAction.swift,\ XCScheme+ArchiveAction.swift,\ XCScheme+BuildAction.swift,\ XCScheme+BuildableProductRunnable.swift,\ XCScheme+BuildableReference.swift,\ XCScheme+CommandLineArguments.swift,\ XCScheme+EnvironmentVariable.swift,\ XCScheme+ExecutionAction.swift /Users/admin/builder/spi-builder-workspace/.dependencies/checkouts/XcodeProj/Sources/XcodeProj/Protocols/Writable.swift /Users/admin/builder/spi-builder-workspace/.dependencies/checkouts/XcodeProj/Sources/XcodeProj/Scheme/XCScheme+AditionalOption.swift /Users/admin/builder/spi-builder-workspace/.dependencies/checkouts/XcodeProj/Sources/XcodeProj/Scheme/XCScheme+AnalyzeAction.swift /Users/admin/builder/spi-builder-workspace/.dependencies/checkouts/XcodeProj/Sources/XcodeProj/Scheme/XCScheme+ArchiveAction.swift /Users/admin/builder/spi-builder-workspace/.dependencies/checkouts/XcodeProj/Sources/XcodeProj/Scheme/XCScheme+BuildAction.swift /Users/admin/builder/spi-builder-workspace/.dependencies/checkouts/XcodeProj/Sources/XcodeProj/Scheme/XCScheme+BuildableProductRunnable.swift /Users/admin/builder/spi-builder-workspace/.dependencies/checkouts/XcodeProj/Sources/XcodeProj/Scheme/XCScheme+BuildableReference.swift /Users/admin/builder/spi-builder-workspace/.dependencies/checkouts/XcodeProj/Sources/XcodeProj/Scheme/XCScheme+CommandLineArguments.swift /Users/admin/builder/spi-builder-workspace/.dependencies/checkouts/XcodeProj/Sources/XcodeProj/Scheme/XCScheme+EnvironmentVariable.swift /Users/admin/builder/spi-builder-workspace/.dependencies/checkouts/XcodeProj/Sources/XcodeProj/Scheme/XCScheme+ExecutionAction.swift (in target 'XcodeProj' from project 'XcodeProj')
SwiftCompile normal arm64 /Users/admin/builder/spi-builder-workspace/.dependencies/checkouts/XcodeProj/Sources/XcodeProj/Protocols/Writable.swift (in target 'XcodeProj' from project 'XcodeProj')
    cd /Users/admin/builder/spi-builder-workspace/.swiftpm/xcode
    builtin-SwiftPerFileCompile Writable.swift
SwiftCompile normal arm64 /Users/admin/builder/spi-builder-workspace/.dependencies/checkouts/XcodeProj/Sources/XcodeProj/Scheme/XCScheme+AditionalOption.swift (in target 'XcodeProj' from project 'XcodeProj')
    cd /Users/admin/builder/spi-builder-workspace/.swiftpm/xcode
    builtin-SwiftPerFileCompile XCScheme+AditionalOption.swift
SwiftCompile normal arm64 /Users/admin/builder/spi-builder-workspace/.dependencies/checkouts/XcodeProj/Sources/XcodeProj/Scheme/XCScheme+AnalyzeAction.swift (in target 'XcodeProj' from project 'XcodeProj')
    cd /Users/admin/builder/spi-builder-workspace/.swiftpm/xcode
    builtin-SwiftPerFileCompile XCScheme+AnalyzeAction.swift
SwiftCompile normal arm64 /Users/admin/builder/spi-builder-workspace/.dependencies/checkouts/XcodeProj/Sources/XcodeProj/Scheme/XCScheme+ArchiveAction.swift (in target 'XcodeProj' from project 'XcodeProj')
    cd /Users/admin/builder/spi-builder-workspace/.swiftpm/xcode
    builtin-SwiftPerFileCompile XCScheme+ArchiveAction.swift
SwiftCompile normal arm64 /Users/admin/builder/spi-builder-workspace/.dependencies/checkouts/XcodeProj/Sources/XcodeProj/Scheme/XCScheme+BuildAction.swift (in target 'XcodeProj' from project 'XcodeProj')
    cd /Users/admin/builder/spi-builder-workspace/.swiftpm/xcode
    builtin-SwiftPerFileCompile XCScheme+BuildAction.swift
SwiftCompile normal arm64 /Users/admin/builder/spi-builder-workspace/.dependencies/checkouts/XcodeProj/Sources/XcodeProj/Scheme/XCScheme+BuildableProductRunnable.swift (in target 'XcodeProj' from project 'XcodeProj')
    cd /Users/admin/builder/spi-builder-workspace/.swiftpm/xcode
    builtin-SwiftPerFileCompile XCScheme+BuildableProductRunnable.swift
SwiftCompile normal arm64 /Users/admin/builder/spi-builder-workspace/.dependencies/checkouts/XcodeProj/Sources/XcodeProj/Scheme/XCScheme+BuildableReference.swift (in target 'XcodeProj' from project 'XcodeProj')
    cd /Users/admin/builder/spi-builder-workspace/.swiftpm/xcode
    builtin-SwiftPerFileCompile XCScheme+BuildableReference.swift
SwiftCompile normal arm64 /Users/admin/builder/spi-builder-workspace/.dependencies/checkouts/XcodeProj/Sources/XcodeProj/Scheme/XCScheme+CommandLineArguments.swift (in target 'XcodeProj' from project 'XcodeProj')
    cd /Users/admin/builder/spi-builder-workspace/.swiftpm/xcode
    builtin-SwiftPerFileCompile XCScheme+CommandLineArguments.swift
SwiftCompile normal arm64 /Users/admin/builder/spi-builder-workspace/.dependencies/checkouts/XcodeProj/Sources/XcodeProj/Scheme/XCScheme+EnvironmentVariable.swift (in target 'XcodeProj' from project 'XcodeProj')
    cd /Users/admin/builder/spi-builder-workspace/.swiftpm/xcode
    builtin-SwiftPerFileCompile XCScheme+EnvironmentVariable.swift
SwiftCompile normal arm64 /Users/admin/builder/spi-builder-workspace/.dependencies/checkouts/XcodeProj/Sources/XcodeProj/Scheme/XCScheme+ExecutionAction.swift (in target 'XcodeProj' from project 'XcodeProj')
    cd /Users/admin/builder/spi-builder-workspace/.swiftpm/xcode
    builtin-SwiftPerFileCompile XCScheme+ExecutionAction.swift
SwiftCompile normal arm64_32 Compiling\ PBXSourceTree.swift,\ PBXVariantGroup.swift,\ XCVersionGroup.swift,\ PBXObject.swift,\ PBXObjectDictionaryEntry.swift,\ PBXObjectReference.swift,\ PBXObjects.swift,\ PBXOutputSettings.swift,\ PBXProj.swift,\ PBXProjEncoder.swift /Users/admin/builder/spi-builder-workspace/.dependencies/checkouts/XcodeProj/Sources/XcodeProj/Objects/Files/PBXSourceTree.swift /Users/admin/builder/spi-builder-workspace/.dependencies/checkouts/XcodeProj/Sources/XcodeProj/Objects/Files/PBXVariantGroup.swift /Users/admin/builder/spi-builder-workspace/.dependencies/checkouts/XcodeProj/Sources/XcodeProj/Objects/Files/XCVersionGroup.swift /Users/admin/builder/spi-builder-workspace/.dependencies/checkouts/XcodeProj/Sources/XcodeProj/Objects/Project/PBXObject.swift /Users/admin/builder/spi-builder-workspace/.dependencies/checkouts/XcodeProj/Sources/XcodeProj/Objects/Project/PBXObjectDictionaryEntry.swift /Users/admin/builder/spi-builder-workspace/.dependencies/checkouts/XcodeProj/Sources/XcodeProj/Objects/Project/PBXObjectReference.swift /Users/admin/builder/spi-builder-workspace/.dependencies/checkouts/XcodeProj/Sources/XcodeProj/Objects/Project/PBXObjects.swift /Users/admin/builder/spi-builder-workspace/.dependencies/checkouts/XcodeProj/Sources/XcodeProj/Objects/Project/PBXOutputSettings.swift /Users/admin/builder/spi-builder-workspace/.dependencies/checkouts/XcodeProj/Sources/XcodeProj/Objects/Project/PBXProj.swift /Users/admin/builder/spi-builder-workspace/.dependencies/checkouts/XcodeProj/Sources/XcodeProj/Objects/Project/PBXProjEncoder.swift (in target 'XcodeProj' from project 'XcodeProj')
SwiftCompile normal arm64_32 /Users/admin/builder/spi-builder-workspace/.dependencies/checkouts/XcodeProj/Sources/XcodeProj/Objects/Files/PBXSourceTree.swift (in target 'XcodeProj' from project 'XcodeProj')
    cd /Users/admin/builder/spi-builder-workspace/.swiftpm/xcode
    builtin-SwiftPerFileCompile PBXSourceTree.swift
SwiftCompile normal arm64_32 /Users/admin/builder/spi-builder-workspace/.dependencies/checkouts/XcodeProj/Sources/XcodeProj/Objects/Files/PBXVariantGroup.swift (in target 'XcodeProj' from project 'XcodeProj')
    cd /Users/admin/builder/spi-builder-workspace/.swiftpm/xcode
    builtin-SwiftPerFileCompile PBXVariantGroup.swift
SwiftCompile normal arm64_32 /Users/admin/builder/spi-builder-workspace/.dependencies/checkouts/XcodeProj/Sources/XcodeProj/Objects/Files/XCVersionGroup.swift (in target 'XcodeProj' from project 'XcodeProj')
    cd /Users/admin/builder/spi-builder-workspace/.swiftpm/xcode
    builtin-SwiftPerFileCompile XCVersionGroup.swift
SwiftCompile normal arm64_32 /Users/admin/builder/spi-builder-workspace/.dependencies/checkouts/XcodeProj/Sources/XcodeProj/Objects/Project/PBXObject.swift (in target 'XcodeProj' from project 'XcodeProj')
    cd /Users/admin/builder/spi-builder-workspace/.swiftpm/xcode
    builtin-SwiftPerFileCompile PBXObject.swift
SwiftCompile normal arm64_32 /Users/admin/builder/spi-builder-workspace/.dependencies/checkouts/XcodeProj/Sources/XcodeProj/Objects/Project/PBXObjectDictionaryEntry.swift (in target 'XcodeProj' from project 'XcodeProj')
    cd /Users/admin/builder/spi-builder-workspace/.swiftpm/xcode
    builtin-SwiftPerFileCompile PBXObjectDictionaryEntry.swift
SwiftCompile normal arm64_32 /Users/admin/builder/spi-builder-workspace/.dependencies/checkouts/XcodeProj/Sources/XcodeProj/Objects/Project/PBXObjectReference.swift (in target 'XcodeProj' from project 'XcodeProj')
    cd /Users/admin/builder/spi-builder-workspace/.swiftpm/xcode
    builtin-SwiftPerFileCompile PBXObjectReference.swift
SwiftCompile normal arm64_32 /Users/admin/builder/spi-builder-workspace/.dependencies/checkouts/XcodeProj/Sources/XcodeProj/Objects/Project/PBXObjects.swift (in target 'XcodeProj' from project 'XcodeProj')
    cd /Users/admin/builder/spi-builder-workspace/.swiftpm/xcode
    builtin-SwiftPerFileCompile PBXObjects.swift
SwiftCompile normal arm64_32 /Users/admin/builder/spi-builder-workspace/.dependencies/checkouts/XcodeProj/Sources/XcodeProj/Objects/Project/PBXOutputSettings.swift (in target 'XcodeProj' from project 'XcodeProj')
    cd /Users/admin/builder/spi-builder-workspace/.swiftpm/xcode
    builtin-SwiftPerFileCompile PBXOutputSettings.swift
SwiftCompile normal arm64_32 /Users/admin/builder/spi-builder-workspace/.dependencies/checkouts/XcodeProj/Sources/XcodeProj/Objects/Project/PBXProj.swift (in target 'XcodeProj' from project 'XcodeProj')
    cd /Users/admin/builder/spi-builder-workspace/.swiftpm/xcode
    builtin-SwiftPerFileCompile PBXProj.swift
SwiftCompile normal arm64_32 /Users/admin/builder/spi-builder-workspace/.dependencies/checkouts/XcodeProj/Sources/XcodeProj/Objects/Project/PBXProjEncoder.swift (in target 'XcodeProj' from project 'XcodeProj')
    cd /Users/admin/builder/spi-builder-workspace/.swiftpm/xcode
    builtin-SwiftPerFileCompile PBXProjEncoder.swift
SwiftDriverJobDiscovery normal arm64 Compiling PBXBuildPhase.swift, PBXBuildRule.swift, PBXCopyFilesBuildPhase.swift, PBXFrameworksBuildPhase.swift, PBXHeadersBuildPhase.swift, PBXResourcesBuildPhase.swift, PBXRezBuildPhase.swift, PBXShellScriptBuildPhase.swift, PBXSourcesBuildPhase.swift, BuildSettings.swift, XCBuildConfiguration.swift (in target 'XcodeProj' from project 'XcodeProj')
SwiftCompile normal arm64_32 Compiling\ Errors.swift,\ AEXML+XcodeFormat.swift,\ Array+Extras.swift,\ Bool+Extras.swift,\ KeyedDecodingContainer+Additions.swift,\ NSRecursiveLock+Sync.swift,\ Path+Extras.swift,\ String+Utils.swift,\ String+md5.swift,\ BuildPhase.swift,\ PBXBuildFile.swift /Users/admin/builder/spi-builder-workspace/.dependencies/checkouts/XcodeProj/Sources/XcodeProj/Errors/Errors.swift /Users/admin/builder/spi-builder-workspace/.dependencies/checkouts/XcodeProj/Sources/XcodeProj/Extensions/AEXML+XcodeFormat.swift /Users/admin/builder/spi-builder-workspace/.dependencies/checkouts/XcodeProj/Sources/XcodeProj/Extensions/Array+Extras.swift /Users/admin/builder/spi-builder-workspace/.dependencies/checkouts/XcodeProj/Sources/XcodeProj/Extensions/Bool+Extras.swift /Users/admin/builder/spi-builder-workspace/.dependencies/checkouts/XcodeProj/Sources/XcodeProj/Extensions/KeyedDecodingContainer+Additions.swift /Users/admin/builder/spi-builder-workspace/.dependencies/checkouts/XcodeProj/Sources/XcodeProj/Extensions/NSRecursiveLock+Sync.swift /Users/admin/builder/spi-builder-workspace/.dependencies/checkouts/XcodeProj/Sources/XcodeProj/Extensions/Path+Extras.swift /Users/admin/builder/spi-builder-workspace/.dependencies/checkouts/XcodeProj/Sources/XcodeProj/Extensions/String+Utils.swift /Users/admin/builder/spi-builder-workspace/.dependencies/checkouts/XcodeProj/Sources/XcodeProj/Extensions/String+md5.swift /Users/admin/builder/spi-builder-workspace/.dependencies/checkouts/XcodeProj/Sources/XcodeProj/Objects/BuildPhase/BuildPhase.swift /Users/admin/builder/spi-builder-workspace/.dependencies/checkouts/XcodeProj/Sources/XcodeProj/Objects/BuildPhase/PBXBuildFile.swift (in target 'XcodeProj' from project 'XcodeProj')
SwiftCompile normal arm64_32 /Users/admin/builder/spi-builder-workspace/.dependencies/checkouts/XcodeProj/Sources/XcodeProj/Errors/Errors.swift (in target 'XcodeProj' from project 'XcodeProj')
    cd /Users/admin/builder/spi-builder-workspace/.swiftpm/xcode
    builtin-SwiftPerFileCompile Errors.swift
SwiftCompile normal arm64_32 /Users/admin/builder/spi-builder-workspace/.dependencies/checkouts/XcodeProj/Sources/XcodeProj/Extensions/AEXML+XcodeFormat.swift (in target 'XcodeProj' from project 'XcodeProj')
    cd /Users/admin/builder/spi-builder-workspace/.swiftpm/xcode
    builtin-SwiftPerFileCompile AEXML+XcodeFormat.swift
SwiftCompile normal arm64_32 /Users/admin/builder/spi-builder-workspace/.dependencies/checkouts/XcodeProj/Sources/XcodeProj/Extensions/Array+Extras.swift (in target 'XcodeProj' from project 'XcodeProj')
    cd /Users/admin/builder/spi-builder-workspace/.swiftpm/xcode
    builtin-SwiftPerFileCompile Array+Extras.swift
SwiftCompile normal arm64_32 /Users/admin/builder/spi-builder-workspace/.dependencies/checkouts/XcodeProj/Sources/XcodeProj/Extensions/Bool+Extras.swift (in target 'XcodeProj' from project 'XcodeProj')
    cd /Users/admin/builder/spi-builder-workspace/.swiftpm/xcode
    builtin-SwiftPerFileCompile Bool+Extras.swift
SwiftCompile normal arm64_32 /Users/admin/builder/spi-builder-workspace/.dependencies/checkouts/XcodeProj/Sources/XcodeProj/Extensions/KeyedDecodingContainer+Additions.swift (in target 'XcodeProj' from project 'XcodeProj')
    cd /Users/admin/builder/spi-builder-workspace/.swiftpm/xcode
    builtin-SwiftPerFileCompile KeyedDecodingContainer+Additions.swift
SwiftCompile normal arm64_32 /Users/admin/builder/spi-builder-workspace/.dependencies/checkouts/XcodeProj/Sources/XcodeProj/Extensions/NSRecursiveLock+Sync.swift (in target 'XcodeProj' from project 'XcodeProj')
    cd /Users/admin/builder/spi-builder-workspace/.swiftpm/xcode
    builtin-SwiftPerFileCompile NSRecursiveLock+Sync.swift
SwiftCompile normal arm64_32 /Users/admin/builder/spi-builder-workspace/.dependencies/checkouts/XcodeProj/Sources/XcodeProj/Extensions/Path+Extras.swift (in target 'XcodeProj' from project 'XcodeProj')
    cd /Users/admin/builder/spi-builder-workspace/.swiftpm/xcode
    builtin-SwiftPerFileCompile Path+Extras.swift
SwiftCompile normal arm64_32 /Users/admin/builder/spi-builder-workspace/.dependencies/checkouts/XcodeProj/Sources/XcodeProj/Extensions/String+Utils.swift (in target 'XcodeProj' from project 'XcodeProj')
    cd /Users/admin/builder/spi-builder-workspace/.swiftpm/xcode
    builtin-SwiftPerFileCompile String+Utils.swift
SwiftCompile normal arm64_32 /Users/admin/builder/spi-builder-workspace/.dependencies/checkouts/XcodeProj/Sources/XcodeProj/Extensions/String+md5.swift (in target 'XcodeProj' from project 'XcodeProj')
    cd /Users/admin/builder/spi-builder-workspace/.swiftpm/xcode
    builtin-SwiftPerFileCompile String+md5.swift
SwiftCompile normal arm64_32 /Users/admin/builder/spi-builder-workspace/.dependencies/checkouts/XcodeProj/Sources/XcodeProj/Objects/BuildPhase/BuildPhase.swift (in target 'XcodeProj' from project 'XcodeProj')
    cd /Users/admin/builder/spi-builder-workspace/.swiftpm/xcode
    builtin-SwiftPerFileCompile BuildPhase.swift
SwiftCompile normal arm64_32 /Users/admin/builder/spi-builder-workspace/.dependencies/checkouts/XcodeProj/Sources/XcodeProj/Objects/BuildPhase/PBXBuildFile.swift (in target 'XcodeProj' from project 'XcodeProj')
    cd /Users/admin/builder/spi-builder-workspace/.swiftpm/xcode
    builtin-SwiftPerFileCompile PBXBuildFile.swift
PruneExplicitPrecompiledModules /Users/admin/builder/spi-builder-workspace/.derivedData/SDKExplicitPrecompiledModules
PruneExplicitPrecompiledModules /Users/admin/builder/spi-builder-workspace/.derivedData/Build/Intermediates.noindex/ExplicitPrecompiledModules
PruneExplicitPrecompiledModules /Users/admin/builder/spi-builder-workspace/.derivedData/Build/Intermediates.noindex/SwiftExplicitPrecompiledModules
2026-09-19 03:23:51.647 xcodebuild[1182:7101] [MT] IDERunDestination: Supported platforms for the buildables in the current scheme is empty.
2026-09-19 03:23:51.747 xcodebuild[1182:7101] [MT] IDERunDestination: Supported platforms for the buildables in the current scheme is empty.
** BUILD FAILED **
The following build commands failed:
	SwiftCompile normal arm64 Compiling\ Errors.swift,\ AEXML+XcodeFormat.swift,\ Array+Extras.swift,\ Bool+Extras.swift,\ KeyedDecodingContainer+Additions.swift,\ NSRecursiveLock+Sync.swift,\ Path+Extras.swift,\ String+Utils.swift,\ String+md5.swift,\ BuildPhase.swift,\ PBXBuildFile.swift /Users/admin/builder/spi-builder-workspace/.dependencies/checkouts/XcodeProj/Sources/XcodeProj/Errors/Errors.swift /Users/admin/builder/spi-builder-workspace/.dependencies/checkouts/XcodeProj/Sources/XcodeProj/Extensions/AEXML+XcodeFormat.swift /Users/admin/builder/spi-builder-workspace/.dependencies/checkouts/XcodeProj/Sources/XcodeProj/Extensions/Array+Extras.swift /Users/admin/builder/spi-builder-workspace/.dependencies/checkouts/XcodeProj/Sources/XcodeProj/Extensions/Bool+Extras.swift /Users/admin/builder/spi-builder-workspace/.dependencies/checkouts/XcodeProj/Sources/XcodeProj/Extensions/KeyedDecodingContainer+Additions.swift /Users/admin/builder/spi-builder-workspace/.dependencies/checkouts/XcodeProj/Sources/XcodeProj/Extensions/NSRecursiveLock+Sync.swift /Users/admin/builder/spi-builder-workspace/.dependencies/checkouts/XcodeProj/Sources/XcodeProj/Extensions/Path+Extras.swift /Users/admin/builder/spi-builder-workspace/.dependencies/checkouts/XcodeProj/Sources/XcodeProj/Extensions/String+Utils.swift /Users/admin/builder/spi-builder-workspace/.dependencies/checkouts/XcodeProj/Sources/XcodeProj/Extensions/String+md5.swift /Users/admin/builder/spi-builder-workspace/.dependencies/checkouts/XcodeProj/Sources/XcodeProj/Objects/BuildPhase/BuildPhase.swift /Users/admin/builder/spi-builder-workspace/.dependencies/checkouts/XcodeProj/Sources/XcodeProj/Objects/BuildPhase/PBXBuildFile.swift (in target 'XcodeProj' from project 'XcodeProj')
	SwiftCompile normal arm64 /Users/admin/builder/spi-builder-workspace/.dependencies/checkouts/XcodeProj/Sources/XcodeProj/Extensions/Path+Extras.swift (in target 'XcodeProj' from project 'XcodeProj')
	Building workspace XcodeTargetGraphGen with scheme XcodeTargetGraphGen
(3 failures)
BUILD FAILURE 6.4 watchOS