The Swift Package Index logo.Swift Package Index

Build Information

Failed to build bytes, reference develop (9444da), with Swift 6.4 for visionOS using Xcode 27.0 on 18 Sep 2026 12:13:25 UTC.

Build Command

env DEVELOPER_DIR=/Applications/Xcode-27.0.0-Release.Candidate.app xcrun xcodebuild -IDEClonedSourcePackagesDirPathOverride=$PWD/.dependencies -skipMacroValidation -skipPackagePluginValidation -derivedDataPath $PWD/.derivedData build -scheme bytes -destination generic/platform=xrOS

Build Log

========================================
RunAll
========================================
Builder version: 5.1.0
Interrupt handler set up.
========================================
Checkout
========================================
Clone URL: https://github.com/tbointeractive/bytes.git
Reference: develop
Initialized empty Git repository in /Users/admin/builder/spi-builder-workspace/.git/
From https://github.com/tbointeractive/bytes
 * branch            develop    -> FETCH_HEAD
 * [new branch]      develop    -> origin/develop
HEAD is now at 9444dab update changelog (#57)
Cloned https://github.com/tbointeractive/bytes.git
Revision (git rev-parse @):
9444dab5f7e3c40c099ea34beb0fa4761dfb908a
SPI manifest file found: $PWD/.spi.yml
SUCCESS checkout https://github.com/tbointeractive/bytes.git at develop
========================================
Build
========================================
Selected platform:         visionOS
Swift version:             6.4
Building package at path:  $PWD
https://github.com/tbointeractive/bytes.git
Command line invocation:
    /Applications/Xcode-27.0.0-Release.Candidate.app/Contents/Developer/usr/bin/xcodebuild -IDEClonedSourcePackagesDirPathOverride=/Users/admin/builder/spi-builder-workspace/.dependencies -resolvePackageDependencies
Resolve Package Graph
Fetching from https://github.com/apple/swift-docc-plugin
Fetching from https://github.com/swiftlang/swift-docc-symbolkit
Creating working copy of package ‘swift-docc-plugin’
Checking out 1.5.0 of package ‘swift-docc-plugin’
Creating working copy of package ‘swift-docc-symbolkit’
Checking out 1.0.0 of package ‘swift-docc-symbolkit’
Resolve Package Graph
Resolved source packages:
  SwiftDocCPlugin: https://github.com/apple/swift-docc-plugin @ 1.5.0
  bytes: /Users/admin/builder/spi-builder-workspace
  SymbolKit: https://github.com/swiftlang/swift-docc-symbolkit @ 1.0.0
resolved source packages: SwiftDocCPlugin, bytes, SymbolKit
2026-09-18 08:11:48.111 xcodebuild[525:3039] [MT] IDERunDestination: Supported platforms for the buildables in the current scheme is empty.
{
  "default_localization" : "en",
  "dependencies" : [
    {
      "identity" : "swift-docc-plugin",
      "requirement" : {
        "range" : [
          {
            "lower_bound" : "1.0.0",
            "upper_bound" : "2.0.0"
          }
        ]
      },
      "type" : "sourceControl",
      "url" : "https://github.com/apple/swift-docc-plugin"
    }
  ],
  "manifest_display_name" : "bytes",
  "name" : "bytes",
  "path" : "/Users/admin/builder/spi-builder-workspace",
  "platforms" : [
  ],
  "products" : [
    {
      "name" : "bytes",
      "targets" : [
        "bytes"
      ],
      "type" : {
        "library" : [
          "automatic"
        ]
      }
    }
  ],
  "targets" : [
    {
      "c99name" : "bytesTests",
      "module_type" : "SwiftTarget",
      "name" : "bytesTests",
      "path" : "Tests/bytesTests",
      "resources" : [
        {
          "path" : "/Users/admin/builder/spi-builder-workspace/Tests/bytesTests/Resources/en.lproj/Localizable.strings",
          "rule" : {
            "process" : {
              "localization" : "en"
            }
          }
        },
        {
          "path" : "/Users/admin/builder/spi-builder-workspace/Tests/bytesTests/Resources/en.lproj/More.strings",
          "rule" : {
            "process" : {
              "localization" : "en"
            }
          }
        }
      ],
      "sources" : [
        "Dictionary+DiffTests.swift",
        "Strings+LocalizableTests.swift",
        "UserDefault+SetsTests.swift"
      ],
      "target_dependencies" : [
        "bytes"
      ],
      "type" : "test"
    },
    {
      "c99name" : "bytes",
      "module_type" : "SwiftTarget",
      "name" : "bytes",
      "path" : "Sources",
      "product_memberships" : [
        "bytes"
      ],
      "sources" : [
        "bytes/Application.swift",
        "bytes/AsyncViewController.swift",
        "bytes/Device.swift",
        "bytes/DiscardTouchView.swift",
        "bytes/Extensions/Bool+Random.swift",
        "bytes/Extensions/ByteCountFormatter+Preconfigured.swift",
        "bytes/Extensions/Collection+JoinNSAttributedString.swift",
        "bytes/Extensions/Collection+Randomizing.swift",
        "bytes/Extensions/DateComponentsFormatter+Preconfigured.swift",
        "bytes/Extensions/DateFormatter+Preconfigured.swift",
        "bytes/Extensions/Dictionary+Diff.swift",
        "bytes/Extensions/Dictionary+Merge.swift",
        "bytes/Extensions/Double+TimeInterval.swift",
        "bytes/Extensions/Int+Random.swift",
        "bytes/Extensions/NumberFormatter+Preconfigured.swift",
        "bytes/Extensions/String+Hashes.swift",
        "bytes/Extensions/String+Localizable.swift",
        "bytes/Extensions/String+Random.swift",
        "bytes/Extensions/UIColor+Components.swift",
        "bytes/Extensions/UIColor+Hex.swift",
        "bytes/Extensions/UIImage+Color.swift",
        "bytes/Extensions/UIImage+Transformations.swift",
        "bytes/Extensions/UIView+Constraints.swift",
        "bytes/Extensions/UIView+Nib.swift",
        "bytes/Extensions/UIView+Rendering.swift",
        "bytes/Extensions/UIViewController+Hierarchie.swift",
        "bytes/Extensions/URL+QueryItems.swift",
        "bytes/Extensions/UserDefaults+Sets.swift",
        "bytes/IconFont.swift",
        "bytes/SemanticVersion.swift"
      ],
      "type" : "library"
    }
  ],
  "tools_version" : "5.5"
}
{
  "workspace" : {
    "name" : "bytes",
    "schemes" : [
      "bytes"
    ]
  }
}
2026-09-18 08:12:42.619 xcodebuild[846:5261] [MT] IDERunDestination: Supported platforms for the buildables in the current scheme is empty.
Running build ...
env DEVELOPER_DIR=/Applications/Xcode-27.0.0-Release.Candidate.app xcrun xcodebuild -IDEClonedSourcePackagesDirPathOverride=$PWD/.dependencies -skipMacroValidation -skipPackagePluginValidation -derivedDataPath $PWD/.derivedData build -scheme bytes -destination generic/platform=xrOS
Command line invocation:
    /Applications/Xcode-27.0.0-Release.Candidate.app/Contents/Developer/usr/bin/xcodebuild -IDEClonedSourcePackagesDirPathOverride=/Users/admin/builder/spi-builder-workspace/.dependencies -skipMacroValidation -skipPackagePluginValidation -derivedDataPath /Users/admin/builder/spi-builder-workspace/.derivedData build -scheme bytes -destination generic/platform=xrOS
Resolve Package Graph
Resolve Package Graph
Resolved source packages:
  SwiftDocCPlugin: https://github.com/apple/swift-docc-plugin @ 1.5.0
  SymbolKit: https://github.com/swiftlang/swift-docc-symbolkit @ 1.0.0
  bytes: /Users/admin/builder/spi-builder-workspace
ComputePackagePrebuildTargetDependencyGraph
Prepare packages
CreateBuildRequest
SendProjectDescription
CreateBuildOperation
ComputeTargetDependencyGraph
note: Building targets in dependency order
note: Target dependency graph (2 targets)
    Target 'bytes-product' in project 'bytes'
        ➜ Explicit dependency on target 'bytes' in project 'bytes'
    Target 'bytes' in project 'bytes' (no dependencies)
GatherProvisioningInputs
CreateBuildDescription
ExecuteExternalTool /Applications/Xcode-27.0.0-Release.Candidate.app/Contents/Developer/Toolchains/XcodeDefault.xctoolchain/usr/bin/clang -v -E -dM -isysroot /Applications/Xcode-27.0.0-Release.Candidate.app/Contents/Developer/Platforms/XROS.platform/Developer/SDKs/XROS27.0.sdk -x c -c /dev/null
ExecuteExternalTool /Applications/Xcode-27.0.0-Release.Candidate.app/Contents/Developer/Toolchains/XcodeDefault.xctoolchain/usr/bin/swiftc --version
ExecuteExternalTool /Applications/Xcode-27.0.0-Release.Candidate.app/Contents/Developer/Toolchains/XcodeDefault.xctoolchain/usr/bin/ld -version_details
Build description signature: 5f66d6d40dbdc143ce4dea8253d4e012
Build description path: /Users/admin/builder/spi-builder-workspace/.derivedData/Build/Intermediates.noindex/XCBuildData/5f66d6d40dbdc143ce4dea8253d4e012.xcbuilddata
CreateBuildDirectory /Users/admin/builder/spi-builder-workspace/.derivedData/SDKExplicitPrecompiledModules
    cd /Users/admin/builder/spi-builder-workspace/.swiftpm/xcode
    builtin-create-build-directory /Users/admin/builder/spi-builder-workspace/.derivedData/SDKExplicitPrecompiledModules
CreateBuildDirectory /Users/admin/builder/spi-builder-workspace/.derivedData/ModuleCache.noindex
    cd /Users/admin/builder/spi-builder-workspace/.swiftpm/xcode
    builtin-create-build-directory /Users/admin/builder/spi-builder-workspace/.derivedData/ModuleCache.noindex
CreateBuildDirectory /Users/admin/builder/spi-builder-workspace/.derivedData/CompilationCache.noindex
    cd /Users/admin/builder/spi-builder-workspace/.swiftpm/xcode
    builtin-create-build-directory /Users/admin/builder/spi-builder-workspace/.derivedData/CompilationCache.noindex
ClangStatCache /Applications/Xcode-27.0.0-Release.Candidate.app/Contents/Developer/Toolchains/XcodeDefault.xctoolchain/usr/bin/clang-stat-cache /Applications/Xcode-27.0.0-Release.Candidate.app/Contents/Developer/Platforms/XROS.platform/Developer/SDKs/XROS27.0.sdk /Users/admin/builder/spi-builder-workspace/.derivedData/SDKStatCaches.noindex/xros27.0-24M361-e829b21a6f8c9b70876ba0858053c044735bd543db762f57723cac368afd1ce4.sdkstatcache
    cd /Users/admin/builder/spi-builder-workspace/.swiftpm/xcode
    /Applications/Xcode-27.0.0-Release.Candidate.app/Contents/Developer/Toolchains/XcodeDefault.xctoolchain/usr/bin/clang-stat-cache /Applications/Xcode-27.0.0-Release.Candidate.app/Contents/Developer/Platforms/XROS.platform/Developer/SDKs/XROS27.0.sdk -o /Users/admin/builder/spi-builder-workspace/.derivedData/SDKStatCaches.noindex/xros27.0-24M361-e829b21a6f8c9b70876ba0858053c044735bd543db762f57723cac368afd1ce4.sdkstatcache
CreateBuildDirectory /Users/admin/builder/spi-builder-workspace/.derivedData/Build/Intermediates.noindex
    cd /Users/admin/builder/spi-builder-workspace/.swiftpm/xcode
    builtin-create-build-directory /Users/admin/builder/spi-builder-workspace/.derivedData/Build/Intermediates.noindex
CreateBuildDirectory /Users/admin/builder/spi-builder-workspace/.derivedData/Build/Products
    cd /Users/admin/builder/spi-builder-workspace/.swiftpm/xcode
    builtin-create-build-directory /Users/admin/builder/spi-builder-workspace/.derivedData/Build/Products
CreateBuildDirectory /Users/admin/builder/spi-builder-workspace/.derivedData/Build/Intermediates.noindex/SwiftExplicitPrecompiledModules
    cd /Users/admin/builder/spi-builder-workspace/.swiftpm/xcode
    builtin-create-build-directory /Users/admin/builder/spi-builder-workspace/.derivedData/Build/Intermediates.noindex/SwiftExplicitPrecompiledModules
CreateBuildDirectory /Users/admin/builder/spi-builder-workspace/.derivedData/Build/Intermediates.noindex/ExplicitPrecompiledModules
    cd /Users/admin/builder/spi-builder-workspace/.swiftpm/xcode
    builtin-create-build-directory /Users/admin/builder/spi-builder-workspace/.derivedData/Build/Intermediates.noindex/ExplicitPrecompiledModules
CreateBuildDirectory /Users/admin/builder/spi-builder-workspace/.derivedData/Build/Intermediates.noindex/PrecompiledHeaders
    cd /Users/admin/builder/spi-builder-workspace/.swiftpm/xcode
    builtin-create-build-directory /Users/admin/builder/spi-builder-workspace/.derivedData/Build/Intermediates.noindex/PrecompiledHeaders
CreateBuildDirectory /Users/admin/builder/spi-builder-workspace/.derivedData/Build/Intermediates.noindex/EagerLinkingTBDs/Debug-xros
    cd /Users/admin/builder/spi-builder-workspace/.swiftpm/xcode
    builtin-create-build-directory /Users/admin/builder/spi-builder-workspace/.derivedData/Build/Intermediates.noindex/EagerLinkingTBDs/Debug-xros
CreateBuildDirectory /Users/admin/builder/spi-builder-workspace/.derivedData/Build/Products/Debug-xros
    cd /Users/admin/builder/spi-builder-workspace/.swiftpm/xcode
    builtin-create-build-directory /Users/admin/builder/spi-builder-workspace/.derivedData/Build/Products/Debug-xros
CreateBuildDirectory /Users/admin/builder/spi-builder-workspace/.derivedData/Build/Products/Debug-xros/PackageFrameworks
    cd /Users/admin/builder/spi-builder-workspace/.swiftpm/xcode
    builtin-create-build-directory /Users/admin/builder/spi-builder-workspace/.derivedData/Build/Products/Debug-xros/PackageFrameworks
WriteAuxiliaryFile /Users/admin/builder/spi-builder-workspace/.derivedData/Build/Intermediates.noindex/bytes.build/Debug-xros/bytes-t.build/bytes.DependencyStaticMetadataFileList (in target 'bytes' from project 'bytes')
    cd /Users/admin/builder/spi-builder-workspace
    write-file /Users/admin/builder/spi-builder-workspace/.derivedData/Build/Intermediates.noindex/bytes.build/Debug-xros/bytes-t.build/bytes.DependencyStaticMetadataFileList
WriteAuxiliaryFile /Users/admin/builder/spi-builder-workspace/.derivedData/Build/Intermediates.noindex/bytes.build/Debug-xros/bytes-t.build/bytes.DependencyMetadataFileList (in target 'bytes' from project 'bytes')
    cd /Users/admin/builder/spi-builder-workspace
    write-file /Users/admin/builder/spi-builder-workspace/.derivedData/Build/Intermediates.noindex/bytes.build/Debug-xros/bytes-t.build/bytes.DependencyMetadataFileList
WriteAuxiliaryFile /Users/admin/builder/spi-builder-workspace/.derivedData/Build/Intermediates.noindex/bytes.build/Debug-xros/bytes-t.build/bytes.modulemap (in target 'bytes' from project 'bytes')
    cd /Users/admin/builder/spi-builder-workspace
    write-file /Users/admin/builder/spi-builder-workspace/.derivedData/Build/Intermediates.noindex/bytes.build/Debug-xros/bytes-t.build/bytes.modulemap
WriteAuxiliaryFile /Users/admin/builder/spi-builder-workspace/.derivedData/Build/Intermediates.noindex/bytes.build/Debug-xros/bytes-t.build/Objects-normal/arm64/bytes.SwiftConstValuesFileList (in target 'bytes' from project 'bytes')
    cd /Users/admin/builder/spi-builder-workspace
    write-file /Users/admin/builder/spi-builder-workspace/.derivedData/Build/Intermediates.noindex/bytes.build/Debug-xros/bytes-t.build/Objects-normal/arm64/bytes.SwiftConstValuesFileList
WriteAuxiliaryFile /Users/admin/builder/spi-builder-workspace/.derivedData/Build/Intermediates.noindex/bytes.build/Debug-xros/bytes-t.build/Objects-normal/arm64/bytes-OutputFileMap.json (in target 'bytes' from project 'bytes')
    cd /Users/admin/builder/spi-builder-workspace
    write-file /Users/admin/builder/spi-builder-workspace/.derivedData/Build/Intermediates.noindex/bytes.build/Debug-xros/bytes-t.build/Objects-normal/arm64/bytes-OutputFileMap.json
WriteAuxiliaryFile /Users/admin/builder/spi-builder-workspace/.derivedData/Build/Intermediates.noindex/bytes.build/Debug-xros/bytes-t.build/Objects-normal/arm64/bytes_const_extract_protocols.json (in target 'bytes' from project 'bytes')
    cd /Users/admin/builder/spi-builder-workspace
    write-file /Users/admin/builder/spi-builder-workspace/.derivedData/Build/Intermediates.noindex/bytes.build/Debug-xros/bytes-t.build/Objects-normal/arm64/bytes_const_extract_protocols.json
WriteAuxiliaryFile /Users/admin/builder/spi-builder-workspace/.derivedData/Build/Intermediates.noindex/bytes.build/Debug-xros/bytes-t.build/Objects-normal/arm64/bytes.LinkFileList (in target 'bytes' from project 'bytes')
    cd /Users/admin/builder/spi-builder-workspace
    write-file /Users/admin/builder/spi-builder-workspace/.derivedData/Build/Intermediates.noindex/bytes.build/Debug-xros/bytes-t.build/Objects-normal/arm64/bytes.LinkFileList
WriteAuxiliaryFile /Users/admin/builder/spi-builder-workspace/.derivedData/Build/Intermediates.noindex/bytes.build/Debug-xros/bytes-t.build/Objects-normal/arm64/bytes.SwiftFileList (in target 'bytes' from project 'bytes')
    cd /Users/admin/builder/spi-builder-workspace
    write-file /Users/admin/builder/spi-builder-workspace/.derivedData/Build/Intermediates.noindex/bytes.build/Debug-xros/bytes-t.build/Objects-normal/arm64/bytes.SwiftFileList
Copy /Users/admin/builder/spi-builder-workspace/.derivedData/Build/Intermediates.noindex/GeneratedModuleMaps-xros/bytes.modulemap /Users/admin/builder/spi-builder-workspace/.derivedData/Build/Intermediates.noindex/bytes.build/Debug-xros/bytes-t.build/bytes.modulemap (in target 'bytes' from project 'bytes')
    cd /Users/admin/builder/spi-builder-workspace
    builtin-copy -exclude .DS_Store -exclude CVS -exclude .svn -exclude .git -exclude .hg -resolve-src-symlinks /Users/admin/builder/spi-builder-workspace/.derivedData/Build/Intermediates.noindex/bytes.build/Debug-xros/bytes-t.build/bytes.modulemap /Users/admin/builder/spi-builder-workspace/.derivedData/Build/Intermediates.noindex/GeneratedModuleMaps-xros
SwiftDriver bytes normal arm64 com.apple.xcode.tools.swift.compiler (in target 'bytes' from project 'bytes')
    cd /Users/admin/builder/spi-builder-workspace/.swiftpm/xcode
    builtin-SwiftDriver -- /Applications/Xcode-27.0.0-Release.Candidate.app/Contents/Developer/Toolchains/XcodeDefault.xctoolchain/usr/bin/swiftc -parse-as-library -module-name bytes -Onone @/Users/admin/builder/spi-builder-workspace/.derivedData/Build/Intermediates.noindex/bytes.build/Debug-xros/bytes-t.build/Objects-normal/arm64/bytes.SwiftFileList -DSWIFT_PACKAGE -DDEBUG -DSWIFT_MODULE_RESOURCE_BUNDLE_UNAVAILABLE -DXcode -plugin-path /Applications/Xcode-27.0.0-Release.Candidate.app/Contents/Developer/Toolchains/XcodeDefault.xctoolchain/usr/lib/swift/host/plugins/testing -enable-experimental-feature DebugDescriptionMacro -sdk /Applications/Xcode-27.0.0-Release.Candidate.app/Contents/Developer/Platforms/XROS.platform/Developer/SDKs/XROS27.0.sdk -target arm64-apple-xros1.0 -g -module-cache-path /Users/admin/builder/spi-builder-workspace/.derivedData/ModuleCache.noindex -Xfrontend -serialize-debugging-options -profile-coverage-mapping -profile-generate -enable-testing -index-store-path /Users/admin/builder/spi-builder-workspace/.derivedData/Index.noindex/DataStore -Xcc -D_LIBCPP_HARDENING_MODE\=_LIBCPP_HARDENING_MODE_DEBUG -swift-version 5 -I /Users/admin/builder/spi-builder-workspace/.derivedData/Build/Products/Debug-xros -Isystem /Applications/Xcode-27.0.0-Release.Candidate.app/Contents/Developer/Platforms/XROS.platform/Developer/usr/lib -F /Users/admin/builder/spi-builder-workspace/.derivedData/Build/Products/Debug-xros -F /Applications/Xcode-27.0.0-Release.Candidate.app/Contents/Developer/Platforms/XROS.platform/Developer/Library/Frameworks -F /Applications/Xcode-27.0.0-Release.Candidate.app/Contents/Developer/Platforms/XROS.platform/Developer/SDKs/XROS27.0.sdk/Developer/Library/Frameworks -emit-localized-strings -emit-localized-strings-path /Users/admin/builder/spi-builder-workspace/.derivedData/Build/Intermediates.noindex/bytes.build/Debug-xros/bytes-t.build/Objects-normal/arm64 -c -j10 -enable-batch-mode -incremental -Xcc -ivfsstatcache -Xcc /Users/admin/builder/spi-builder-workspace/.derivedData/SDKStatCaches.noindex/xros27.0-24M361-e829b21a6f8c9b70876ba0858053c044735bd543db762f57723cac368afd1ce4.sdkstatcache -output-file-map /Users/admin/builder/spi-builder-workspace/.derivedData/Build/Intermediates.noindex/bytes.build/Debug-xros/bytes-t.build/Objects-normal/arm64/bytes-OutputFileMap.json -save-temps -no-color-diagnostics -explicit-module-build -module-cache-path /Users/admin/builder/spi-builder-workspace/.derivedData/Build/Intermediates.noindex/SwiftExplicitPrecompiledModules -clang-scanner-module-cache-path /Users/admin/builder/spi-builder-workspace/.derivedData/ModuleCache.noindex -sdk-module-cache-path /Users/admin/builder/spi-builder-workspace/.derivedData/SDKExplicitPrecompiledModules -emit-dependencies -emit-module -emit-module-path /Users/admin/builder/spi-builder-workspace/.derivedData/Build/Intermediates.noindex/bytes.build/Debug-xros/bytes-t.build/Objects-normal/arm64/bytes.swiftmodule -serialize-diagnostics -dependency-scan-serialize-diagnostics-path /Users/admin/builder/spi-builder-workspace/.derivedData/Build/Intermediates.noindex/bytes.build/Debug-xros/bytes-t.build/Objects-normal/arm64/bytes-dependency-scan.dia -validate-clang-modules-once -clang-build-session-file /Users/admin/builder/spi-builder-workspace/.derivedData/ModuleCache.noindex/Session.modulevalidation -Xcc -fmodules-prune-interval\=86400 -Xcc -fmodules-prune-after\=345600 -emit-const-values -const-gather-protocols-list /Users/admin/builder/spi-builder-workspace/.derivedData/Build/Intermediates.noindex/bytes.build/Debug-xros/bytes-t.build/Objects-normal/arm64/bytes_const_extract_protocols.json -Xcc -I/Users/admin/builder/spi-builder-workspace/.derivedData/Build/Products/Debug-xros/include -Xcc -I/Users/admin/builder/spi-builder-workspace/.derivedData/Build/Intermediates.noindex/bytes.build/Debug-xros/bytes-t.build/DerivedSources-normal/arm64 -Xcc -I/Users/admin/builder/spi-builder-workspace/.derivedData/Build/Intermediates.noindex/bytes.build/Debug-xros/bytes-t.build/DerivedSources/arm64 -Xcc -I/Users/admin/builder/spi-builder-workspace/.derivedData/Build/Intermediates.noindex/bytes.build/Debug-xros/bytes-t.build/DerivedSources -Xcc -DSWIFT_PACKAGE -Xcc -DDEBUG\=1 -emit-objc-header -emit-objc-header-path /Users/admin/builder/spi-builder-workspace/.derivedData/Build/Intermediates.noindex/bytes.build/Debug-xros/bytes-t.build/Objects-normal/arm64/bytes-Swift.h -working-directory /Users/admin/builder/spi-builder-workspace/.swiftpm/xcode -experimental-emit-module-separately -disable-cmo
SwiftExplicitDependencyGeneratePcm arm64 /Users/admin/builder/spi-builder-workspace/.derivedData/SDKExplicitPrecompiledModules/DeveloperToolsSupport-46GOQP8J1QTHLYQSJW81T8UZ3.pcm
SwiftExplicitDependencyGeneratePcm arm64 /Users/admin/builder/spi-builder-workspace/.derivedData/SDKExplicitPrecompiledModules/_AvailabilityInternal-1Q8IQP6M38UWSGZ95UCEY2M44.pcm
SwiftExplicitDependencyGeneratePcm arm64 /Users/admin/builder/spi-builder-workspace/.derivedData/SDKExplicitPrecompiledModules/SwiftShims-CI4H5RO9IYFFWQ2COB512Q2S9.pcm
SwiftExplicitDependencyGeneratePcm arm64 /Users/admin/builder/spi-builder-workspace/.derivedData/SDKExplicitPrecompiledModules/ptrcheck-BXA97MNLI4BB0HF5I8MJE403D.pcm
SwiftExplicitDependencyGeneratePcm arm64 /Users/admin/builder/spi-builder-workspace/.derivedData/SDKExplicitPrecompiledModules/_Builtin_stddef-5NQ9Z1GV07GBSRQGAQCGXGVRI.pcm
SwiftExplicitDependencyGeneratePcm arm64 /Users/admin/builder/spi-builder-workspace/.derivedData/SDKExplicitPrecompiledModules/_Builtin_stdarg-CDA349K2K4US766844K8E0PVA.pcm
SwiftExplicitDependencyGeneratePcm arm64 /Users/admin/builder/spi-builder-workspace/.derivedData/SDKExplicitPrecompiledModules/_SwiftConcurrencyShims-C8XHKSHX96D5YYALNM4W70Z0O.pcm
SwiftExplicitDependencyGeneratePcm arm64 /Users/admin/builder/spi-builder-workspace/.derivedData/SDKExplicitPrecompiledModules/_Builtin_float-6WKHNW5S40U2QGHXXGETUDIRA.pcm
SwiftExplicitDependencyGeneratePcm arm64 /Users/admin/builder/spi-builder-workspace/.derivedData/SDKExplicitPrecompiledModules/_Builtin_stdbool-5BU2ADS7JXQMYENKQHW9X8XOU.pcm
SwiftExplicitDependencyGeneratePcm arm64 /Users/admin/builder/spi-builder-workspace/.derivedData/SDKExplicitPrecompiledModules/ptrauth-1WBA714DZSVUL5JQDJ08CLKZ.pcm
SwiftExplicitDependencyGeneratePcm arm64 /Users/admin/builder/spi-builder-workspace/.derivedData/SDKExplicitPrecompiledModules/_DarwinFoundation1-5RGRVV2TZ6WC4WZW5IXF8NQ04.pcm
SwiftExplicitDependencyGeneratePcm arm64 /Users/admin/builder/spi-builder-workspace/.derivedData/SDKExplicitPrecompiledModules/_Builtin_limits-425JDMN5HPM3D0UEI8LEHP6NM.pcm
SwiftExplicitDependencyGeneratePcm arm64 /Users/admin/builder/spi-builder-workspace/.derivedData/SDKExplicitPrecompiledModules/_DarwinFoundation2-ENTECK156YEWITZRRBTOCE4KR.pcm
SwiftExplicitDependencyGeneratePcm arm64 /Users/admin/builder/spi-builder-workspace/.derivedData/SDKExplicitPrecompiledModules/string_h-2GT67HHHHK5CF1V1S31LH0PU2.pcm
SwiftExplicitDependencyGeneratePcm arm64 /Users/admin/builder/spi-builder-workspace/.derivedData/SDKExplicitPrecompiledModules/_Builtin_tgmath-BPYSMHWI520EQRL2HW519ZY7Z.pcm
SwiftExplicitDependencyGeneratePcm arm64 /Users/admin/builder/spi-builder-workspace/.derivedData/SDKExplicitPrecompiledModules/_Builtin_stdint-8OR6T47OOYJA90ZBO3N1USDE.pcm
SwiftExplicitDependencyGeneratePcm arm64 /Users/admin/builder/spi-builder-workspace/.derivedData/SDKExplicitPrecompiledModules/sys_types-AYM0BHR77VKMWZCO2T0XGV2HF.pcm
SwiftExplicitDependencyGeneratePcm arm64 /Users/admin/builder/spi-builder-workspace/.derivedData/SDKExplicitPrecompiledModules/_Builtin_stdatomic-1VUZPM79PNCAHXVBERD53WRSF.pcm
SwiftExplicitDependencyGeneratePcm arm64 /Users/admin/builder/spi-builder-workspace/.derivedData/SDKExplicitPrecompiledModules/_DarwinFoundation3-9ZHN6JKBS40BBA81RQMV8H0IC.pcm
SwiftExplicitDependencyGeneratePcm arm64 /Users/admin/builder/spi-builder-workspace/.derivedData/SDKExplicitPrecompiledModules/_Builtin_intrinsics-BC5IJI3YI34RQ61ZNVDRDZ6RN.pcm
SwiftExplicitDependencyGeneratePcm arm64 /Users/admin/builder/spi-builder-workspace/.derivedData/SDKExplicitPrecompiledModules/CommonCrypto-CEABJG1QSITOB7OGO12QH3KS.pcm
SwiftExplicitDependencyGeneratePcm arm64 /Users/admin/builder/spi-builder-workspace/.derivedData/SDKExplicitPrecompiledModules/_Builtin_inttypes-11B64KJD36B3YOHBR1BBXBJY8.pcm
SwiftExplicitDependencyGeneratePcm arm64 /Users/admin/builder/spi-builder-workspace/.derivedData/SDKExplicitPrecompiledModules/Darwin-60P5LVNQO3ESRRM5DCJ05PFNK.pcm
SwiftExplicitDependencyGeneratePcm arm64 /Users/admin/builder/spi-builder-workspace/.derivedData/SDKExplicitPrecompiledModules/simd-9XXAB17Y6E4BBPQADD61NZ23.pcm
SwiftExplicitDependencyGeneratePcm arm64 /Users/admin/builder/spi-builder-workspace/.derivedData/SDKExplicitPrecompiledModules/MachO-3XTHY7HWV6RF3KXKYQVHUBUXK.pcm
SwiftExplicitDependencyGeneratePcm arm64 /Users/admin/builder/spi-builder-workspace/.derivedData/SDKExplicitPrecompiledModules/ObjectiveC-26TIBFYCEJZVP216ZZAU1X8KN.pcm
SwiftExplicitDependencyGeneratePcm arm64 /Users/admin/builder/spi-builder-workspace/.derivedData/SDKExplicitPrecompiledModules/os_object-692CJ8BG6RE5H04487EJJOVXW.pcm
SwiftExplicitDependencyGeneratePcm arm64 /Users/admin/builder/spi-builder-workspace/.derivedData/SDKExplicitPrecompiledModules/os_workgroup-4U1VXMWIZD80E7PRUQF2G7P9X.pcm
SwiftExplicitDependencyGeneratePcm arm64 /Users/admin/builder/spi-builder-workspace/.derivedData/SDKExplicitPrecompiledModules/Dispatch-CLT3466HKC22GCKAWSCNG0H7T.pcm
SwiftExplicitDependencyGeneratePcm arm64 /Users/admin/builder/spi-builder-workspace/.derivedData/SDKExplicitPrecompiledModules/Spatial-5E0I2846LO3ZE24CSVR2O57TI.pcm
SwiftExplicitDependencyGeneratePcm arm64 /Users/admin/builder/spi-builder-workspace/.derivedData/SDKExplicitPrecompiledModules/XPC-EP5EU7FNGP4VOA3EDM18P1KHO.pcm
SwiftExplicitDependencyGeneratePcm arm64 /Users/admin/builder/spi-builder-workspace/.derivedData/SDKExplicitPrecompiledModules/CoreFoundation-AVLTZVCXBU2TO75JCN4AGU8XJ.pcm
SwiftExplicitDependencyGeneratePcm arm64 /Users/admin/builder/spi-builder-workspace/.derivedData/SDKExplicitPrecompiledModules/os-1004XEJ3IXOOAU0KL58SM3D0K.pcm
SwiftExplicitDependencyGeneratePcm arm64 /Users/admin/builder/spi-builder-workspace/.derivedData/SDKExplicitPrecompiledModules/Security-8TH2M8WJIQMET4SADWX0N8372.pcm
SwiftExplicitDependencyGeneratePcm arm64 /Users/admin/builder/spi-builder-workspace/.derivedData/SDKExplicitPrecompiledModules/CFNetwork-5MI70N1VLDQSWTX4COWLMSIRO.pcm
SwiftExplicitDependencyGeneratePcm arm64 /Users/admin/builder/spi-builder-workspace/.derivedData/SDKExplicitPrecompiledModules/CoreGraphics-BFUJ177R223UT2ZI327ZTZY91.pcm
SwiftExplicitDependencyGeneratePcm arm64 /Users/admin/builder/spi-builder-workspace/.derivedData/SDKExplicitPrecompiledModules/Foundation-8GON1KVEKRN3NOQI8RETBRWJP.pcm
SwiftExplicitDependencyGeneratePcm arm64 /Users/admin/builder/spi-builder-workspace/.derivedData/SDKExplicitPrecompiledModules/CoreText-6F9TY5TEPCCZ1K2KYM4GMEGHD.pcm
SwiftExplicitDependencyGeneratePcm arm64 /Users/admin/builder/spi-builder-workspace/.derivedData/SDKExplicitPrecompiledModules/ImageIO-5CC6COR9KJYI1UBL7CSHLU2OG.pcm
SwiftExplicitDependencyGeneratePcm arm64 /Users/admin/builder/spi-builder-workspace/.derivedData/SDKExplicitPrecompiledModules/UserNotifications-8IIV1V1FPNAPA4LY1Y23LOM2N.pcm
SwiftExplicitDependencyGeneratePcm arm64 /Users/admin/builder/spi-builder-workspace/.derivedData/SDKExplicitPrecompiledModules/_LocationEssentials-8GQGFVARUE99D8VJX3TINY0VP.pcm
SwiftExplicitDependencyGeneratePcm arm64 /Users/admin/builder/spi-builder-workspace/.derivedData/SDKExplicitPrecompiledModules/UniformTypeIdentifiers-E5KMWDZEKS4QW9RO1KBRDEXV6.pcm
SwiftExplicitDependencyGeneratePcm arm64 /Users/admin/builder/spi-builder-workspace/.derivedData/SDKExplicitPrecompiledModules/Accessibility-1DR4J4YDVDGAYQTZ0FKZ1PU09.pcm
SwiftExplicitDependencyGeneratePcm arm64 /Users/admin/builder/spi-builder-workspace/.derivedData/SDKExplicitPrecompiledModules/OSLog-BNGT87TS0GMBFF7TY70HHB69.pcm
SwiftExplicitDependencyGeneratePcm arm64 /Users/admin/builder/spi-builder-workspace/.derivedData/SDKExplicitPrecompiledModules/DataDetection-BANTQ3WXXGKZJYC0LLB3MD9K0.pcm
SwiftExplicitDependencyGeneratePcm arm64 /Users/admin/builder/spi-builder-workspace/.derivedData/SDKExplicitPrecompiledModules/Symbols-8G2XC01RPQ5HYIZE6JNUT864I.pcm
SwiftExplicitDependencyGeneratePcm arm64 /Users/admin/builder/spi-builder-workspace/.derivedData/SDKExplicitPrecompiledModules/UIUtilities-AOVGLUWEAN6CG2UZFNESGSP6C.pcm
SwiftExplicitDependencyGeneratePcm arm64 /Users/admin/builder/spi-builder-workspace/.derivedData/SDKExplicitPrecompiledModules/FileProvider-C9I28SI56F2SEVH1BCWTKGODO.pcm
SwiftExplicitDependencyGeneratePcm arm64 /Users/admin/builder/spi-builder-workspace/.derivedData/SDKExplicitPrecompiledModules/CoreTransferable-8TBYAKHCX6UC8QQSS7BD8GQK5.pcm
SwiftExplicitDependencyGeneratePcm arm64 /Users/admin/builder/spi-builder-workspace/.derivedData/SDKExplicitPrecompiledModules/IOSurface-5FE9U89GVFF9A7X7AGO2R8ENI.pcm
SwiftExplicitDependencyGeneratePcm arm64 /Users/admin/builder/spi-builder-workspace/.derivedData/SDKExplicitPrecompiledModules/CoreLocation-1SN37095DAPVJ068LLP9TBDQX.pcm
SwiftExplicitDependencyGeneratePcm arm64 /Users/admin/builder/spi-builder-workspace/.derivedData/SDKExplicitPrecompiledModules/OpenGLES-56BKSYXNVAP91BYZRWAKQZKGI.pcm
SwiftExplicitDependencyGeneratePcm arm64 /Users/admin/builder/spi-builder-workspace/.derivedData/SDKExplicitPrecompiledModules/Metal-EKNUM9P3PRIBHZK1ZBD6BA2T7.pcm
SwiftExplicitDependencyGeneratePcm arm64 /Users/admin/builder/spi-builder-workspace/.derivedData/SDKExplicitPrecompiledModules/CoreMotion-10LV922UPGE28QX2SOIO7ALIZ.pcm
SwiftExplicitDependencyGeneratePcm arm64 /Users/admin/builder/spi-builder-workspace/.derivedData/SDKExplicitPrecompiledModules/CoreVideo-E12HJSJSLO0YKWYBES11UKJ02.pcm
SwiftExplicitDependencyGeneratePcm arm64 /Users/admin/builder/spi-builder-workspace/.derivedData/SDKExplicitPrecompiledModules/CoreImage-8WF1P230U10QM666EQMNV7OF1.pcm
SwiftExplicitDependencyGeneratePcm arm64 /Users/admin/builder/spi-builder-workspace/.derivedData/SDKExplicitPrecompiledModules/QuartzCore-12T8WVKUNCL1N7VXH87MM4YOB.pcm
SwiftExplicitDependencyGeneratePcm arm64 /Users/admin/builder/spi-builder-workspace/.derivedData/SDKExplicitPrecompiledModules/SwiftUICore-6OBBMA39VFD4CB6SG2PE41FAP.pcm
SwiftExplicitDependencyGeneratePcm arm64 /Users/admin/builder/spi-builder-workspace/.derivedData/SDKExplicitPrecompiledModules/UIKit-2D2PMAAE45TMO6S28UCGCO5BR.pcm
SwiftEmitModule normal arm64 Emitting\ module\ for\ bytes (in target 'bytes' from project 'bytes')
/Users/admin/builder/spi-builder-workspace/Sources/bytes/AsyncViewController.swift:46:97: error: 'gray' is unavailable in visionOS
 44 |     /// The view displayed during loading state.
 45 |     /// - Remark: You can override this property in a subclass.
 46 |     open var loadingView: UIView = UIActivityIndicatorView(style: UIActivityIndicatorView.Style.gray)
    |                                                                                                 `- error: 'gray' is unavailable in visionOS
 47 |
 48 |     private var errorView: UIView?
UIKit.UIActivityIndicatorView.Style.gray:5:10: note: 'gray' has been explicitly marked unavailable here
3 | @available(iOS, introduced: 2.0, deprecated: 13.0, renamed: "UIActivityIndicatorView.Style.medium")
4 |     @available(visionOS, unavailable)
5 |     case gray  }
  |          `- note: 'gray' has been explicitly marked unavailable here
6 | }
7 |
Failed frontend command:
SwiftCompile normal arm64 (in target 'bytes' from project 'bytes')
    cd /Users/admin/builder/spi-builder-workspace/.swiftpm/xcode

/Applications/Xcode-27.0.0-Release.Candidate.app/Contents/Developer/Toolchains/XcodeDefault.xctoolchain/usr/bin/swift-frontend -frontend -emit-module -experimental-skip-non-inlinable-function-bodies-without-types /Users/admin/builder/spi-builder-workspace/Sources/bytes/Application.swift /Users/admin/builder/spi-builder-workspace/Sources/bytes/AsyncViewController.swift /Users/admin/builder/spi-builder-workspace/Sources/bytes/Device.swift /Users/admin/builder/spi-builder-workspace/Sources/bytes/DiscardTouchView.swift /Users/admin/builder/spi-builder-workspace/Sources/bytes/Extensions/Bool+Random.swift /Users/admin/builder/spi-builder-workspace/Sources/bytes/Extensions/ByteCountFormatter+Preconfigured.swift /Users/admin/builder/spi-builder-workspace/Sources/bytes/Extensions/Collection+JoinNSAttributedString.swift /Users/admin/builder/spi-builder-workspace/Sources/bytes/Extensions/Collection+Randomizing.swift /Users/admin/builder/spi-builder-workspace/Sources/bytes/Extensions/DateComponentsFormatter+Preconfigured.swift /Users/admin/builder/spi-builder-workspace/Sources/bytes/Extensions/DateFormatter+Preconfigured.swift /Users/admin/builder/spi-builder-workspace/Sources/bytes/Extensions/Dictionary+Diff.swift /Users/admin/builder/spi-builder-workspace/Sources/bytes/Extensions/Dictionary+Merge.swift /Users/admin/builder/spi-builder-workspace/Sources/bytes/Extensions/Double+TimeInterval.swift /Users/admin/builder/spi-builder-workspace/Sources/bytes/Extensions/Int+Random.swift /Users/admin/builder/spi-builder-workspace/Sources/bytes/Extensions/NumberFormatter+Preconfigured.swift /Users/admin/builder/spi-builder-workspace/Sources/bytes/Extensions/String+Hashes.swift /Users/admin/builder/spi-builder-workspace/Sources/bytes/Extensions/String+Localizable.swift /Users/admin/builder/spi-builder-workspace/Sources/bytes/Extensions/String+Random.swift /Users/admin/builder/spi-builder-workspace/Sources/bytes/Extensions/UIColor+Components.swift /Users/admin/builder/spi-builder-workspace/Sources/bytes/Extensions/UIColor+Hex.swift /Users/admin/builder/spi-builder-workspace/Sources/bytes/Extensions/UIImage+Color.swift /Users/admin/builder/spi-builder-workspace/Sources/bytes/Extensions/UIImage+Transformations.swift /Users/admin/builder/spi-builder-workspace/Sources/bytes/Extensions/UIView+Constraints.swift /Users/admin/builder/spi-builder-workspace/Sources/bytes/Extensions/UIView+Nib.swift /Users/admin/builder/spi-builder-workspace/Sources/bytes/Extensions/UIView+Rendering.swift /Users/admin/builder/spi-builder-workspace/Sources/bytes/Extensions/UIViewController+Hierarchie.swift /Users/admin/builder/spi-builder-workspace/Sources/bytes/Extensions/URL+QueryItems.swift /Users/admin/builder/spi-builder-workspace/Sources/bytes/Extensions/UserDefaults+Sets.swift /Users/admin/builder/spi-builder-workspace/Sources/bytes/IconFont.swift /Users/admin/builder/spi-builder-workspace/Sources/bytes/SemanticVersion.swift -target arm64-apple-xros1.0 -module-can-import-version UIKit 9127.0.84.1 9127.0.84 -disable-cross-import-overlay-search -load-resolved-plugin /Applications/Xcode-27.0.0-Release.Candidate.app/Contents/Developer/Platforms/XROS.platform/Developer/usr/lib/swift/host/plugins/libFoundationMacros.dylib\#/Applications/Xcode-27.0.0-Release.Candidate.app/Contents/Developer/Platforms/XROS.platform/Developer/usr/bin/swift-plugin-server\#FoundationMacros -load-resolved-plugin /Applications/Xcode-27.0.0-Release.Candidate.app/Contents/Developer/Platforms/XROS.platform/Developer/usr/lib/swift/host/plugins/libObservationMacros.dylib\#/Applications/Xcode-27.0.0-Release.Candidate.app/Contents/Developer/Platforms/XROS.platform/Developer/usr/bin/swift-plugin-server\#ObservationMacros -load-resolved-plugin /Applications/Xcode-27.0.0-Release.Candidate.app/Contents/Developer/Platforms/XROS.platform/Developer/usr/lib/swift/host/plugins/libPreviewsMacros.dylib\#/Applications/Xcode-27.0.0-Release.Candidate.app/Contents/Developer/Platforms/XROS.platform/Developer/usr/bin/swift-plugin-server\#PreviewsMacros -load-resolved-plugin /Applications/Xcode-27.0.0-Release.Candidate.app/Contents/Developer/Platforms/XROS.platform/Developer/usr/lib/swift/host/plugins/libSwiftMacros.dylib\#/Applications/Xcode-27.0.0-Release.Candidate.app/Contents/Developer/Platforms/XROS.platform/Developer/usr/bin/swift-plugin-server\#SwiftMacros -load-resolved-plugin /Applications/Xcode-27.0.0-Release.Candidate.app/Contents/Developer/Platforms/XROS.platform/Developer/usr/lib/swift/host/plugins/libSwiftUIMacros.dylib\#/Applications/Xcode-27.0.0-Release.Candidate.app/Contents/Developer/Platforms/XROS.platform/Developer/usr/bin/swift-plugin-server\#SwiftUIMacros -disable-implicit-swift-modules -Xcc -fno-implicit-modules -Xcc -fno-implicit-module-maps -explicit-swift-module-map-file /Users/admin/builder/spi-builder-workspace/.derivedData/Build/Intermediates.noindex/bytes.build/Debug-xros/bytes-t.build/Objects-normal/arm64/bytes-dependencies-1.json -Xllvm -aarch64-use-tbi -enable-objc-interop -stack-check -sdk /Applications/Xcode-27.0.0-Release.Candidate.app/Contents/Developer/Platforms/XROS.platform/Developer/SDKs/XROS27.0.sdk -I /Users/admin/builder/spi-builder-workspace/.derivedData/Build/Products/Debug-xros -Isystem /Applications/Xcode-27.0.0-Release.Candidate.app/Contents/Developer/Platforms/XROS.platform/Developer/usr/lib -F /Users/admin/builder/spi-builder-workspace/.derivedData/Build/Products/Debug-xros -F /Applications/Xcode-27.0.0-Release.Candidate.app/Contents/Developer/Platforms/XROS.platform/Developer/Library/Frameworks -F /Applications/Xcode-27.0.0-Release.Candidate.app/Contents/Developer/Platforms/XROS.platform/Developer/SDKs/XROS27.0.sdk/Developer/Library/Frameworks -module-cache-path /Users/admin/builder/spi-builder-workspace/.derivedData/Build/Intermediates.noindex/SwiftExplicitPrecompiledModules -no-color-diagnostics -Xcc -fno-color-diagnostics -enable-testing -g -debug-info-format\=dwarf -dwarf-version\=4 -profile-generate -profile-coverage-mapping -swift-version 5 -Onone -D SWIFT_PACKAGE -D DEBUG -D SWIFT_MODULE_RESOURCE_BUNDLE_UNAVAILABLE -D Xcode -serialize-debugging-options -enable-experimental-feature DebugDescriptionMacro -empty-abi-descriptor -validate-clang-modules-once -clang-build-session-file /Users/admin/builder/spi-builder-workspace/.derivedData/ModuleCache.noindex/Session.modulevalidation -Xcc -working-directory -Xcc /Users/admin/builder/spi-builder-workspace/.swiftpm/xcode -enable-anonymous-context-mangled-names -file-compilation-dir /Users/admin/builder/spi-builder-workspace/.swiftpm/xcode -Xcc -D_LIBCPP_HARDENING_MODE\=_LIBCPP_HARDENING_MODE_DEBUG -Xcc -ivfsstatcache -Xcc /Users/admin/builder/spi-builder-workspace/.derivedData/SDKStatCaches.noindex/xros27.0-24M361-e829b21a6f8c9b70876ba0858053c044735bd543db762f57723cac368afd1ce4.sdkstatcache -Xcc -fmodules-prune-interval\=86400 -Xcc -fmodules-prune-after\=345600 -Xcc -I/Users/admin/builder/spi-builder-workspace/.derivedData/Build/Products/Debug-xros/include -Xcc -I/Users/admin/builder/spi-builder-workspace/.derivedData/Build/Intermediates.noindex/bytes.build/Debug-xros/bytes-t.build/DerivedSources-normal/arm64 -Xcc -I/Users/admin/builder/spi-builder-workspace/.derivedData/Build/Intermediates.noindex/bytes.build/Debug-xros/bytes-t.build/DerivedSources/arm64 -Xcc -I/Users/admin/builder/spi-builder-workspace/.derivedData/Build/Intermediates.noindex/bytes.build/Debug-xros/bytes-t.build/DerivedSources -Xcc -DSWIFT_PACKAGE -Xcc -DDEBUG\=1 -no-auto-bridging-header-chaining -module-name bytes -const-gather-protocols-file /Users/admin/builder/spi-builder-workspace/.derivedData/Build/Intermediates.noindex/bytes.build/Debug-xros/bytes-t.build/Objects-normal/arm64/bytes_const_extract_protocols.json -disable-clang-spi -clang-target arm64-apple-xros27.0 -target-sdk-version 27.0 -target-sdk-name xros27.0 -in-process-plugin-server-path /Applications/Xcode-27.0.0-Release.Candidate.app/Contents/Developer/Toolchains/XcodeDefault.xctoolchain/usr/lib/swift/host/libSwiftInProcPluginServer.dylib -emit-module-doc-path /Users/admin/builder/spi-builder-workspace/.derivedData/Build/Intermediates.noindex/bytes.build/Debug-xros/bytes-t.build/Objects-normal/arm64/bytes.swiftdoc -emit-module-source-info-path /Users/admin/builder/spi-builder-workspace/.derivedData/Build/Intermediates.noindex/bytes.build/Debug-xros/bytes-t.build/Objects-normal/arm64/bytes.swiftsourceinfo -emit-objc-header-path /Users/admin/builder/spi-builder-workspace/.derivedData/Build/Intermediates.noindex/bytes.build/Debug-xros/bytes-t.build/Objects-normal/arm64/bytes-Swift.h -serialize-diagnostics-path /Users/admin/builder/spi-builder-workspace/.derivedData/Build/Intermediates.noindex/bytes.build/Debug-xros/bytes-t.build/Objects-normal/arm64/bytes-primary-emit-module.dia -emit-dependencies-path /Users/admin/builder/spi-builder-workspace/.derivedData/Build/Intermediates.noindex/bytes.build/Debug-xros/bytes-t.build/Objects-normal/arm64/bytes-primary-emit-module.d -parse-as-library -o /Users/admin/builder/spi-builder-workspace/.derivedData/Build/Intermediates.noindex/bytes.build/Debug-xros/bytes-t.build/Objects-normal/arm64/bytes.swiftmodule -emit-abi-descriptor-path /Users/admin/builder/spi-builder-workspace/.derivedData/Build/Intermediates.noindex/bytes.build/Debug-xros/bytes-t.build/Objects-normal/arm64/bytes.abi.json
SwiftCompile normal arm64 Compiling\ UserDefaults+Sets.swift,\ IconFont.swift,\ SemanticVersion.swift /Users/admin/builder/spi-builder-workspace/Sources/bytes/Extensions/UserDefaults+Sets.swift /Users/admin/builder/spi-builder-workspace/Sources/bytes/IconFont.swift /Users/admin/builder/spi-builder-workspace/Sources/bytes/SemanticVersion.swift (in target 'bytes' from project 'bytes')
SwiftCompile normal arm64 /Users/admin/builder/spi-builder-workspace/Sources/bytes/Extensions/UserDefaults+Sets.swift (in target 'bytes' from project 'bytes')
    cd /Users/admin/builder/spi-builder-workspace/.swiftpm/xcode
    builtin-SwiftPerFileCompile UserDefaults+Sets.swift
SwiftCompile normal arm64 /Users/admin/builder/spi-builder-workspace/Sources/bytes/IconFont.swift (in target 'bytes' from project 'bytes')
    cd /Users/admin/builder/spi-builder-workspace/.swiftpm/xcode
    builtin-SwiftPerFileCompile IconFont.swift
SwiftCompile normal arm64 /Users/admin/builder/spi-builder-workspace/Sources/bytes/SemanticVersion.swift (in target 'bytes' from project 'bytes')
    cd /Users/admin/builder/spi-builder-workspace/.swiftpm/xcode
    builtin-SwiftPerFileCompile SemanticVersion.swift
SwiftCompile normal arm64 Compiling\ Collection+JoinNSAttributedString.swift,\ Collection+Randomizing.swift,\ DateComponentsFormatter+Preconfigured.swift /Users/admin/builder/spi-builder-workspace/Sources/bytes/Extensions/Collection+JoinNSAttributedString.swift /Users/admin/builder/spi-builder-workspace/Sources/bytes/Extensions/Collection+Randomizing.swift /Users/admin/builder/spi-builder-workspace/Sources/bytes/Extensions/DateComponentsFormatter+Preconfigured.swift (in target 'bytes' from project 'bytes')
SwiftCompile normal arm64 /Users/admin/builder/spi-builder-workspace/Sources/bytes/Extensions/Collection+JoinNSAttributedString.swift (in target 'bytes' from project 'bytes')
    cd /Users/admin/builder/spi-builder-workspace/.swiftpm/xcode
    builtin-SwiftPerFileCompile Collection+JoinNSAttributedString.swift
SwiftCompile normal arm64 /Users/admin/builder/spi-builder-workspace/Sources/bytes/Extensions/Collection+Randomizing.swift (in target 'bytes' from project 'bytes')
    cd /Users/admin/builder/spi-builder-workspace/.swiftpm/xcode
    builtin-SwiftPerFileCompile Collection+Randomizing.swift
SwiftCompile normal arm64 /Users/admin/builder/spi-builder-workspace/Sources/bytes/Extensions/DateComponentsFormatter+Preconfigured.swift (in target 'bytes' from project 'bytes')
    cd /Users/admin/builder/spi-builder-workspace/.swiftpm/xcode
    builtin-SwiftPerFileCompile DateComponentsFormatter+Preconfigured.swift
SwiftCompile normal arm64 Compiling\ UIView+Rendering.swift,\ UIViewController+Hierarchie.swift,\ URL+QueryItems.swift /Users/admin/builder/spi-builder-workspace/Sources/bytes/Extensions/UIView+Rendering.swift /Users/admin/builder/spi-builder-workspace/Sources/bytes/Extensions/UIViewController+Hierarchie.swift /Users/admin/builder/spi-builder-workspace/Sources/bytes/Extensions/URL+QueryItems.swift (in target 'bytes' from project 'bytes')
SwiftCompile normal arm64 /Users/admin/builder/spi-builder-workspace/Sources/bytes/Extensions/UIView+Rendering.swift (in target 'bytes' from project 'bytes')
    cd /Users/admin/builder/spi-builder-workspace/.swiftpm/xcode
    builtin-SwiftPerFileCompile UIView+Rendering.swift
SwiftCompile normal arm64 /Users/admin/builder/spi-builder-workspace/Sources/bytes/Extensions/UIViewController+Hierarchie.swift (in target 'bytes' from project 'bytes')
    cd /Users/admin/builder/spi-builder-workspace/.swiftpm/xcode
    builtin-SwiftPerFileCompile UIViewController+Hierarchie.swift
SwiftCompile normal arm64 /Users/admin/builder/spi-builder-workspace/Sources/bytes/Extensions/URL+QueryItems.swift (in target 'bytes' from project 'bytes')
    cd /Users/admin/builder/spi-builder-workspace/.swiftpm/xcode
    builtin-SwiftPerFileCompile URL+QueryItems.swift
SwiftCompile normal arm64 Compiling\ UIColor+Components.swift,\ UIColor+Hex.swift,\ UIImage+Color.swift /Users/admin/builder/spi-builder-workspace/Sources/bytes/Extensions/UIColor+Components.swift /Users/admin/builder/spi-builder-workspace/Sources/bytes/Extensions/UIColor+Hex.swift /Users/admin/builder/spi-builder-workspace/Sources/bytes/Extensions/UIImage+Color.swift (in target 'bytes' from project 'bytes')
SwiftCompile normal arm64 /Users/admin/builder/spi-builder-workspace/Sources/bytes/Extensions/UIColor+Components.swift (in target 'bytes' from project 'bytes')
    cd /Users/admin/builder/spi-builder-workspace/.swiftpm/xcode
    builtin-SwiftPerFileCompile UIColor+Components.swift
SwiftCompile normal arm64 /Users/admin/builder/spi-builder-workspace/Sources/bytes/Extensions/UIColor+Hex.swift (in target 'bytes' from project 'bytes')
    cd /Users/admin/builder/spi-builder-workspace/.swiftpm/xcode
    builtin-SwiftPerFileCompile UIColor+Hex.swift
SwiftCompile normal arm64 /Users/admin/builder/spi-builder-workspace/Sources/bytes/Extensions/UIImage+Color.swift (in target 'bytes' from project 'bytes')
    cd /Users/admin/builder/spi-builder-workspace/.swiftpm/xcode
    builtin-SwiftPerFileCompile UIImage+Color.swift
/Users/admin/builder/spi-builder-workspace/Sources/bytes/Extensions/UIColor+Hex.swift:26:21: warning: 'scanLocation' was deprecated in visionOS 1.0 [#DeprecatedDeclaration]
24 |         var stringLength = hexString.count
25 |         if hexString.hasPrefix("#") {
26 |             scanner.scanLocation = 1
   |                     `- warning: 'scanLocation' was deprecated in visionOS 1.0 [#DeprecatedDeclaration]
27 |             stringLength -= 1
28 |         }
/Users/admin/builder/spi-builder-workspace/Sources/bytes/Extensions/UIColor+Hex.swift:34:23: warning: 'scanHexInt32' was deprecated in visionOS 1.0 [#DeprecatedDeclaration]
32 |         let colorLevels: UInt32 = UInt32(pow(Double(2),Double(bitsPerColor))) - 1 // so 15 or 255
33 |
34 |         guard scanner.scanHexInt32(&hexInt) else { return nil }
   |                       `- warning: 'scanHexInt32' was deprecated in visionOS 1.0 [#DeprecatedDeclaration]
35 |         guard scanner.scanLocation == hexString.count else { return nil } // can happen for strings such as #00x000 because x is not a hex value
36 |
SwiftCompile normal arm64 Compiling\ Double+TimeInterval.swift,\ Int+Random.swift,\ NumberFormatter+Preconfigured.swift /Users/admin/builder/spi-builder-workspace/Sources/bytes/Extensions/Double+TimeInterval.swift /Users/admin/builder/spi-builder-workspace/Sources/bytes/Extensions/Int+Random.swift /Users/admin/builder/spi-builder-workspace/Sources/bytes/Extensions/NumberFormatter+Preconfigured.swift (in target 'bytes' from project 'bytes')
SwiftCompile normal arm64 /Users/admin/builder/spi-builder-workspace/Sources/bytes/Extensions/Double+TimeInterval.swift (in target 'bytes' from project 'bytes')
    cd /Users/admin/builder/spi-builder-workspace/.swiftpm/xcode
    builtin-SwiftPerFileCompile Double+TimeInterval.swift
SwiftCompile normal arm64 /Users/admin/builder/spi-builder-workspace/Sources/bytes/Extensions/Int+Random.swift (in target 'bytes' from project 'bytes')
    cd /Users/admin/builder/spi-builder-workspace/.swiftpm/xcode
    builtin-SwiftPerFileCompile Int+Random.swift
SwiftCompile normal arm64 /Users/admin/builder/spi-builder-workspace/Sources/bytes/Extensions/NumberFormatter+Preconfigured.swift (in target 'bytes' from project 'bytes')
    cd /Users/admin/builder/spi-builder-workspace/.swiftpm/xcode
    builtin-SwiftPerFileCompile NumberFormatter+Preconfigured.swift
SwiftCompile normal arm64 Compiling\ DiscardTouchView.swift,\ Bool+Random.swift,\ ByteCountFormatter+Preconfigured.swift /Users/admin/builder/spi-builder-workspace/Sources/bytes/DiscardTouchView.swift /Users/admin/builder/spi-builder-workspace/Sources/bytes/Extensions/Bool+Random.swift /Users/admin/builder/spi-builder-workspace/Sources/bytes/Extensions/ByteCountFormatter+Preconfigured.swift (in target 'bytes' from project 'bytes')
SwiftCompile normal arm64 /Users/admin/builder/spi-builder-workspace/Sources/bytes/DiscardTouchView.swift (in target 'bytes' from project 'bytes')
    cd /Users/admin/builder/spi-builder-workspace/.swiftpm/xcode
    builtin-SwiftPerFileCompile DiscardTouchView.swift
SwiftCompile normal arm64 /Users/admin/builder/spi-builder-workspace/Sources/bytes/Extensions/Bool+Random.swift (in target 'bytes' from project 'bytes')
    cd /Users/admin/builder/spi-builder-workspace/.swiftpm/xcode
    builtin-SwiftPerFileCompile Bool+Random.swift
SwiftCompile normal arm64 /Users/admin/builder/spi-builder-workspace/Sources/bytes/Extensions/ByteCountFormatter+Preconfigured.swift (in target 'bytes' from project 'bytes')
    cd /Users/admin/builder/spi-builder-workspace/.swiftpm/xcode
    builtin-SwiftPerFileCompile ByteCountFormatter+Preconfigured.swift
SwiftCompile normal arm64 Compiling\ Application.swift,\ AsyncViewController.swift,\ Device.swift /Users/admin/builder/spi-builder-workspace/Sources/bytes/Application.swift /Users/admin/builder/spi-builder-workspace/Sources/bytes/AsyncViewController.swift /Users/admin/builder/spi-builder-workspace/Sources/bytes/Device.swift (in target 'bytes' from project 'bytes')
SwiftCompile normal arm64 /Users/admin/builder/spi-builder-workspace/Sources/bytes/Application.swift (in target 'bytes' from project 'bytes')
    cd /Users/admin/builder/spi-builder-workspace/.swiftpm/xcode
    builtin-SwiftPerFileCompile Application.swift
SwiftCompile normal arm64 /Users/admin/builder/spi-builder-workspace/Sources/bytes/AsyncViewController.swift (in target 'bytes' from project 'bytes')
    cd /Users/admin/builder/spi-builder-workspace/.swiftpm/xcode
    builtin-SwiftPerFileCompile AsyncViewController.swift
SwiftCompile normal arm64 /Users/admin/builder/spi-builder-workspace/Sources/bytes/Device.swift (in target 'bytes' from project 'bytes')
    cd /Users/admin/builder/spi-builder-workspace/.swiftpm/xcode
    builtin-SwiftPerFileCompile Device.swift
SwiftCompile normal arm64 Compiling\ String+Hashes.swift,\ String+Localizable.swift,\ String+Random.swift /Users/admin/builder/spi-builder-workspace/Sources/bytes/Extensions/String+Hashes.swift /Users/admin/builder/spi-builder-workspace/Sources/bytes/Extensions/String+Localizable.swift /Users/admin/builder/spi-builder-workspace/Sources/bytes/Extensions/String+Random.swift (in target 'bytes' from project 'bytes')
SwiftCompile normal arm64 /Users/admin/builder/spi-builder-workspace/Sources/bytes/Extensions/String+Hashes.swift (in target 'bytes' from project 'bytes')
    cd /Users/admin/builder/spi-builder-workspace/.swiftpm/xcode
    builtin-SwiftPerFileCompile String+Hashes.swift
SwiftCompile normal arm64 /Users/admin/builder/spi-builder-workspace/Sources/bytes/Extensions/String+Localizable.swift (in target 'bytes' from project 'bytes')
    cd /Users/admin/builder/spi-builder-workspace/.swiftpm/xcode
    builtin-SwiftPerFileCompile String+Localizable.swift
SwiftCompile normal arm64 /Users/admin/builder/spi-builder-workspace/Sources/bytes/Extensions/String+Random.swift (in target 'bytes' from project 'bytes')
    cd /Users/admin/builder/spi-builder-workspace/.swiftpm/xcode
    builtin-SwiftPerFileCompile String+Random.swift
SwiftCompile normal arm64 Compiling\ UIImage+Transformations.swift,\ UIView+Constraints.swift,\ UIView+Nib.swift /Users/admin/builder/spi-builder-workspace/Sources/bytes/Extensions/UIImage+Transformations.swift /Users/admin/builder/spi-builder-workspace/Sources/bytes/Extensions/UIView+Constraints.swift /Users/admin/builder/spi-builder-workspace/Sources/bytes/Extensions/UIView+Nib.swift (in target 'bytes' from project 'bytes')
SwiftCompile normal arm64 /Users/admin/builder/spi-builder-workspace/Sources/bytes/Extensions/UIImage+Transformations.swift (in target 'bytes' from project 'bytes')
    cd /Users/admin/builder/spi-builder-workspace/.swiftpm/xcode
    builtin-SwiftPerFileCompile UIImage+Transformations.swift
SwiftCompile normal arm64 /Users/admin/builder/spi-builder-workspace/Sources/bytes/Extensions/UIView+Constraints.swift (in target 'bytes' from project 'bytes')
    cd /Users/admin/builder/spi-builder-workspace/.swiftpm/xcode
    builtin-SwiftPerFileCompile UIView+Constraints.swift
SwiftCompile normal arm64 /Users/admin/builder/spi-builder-workspace/Sources/bytes/Extensions/UIView+Nib.swift (in target 'bytes' from project 'bytes')
    cd /Users/admin/builder/spi-builder-workspace/.swiftpm/xcode
    builtin-SwiftPerFileCompile UIView+Nib.swift
SwiftCompile normal arm64 Compiling\ DateFormatter+Preconfigured.swift,\ Dictionary+Diff.swift,\ Dictionary+Merge.swift /Users/admin/builder/spi-builder-workspace/Sources/bytes/Extensions/DateFormatter+Preconfigured.swift /Users/admin/builder/spi-builder-workspace/Sources/bytes/Extensions/Dictionary+Diff.swift /Users/admin/builder/spi-builder-workspace/Sources/bytes/Extensions/Dictionary+Merge.swift (in target 'bytes' from project 'bytes')
SwiftCompile normal arm64 /Users/admin/builder/spi-builder-workspace/Sources/bytes/Extensions/DateFormatter+Preconfigured.swift (in target 'bytes' from project 'bytes')
    cd /Users/admin/builder/spi-builder-workspace/.swiftpm/xcode
    builtin-SwiftPerFileCompile DateFormatter+Preconfigured.swift
SwiftCompile normal arm64 /Users/admin/builder/spi-builder-workspace/Sources/bytes/Extensions/Dictionary+Diff.swift (in target 'bytes' from project 'bytes')
    cd /Users/admin/builder/spi-builder-workspace/.swiftpm/xcode
    builtin-SwiftPerFileCompile Dictionary+Diff.swift
SwiftCompile normal arm64 /Users/admin/builder/spi-builder-workspace/Sources/bytes/Extensions/Dictionary+Merge.swift (in target 'bytes' from project 'bytes')
    cd /Users/admin/builder/spi-builder-workspace/.swiftpm/xcode
    builtin-SwiftPerFileCompile Dictionary+Merge.swift
PruneExplicitPrecompiledModules /Users/admin/builder/spi-builder-workspace/.derivedData/Build/Intermediates.noindex/ExplicitPrecompiledModules
PruneExplicitPrecompiledModules /Users/admin/builder/spi-builder-workspace/.derivedData/SDKExplicitPrecompiledModules
PruneExplicitPrecompiledModules /Users/admin/builder/spi-builder-workspace/.derivedData/Build/Intermediates.noindex/SwiftExplicitPrecompiledModules
2026-09-18 08:12:51.419 xcodebuild[897:5625] [MT] IDERunDestination: Supported platforms for the buildables in the current scheme is empty.
** BUILD FAILED **
The following build commands failed:
	SwiftCompile normal arm64 (in target 'bytes' from project 'bytes')
	SwiftEmitModule normal arm64 Emitting\ module\ for\ bytes (in target 'bytes' from project 'bytes')
	Building workspace bytes with scheme bytes
(3 failures)
Command line invocation:
    /Applications/Xcode-27.0.0-Release.Candidate.app/Contents/Developer/usr/bin/xcodebuild -IDEClonedSourcePackagesDirPathOverride=/Users/admin/builder/spi-builder-workspace/.dependencies -resolvePackageDependencies
Resolve Package Graph
Resolved source packages:
  SymbolKit: https://github.com/swiftlang/swift-docc-symbolkit @ 1.0.0
  SwiftDocCPlugin: https://github.com/apple/swift-docc-plugin @ 1.5.0
  bytes: /Users/admin/builder/spi-builder-workspace
resolved source packages: SymbolKit, SwiftDocCPlugin, bytes
2026-09-18 08:13:10.531 xcodebuild[1107:6754] [MT] IDERunDestination: Supported platforms for the buildables in the current scheme is empty.
{
  "default_localization" : "en",
  "dependencies" : [
    {
      "identity" : "swift-docc-plugin",
      "requirement" : {
        "range" : [
          {
            "lower_bound" : "1.0.0",
            "upper_bound" : "2.0.0"
          }
        ]
      },
      "type" : "sourceControl",
      "url" : "https://github.com/apple/swift-docc-plugin"
    }
  ],
  "manifest_display_name" : "bytes",
  "name" : "bytes",
  "path" : "/Users/admin/builder/spi-builder-workspace",
  "platforms" : [
  ],
  "products" : [
    {
      "name" : "bytes",
      "targets" : [
        "bytes"
      ],
      "type" : {
        "library" : [
          "automatic"
        ]
      }
    }
  ],
  "targets" : [
    {
      "c99name" : "bytesTests",
      "module_type" : "SwiftTarget",
      "name" : "bytesTests",
      "path" : "Tests/bytesTests",
      "resources" : [
        {
          "path" : "/Users/admin/builder/spi-builder-workspace/Tests/bytesTests/Resources/en.lproj/Localizable.strings",
          "rule" : {
            "process" : {
              "localization" : "en"
            }
          }
        },
        {
          "path" : "/Users/admin/builder/spi-builder-workspace/Tests/bytesTests/Resources/en.lproj/More.strings",
          "rule" : {
            "process" : {
              "localization" : "en"
            }
          }
        }
      ],
      "sources" : [
        "Dictionary+DiffTests.swift",
        "Strings+LocalizableTests.swift",
        "UserDefault+SetsTests.swift"
      ],
      "target_dependencies" : [
        "bytes"
      ],
      "type" : "test"
    },
    {
      "c99name" : "bytes",
      "module_type" : "SwiftTarget",
      "name" : "bytes",
      "path" : "Sources",
      "product_memberships" : [
        "bytes"
      ],
      "sources" : [
        "bytes/Application.swift",
        "bytes/AsyncViewController.swift",
        "bytes/Device.swift",
        "bytes/DiscardTouchView.swift",
        "bytes/Extensions/Bool+Random.swift",
        "bytes/Extensions/ByteCountFormatter+Preconfigured.swift",
        "bytes/Extensions/Collection+JoinNSAttributedString.swift",
        "bytes/Extensions/Collection+Randomizing.swift",
        "bytes/Extensions/DateComponentsFormatter+Preconfigured.swift",
        "bytes/Extensions/DateFormatter+Preconfigured.swift",
        "bytes/Extensions/Dictionary+Diff.swift",
        "bytes/Extensions/Dictionary+Merge.swift",
        "bytes/Extensions/Double+TimeInterval.swift",
        "bytes/Extensions/Int+Random.swift",
        "bytes/Extensions/NumberFormatter+Preconfigured.swift",
        "bytes/Extensions/String+Hashes.swift",
        "bytes/Extensions/String+Localizable.swift",
        "bytes/Extensions/String+Random.swift",
        "bytes/Extensions/UIColor+Components.swift",
        "bytes/Extensions/UIColor+Hex.swift",
        "bytes/Extensions/UIImage+Color.swift",
        "bytes/Extensions/UIImage+Transformations.swift",
        "bytes/Extensions/UIView+Constraints.swift",
        "bytes/Extensions/UIView+Nib.swift",
        "bytes/Extensions/UIView+Rendering.swift",
        "bytes/Extensions/UIViewController+Hierarchie.swift",
        "bytes/Extensions/URL+QueryItems.swift",
        "bytes/Extensions/UserDefaults+Sets.swift",
        "bytes/IconFont.swift",
        "bytes/SemanticVersion.swift"
      ],
      "type" : "library"
    }
  ],
  "tools_version" : "5.5"
}
{
  "workspace" : {
    "name" : "bytes",
    "schemes" : [
      "bytes"
    ]
  }
}
2026-09-18 08:13:17.622 xcodebuild[1165:7136] [MT] IDERunDestination: Supported platforms for the buildables in the current scheme is empty.
Running build ...
env DEVELOPER_DIR=/Applications/Xcode-27.0.0-Release.Candidate.app xcrun xcodebuild -IDEClonedSourcePackagesDirPathOverride=$PWD/.dependencies -skipMacroValidation -skipPackagePluginValidation -derivedDataPath $PWD/.derivedData build -scheme bytes -destination generic/platform=xrOS
Command line invocation:
    /Applications/Xcode-27.0.0-Release.Candidate.app/Contents/Developer/usr/bin/xcodebuild -IDEClonedSourcePackagesDirPathOverride=/Users/admin/builder/spi-builder-workspace/.dependencies -skipMacroValidation -skipPackagePluginValidation -derivedDataPath /Users/admin/builder/spi-builder-workspace/.derivedData build -scheme bytes -destination generic/platform=xrOS
Resolve Package Graph
Resolved source packages:
  SymbolKit: https://github.com/swiftlang/swift-docc-symbolkit @ 1.0.0
  SwiftDocCPlugin: https://github.com/apple/swift-docc-plugin @ 1.5.0
  bytes: /Users/admin/builder/spi-builder-workspace
ComputePackagePrebuildTargetDependencyGraph
Prepare packages
CreateBuildRequest
SendProjectDescription
CreateBuildOperation
ComputeTargetDependencyGraph
note: Building targets in dependency order
note: Target dependency graph (2 targets)
    Target 'bytes-product' in project 'bytes'
        ➜ Explicit dependency on target 'bytes' in project 'bytes'
    Target 'bytes' in project 'bytes' (no dependencies)
GatherProvisioningInputs
CreateBuildDescription
ClangStatCache /Applications/Xcode-27.0.0-Release.Candidate.app/Contents/Developer/Toolchains/XcodeDefault.xctoolchain/usr/bin/clang-stat-cache /Applications/Xcode-27.0.0-Release.Candidate.app/Contents/Developer/Platforms/XROS.platform/Developer/SDKs/XROS27.0.sdk /Users/admin/builder/spi-builder-workspace/.derivedData/SDKStatCaches.noindex/xros27.0-24M361-e829b21a6f8c9b70876ba0858053c044735bd543db762f57723cac368afd1ce4.sdkstatcache
    cd /Users/admin/builder/spi-builder-workspace/.swiftpm/xcode
    /Applications/Xcode-27.0.0-Release.Candidate.app/Contents/Developer/Toolchains/XcodeDefault.xctoolchain/usr/bin/clang-stat-cache /Applications/Xcode-27.0.0-Release.Candidate.app/Contents/Developer/Platforms/XROS.platform/Developer/SDKs/XROS27.0.sdk -o /Users/admin/builder/spi-builder-workspace/.derivedData/SDKStatCaches.noindex/xros27.0-24M361-e829b21a6f8c9b70876ba0858053c044735bd543db762f57723cac368afd1ce4.sdkstatcache
SwiftDriver bytes normal arm64 com.apple.xcode.tools.swift.compiler (in target 'bytes' from project 'bytes')
    cd /Users/admin/builder/spi-builder-workspace/.swiftpm/xcode
    builtin-SwiftDriver -- /Applications/Xcode-27.0.0-Release.Candidate.app/Contents/Developer/Toolchains/XcodeDefault.xctoolchain/usr/bin/swiftc -parse-as-library -module-name bytes -Onone @/Users/admin/builder/spi-builder-workspace/.derivedData/Build/Intermediates.noindex/bytes.build/Debug-xros/bytes-t.build/Objects-normal/arm64/bytes.SwiftFileList -DSWIFT_PACKAGE -DDEBUG -DSWIFT_MODULE_RESOURCE_BUNDLE_UNAVAILABLE -DXcode -plugin-path /Applications/Xcode-27.0.0-Release.Candidate.app/Contents/Developer/Toolchains/XcodeDefault.xctoolchain/usr/lib/swift/host/plugins/testing -enable-experimental-feature DebugDescriptionMacro -sdk /Applications/Xcode-27.0.0-Release.Candidate.app/Contents/Developer/Platforms/XROS.platform/Developer/SDKs/XROS27.0.sdk -target arm64-apple-xros1.0 -g -module-cache-path /Users/admin/builder/spi-builder-workspace/.derivedData/ModuleCache.noindex -Xfrontend -serialize-debugging-options -profile-coverage-mapping -profile-generate -enable-testing -index-store-path /Users/admin/builder/spi-builder-workspace/.derivedData/Index.noindex/DataStore -Xcc -D_LIBCPP_HARDENING_MODE\=_LIBCPP_HARDENING_MODE_DEBUG -swift-version 5 -I /Users/admin/builder/spi-builder-workspace/.derivedData/Build/Products/Debug-xros -Isystem /Applications/Xcode-27.0.0-Release.Candidate.app/Contents/Developer/Platforms/XROS.platform/Developer/usr/lib -F /Users/admin/builder/spi-builder-workspace/.derivedData/Build/Products/Debug-xros -F /Applications/Xcode-27.0.0-Release.Candidate.app/Contents/Developer/Platforms/XROS.platform/Developer/Library/Frameworks -F /Applications/Xcode-27.0.0-Release.Candidate.app/Contents/Developer/Platforms/XROS.platform/Developer/SDKs/XROS27.0.sdk/Developer/Library/Frameworks -emit-localized-strings -emit-localized-strings-path /Users/admin/builder/spi-builder-workspace/.derivedData/Build/Intermediates.noindex/bytes.build/Debug-xros/bytes-t.build/Objects-normal/arm64 -c -j10 -enable-batch-mode -incremental -Xcc -ivfsstatcache -Xcc /Users/admin/builder/spi-builder-workspace/.derivedData/SDKStatCaches.noindex/xros27.0-24M361-e829b21a6f8c9b70876ba0858053c044735bd543db762f57723cac368afd1ce4.sdkstatcache -output-file-map /Users/admin/builder/spi-builder-workspace/.derivedData/Build/Intermediates.noindex/bytes.build/Debug-xros/bytes-t.build/Objects-normal/arm64/bytes-OutputFileMap.json -save-temps -no-color-diagnostics -explicit-module-build -module-cache-path /Users/admin/builder/spi-builder-workspace/.derivedData/Build/Intermediates.noindex/SwiftExplicitPrecompiledModules -clang-scanner-module-cache-path /Users/admin/builder/spi-builder-workspace/.derivedData/ModuleCache.noindex -sdk-module-cache-path /Users/admin/builder/spi-builder-workspace/.derivedData/SDKExplicitPrecompiledModules -emit-dependencies -emit-module -emit-module-path /Users/admin/builder/spi-builder-workspace/.derivedData/Build/Intermediates.noindex/bytes.build/Debug-xros/bytes-t.build/Objects-normal/arm64/bytes.swiftmodule -serialize-diagnostics -dependency-scan-serialize-diagnostics-path /Users/admin/builder/spi-builder-workspace/.derivedData/Build/Intermediates.noindex/bytes.build/Debug-xros/bytes-t.build/Objects-normal/arm64/bytes-dependency-scan.dia -validate-clang-modules-once -clang-build-session-file /Users/admin/builder/spi-builder-workspace/.derivedData/ModuleCache.noindex/Session.modulevalidation -Xcc -fmodules-prune-interval\=86400 -Xcc -fmodules-prune-after\=345600 -emit-const-values -const-gather-protocols-list /Users/admin/builder/spi-builder-workspace/.derivedData/Build/Intermediates.noindex/bytes.build/Debug-xros/bytes-t.build/Objects-normal/arm64/bytes_const_extract_protocols.json -Xcc -I/Users/admin/builder/spi-builder-workspace/.derivedData/Build/Products/Debug-xros/include -Xcc -I/Users/admin/builder/spi-builder-workspace/.derivedData/Build/Intermediates.noindex/bytes.build/Debug-xros/bytes-t.build/DerivedSources-normal/arm64 -Xcc -I/Users/admin/builder/spi-builder-workspace/.derivedData/Build/Intermediates.noindex/bytes.build/Debug-xros/bytes-t.build/DerivedSources/arm64 -Xcc -I/Users/admin/builder/spi-builder-workspace/.derivedData/Build/Intermediates.noindex/bytes.build/Debug-xros/bytes-t.build/DerivedSources -Xcc -DSWIFT_PACKAGE -Xcc -DDEBUG\=1 -emit-objc-header -emit-objc-header-path /Users/admin/builder/spi-builder-workspace/.derivedData/Build/Intermediates.noindex/bytes.build/Debug-xros/bytes-t.build/Objects-normal/arm64/bytes-Swift.h -working-directory /Users/admin/builder/spi-builder-workspace/.swiftpm/xcode -experimental-emit-module-separately -disable-cmo
SwiftCompile normal arm64 Compiling\ DiscardTouchView.swift,\ Bool+Random.swift,\ ByteCountFormatter+Preconfigured.swift /Users/admin/builder/spi-builder-workspace/Sources/bytes/DiscardTouchView.swift /Users/admin/builder/spi-builder-workspace/Sources/bytes/Extensions/Bool+Random.swift /Users/admin/builder/spi-builder-workspace/Sources/bytes/Extensions/ByteCountFormatter+Preconfigured.swift (in target 'bytes' from project 'bytes')
SwiftCompile normal arm64 /Users/admin/builder/spi-builder-workspace/Sources/bytes/DiscardTouchView.swift (in target 'bytes' from project 'bytes')
    cd /Users/admin/builder/spi-builder-workspace/.swiftpm/xcode
    builtin-SwiftPerFileCompile DiscardTouchView.swift
SwiftCompile normal arm64 /Users/admin/builder/spi-builder-workspace/Sources/bytes/Extensions/Bool+Random.swift (in target 'bytes' from project 'bytes')
    cd /Users/admin/builder/spi-builder-workspace/.swiftpm/xcode
    builtin-SwiftPerFileCompile Bool+Random.swift
SwiftCompile normal arm64 /Users/admin/builder/spi-builder-workspace/Sources/bytes/Extensions/ByteCountFormatter+Preconfigured.swift (in target 'bytes' from project 'bytes')
    cd /Users/admin/builder/spi-builder-workspace/.swiftpm/xcode
    builtin-SwiftPerFileCompile ByteCountFormatter+Preconfigured.swift
SwiftCompile normal arm64 Compiling\ DateFormatter+Preconfigured.swift,\ Dictionary+Diff.swift,\ Dictionary+Merge.swift /Users/admin/builder/spi-builder-workspace/Sources/bytes/Extensions/DateFormatter+Preconfigured.swift /Users/admin/builder/spi-builder-workspace/Sources/bytes/Extensions/Dictionary+Diff.swift /Users/admin/builder/spi-builder-workspace/Sources/bytes/Extensions/Dictionary+Merge.swift (in target 'bytes' from project 'bytes')
SwiftCompile normal arm64 /Users/admin/builder/spi-builder-workspace/Sources/bytes/Extensions/DateFormatter+Preconfigured.swift (in target 'bytes' from project 'bytes')
    cd /Users/admin/builder/spi-builder-workspace/.swiftpm/xcode
    builtin-SwiftPerFileCompile DateFormatter+Preconfigured.swift
SwiftCompile normal arm64 /Users/admin/builder/spi-builder-workspace/Sources/bytes/Extensions/Dictionary+Diff.swift (in target 'bytes' from project 'bytes')
    cd /Users/admin/builder/spi-builder-workspace/.swiftpm/xcode
    builtin-SwiftPerFileCompile Dictionary+Diff.swift
SwiftCompile normal arm64 /Users/admin/builder/spi-builder-workspace/Sources/bytes/Extensions/Dictionary+Merge.swift (in target 'bytes' from project 'bytes')
    cd /Users/admin/builder/spi-builder-workspace/.swiftpm/xcode
    builtin-SwiftPerFileCompile Dictionary+Merge.swift
SwiftCompile normal arm64 Compiling\ String+Hashes.swift,\ String+Localizable.swift,\ String+Random.swift /Users/admin/builder/spi-builder-workspace/Sources/bytes/Extensions/String+Hashes.swift /Users/admin/builder/spi-builder-workspace/Sources/bytes/Extensions/String+Localizable.swift /Users/admin/builder/spi-builder-workspace/Sources/bytes/Extensions/String+Random.swift (in target 'bytes' from project 'bytes')
SwiftCompile normal arm64 /Users/admin/builder/spi-builder-workspace/Sources/bytes/Extensions/String+Hashes.swift (in target 'bytes' from project 'bytes')
    cd /Users/admin/builder/spi-builder-workspace/.swiftpm/xcode
    builtin-SwiftPerFileCompile String+Hashes.swift
SwiftCompile normal arm64 /Users/admin/builder/spi-builder-workspace/Sources/bytes/Extensions/String+Localizable.swift (in target 'bytes' from project 'bytes')
    cd /Users/admin/builder/spi-builder-workspace/.swiftpm/xcode
    builtin-SwiftPerFileCompile String+Localizable.swift
SwiftCompile normal arm64 /Users/admin/builder/spi-builder-workspace/Sources/bytes/Extensions/String+Random.swift (in target 'bytes' from project 'bytes')
    cd /Users/admin/builder/spi-builder-workspace/.swiftpm/xcode
    builtin-SwiftPerFileCompile String+Random.swift
SwiftCompile normal arm64 Compiling\ Application.swift,\ AsyncViewController.swift,\ Device.swift /Users/admin/builder/spi-builder-workspace/Sources/bytes/Application.swift /Users/admin/builder/spi-builder-workspace/Sources/bytes/AsyncViewController.swift /Users/admin/builder/spi-builder-workspace/Sources/bytes/Device.swift (in target 'bytes' from project 'bytes')
SwiftCompile normal arm64 /Users/admin/builder/spi-builder-workspace/Sources/bytes/Application.swift (in target 'bytes' from project 'bytes')
    cd /Users/admin/builder/spi-builder-workspace/.swiftpm/xcode
    builtin-SwiftPerFileCompile Application.swift
SwiftCompile normal arm64 /Users/admin/builder/spi-builder-workspace/Sources/bytes/AsyncViewController.swift (in target 'bytes' from project 'bytes')
    cd /Users/admin/builder/spi-builder-workspace/.swiftpm/xcode
    builtin-SwiftPerFileCompile AsyncViewController.swift
SwiftCompile normal arm64 /Users/admin/builder/spi-builder-workspace/Sources/bytes/Device.swift (in target 'bytes' from project 'bytes')
    cd /Users/admin/builder/spi-builder-workspace/.swiftpm/xcode
    builtin-SwiftPerFileCompile Device.swift
SwiftCompile normal arm64 Compiling\ Collection+JoinNSAttributedString.swift,\ Collection+Randomizing.swift,\ DateComponentsFormatter+Preconfigured.swift /Users/admin/builder/spi-builder-workspace/Sources/bytes/Extensions/Collection+JoinNSAttributedString.swift /Users/admin/builder/spi-builder-workspace/Sources/bytes/Extensions/Collection+Randomizing.swift /Users/admin/builder/spi-builder-workspace/Sources/bytes/Extensions/DateComponentsFormatter+Preconfigured.swift (in target 'bytes' from project 'bytes')
SwiftCompile normal arm64 /Users/admin/builder/spi-builder-workspace/Sources/bytes/Extensions/Collection+JoinNSAttributedString.swift (in target 'bytes' from project 'bytes')
    cd /Users/admin/builder/spi-builder-workspace/.swiftpm/xcode
    builtin-SwiftPerFileCompile Collection+JoinNSAttributedString.swift
SwiftCompile normal arm64 /Users/admin/builder/spi-builder-workspace/Sources/bytes/Extensions/Collection+Randomizing.swift (in target 'bytes' from project 'bytes')
    cd /Users/admin/builder/spi-builder-workspace/.swiftpm/xcode
    builtin-SwiftPerFileCompile Collection+Randomizing.swift
SwiftCompile normal arm64 /Users/admin/builder/spi-builder-workspace/Sources/bytes/Extensions/DateComponentsFormatter+Preconfigured.swift (in target 'bytes' from project 'bytes')
    cd /Users/admin/builder/spi-builder-workspace/.swiftpm/xcode
    builtin-SwiftPerFileCompile DateComponentsFormatter+Preconfigured.swift
SwiftCompile normal arm64 Compiling\ Double+TimeInterval.swift,\ Int+Random.swift,\ NumberFormatter+Preconfigured.swift /Users/admin/builder/spi-builder-workspace/Sources/bytes/Extensions/Double+TimeInterval.swift /Users/admin/builder/spi-builder-workspace/Sources/bytes/Extensions/Int+Random.swift /Users/admin/builder/spi-builder-workspace/Sources/bytes/Extensions/NumberFormatter+Preconfigured.swift (in target 'bytes' from project 'bytes')
SwiftCompile normal arm64 /Users/admin/builder/spi-builder-workspace/Sources/bytes/Extensions/Double+TimeInterval.swift (in target 'bytes' from project 'bytes')
    cd /Users/admin/builder/spi-builder-workspace/.swiftpm/xcode
    builtin-SwiftPerFileCompile Double+TimeInterval.swift
SwiftCompile normal arm64 /Users/admin/builder/spi-builder-workspace/Sources/bytes/Extensions/Int+Random.swift (in target 'bytes' from project 'bytes')
    cd /Users/admin/builder/spi-builder-workspace/.swiftpm/xcode
    builtin-SwiftPerFileCompile Int+Random.swift
SwiftCompile normal arm64 /Users/admin/builder/spi-builder-workspace/Sources/bytes/Extensions/NumberFormatter+Preconfigured.swift (in target 'bytes' from project 'bytes')
    cd /Users/admin/builder/spi-builder-workspace/.swiftpm/xcode
    builtin-SwiftPerFileCompile NumberFormatter+Preconfigured.swift
SwiftCompile normal arm64 Compiling\ UIColor+Components.swift,\ UIColor+Hex.swift,\ UIImage+Color.swift /Users/admin/builder/spi-builder-workspace/Sources/bytes/Extensions/UIColor+Components.swift /Users/admin/builder/spi-builder-workspace/Sources/bytes/Extensions/UIColor+Hex.swift /Users/admin/builder/spi-builder-workspace/Sources/bytes/Extensions/UIImage+Color.swift (in target 'bytes' from project 'bytes')
/Users/admin/builder/spi-builder-workspace/Sources/bytes/Extensions/UIColor+Hex.swift:26:21: warning: 'scanLocation' was deprecated in visionOS 1.0 [#DeprecatedDeclaration]
24 |         var stringLength = hexString.count
25 |         if hexString.hasPrefix("#") {
26 |             scanner.scanLocation = 1
   |                     `- warning: 'scanLocation' was deprecated in visionOS 1.0 [#DeprecatedDeclaration]
27 |             stringLength -= 1
28 |         }
/Users/admin/builder/spi-builder-workspace/Sources/bytes/Extensions/UIColor+Hex.swift:34:23: warning: 'scanHexInt32' was deprecated in visionOS 1.0 [#DeprecatedDeclaration]
32 |         let colorLevels: UInt32 = UInt32(pow(Double(2),Double(bitsPerColor))) - 1 // so 15 or 255
33 |
34 |         guard scanner.scanHexInt32(&hexInt) else { return nil }
   |                       `- warning: 'scanHexInt32' was deprecated in visionOS 1.0 [#DeprecatedDeclaration]
35 |         guard scanner.scanLocation == hexString.count else { return nil } // can happen for strings such as #00x000 because x is not a hex value
36 |
SwiftCompile normal arm64 /Users/admin/builder/spi-builder-workspace/Sources/bytes/Extensions/UIColor+Components.swift (in target 'bytes' from project 'bytes')
    cd /Users/admin/builder/spi-builder-workspace/.swiftpm/xcode
    builtin-SwiftPerFileCompile UIColor+Components.swift
SwiftCompile normal arm64 /Users/admin/builder/spi-builder-workspace/Sources/bytes/Extensions/UIColor+Hex.swift (in target 'bytes' from project 'bytes')
    cd /Users/admin/builder/spi-builder-workspace/.swiftpm/xcode
    builtin-SwiftPerFileCompile UIColor+Hex.swift
SwiftCompile normal arm64 /Users/admin/builder/spi-builder-workspace/Sources/bytes/Extensions/UIImage+Color.swift (in target 'bytes' from project 'bytes')
    cd /Users/admin/builder/spi-builder-workspace/.swiftpm/xcode
    builtin-SwiftPerFileCompile UIImage+Color.swift
SwiftCompile normal arm64 Compiling\ UserDefaults+Sets.swift,\ IconFont.swift,\ SemanticVersion.swift /Users/admin/builder/spi-builder-workspace/Sources/bytes/Extensions/UserDefaults+Sets.swift /Users/admin/builder/spi-builder-workspace/Sources/bytes/IconFont.swift /Users/admin/builder/spi-builder-workspace/Sources/bytes/SemanticVersion.swift (in target 'bytes' from project 'bytes')
SwiftCompile normal arm64 /Users/admin/builder/spi-builder-workspace/Sources/bytes/Extensions/UserDefaults+Sets.swift (in target 'bytes' from project 'bytes')
    cd /Users/admin/builder/spi-builder-workspace/.swiftpm/xcode
    builtin-SwiftPerFileCompile UserDefaults+Sets.swift
SwiftCompile normal arm64 /Users/admin/builder/spi-builder-workspace/Sources/bytes/IconFont.swift (in target 'bytes' from project 'bytes')
    cd /Users/admin/builder/spi-builder-workspace/.swiftpm/xcode
    builtin-SwiftPerFileCompile IconFont.swift
SwiftCompile normal arm64 /Users/admin/builder/spi-builder-workspace/Sources/bytes/SemanticVersion.swift (in target 'bytes' from project 'bytes')
    cd /Users/admin/builder/spi-builder-workspace/.swiftpm/xcode
    builtin-SwiftPerFileCompile SemanticVersion.swift
SwiftCompile normal arm64 Compiling\ UIView+Rendering.swift,\ UIViewController+Hierarchie.swift,\ URL+QueryItems.swift /Users/admin/builder/spi-builder-workspace/Sources/bytes/Extensions/UIView+Rendering.swift /Users/admin/builder/spi-builder-workspace/Sources/bytes/Extensions/UIViewController+Hierarchie.swift /Users/admin/builder/spi-builder-workspace/Sources/bytes/Extensions/URL+QueryItems.swift (in target 'bytes' from project 'bytes')
SwiftCompile normal arm64 /Users/admin/builder/spi-builder-workspace/Sources/bytes/Extensions/UIView+Rendering.swift (in target 'bytes' from project 'bytes')
    cd /Users/admin/builder/spi-builder-workspace/.swiftpm/xcode
    builtin-SwiftPerFileCompile UIView+Rendering.swift
SwiftCompile normal arm64 /Users/admin/builder/spi-builder-workspace/Sources/bytes/Extensions/UIViewController+Hierarchie.swift (in target 'bytes' from project 'bytes')
    cd /Users/admin/builder/spi-builder-workspace/.swiftpm/xcode
    builtin-SwiftPerFileCompile UIViewController+Hierarchie.swift
SwiftCompile normal arm64 /Users/admin/builder/spi-builder-workspace/Sources/bytes/Extensions/URL+QueryItems.swift (in target 'bytes' from project 'bytes')
    cd /Users/admin/builder/spi-builder-workspace/.swiftpm/xcode
    builtin-SwiftPerFileCompile URL+QueryItems.swift
SwiftEmitModule normal arm64 Emitting\ module\ for\ bytes (in target 'bytes' from project 'bytes')
/Users/admin/builder/spi-builder-workspace/Sources/bytes/AsyncViewController.swift:46:97: error: 'gray' is unavailable in visionOS
 44 |     /// The view displayed during loading state.
 45 |     /// - Remark: You can override this property in a subclass.
 46 |     open var loadingView: UIView = UIActivityIndicatorView(style: UIActivityIndicatorView.Style.gray)
    |                                                                                                 `- error: 'gray' is unavailable in visionOS
 47 |
 48 |     private var errorView: UIView?
UIKit.UIActivityIndicatorView.Style.gray:5:10: note: 'gray' has been explicitly marked unavailable here
3 | @available(iOS, introduced: 2.0, deprecated: 13.0, renamed: "UIActivityIndicatorView.Style.medium")
4 |     @available(visionOS, unavailable)
5 |     case gray  }
  |          `- note: 'gray' has been explicitly marked unavailable here
6 | }
7 |
Failed frontend command:
/Applications/Xcode-27.0.0-Release.Candidate.app/Contents/Developer/Toolchains/XcodeDefault.xctoolchain/usr/bin/swift-frontend -frontend -emit-module -experimental-skip-non-inlinable-function-bodies-without-types /Users/admin/builder/spi-builder-workspace/Sources/bytes/Application.swift /Users/admin/builder/spi-builder-workspace/Sources/bytes/AsyncViewController.swift /Users/admin/builder/spi-builder-workspace/Sources/bytes/Device.swift /Users/admin/builder/spi-builder-workspace/Sources/bytes/DiscardTouchView.swift /Users/admin/builder/spi-builder-workspace/Sources/bytes/Extensions/Bool+Random.swift /Users/admin/builder/spi-builder-workspace/Sources/bytes/Extensions/ByteCountFormatter+Preconfigured.swift /Users/admin/builder/spi-builder-workspace/Sources/bytes/Extensions/Collection+JoinNSAttributedString.swift /Users/admin/builder/spi-builder-workspace/Sources/bytes/Extensions/Collection+Randomizing.swift /Users/admin/builder/spi-builder-workspace/Sources/bytes/Extensions/DateComponentsFormatter+Preconfigured.swift /Users/admin/builder/spi-builder-workspace/Sources/bytes/Extensions/DateFormatter+Preconfigured.swift /Users/admin/builder/spi-builder-workspace/Sources/bytes/Extensions/Dictionary+Diff.swift /Users/admin/builder/spi-builder-workspace/Sources/bytes/Extensions/Dictionary+Merge.swift /Users/admin/builder/spi-builder-workspace/Sources/bytes/Extensions/Double+TimeInterval.swift /Users/admin/builder/spi-builder-workspace/Sources/bytes/Extensions/Int+Random.swift /Users/admin/builder/spi-builder-workspace/Sources/bytes/Extensions/NumberFormatter+Preconfigured.swift /Users/admin/builder/spi-builder-workspace/Sources/bytes/Extensions/String+Hashes.swift /Users/admin/builder/spi-builder-workspace/Sources/bytes/Extensions/String+Localizable.swift /Users/admin/builder/spi-builder-workspace/Sources/bytes/Extensions/String+Random.swift /Users/admin/builder/spi-builder-workspace/Sources/bytes/Extensions/UIColor+Components.swift /Users/admin/builder/spi-builder-workspace/Sources/bytes/Extensions/UIColor+Hex.swift /Users/admin/builder/spi-builder-workspace/Sources/bytes/Extensions/UIImage+Color.swift /Users/admin/builder/spi-builder-workspace/Sources/bytes/Extensions/UIImage+Transformations.swift /Users/admin/builder/spi-builder-workspace/Sources/bytes/Extensions/UIView+Constraints.swift /Users/admin/builder/spi-builder-workspace/Sources/bytes/Extensions/UIView+Nib.swift /Users/admin/builder/spi-builder-workspace/Sources/bytes/Extensions/UIView+Rendering.swift /Users/admin/builder/spi-builder-workspace/Sources/bytes/Extensions/UIViewController+Hierarchie.swift /Users/admin/builder/spi-builder-workspace/Sources/bytes/Extensions/URL+QueryItems.swift /Users/admin/builder/spi-builder-workspace/Sources/bytes/Extensions/UserDefaults+Sets.swift /Users/admin/builder/spi-builder-workspace/Sources/bytes/IconFont.swift /Users/admin/builder/spi-builder-workspace/Sources/bytes/SemanticVersion.swift -target arm64-apple-xros1.0 -module-can-import-version UIKit 9127.0.84.1 9127.0.84 -disable-cross-import-overlay-search -load-resolved-plugin /Applications/Xcode-27.0.0-Release.Candidate.app/Contents/Developer/Platforms/XROS.platform/Developer/usr/lib/swift/host/plugins/libFoundationMacros.dylib\#/Applications/Xcode-27.0.0-Release.Candidate.app/Contents/Developer/Platforms/XROS.platform/Developer/usr/bin/swift-plugin-server\#FoundationMacros -load-resolved-plugin /Applications/Xcode-27.0.0-Release.Candidate.app/Contents/Developer/Platforms/XROS.platform/Developer/usr/lib/swift/host/plugins/libObservationMacros.dylib\#/Applications/Xcode-27.0.0-Release.Candidate.app/Contents/Developer/Platforms/XROS.platform/Developer/usr/bin/swift-plugin-server\#ObservationMacros -load-resolved-plugin /Applications/Xcode-27.0.0-Release.Candidate.app/Contents/Developer/Platforms/XROS.platform/Developer/usr/lib/swift/host/plugins/libPreviewsMacros.dylib\#/Applications/Xcode-27.0.0-Release.Candidate.app/Contents/Developer/Platforms/XROS.platform/Developer/usr/bin/swift-plugin-server\#PreviewsMacros -load-resolved-plugin /Applications/Xcode-27.0.0-Release.Candidate.app/Contents/Developer/Platforms/XROS.platform/Developer/usr/lib/swift/host/plugins/libSwiftMacros.dylib\#/Applications/Xcode-27.0.0-Release.Candidate.app/Contents/Developer/Platforms/XROS.platform/Developer/usr/bin/swift-plugin-server\#SwiftMacros -load-resolved-plugin /Applications/Xcode-27.0.0-Release.Candidate.app/Contents/Developer/Platforms/XROS.platform/Developer/usr/lib/swift/host/plugins/libSwiftUIMacros.dylib\#/Applications/Xcode-27.0.0-Release.Candidate.app/Contents/Developer/Platforms/XROS.platform/Developer/usr/bin/swift-plugin-server\#SwiftUIMacros -disable-implicit-swift-modules -Xcc -fno-implicit-modules -Xcc -fno-implicit-module-maps -explicit-swift-module-map-file /Users/admin/builder/spi-builder-workspace/.derivedData/Build/Intermediates.noindex/bytes.build/Debug-xros/bytes-t.build/Objects-normal/arm64/bytes-dependencies-1.json -Xllvm -aarch64-use-tbi -enable-objc-interop -stack-check -sdk /Applications/Xcode-27.0.0-Release.Candidate.app/Contents/Developer/Platforms/XROS.platform/Developer/SDKs/XROS27.0.sdk -I /Users/admin/builder/spi-builder-workspace/.derivedData/Build/Products/Debug-xros -Isystem /Applications/Xcode-27.0.0-Release.Candidate.app/Contents/Developer/Platforms/XROS.platform/Developer/usr/lib -F /Users/admin/builder/spi-builder-workspace/.derivedData/Build/Products/Debug-xros -F /Applications/Xcode-27.0.0-Release.Candidate.app/Contents/Developer/Platforms/XROS.platform/Developer/Library/Frameworks -F /Applications/Xcode-27.0.0-Release.Candidate.app/Contents/Developer/Platforms/XROS.platform/Developer/SDKs/XROS27.0.sdk/Developer/Library/Frameworks -module-cache-path /Users/admin/builder/spi-builder-workspace/.derivedData/Build/Intermediates.noindex/SwiftExplicitPrecompiledModules -no-color-diagnostics -Xcc -fno-color-diagnostics -enable-testing -g -debug-info-format\=dwarf -dwarf-version\=4 -profile-generate -profile-coverage-mapping -swift-version 5 -Onone -D SWIFT_PACKAGE -D DEBUG -D SWIFT_MODULE_RESOURCE_BUNDLE_UNAVAILABLE -D Xcode -serialize-debugging-options -enable-experimental-feature DebugDescriptionMacro -empty-abi-descriptor -validate-clang-modules-once -clang-build-session-file /Users/admin/builder/spi-builder-workspace/.derivedData/ModuleCache.noindex/Session.modulevalidation -Xcc -working-directory -Xcc /Users/admin/builder/spi-builder-workspace/.swiftpm/xcode -enable-anonymous-context-mangled-names -file-compilation-dir /Users/admin/builder/spi-builder-workspace/.swiftpm/xcode -Xcc -D_LIBCPP_HARDENING_MODE\=_LIBCPP_HARDENING_MODE_DEBUG -Xcc -ivfsstatcache -Xcc /Users/admin/builder/spi-builder-workspace/.derivedData/SDKStatCaches.noindex/xros27.0-24M361-e829b21a6f8c9b70876ba0858053c044735bd543db762f57723cac368afd1ce4.sdkstatcache -Xcc -fmodules-prune-interval\=86400 -Xcc -fmodules-prune-after\=345600 -Xcc -I/Users/admin/builder/spi-builder-workspace/.derivedData/Build/Products/Debug-xros/include -Xcc -I/Users/admin/builder/spi-builder-workspace/.derivedData/Build/Intermediates.noindex/bytes.build/Debug-xros/bytes-t.build/DerivedSources-normal/arm64 -Xcc -I/Users/admin/builder/spi-builder-workspace/.derivedData/Build/Intermediates.noindex/bytes.build/Debug-xros/bytes-t.build/DerivedSources/arm64 -Xcc -I/Users/admin/builder/spi-builder-workspace/.derivedData/Build/Intermediates.noindex/bytes.build/Debug-xros/bytes-t.build/DerivedSources -Xcc -DSWIFT_PACKAGE -Xcc -DDEBUG\=1 -no-auto-bridging-header-chaining -module-name bytes -const-gather-protocols-file /Users/admin/builder/spi-builder-workspace/.derivedData/Build/Intermediates.noindex/bytes.build/Debug-xros/bytes-t.build/Objects-normal/arm64/bytes_const_extract_protocols.json -disable-clang-spi -clang-target arm64-apple-xros27.0 -target-sdk-version 27.0 -target-sdk-name xros27.0 -in-process-plugin-server-path /Applications/Xcode-27.0.0-Release.Candidate.app/Contents/Developer/Toolchains/XcodeDefault.xctoolchain/usr/lib/swift/host/libSwiftInProcPluginServer.dylib -emit-module-doc-path /Users/admin/builder/spi-builder-workspace/.derivedData/Build/Intermediates.noindex/bytes.build/Debug-xros/bytes-t.build/Objects-normal/arm64/bytes.swiftdoc -emit-module-source-info-path /Users/admin/builder/spi-builder-workspace/.derivedData/Build/Intermediates.noindex/bytes.build/Debug-xros/bytes-t.build/Objects-normal/arm64/bytes.swiftsourceinfo -emit-objc-header-path /Users/admin/builder/spi-builder-workspace/.derivedData/Build/Intermediates.noindex/bytes.build/Debug-xros/bytes-t.build/Objects-normal/arm64/bytes-Swift.h -serialize-diagnostics-path /Users/admin/builder/spi-builder-workspace/.derivedData/Build/Intermediates.noindex/bytes.build/Debug-xros/bytes-t.build/Objects-normal/arm64/bytes-primary-emit-module.dia -emit-dependencies-path /Users/admin/builder/spi-builder-workspace/.derivedData/Build/Intermediates.noindex/bytes.build/Debug-xros/bytes-t.build/Objects-normal/arm64/bytes-primary-emit-module.d -parse-as-library -o /Users/admin/builder/spi-builder-workspace/.derivedData/Build/Intermediates.noindex/bytes.build/Debug-xros/bytes-t.build/Objects-normal/arm64/bytes.swiftmodule -emit-abi-descriptor-path /Users/admin/builder/spi-builder-workspace/.derivedData/Build/Intermediates.noindex/bytes.build/Debug-xros/bytes-t.build/Objects-normal/arm64/bytes.abi.json
SwiftCompile normal arm64 (in target 'bytes' from project 'bytes')
    cd /Users/admin/builder/spi-builder-workspace/.swiftpm/xcode

PruneExplicitPrecompiledModules /Users/admin/builder/spi-builder-workspace/.derivedData/Build/Intermediates.noindex/SwiftExplicitPrecompiledModules
PruneExplicitPrecompiledModules /Users/admin/builder/spi-builder-workspace/.derivedData/Build/Intermediates.noindex/ExplicitPrecompiledModules
PruneExplicitPrecompiledModules /Users/admin/builder/spi-builder-workspace/.derivedData/SDKExplicitPrecompiledModules
2026-09-18 08:13:24.506 xcodebuild[1216:7488] [MT] IDERunDestination: Supported platforms for the buildables in the current scheme is empty.
** BUILD FAILED **
The following build commands failed:
	SwiftEmitModule normal arm64 Emitting\ module\ for\ bytes (in target 'bytes' from project 'bytes')
	SwiftCompile normal arm64 (in target 'bytes' from project 'bytes')
	Building workspace bytes with scheme bytes
(3 failures)
BUILD FAILURE 6.4 visionOS