The Swift Package Index logo.Swift Package Index

Build Information

Failed to build ResearchKit, reference 4.0.0-beta.3 (b17ade), with Swift 6.4 for iOS using Xcode 27.0 on 21 Sep 2026 22:31:14 UTC.

Build Command

env DEVELOPER_DIR=/Applications/Xcode-27.0.0-Release.Candidate.app xcrun xcodebuild -IDEClonedSourcePackagesDirPathOverride=$PWD/.dependencies -skipMacroValidation -skipPackagePluginValidation -derivedDataPath $PWD/.derivedData build -scheme ResearchKit-Package -destination generic/platform=iOS

Build Log

CompileC /Users/admin/builder/spi-builder-workspace/.derivedData/Build/Intermediates.noindex/zstd.build/Debug-iphoneos/libzstd-t.build/Objects-normal/arm64/zstd_decompress_block.o /Users/admin/builder/spi-builder-workspace/.dependencies/checkouts/zstd/lib/decompress/zstd_decompress_block.c normal arm64 c com.apple.compilers.llvm.clang.1_0.compiler (in target 'libzstd' from project 'zstd')
    cd /Users/admin/builder/spi-builder-workspace/.swiftpm/xcode

    Using response file: /Users/admin/builder/spi-builder-workspace/.derivedData/Build/Intermediates.noindex/zstd.build/Debug-iphoneos/libzstd-t.build/Objects-normal/arm64/7187679823f38a2a940e0043cdf9d637-common-args.resp

    /Applications/Xcode-27.0.0-Release.Candidate.app/Contents/Developer/Toolchains/XcodeDefault.xctoolchain/usr/bin/clang -x c -ivfsstatcache /Users/admin/builder/spi-builder-workspace/.derivedData/SDKStatCaches.noindex/iphoneos27.0-24A430-e829b21a6f8c9b70876ba0858053c04440ceaa042ed91876912b2eeea4e3aa14.sdkstatcache -target arm64-apple-ios15.0 -fmessage-length\=0 -fdiagnostics-show-note-include-stack -fmacro-backtrace-limit\=0 -fno-color-diagnostics -fmodules-prune-interval\=86400 -fmodules-prune-after\=345600 -fbuild-session-file\=/Users/admin/builder/spi-builder-workspace/.derivedData/ModuleCache.noindex/Session.modulevalidation -fmodules-validate-once-per-build-session -Wnon-modular-include-in-framework-module -Werror\=non-modular-include-in-framework-module -Wno-trigraphs -Wno-missing-field-initializers -Wno-missing-prototypes -Wno-return-type -Wno-missing-braces -Wparentheses -Wswitch -Wno-unused-function -Wno-unused-label -Wno-unused-parameter -Wno-unused-variable -Wunused-value -Wno-empty-body -Wno-uninitialized -Wno-unknown-pragmas -w -Wno-shadow -Wno-four-char-constants -Wno-conversion -Wno-constant-conversion -Wno-int-conversion -Wno-bool-conversion -Wno-enum-conversion -Wno-float-conversion -Wno-non-literal-null-conversion -Wno-objc-literal-conversion -Wshorten-64-to-32 -Wpointer-sign -Wno-newline-eof -Wno-implicit-fallthrough -isysroot /Applications/Xcode-27.0.0-Release.Candidate.app/Contents/Developer/Platforms/iPhoneOS.platform/Developer/SDKs/iPhoneOS27.0.sdk -fstrict-aliasing -Wdeprecated-declarations -Wno-sign-conversion -Wno-infinite-recursion -Wno-comma -Wno-block-capture-autoreleasing -Wno-strict-prototypes -Wno-semicolon-before-method-body -index-store-path /Users/admin/builder/spi-builder-workspace/.derivedData/Index.noindex/DataStore @/Users/admin/builder/spi-builder-workspace/.derivedData/Build/Intermediates.noindex/zstd.build/Debug-iphoneos/libzstd-t.build/Objects-normal/arm64/7187679823f38a2a940e0043cdf9d637-common-args.resp -MMD -MT dependencies -MF /Users/admin/builder/spi-builder-workspace/.derivedData/Build/Intermediates.noindex/zstd.build/Debug-iphoneos/libzstd-t.build/Objects-normal/arm64/zstd_decompress_block.d --serialize-diagnostics /Users/admin/builder/spi-builder-workspace/.derivedData/Build/Intermediates.noindex/zstd.build/Debug-iphoneos/libzstd-t.build/Objects-normal/arm64/zstd_decompress_block.dia -c /Users/admin/builder/spi-builder-workspace/.dependencies/checkouts/zstd/lib/decompress/zstd_decompress_block.c -o /Users/admin/builder/spi-builder-workspace/.derivedData/Build/Intermediates.noindex/zstd.build/Debug-iphoneos/libzstd-t.build/Objects-normal/arm64/zstd_decompress_block.o -index-unit-output-path /zstd.build/Debug-iphoneos/libzstd-t.build/Objects-normal/arm64/zstd_decompress_block.o
SwiftExplicitDependencyGeneratePcm arm64 /Users/admin/builder/spi-builder-workspace/.derivedData/SDKExplicitPrecompiledModules/Darwin-BI81F3DSM7GNALREB2L4UAO3K.pcm
CompileC /Users/admin/builder/spi-builder-workspace/.derivedData/Build/Intermediates.noindex/zstd.build/Debug-iphoneos/libzstd-t.build/Objects-normal/arm64/zstd_decompress.o /Users/admin/builder/spi-builder-workspace/.dependencies/checkouts/zstd/lib/decompress/zstd_decompress.c normal arm64 c com.apple.compilers.llvm.clang.1_0.compiler (in target 'libzstd' from project 'zstd')
    cd /Users/admin/builder/spi-builder-workspace/.swiftpm/xcode

    Using response file: /Users/admin/builder/spi-builder-workspace/.derivedData/Build/Intermediates.noindex/zstd.build/Debug-iphoneos/libzstd-t.build/Objects-normal/arm64/7187679823f38a2a940e0043cdf9d637-common-args.resp

    /Applications/Xcode-27.0.0-Release.Candidate.app/Contents/Developer/Toolchains/XcodeDefault.xctoolchain/usr/bin/clang -x c -ivfsstatcache /Users/admin/builder/spi-builder-workspace/.derivedData/SDKStatCaches.noindex/iphoneos27.0-24A430-e829b21a6f8c9b70876ba0858053c04440ceaa042ed91876912b2eeea4e3aa14.sdkstatcache -target arm64-apple-ios15.0 -fmessage-length\=0 -fdiagnostics-show-note-include-stack -fmacro-backtrace-limit\=0 -fno-color-diagnostics -fmodules-prune-interval\=86400 -fmodules-prune-after\=345600 -fbuild-session-file\=/Users/admin/builder/spi-builder-workspace/.derivedData/ModuleCache.noindex/Session.modulevalidation -fmodules-validate-once-per-build-session -Wnon-modular-include-in-framework-module -Werror\=non-modular-include-in-framework-module -Wno-trigraphs -Wno-missing-field-initializers -Wno-missing-prototypes -Wno-return-type -Wno-missing-braces -Wparentheses -Wswitch -Wno-unused-function -Wno-unused-label -Wno-unused-parameter -Wno-unused-variable -Wunused-value -Wno-empty-body -Wno-uninitialized -Wno-unknown-pragmas -w -Wno-shadow -Wno-four-char-constants -Wno-conversion -Wno-constant-conversion -Wno-int-conversion -Wno-bool-conversion -Wno-enum-conversion -Wno-float-conversion -Wno-non-literal-null-conversion -Wno-objc-literal-conversion -Wshorten-64-to-32 -Wpointer-sign -Wno-newline-eof -Wno-implicit-fallthrough -isysroot /Applications/Xcode-27.0.0-Release.Candidate.app/Contents/Developer/Platforms/iPhoneOS.platform/Developer/SDKs/iPhoneOS27.0.sdk -fstrict-aliasing -Wdeprecated-declarations -Wno-sign-conversion -Wno-infinite-recursion -Wno-comma -Wno-block-capture-autoreleasing -Wno-strict-prototypes -Wno-semicolon-before-method-body -index-store-path /Users/admin/builder/spi-builder-workspace/.derivedData/Index.noindex/DataStore @/Users/admin/builder/spi-builder-workspace/.derivedData/Build/Intermediates.noindex/zstd.build/Debug-iphoneos/libzstd-t.build/Objects-normal/arm64/7187679823f38a2a940e0043cdf9d637-common-args.resp -MMD -MT dependencies -MF /Users/admin/builder/spi-builder-workspace/.derivedData/Build/Intermediates.noindex/zstd.build/Debug-iphoneos/libzstd-t.build/Objects-normal/arm64/zstd_decompress.d --serialize-diagnostics /Users/admin/builder/spi-builder-workspace/.derivedData/Build/Intermediates.noindex/zstd.build/Debug-iphoneos/libzstd-t.build/Objects-normal/arm64/zstd_decompress.dia -c /Users/admin/builder/spi-builder-workspace/.dependencies/checkouts/zstd/lib/decompress/zstd_decompress.c -o /Users/admin/builder/spi-builder-workspace/.derivedData/Build/Intermediates.noindex/zstd.build/Debug-iphoneos/libzstd-t.build/Objects-normal/arm64/zstd_decompress.o -index-unit-output-path /zstd.build/Debug-iphoneos/libzstd-t.build/Objects-normal/arm64/zstd_decompress.o
SwiftExplicitDependencyGeneratePcm arm64 /Users/admin/builder/spi-builder-workspace/.derivedData/SDKExplicitPrecompiledModules/_Builtin_inttypes-65FJ2B2J1AEG8S0QD4ORVM8AF.pcm
CompileC /Users/admin/builder/spi-builder-workspace/.derivedData/Build/Intermediates.noindex/zstd.build/Debug-iphoneos/libzstd-t.build/Objects-normal/arm64/zstd_ddict.o /Users/admin/builder/spi-builder-workspace/.dependencies/checkouts/zstd/lib/decompress/zstd_ddict.c normal arm64 c com.apple.compilers.llvm.clang.1_0.compiler (in target 'libzstd' from project 'zstd')
    cd /Users/admin/builder/spi-builder-workspace/.swiftpm/xcode

    Using response file: /Users/admin/builder/spi-builder-workspace/.derivedData/Build/Intermediates.noindex/zstd.build/Debug-iphoneos/libzstd-t.build/Objects-normal/arm64/7187679823f38a2a940e0043cdf9d637-common-args.resp

    /Applications/Xcode-27.0.0-Release.Candidate.app/Contents/Developer/Toolchains/XcodeDefault.xctoolchain/usr/bin/clang -x c -ivfsstatcache /Users/admin/builder/spi-builder-workspace/.derivedData/SDKStatCaches.noindex/iphoneos27.0-24A430-e829b21a6f8c9b70876ba0858053c04440ceaa042ed91876912b2eeea4e3aa14.sdkstatcache -target arm64-apple-ios15.0 -fmessage-length\=0 -fdiagnostics-show-note-include-stack -fmacro-backtrace-limit\=0 -fno-color-diagnostics -fmodules-prune-interval\=86400 -fmodules-prune-after\=345600 -fbuild-session-file\=/Users/admin/builder/spi-builder-workspace/.derivedData/ModuleCache.noindex/Session.modulevalidation -fmodules-validate-once-per-build-session -Wnon-modular-include-in-framework-module -Werror\=non-modular-include-in-framework-module -Wno-trigraphs -Wno-missing-field-initializers -Wno-missing-prototypes -Wno-return-type -Wno-missing-braces -Wparentheses -Wswitch -Wno-unused-function -Wno-unused-label -Wno-unused-parameter -Wno-unused-variable -Wunused-value -Wno-empty-body -Wno-uninitialized -Wno-unknown-pragmas -w -Wno-shadow -Wno-four-char-constants -Wno-conversion -Wno-constant-conversion -Wno-int-conversion -Wno-bool-conversion -Wno-enum-conversion -Wno-float-conversion -Wno-non-literal-null-conversion -Wno-objc-literal-conversion -Wshorten-64-to-32 -Wpointer-sign -Wno-newline-eof -Wno-implicit-fallthrough -isysroot /Applications/Xcode-27.0.0-Release.Candidate.app/Contents/Developer/Platforms/iPhoneOS.platform/Developer/SDKs/iPhoneOS27.0.sdk -fstrict-aliasing -Wdeprecated-declarations -Wno-sign-conversion -Wno-infinite-recursion -Wno-comma -Wno-block-capture-autoreleasing -Wno-strict-prototypes -Wno-semicolon-before-method-body -index-store-path /Users/admin/builder/spi-builder-workspace/.derivedData/Index.noindex/DataStore @/Users/admin/builder/spi-builder-workspace/.derivedData/Build/Intermediates.noindex/zstd.build/Debug-iphoneos/libzstd-t.build/Objects-normal/arm64/7187679823f38a2a940e0043cdf9d637-common-args.resp -MMD -MT dependencies -MF /Users/admin/builder/spi-builder-workspace/.derivedData/Build/Intermediates.noindex/zstd.build/Debug-iphoneos/libzstd-t.build/Objects-normal/arm64/zstd_ddict.d --serialize-diagnostics /Users/admin/builder/spi-builder-workspace/.derivedData/Build/Intermediates.noindex/zstd.build/Debug-iphoneos/libzstd-t.build/Objects-normal/arm64/zstd_ddict.dia -c /Users/admin/builder/spi-builder-workspace/.dependencies/checkouts/zstd/lib/decompress/zstd_ddict.c -o /Users/admin/builder/spi-builder-workspace/.derivedData/Build/Intermediates.noindex/zstd.build/Debug-iphoneos/libzstd-t.build/Objects-normal/arm64/zstd_ddict.o -index-unit-output-path /zstd.build/Debug-iphoneos/libzstd-t.build/Objects-normal/arm64/zstd_ddict.o
CompileC /Users/admin/builder/spi-builder-workspace/.derivedData/Build/Intermediates.noindex/zstd.build/Debug-iphoneos/libzstd-t.build/Objects-normal/arm64/zstd_compress_superblock.o /Users/admin/builder/spi-builder-workspace/.dependencies/checkouts/zstd/lib/compress/zstd_compress_superblock.c normal arm64 c com.apple.compilers.llvm.clang.1_0.compiler (in target 'libzstd' from project 'zstd')
    cd /Users/admin/builder/spi-builder-workspace/.swiftpm/xcode

    Using response file: /Users/admin/builder/spi-builder-workspace/.derivedData/Build/Intermediates.noindex/zstd.build/Debug-iphoneos/libzstd-t.build/Objects-normal/arm64/7187679823f38a2a940e0043cdf9d637-common-args.resp

    /Applications/Xcode-27.0.0-Release.Candidate.app/Contents/Developer/Toolchains/XcodeDefault.xctoolchain/usr/bin/clang -x c -ivfsstatcache /Users/admin/builder/spi-builder-workspace/.derivedData/SDKStatCaches.noindex/iphoneos27.0-24A430-e829b21a6f8c9b70876ba0858053c04440ceaa042ed91876912b2eeea4e3aa14.sdkstatcache -target arm64-apple-ios15.0 -fmessage-length\=0 -fdiagnostics-show-note-include-stack -fmacro-backtrace-limit\=0 -fno-color-diagnostics -fmodules-prune-interval\=86400 -fmodules-prune-after\=345600 -fbuild-session-file\=/Users/admin/builder/spi-builder-workspace/.derivedData/ModuleCache.noindex/Session.modulevalidation -fmodules-validate-once-per-build-session -Wnon-modular-include-in-framework-module -Werror\=non-modular-include-in-framework-module -Wno-trigraphs -Wno-missing-field-initializers -Wno-missing-prototypes -Wno-return-type -Wno-missing-braces -Wparentheses -Wswitch -Wno-unused-function -Wno-unused-label -Wno-unused-parameter -Wno-unused-variable -Wunused-value -Wno-empty-body -Wno-uninitialized -Wno-unknown-pragmas -w -Wno-shadow -Wno-four-char-constants -Wno-conversion -Wno-constant-conversion -Wno-int-conversion -Wno-bool-conversion -Wno-enum-conversion -Wno-float-conversion -Wno-non-literal-null-conversion -Wno-objc-literal-conversion -Wshorten-64-to-32 -Wpointer-sign -Wno-newline-eof -Wno-implicit-fallthrough -isysroot /Applications/Xcode-27.0.0-Release.Candidate.app/Contents/Developer/Platforms/iPhoneOS.platform/Developer/SDKs/iPhoneOS27.0.sdk -fstrict-aliasing -Wdeprecated-declarations -Wno-sign-conversion -Wno-infinite-recursion -Wno-comma -Wno-block-capture-autoreleasing -Wno-strict-prototypes -Wno-semicolon-before-method-body -index-store-path /Users/admin/builder/spi-builder-workspace/.derivedData/Index.noindex/DataStore @/Users/admin/builder/spi-builder-workspace/.derivedData/Build/Intermediates.noindex/zstd.build/Debug-iphoneos/libzstd-t.build/Objects-normal/arm64/7187679823f38a2a940e0043cdf9d637-common-args.resp -MMD -MT dependencies -MF /Users/admin/builder/spi-builder-workspace/.derivedData/Build/Intermediates.noindex/zstd.build/Debug-iphoneos/libzstd-t.build/Objects-normal/arm64/zstd_compress_superblock.d --serialize-diagnostics /Users/admin/builder/spi-builder-workspace/.derivedData/Build/Intermediates.noindex/zstd.build/Debug-iphoneos/libzstd-t.build/Objects-normal/arm64/zstd_compress_superblock.dia -c /Users/admin/builder/spi-builder-workspace/.dependencies/checkouts/zstd/lib/compress/zstd_compress_superblock.c -o /Users/admin/builder/spi-builder-workspace/.derivedData/Build/Intermediates.noindex/zstd.build/Debug-iphoneos/libzstd-t.build/Objects-normal/arm64/zstd_compress_superblock.o -index-unit-output-path /zstd.build/Debug-iphoneos/libzstd-t.build/Objects-normal/arm64/zstd_compress_superblock.o
CompileC /Users/admin/builder/spi-builder-workspace/.derivedData/Build/Intermediates.noindex/zstd.build/Debug-iphoneos/libzstd-t.build/Objects-normal/arm64/zstd_compress_sequences.o /Users/admin/builder/spi-builder-workspace/.dependencies/checkouts/zstd/lib/compress/zstd_compress_sequences.c normal arm64 c com.apple.compilers.llvm.clang.1_0.compiler (in target 'libzstd' from project 'zstd')
    cd /Users/admin/builder/spi-builder-workspace/.swiftpm/xcode

    Using response file: /Users/admin/builder/spi-builder-workspace/.derivedData/Build/Intermediates.noindex/zstd.build/Debug-iphoneos/libzstd-t.build/Objects-normal/arm64/7187679823f38a2a940e0043cdf9d637-common-args.resp

    /Applications/Xcode-27.0.0-Release.Candidate.app/Contents/Developer/Toolchains/XcodeDefault.xctoolchain/usr/bin/clang -x c -ivfsstatcache /Users/admin/builder/spi-builder-workspace/.derivedData/SDKStatCaches.noindex/iphoneos27.0-24A430-e829b21a6f8c9b70876ba0858053c04440ceaa042ed91876912b2eeea4e3aa14.sdkstatcache -target arm64-apple-ios15.0 -fmessage-length\=0 -fdiagnostics-show-note-include-stack -fmacro-backtrace-limit\=0 -fno-color-diagnostics -fmodules-prune-interval\=86400 -fmodules-prune-after\=345600 -fbuild-session-file\=/Users/admin/builder/spi-builder-workspace/.derivedData/ModuleCache.noindex/Session.modulevalidation -fmodules-validate-once-per-build-session -Wnon-modular-include-in-framework-module -Werror\=non-modular-include-in-framework-module -Wno-trigraphs -Wno-missing-field-initializers -Wno-missing-prototypes -Wno-return-type -Wno-missing-braces -Wparentheses -Wswitch -Wno-unused-function -Wno-unused-label -Wno-unused-parameter -Wno-unused-variable -Wunused-value -Wno-empty-body -Wno-uninitialized -Wno-unknown-pragmas -w -Wno-shadow -Wno-four-char-constants -Wno-conversion -Wno-constant-conversion -Wno-int-conversion -Wno-bool-conversion -Wno-enum-conversion -Wno-float-conversion -Wno-non-literal-null-conversion -Wno-objc-literal-conversion -Wshorten-64-to-32 -Wpointer-sign -Wno-newline-eof -Wno-implicit-fallthrough -isysroot /Applications/Xcode-27.0.0-Release.Candidate.app/Contents/Developer/Platforms/iPhoneOS.platform/Developer/SDKs/iPhoneOS27.0.sdk -fstrict-aliasing -Wdeprecated-declarations -Wno-sign-conversion -Wno-infinite-recursion -Wno-comma -Wno-block-capture-autoreleasing -Wno-strict-prototypes -Wno-semicolon-before-method-body -index-store-path /Users/admin/builder/spi-builder-workspace/.derivedData/Index.noindex/DataStore @/Users/admin/builder/spi-builder-workspace/.derivedData/Build/Intermediates.noindex/zstd.build/Debug-iphoneos/libzstd-t.build/Objects-normal/arm64/7187679823f38a2a940e0043cdf9d637-common-args.resp -MMD -MT dependencies -MF /Users/admin/builder/spi-builder-workspace/.derivedData/Build/Intermediates.noindex/zstd.build/Debug-iphoneos/libzstd-t.build/Objects-normal/arm64/zstd_compress_sequences.d --serialize-diagnostics /Users/admin/builder/spi-builder-workspace/.derivedData/Build/Intermediates.noindex/zstd.build/Debug-iphoneos/libzstd-t.build/Objects-normal/arm64/zstd_compress_sequences.dia -c /Users/admin/builder/spi-builder-workspace/.dependencies/checkouts/zstd/lib/compress/zstd_compress_sequences.c -o /Users/admin/builder/spi-builder-workspace/.derivedData/Build/Intermediates.noindex/zstd.build/Debug-iphoneos/libzstd-t.build/Objects-normal/arm64/zstd_compress_sequences.o -index-unit-output-path /zstd.build/Debug-iphoneos/libzstd-t.build/Objects-normal/arm64/zstd_compress_sequences.o
CompileC /Users/admin/builder/spi-builder-workspace/.derivedData/Build/Intermediates.noindex/zstd.build/Debug-iphoneos/libzstd-t.build/Objects-normal/arm64/zstd_compress_literals.o /Users/admin/builder/spi-builder-workspace/.dependencies/checkouts/zstd/lib/compress/zstd_compress_literals.c normal arm64 c com.apple.compilers.llvm.clang.1_0.compiler (in target 'libzstd' from project 'zstd')
    cd /Users/admin/builder/spi-builder-workspace/.swiftpm/xcode

    Using response file: /Users/admin/builder/spi-builder-workspace/.derivedData/Build/Intermediates.noindex/zstd.build/Debug-iphoneos/libzstd-t.build/Objects-normal/arm64/7187679823f38a2a940e0043cdf9d637-common-args.resp

    /Applications/Xcode-27.0.0-Release.Candidate.app/Contents/Developer/Toolchains/XcodeDefault.xctoolchain/usr/bin/clang -x c -ivfsstatcache /Users/admin/builder/spi-builder-workspace/.derivedData/SDKStatCaches.noindex/iphoneos27.0-24A430-e829b21a6f8c9b70876ba0858053c04440ceaa042ed91876912b2eeea4e3aa14.sdkstatcache -target arm64-apple-ios15.0 -fmessage-length\=0 -fdiagnostics-show-note-include-stack -fmacro-backtrace-limit\=0 -fno-color-diagnostics -fmodules-prune-interval\=86400 -fmodules-prune-after\=345600 -fbuild-session-file\=/Users/admin/builder/spi-builder-workspace/.derivedData/ModuleCache.noindex/Session.modulevalidation -fmodules-validate-once-per-build-session -Wnon-modular-include-in-framework-module -Werror\=non-modular-include-in-framework-module -Wno-trigraphs -Wno-missing-field-initializers -Wno-missing-prototypes -Wno-return-type -Wno-missing-braces -Wparentheses -Wswitch -Wno-unused-function -Wno-unused-label -Wno-unused-parameter -Wno-unused-variable -Wunused-value -Wno-empty-body -Wno-uninitialized -Wno-unknown-pragmas -w -Wno-shadow -Wno-four-char-constants -Wno-conversion -Wno-constant-conversion -Wno-int-conversion -Wno-bool-conversion -Wno-enum-conversion -Wno-float-conversion -Wno-non-literal-null-conversion -Wno-objc-literal-conversion -Wshorten-64-to-32 -Wpointer-sign -Wno-newline-eof -Wno-implicit-fallthrough -isysroot /Applications/Xcode-27.0.0-Release.Candidate.app/Contents/Developer/Platforms/iPhoneOS.platform/Developer/SDKs/iPhoneOS27.0.sdk -fstrict-aliasing -Wdeprecated-declarations -Wno-sign-conversion -Wno-infinite-recursion -Wno-comma -Wno-block-capture-autoreleasing -Wno-strict-prototypes -Wno-semicolon-before-method-body -index-store-path /Users/admin/builder/spi-builder-workspace/.derivedData/Index.noindex/DataStore @/Users/admin/builder/spi-builder-workspace/.derivedData/Build/Intermediates.noindex/zstd.build/Debug-iphoneos/libzstd-t.build/Objects-normal/arm64/7187679823f38a2a940e0043cdf9d637-common-args.resp -MMD -MT dependencies -MF /Users/admin/builder/spi-builder-workspace/.derivedData/Build/Intermediates.noindex/zstd.build/Debug-iphoneos/libzstd-t.build/Objects-normal/arm64/zstd_compress_literals.d --serialize-diagnostics /Users/admin/builder/spi-builder-workspace/.derivedData/Build/Intermediates.noindex/zstd.build/Debug-iphoneos/libzstd-t.build/Objects-normal/arm64/zstd_compress_literals.dia -c /Users/admin/builder/spi-builder-workspace/.dependencies/checkouts/zstd/lib/compress/zstd_compress_literals.c -o /Users/admin/builder/spi-builder-workspace/.derivedData/Build/Intermediates.noindex/zstd.build/Debug-iphoneos/libzstd-t.build/Objects-normal/arm64/zstd_compress_literals.o -index-unit-output-path /zstd.build/Debug-iphoneos/libzstd-t.build/Objects-normal/arm64/zstd_compress_literals.o
SwiftExplicitDependencyGeneratePcm arm64 /Users/admin/builder/spi-builder-workspace/.derivedData/SDKExplicitPrecompiledModules/Darwin-7BRJ35O6AB5WG6M0QJKB4XRFG.pcm
CompileC /Users/admin/builder/spi-builder-workspace/.derivedData/Build/Intermediates.noindex/zstd.build/Debug-iphoneos/libzstd-t.build/Objects-normal/arm64/zstd_compress.o /Users/admin/builder/spi-builder-workspace/.dependencies/checkouts/zstd/lib/compress/zstd_compress.c normal arm64 c com.apple.compilers.llvm.clang.1_0.compiler (in target 'libzstd' from project 'zstd')
    cd /Users/admin/builder/spi-builder-workspace/.swiftpm/xcode

    Using response file: /Users/admin/builder/spi-builder-workspace/.derivedData/Build/Intermediates.noindex/zstd.build/Debug-iphoneos/libzstd-t.build/Objects-normal/arm64/7187679823f38a2a940e0043cdf9d637-common-args.resp

    /Applications/Xcode-27.0.0-Release.Candidate.app/Contents/Developer/Toolchains/XcodeDefault.xctoolchain/usr/bin/clang -x c -ivfsstatcache /Users/admin/builder/spi-builder-workspace/.derivedData/SDKStatCaches.noindex/iphoneos27.0-24A430-e829b21a6f8c9b70876ba0858053c04440ceaa042ed91876912b2eeea4e3aa14.sdkstatcache -target arm64-apple-ios15.0 -fmessage-length\=0 -fdiagnostics-show-note-include-stack -fmacro-backtrace-limit\=0 -fno-color-diagnostics -fmodules-prune-interval\=86400 -fmodules-prune-after\=345600 -fbuild-session-file\=/Users/admin/builder/spi-builder-workspace/.derivedData/ModuleCache.noindex/Session.modulevalidation -fmodules-validate-once-per-build-session -Wnon-modular-include-in-framework-module -Werror\=non-modular-include-in-framework-module -Wno-trigraphs -Wno-missing-field-initializers -Wno-missing-prototypes -Wno-return-type -Wno-missing-braces -Wparentheses -Wswitch -Wno-unused-function -Wno-unused-label -Wno-unused-parameter -Wno-unused-variable -Wunused-value -Wno-empty-body -Wno-uninitialized -Wno-unknown-pragmas -w -Wno-shadow -Wno-four-char-constants -Wno-conversion -Wno-constant-conversion -Wno-int-conversion -Wno-bool-conversion -Wno-enum-conversion -Wno-float-conversion -Wno-non-literal-null-conversion -Wno-objc-literal-conversion -Wshorten-64-to-32 -Wpointer-sign -Wno-newline-eof -Wno-implicit-fallthrough -isysroot /Applications/Xcode-27.0.0-Release.Candidate.app/Contents/Developer/Platforms/iPhoneOS.platform/Developer/SDKs/iPhoneOS27.0.sdk -fstrict-aliasing -Wdeprecated-declarations -Wno-sign-conversion -Wno-infinite-recursion -Wno-comma -Wno-block-capture-autoreleasing -Wno-strict-prototypes -Wno-semicolon-before-method-body -index-store-path /Users/admin/builder/spi-builder-workspace/.derivedData/Index.noindex/DataStore @/Users/admin/builder/spi-builder-workspace/.derivedData/Build/Intermediates.noindex/zstd.build/Debug-iphoneos/libzstd-t.build/Objects-normal/arm64/7187679823f38a2a940e0043cdf9d637-common-args.resp -MMD -MT dependencies -MF /Users/admin/builder/spi-builder-workspace/.derivedData/Build/Intermediates.noindex/zstd.build/Debug-iphoneos/libzstd-t.build/Objects-normal/arm64/zstd_compress.d --serialize-diagnostics /Users/admin/builder/spi-builder-workspace/.derivedData/Build/Intermediates.noindex/zstd.build/Debug-iphoneos/libzstd-t.build/Objects-normal/arm64/zstd_compress.dia -c /Users/admin/builder/spi-builder-workspace/.dependencies/checkouts/zstd/lib/compress/zstd_compress.c -o /Users/admin/builder/spi-builder-workspace/.derivedData/Build/Intermediates.noindex/zstd.build/Debug-iphoneos/libzstd-t.build/Objects-normal/arm64/zstd_compress.o -index-unit-output-path /zstd.build/Debug-iphoneos/libzstd-t.build/Objects-normal/arm64/zstd_compress.o
CompileC /Users/admin/builder/spi-builder-workspace/.derivedData/Build/Intermediates.noindex/zstd.build/Debug-iphoneos/libzstd-t.build/Objects-normal/arm64/zstd_common.o /Users/admin/builder/spi-builder-workspace/.dependencies/checkouts/zstd/lib/common/zstd_common.c normal arm64 c com.apple.compilers.llvm.clang.1_0.compiler (in target 'libzstd' from project 'zstd')
    cd /Users/admin/builder/spi-builder-workspace/.swiftpm/xcode

    Using response file: /Users/admin/builder/spi-builder-workspace/.derivedData/Build/Intermediates.noindex/zstd.build/Debug-iphoneos/libzstd-t.build/Objects-normal/arm64/7187679823f38a2a940e0043cdf9d637-common-args.resp

    /Applications/Xcode-27.0.0-Release.Candidate.app/Contents/Developer/Toolchains/XcodeDefault.xctoolchain/usr/bin/clang -x c -ivfsstatcache /Users/admin/builder/spi-builder-workspace/.derivedData/SDKStatCaches.noindex/iphoneos27.0-24A430-e829b21a6f8c9b70876ba0858053c04440ceaa042ed91876912b2eeea4e3aa14.sdkstatcache -target arm64-apple-ios15.0 -fmessage-length\=0 -fdiagnostics-show-note-include-stack -fmacro-backtrace-limit\=0 -fno-color-diagnostics -fmodules-prune-interval\=86400 -fmodules-prune-after\=345600 -fbuild-session-file\=/Users/admin/builder/spi-builder-workspace/.derivedData/ModuleCache.noindex/Session.modulevalidation -fmodules-validate-once-per-build-session -Wnon-modular-include-in-framework-module -Werror\=non-modular-include-in-framework-module -Wno-trigraphs -Wno-missing-field-initializers -Wno-missing-prototypes -Wno-return-type -Wno-missing-braces -Wparentheses -Wswitch -Wno-unused-function -Wno-unused-label -Wno-unused-parameter -Wno-unused-variable -Wunused-value -Wno-empty-body -Wno-uninitialized -Wno-unknown-pragmas -w -Wno-shadow -Wno-four-char-constants -Wno-conversion -Wno-constant-conversion -Wno-int-conversion -Wno-bool-conversion -Wno-enum-conversion -Wno-float-conversion -Wno-non-literal-null-conversion -Wno-objc-literal-conversion -Wshorten-64-to-32 -Wpointer-sign -Wno-newline-eof -Wno-implicit-fallthrough -isysroot /Applications/Xcode-27.0.0-Release.Candidate.app/Contents/Developer/Platforms/iPhoneOS.platform/Developer/SDKs/iPhoneOS27.0.sdk -fstrict-aliasing -Wdeprecated-declarations -Wno-sign-conversion -Wno-infinite-recursion -Wno-comma -Wno-block-capture-autoreleasing -Wno-strict-prototypes -Wno-semicolon-before-method-body -index-store-path /Users/admin/builder/spi-builder-workspace/.derivedData/Index.noindex/DataStore @/Users/admin/builder/spi-builder-workspace/.derivedData/Build/Intermediates.noindex/zstd.build/Debug-iphoneos/libzstd-t.build/Objects-normal/arm64/7187679823f38a2a940e0043cdf9d637-common-args.resp -MMD -MT dependencies -MF /Users/admin/builder/spi-builder-workspace/.derivedData/Build/Intermediates.noindex/zstd.build/Debug-iphoneos/libzstd-t.build/Objects-normal/arm64/zstd_common.d --serialize-diagnostics /Users/admin/builder/spi-builder-workspace/.derivedData/Build/Intermediates.noindex/zstd.build/Debug-iphoneos/libzstd-t.build/Objects-normal/arm64/zstd_common.dia -c /Users/admin/builder/spi-builder-workspace/.dependencies/checkouts/zstd/lib/common/zstd_common.c -o /Users/admin/builder/spi-builder-workspace/.derivedData/Build/Intermediates.noindex/zstd.build/Debug-iphoneos/libzstd-t.build/Objects-normal/arm64/zstd_common.o -index-unit-output-path /zstd.build/Debug-iphoneos/libzstd-t.build/Objects-normal/arm64/zstd_common.o
CompileC /Users/admin/builder/spi-builder-workspace/.derivedData/Build/Intermediates.noindex/zstd.build/Debug-iphoneos/libzstd-t.build/Objects-normal/arm64/zdict.o /Users/admin/builder/spi-builder-workspace/.dependencies/checkouts/zstd/lib/dictBuilder/zdict.c normal arm64 c com.apple.compilers.llvm.clang.1_0.compiler (in target 'libzstd' from project 'zstd')
    cd /Users/admin/builder/spi-builder-workspace/.swiftpm/xcode

    Using response file: /Users/admin/builder/spi-builder-workspace/.derivedData/Build/Intermediates.noindex/zstd.build/Debug-iphoneos/libzstd-t.build/Objects-normal/arm64/7187679823f38a2a940e0043cdf9d637-common-args.resp

    /Applications/Xcode-27.0.0-Release.Candidate.app/Contents/Developer/Toolchains/XcodeDefault.xctoolchain/usr/bin/clang -x c -ivfsstatcache /Users/admin/builder/spi-builder-workspace/.derivedData/SDKStatCaches.noindex/iphoneos27.0-24A430-e829b21a6f8c9b70876ba0858053c04440ceaa042ed91876912b2eeea4e3aa14.sdkstatcache -target arm64-apple-ios15.0 -fmessage-length\=0 -fdiagnostics-show-note-include-stack -fmacro-backtrace-limit\=0 -fno-color-diagnostics -fmodules-prune-interval\=86400 -fmodules-prune-after\=345600 -fbuild-session-file\=/Users/admin/builder/spi-builder-workspace/.derivedData/ModuleCache.noindex/Session.modulevalidation -fmodules-validate-once-per-build-session -Wnon-modular-include-in-framework-module -Werror\=non-modular-include-in-framework-module -Wno-trigraphs -Wno-missing-field-initializers -Wno-missing-prototypes -Wno-return-type -Wno-missing-braces -Wparentheses -Wswitch -Wno-unused-function -Wno-unused-label -Wno-unused-parameter -Wno-unused-variable -Wunused-value -Wno-empty-body -Wno-uninitialized -Wno-unknown-pragmas -w -Wno-shadow -Wno-four-char-constants -Wno-conversion -Wno-constant-conversion -Wno-int-conversion -Wno-bool-conversion -Wno-enum-conversion -Wno-float-conversion -Wno-non-literal-null-conversion -Wno-objc-literal-conversion -Wshorten-64-to-32 -Wpointer-sign -Wno-newline-eof -Wno-implicit-fallthrough -isysroot /Applications/Xcode-27.0.0-Release.Candidate.app/Contents/Developer/Platforms/iPhoneOS.platform/Developer/SDKs/iPhoneOS27.0.sdk -fstrict-aliasing -Wdeprecated-declarations -Wno-sign-conversion -Wno-infinite-recursion -Wno-comma -Wno-block-capture-autoreleasing -Wno-strict-prototypes -Wno-semicolon-before-method-body -index-store-path /Users/admin/builder/spi-builder-workspace/.derivedData/Index.noindex/DataStore @/Users/admin/builder/spi-builder-workspace/.derivedData/Build/Intermediates.noindex/zstd.build/Debug-iphoneos/libzstd-t.build/Objects-normal/arm64/7187679823f38a2a940e0043cdf9d637-common-args.resp -MMD -MT dependencies -MF /Users/admin/builder/spi-builder-workspace/.derivedData/Build/Intermediates.noindex/zstd.build/Debug-iphoneos/libzstd-t.build/Objects-normal/arm64/zdict.d --serialize-diagnostics /Users/admin/builder/spi-builder-workspace/.derivedData/Build/Intermediates.noindex/zstd.build/Debug-iphoneos/libzstd-t.build/Objects-normal/arm64/zdict.dia -c /Users/admin/builder/spi-builder-workspace/.dependencies/checkouts/zstd/lib/dictBuilder/zdict.c -o /Users/admin/builder/spi-builder-workspace/.derivedData/Build/Intermediates.noindex/zstd.build/Debug-iphoneos/libzstd-t.build/Objects-normal/arm64/zdict.o -index-unit-output-path /zstd.build/Debug-iphoneos/libzstd-t.build/Objects-normal/arm64/zdict.o
CompileC /Users/admin/builder/spi-builder-workspace/.derivedData/Build/Intermediates.noindex/zstd.build/Debug-iphoneos/libzstd-t.build/Objects-normal/arm64/pool.o /Users/admin/builder/spi-builder-workspace/.dependencies/checkouts/zstd/lib/common/pool.c normal arm64 c com.apple.compilers.llvm.clang.1_0.compiler (in target 'libzstd' from project 'zstd')
    cd /Users/admin/builder/spi-builder-workspace/.swiftpm/xcode

    Using response file: /Users/admin/builder/spi-builder-workspace/.derivedData/Build/Intermediates.noindex/zstd.build/Debug-iphoneos/libzstd-t.build/Objects-normal/arm64/7187679823f38a2a940e0043cdf9d637-common-args.resp

    /Applications/Xcode-27.0.0-Release.Candidate.app/Contents/Developer/Toolchains/XcodeDefault.xctoolchain/usr/bin/clang -x c -ivfsstatcache /Users/admin/builder/spi-builder-workspace/.derivedData/SDKStatCaches.noindex/iphoneos27.0-24A430-e829b21a6f8c9b70876ba0858053c04440ceaa042ed91876912b2eeea4e3aa14.sdkstatcache -target arm64-apple-ios15.0 -fmessage-length\=0 -fdiagnostics-show-note-include-stack -fmacro-backtrace-limit\=0 -fno-color-diagnostics -fmodules-prune-interval\=86400 -fmodules-prune-after\=345600 -fbuild-session-file\=/Users/admin/builder/spi-builder-workspace/.derivedData/ModuleCache.noindex/Session.modulevalidation -fmodules-validate-once-per-build-session -Wnon-modular-include-in-framework-module -Werror\=non-modular-include-in-framework-module -Wno-trigraphs -Wno-missing-field-initializers -Wno-missing-prototypes -Wno-return-type -Wno-missing-braces -Wparentheses -Wswitch -Wno-unused-function -Wno-unused-label -Wno-unused-parameter -Wno-unused-variable -Wunused-value -Wno-empty-body -Wno-uninitialized -Wno-unknown-pragmas -w -Wno-shadow -Wno-four-char-constants -Wno-conversion -Wno-constant-conversion -Wno-int-conversion -Wno-bool-conversion -Wno-enum-conversion -Wno-float-conversion -Wno-non-literal-null-conversion -Wno-objc-literal-conversion -Wshorten-64-to-32 -Wpointer-sign -Wno-newline-eof -Wno-implicit-fallthrough -isysroot /Applications/Xcode-27.0.0-Release.Candidate.app/Contents/Developer/Platforms/iPhoneOS.platform/Developer/SDKs/iPhoneOS27.0.sdk -fstrict-aliasing -Wdeprecated-declarations -Wno-sign-conversion -Wno-infinite-recursion -Wno-comma -Wno-block-capture-autoreleasing -Wno-strict-prototypes -Wno-semicolon-before-method-body -index-store-path /Users/admin/builder/spi-builder-workspace/.derivedData/Index.noindex/DataStore @/Users/admin/builder/spi-builder-workspace/.derivedData/Build/Intermediates.noindex/zstd.build/Debug-iphoneos/libzstd-t.build/Objects-normal/arm64/7187679823f38a2a940e0043cdf9d637-common-args.resp -MMD -MT dependencies -MF /Users/admin/builder/spi-builder-workspace/.derivedData/Build/Intermediates.noindex/zstd.build/Debug-iphoneos/libzstd-t.build/Objects-normal/arm64/pool.d --serialize-diagnostics /Users/admin/builder/spi-builder-workspace/.derivedData/Build/Intermediates.noindex/zstd.build/Debug-iphoneos/libzstd-t.build/Objects-normal/arm64/pool.dia -c /Users/admin/builder/spi-builder-workspace/.dependencies/checkouts/zstd/lib/common/pool.c -o /Users/admin/builder/spi-builder-workspace/.derivedData/Build/Intermediates.noindex/zstd.build/Debug-iphoneos/libzstd-t.build/Objects-normal/arm64/pool.o -index-unit-output-path /zstd.build/Debug-iphoneos/libzstd-t.build/Objects-normal/arm64/pool.o
CompileC /Users/admin/builder/spi-builder-workspace/.derivedData/Build/Intermediates.noindex/zstd.build/Debug-iphoneos/libzstd-t.build/Objects-normal/arm64/huf_decompress.o /Users/admin/builder/spi-builder-workspace/.dependencies/checkouts/zstd/lib/decompress/huf_decompress.c normal arm64 c com.apple.compilers.llvm.clang.1_0.compiler (in target 'libzstd' from project 'zstd')
    cd /Users/admin/builder/spi-builder-workspace/.swiftpm/xcode

    Using response file: /Users/admin/builder/spi-builder-workspace/.derivedData/Build/Intermediates.noindex/zstd.build/Debug-iphoneos/libzstd-t.build/Objects-normal/arm64/7187679823f38a2a940e0043cdf9d637-common-args.resp

    /Applications/Xcode-27.0.0-Release.Candidate.app/Contents/Developer/Toolchains/XcodeDefault.xctoolchain/usr/bin/clang -x c -ivfsstatcache /Users/admin/builder/spi-builder-workspace/.derivedData/SDKStatCaches.noindex/iphoneos27.0-24A430-e829b21a6f8c9b70876ba0858053c04440ceaa042ed91876912b2eeea4e3aa14.sdkstatcache -target arm64-apple-ios15.0 -fmessage-length\=0 -fdiagnostics-show-note-include-stack -fmacro-backtrace-limit\=0 -fno-color-diagnostics -fmodules-prune-interval\=86400 -fmodules-prune-after\=345600 -fbuild-session-file\=/Users/admin/builder/spi-builder-workspace/.derivedData/ModuleCache.noindex/Session.modulevalidation -fmodules-validate-once-per-build-session -Wnon-modular-include-in-framework-module -Werror\=non-modular-include-in-framework-module -Wno-trigraphs -Wno-missing-field-initializers -Wno-missing-prototypes -Wno-return-type -Wno-missing-braces -Wparentheses -Wswitch -Wno-unused-function -Wno-unused-label -Wno-unused-parameter -Wno-unused-variable -Wunused-value -Wno-empty-body -Wno-uninitialized -Wno-unknown-pragmas -w -Wno-shadow -Wno-four-char-constants -Wno-conversion -Wno-constant-conversion -Wno-int-conversion -Wno-bool-conversion -Wno-enum-conversion -Wno-float-conversion -Wno-non-literal-null-conversion -Wno-objc-literal-conversion -Wshorten-64-to-32 -Wpointer-sign -Wno-newline-eof -Wno-implicit-fallthrough -isysroot /Applications/Xcode-27.0.0-Release.Candidate.app/Contents/Developer/Platforms/iPhoneOS.platform/Developer/SDKs/iPhoneOS27.0.sdk -fstrict-aliasing -Wdeprecated-declarations -Wno-sign-conversion -Wno-infinite-recursion -Wno-comma -Wno-block-capture-autoreleasing -Wno-strict-prototypes -Wno-semicolon-before-method-body -index-store-path /Users/admin/builder/spi-builder-workspace/.derivedData/Index.noindex/DataStore @/Users/admin/builder/spi-builder-workspace/.derivedData/Build/Intermediates.noindex/zstd.build/Debug-iphoneos/libzstd-t.build/Objects-normal/arm64/7187679823f38a2a940e0043cdf9d637-common-args.resp -MMD -MT dependencies -MF /Users/admin/builder/spi-builder-workspace/.derivedData/Build/Intermediates.noindex/zstd.build/Debug-iphoneos/libzstd-t.build/Objects-normal/arm64/huf_decompress.d --serialize-diagnostics /Users/admin/builder/spi-builder-workspace/.derivedData/Build/Intermediates.noindex/zstd.build/Debug-iphoneos/libzstd-t.build/Objects-normal/arm64/huf_decompress.dia -c /Users/admin/builder/spi-builder-workspace/.dependencies/checkouts/zstd/lib/decompress/huf_decompress.c -o /Users/admin/builder/spi-builder-workspace/.derivedData/Build/Intermediates.noindex/zstd.build/Debug-iphoneos/libzstd-t.build/Objects-normal/arm64/huf_decompress.o -index-unit-output-path /zstd.build/Debug-iphoneos/libzstd-t.build/Objects-normal/arm64/huf_decompress.o
CompileC /Users/admin/builder/spi-builder-workspace/.derivedData/Build/Intermediates.noindex/zstd.build/Debug-iphoneos/libzstd-t.build/Objects-normal/arm64/huf_compress.o /Users/admin/builder/spi-builder-workspace/.dependencies/checkouts/zstd/lib/compress/huf_compress.c normal arm64 c com.apple.compilers.llvm.clang.1_0.compiler (in target 'libzstd' from project 'zstd')
    cd /Users/admin/builder/spi-builder-workspace/.swiftpm/xcode

    Using response file: /Users/admin/builder/spi-builder-workspace/.derivedData/Build/Intermediates.noindex/zstd.build/Debug-iphoneos/libzstd-t.build/Objects-normal/arm64/7187679823f38a2a940e0043cdf9d637-common-args.resp

    /Applications/Xcode-27.0.0-Release.Candidate.app/Contents/Developer/Toolchains/XcodeDefault.xctoolchain/usr/bin/clang -x c -ivfsstatcache /Users/admin/builder/spi-builder-workspace/.derivedData/SDKStatCaches.noindex/iphoneos27.0-24A430-e829b21a6f8c9b70876ba0858053c04440ceaa042ed91876912b2eeea4e3aa14.sdkstatcache -target arm64-apple-ios15.0 -fmessage-length\=0 -fdiagnostics-show-note-include-stack -fmacro-backtrace-limit\=0 -fno-color-diagnostics -fmodules-prune-interval\=86400 -fmodules-prune-after\=345600 -fbuild-session-file\=/Users/admin/builder/spi-builder-workspace/.derivedData/ModuleCache.noindex/Session.modulevalidation -fmodules-validate-once-per-build-session -Wnon-modular-include-in-framework-module -Werror\=non-modular-include-in-framework-module -Wno-trigraphs -Wno-missing-field-initializers -Wno-missing-prototypes -Wno-return-type -Wno-missing-braces -Wparentheses -Wswitch -Wno-unused-function -Wno-unused-label -Wno-unused-parameter -Wno-unused-variable -Wunused-value -Wno-empty-body -Wno-uninitialized -Wno-unknown-pragmas -w -Wno-shadow -Wno-four-char-constants -Wno-conversion -Wno-constant-conversion -Wno-int-conversion -Wno-bool-conversion -Wno-enum-conversion -Wno-float-conversion -Wno-non-literal-null-conversion -Wno-objc-literal-conversion -Wshorten-64-to-32 -Wpointer-sign -Wno-newline-eof -Wno-implicit-fallthrough -isysroot /Applications/Xcode-27.0.0-Release.Candidate.app/Contents/Developer/Platforms/iPhoneOS.platform/Developer/SDKs/iPhoneOS27.0.sdk -fstrict-aliasing -Wdeprecated-declarations -Wno-sign-conversion -Wno-infinite-recursion -Wno-comma -Wno-block-capture-autoreleasing -Wno-strict-prototypes -Wno-semicolon-before-method-body -index-store-path /Users/admin/builder/spi-builder-workspace/.derivedData/Index.noindex/DataStore @/Users/admin/builder/spi-builder-workspace/.derivedData/Build/Intermediates.noindex/zstd.build/Debug-iphoneos/libzstd-t.build/Objects-normal/arm64/7187679823f38a2a940e0043cdf9d637-common-args.resp -MMD -MT dependencies -MF /Users/admin/builder/spi-builder-workspace/.derivedData/Build/Intermediates.noindex/zstd.build/Debug-iphoneos/libzstd-t.build/Objects-normal/arm64/huf_compress.d --serialize-diagnostics /Users/admin/builder/spi-builder-workspace/.derivedData/Build/Intermediates.noindex/zstd.build/Debug-iphoneos/libzstd-t.build/Objects-normal/arm64/huf_compress.dia -c /Users/admin/builder/spi-builder-workspace/.dependencies/checkouts/zstd/lib/compress/huf_compress.c -o /Users/admin/builder/spi-builder-workspace/.derivedData/Build/Intermediates.noindex/zstd.build/Debug-iphoneos/libzstd-t.build/Objects-normal/arm64/huf_compress.o -index-unit-output-path /zstd.build/Debug-iphoneos/libzstd-t.build/Objects-normal/arm64/huf_compress.o
CompileC /Users/admin/builder/spi-builder-workspace/.derivedData/Build/Intermediates.noindex/zstd.build/Debug-iphoneos/libzstd-t.build/Objects-normal/arm64/hist.o /Users/admin/builder/spi-builder-workspace/.dependencies/checkouts/zstd/lib/compress/hist.c normal arm64 c com.apple.compilers.llvm.clang.1_0.compiler (in target 'libzstd' from project 'zstd')
    cd /Users/admin/builder/spi-builder-workspace/.swiftpm/xcode

    Using response file: /Users/admin/builder/spi-builder-workspace/.derivedData/Build/Intermediates.noindex/zstd.build/Debug-iphoneos/libzstd-t.build/Objects-normal/arm64/7187679823f38a2a940e0043cdf9d637-common-args.resp

    /Applications/Xcode-27.0.0-Release.Candidate.app/Contents/Developer/Toolchains/XcodeDefault.xctoolchain/usr/bin/clang -x c -ivfsstatcache /Users/admin/builder/spi-builder-workspace/.derivedData/SDKStatCaches.noindex/iphoneos27.0-24A430-e829b21a6f8c9b70876ba0858053c04440ceaa042ed91876912b2eeea4e3aa14.sdkstatcache -target arm64-apple-ios15.0 -fmessage-length\=0 -fdiagnostics-show-note-include-stack -fmacro-backtrace-limit\=0 -fno-color-diagnostics -fmodules-prune-interval\=86400 -fmodules-prune-after\=345600 -fbuild-session-file\=/Users/admin/builder/spi-builder-workspace/.derivedData/ModuleCache.noindex/Session.modulevalidation -fmodules-validate-once-per-build-session -Wnon-modular-include-in-framework-module -Werror\=non-modular-include-in-framework-module -Wno-trigraphs -Wno-missing-field-initializers -Wno-missing-prototypes -Wno-return-type -Wno-missing-braces -Wparentheses -Wswitch -Wno-unused-function -Wno-unused-label -Wno-unused-parameter -Wno-unused-variable -Wunused-value -Wno-empty-body -Wno-uninitialized -Wno-unknown-pragmas -w -Wno-shadow -Wno-four-char-constants -Wno-conversion -Wno-constant-conversion -Wno-int-conversion -Wno-bool-conversion -Wno-enum-conversion -Wno-float-conversion -Wno-non-literal-null-conversion -Wno-objc-literal-conversion -Wshorten-64-to-32 -Wpointer-sign -Wno-newline-eof -Wno-implicit-fallthrough -isysroot /Applications/Xcode-27.0.0-Release.Candidate.app/Contents/Developer/Platforms/iPhoneOS.platform/Developer/SDKs/iPhoneOS27.0.sdk -fstrict-aliasing -Wdeprecated-declarations -Wno-sign-conversion -Wno-infinite-recursion -Wno-comma -Wno-block-capture-autoreleasing -Wno-strict-prototypes -Wno-semicolon-before-method-body -index-store-path /Users/admin/builder/spi-builder-workspace/.derivedData/Index.noindex/DataStore @/Users/admin/builder/spi-builder-workspace/.derivedData/Build/Intermediates.noindex/zstd.build/Debug-iphoneos/libzstd-t.build/Objects-normal/arm64/7187679823f38a2a940e0043cdf9d637-common-args.resp -MMD -MT dependencies -MF /Users/admin/builder/spi-builder-workspace/.derivedData/Build/Intermediates.noindex/zstd.build/Debug-iphoneos/libzstd-t.build/Objects-normal/arm64/hist.d --serialize-diagnostics /Users/admin/builder/spi-builder-workspace/.derivedData/Build/Intermediates.noindex/zstd.build/Debug-iphoneos/libzstd-t.build/Objects-normal/arm64/hist.dia -c /Users/admin/builder/spi-builder-workspace/.dependencies/checkouts/zstd/lib/compress/hist.c -o /Users/admin/builder/spi-builder-workspace/.derivedData/Build/Intermediates.noindex/zstd.build/Debug-iphoneos/libzstd-t.build/Objects-normal/arm64/hist.o -index-unit-output-path /zstd.build/Debug-iphoneos/libzstd-t.build/Objects-normal/arm64/hist.o
CompileC /Users/admin/builder/spi-builder-workspace/.derivedData/Build/Intermediates.noindex/zstd.build/Debug-iphoneos/libzstd-t.build/Objects-normal/arm64/fse_decompress.o /Users/admin/builder/spi-builder-workspace/.dependencies/checkouts/zstd/lib/common/fse_decompress.c normal arm64 c com.apple.compilers.llvm.clang.1_0.compiler (in target 'libzstd' from project 'zstd')
    cd /Users/admin/builder/spi-builder-workspace/.swiftpm/xcode

    Using response file: /Users/admin/builder/spi-builder-workspace/.derivedData/Build/Intermediates.noindex/zstd.build/Debug-iphoneos/libzstd-t.build/Objects-normal/arm64/7187679823f38a2a940e0043cdf9d637-common-args.resp

    /Applications/Xcode-27.0.0-Release.Candidate.app/Contents/Developer/Toolchains/XcodeDefault.xctoolchain/usr/bin/clang -x c -ivfsstatcache /Users/admin/builder/spi-builder-workspace/.derivedData/SDKStatCaches.noindex/iphoneos27.0-24A430-e829b21a6f8c9b70876ba0858053c04440ceaa042ed91876912b2eeea4e3aa14.sdkstatcache -target arm64-apple-ios15.0 -fmessage-length\=0 -fdiagnostics-show-note-include-stack -fmacro-backtrace-limit\=0 -fno-color-diagnostics -fmodules-prune-interval\=86400 -fmodules-prune-after\=345600 -fbuild-session-file\=/Users/admin/builder/spi-builder-workspace/.derivedData/ModuleCache.noindex/Session.modulevalidation -fmodules-validate-once-per-build-session -Wnon-modular-include-in-framework-module -Werror\=non-modular-include-in-framework-module -Wno-trigraphs -Wno-missing-field-initializers -Wno-missing-prototypes -Wno-return-type -Wno-missing-braces -Wparentheses -Wswitch -Wno-unused-function -Wno-unused-label -Wno-unused-parameter -Wno-unused-variable -Wunused-value -Wno-empty-body -Wno-uninitialized -Wno-unknown-pragmas -w -Wno-shadow -Wno-four-char-constants -Wno-conversion -Wno-constant-conversion -Wno-int-conversion -Wno-bool-conversion -Wno-enum-conversion -Wno-float-conversion -Wno-non-literal-null-conversion -Wno-objc-literal-conversion -Wshorten-64-to-32 -Wpointer-sign -Wno-newline-eof -Wno-implicit-fallthrough -isysroot /Applications/Xcode-27.0.0-Release.Candidate.app/Contents/Developer/Platforms/iPhoneOS.platform/Developer/SDKs/iPhoneOS27.0.sdk -fstrict-aliasing -Wdeprecated-declarations -Wno-sign-conversion -Wno-infinite-recursion -Wno-comma -Wno-block-capture-autoreleasing -Wno-strict-prototypes -Wno-semicolon-before-method-body -index-store-path /Users/admin/builder/spi-builder-workspace/.derivedData/Index.noindex/DataStore @/Users/admin/builder/spi-builder-workspace/.derivedData/Build/Intermediates.noindex/zstd.build/Debug-iphoneos/libzstd-t.build/Objects-normal/arm64/7187679823f38a2a940e0043cdf9d637-common-args.resp -MMD -MT dependencies -MF /Users/admin/builder/spi-builder-workspace/.derivedData/Build/Intermediates.noindex/zstd.build/Debug-iphoneos/libzstd-t.build/Objects-normal/arm64/fse_decompress.d --serialize-diagnostics /Users/admin/builder/spi-builder-workspace/.derivedData/Build/Intermediates.noindex/zstd.build/Debug-iphoneos/libzstd-t.build/Objects-normal/arm64/fse_decompress.dia -c /Users/admin/builder/spi-builder-workspace/.dependencies/checkouts/zstd/lib/common/fse_decompress.c -o /Users/admin/builder/spi-builder-workspace/.derivedData/Build/Intermediates.noindex/zstd.build/Debug-iphoneos/libzstd-t.build/Objects-normal/arm64/fse_decompress.o -index-unit-output-path /zstd.build/Debug-iphoneos/libzstd-t.build/Objects-normal/arm64/fse_decompress.o
CompileC /Users/admin/builder/spi-builder-workspace/.derivedData/Build/Intermediates.noindex/zstd.build/Debug-iphoneos/libzstd-t.build/Objects-normal/arm64/fse_compress.o /Users/admin/builder/spi-builder-workspace/.dependencies/checkouts/zstd/lib/compress/fse_compress.c normal arm64 c com.apple.compilers.llvm.clang.1_0.compiler (in target 'libzstd' from project 'zstd')
    cd /Users/admin/builder/spi-builder-workspace/.swiftpm/xcode

    Using response file: /Users/admin/builder/spi-builder-workspace/.derivedData/Build/Intermediates.noindex/zstd.build/Debug-iphoneos/libzstd-t.build/Objects-normal/arm64/7187679823f38a2a940e0043cdf9d637-common-args.resp

    /Applications/Xcode-27.0.0-Release.Candidate.app/Contents/Developer/Toolchains/XcodeDefault.xctoolchain/usr/bin/clang -x c -ivfsstatcache /Users/admin/builder/spi-builder-workspace/.derivedData/SDKStatCaches.noindex/iphoneos27.0-24A430-e829b21a6f8c9b70876ba0858053c04440ceaa042ed91876912b2eeea4e3aa14.sdkstatcache -target arm64-apple-ios15.0 -fmessage-length\=0 -fdiagnostics-show-note-include-stack -fmacro-backtrace-limit\=0 -fno-color-diagnostics -fmodules-prune-interval\=86400 -fmodules-prune-after\=345600 -fbuild-session-file\=/Users/admin/builder/spi-builder-workspace/.derivedData/ModuleCache.noindex/Session.modulevalidation -fmodules-validate-once-per-build-session -Wnon-modular-include-in-framework-module -Werror\=non-modular-include-in-framework-module -Wno-trigraphs -Wno-missing-field-initializers -Wno-missing-prototypes -Wno-return-type -Wno-missing-braces -Wparentheses -Wswitch -Wno-unused-function -Wno-unused-label -Wno-unused-parameter -Wno-unused-variable -Wunused-value -Wno-empty-body -Wno-uninitialized -Wno-unknown-pragmas -w -Wno-shadow -Wno-four-char-constants -Wno-conversion -Wno-constant-conversion -Wno-int-conversion -Wno-bool-conversion -Wno-enum-conversion -Wno-float-conversion -Wno-non-literal-null-conversion -Wno-objc-literal-conversion -Wshorten-64-to-32 -Wpointer-sign -Wno-newline-eof -Wno-implicit-fallthrough -isysroot /Applications/Xcode-27.0.0-Release.Candidate.app/Contents/Developer/Platforms/iPhoneOS.platform/Developer/SDKs/iPhoneOS27.0.sdk -fstrict-aliasing -Wdeprecated-declarations -Wno-sign-conversion -Wno-infinite-recursion -Wno-comma -Wno-block-capture-autoreleasing -Wno-strict-prototypes -Wno-semicolon-before-method-body -index-store-path /Users/admin/builder/spi-builder-workspace/.derivedData/Index.noindex/DataStore @/Users/admin/builder/spi-builder-workspace/.derivedData/Build/Intermediates.noindex/zstd.build/Debug-iphoneos/libzstd-t.build/Objects-normal/arm64/7187679823f38a2a940e0043cdf9d637-common-args.resp -MMD -MT dependencies -MF /Users/admin/builder/spi-builder-workspace/.derivedData/Build/Intermediates.noindex/zstd.build/Debug-iphoneos/libzstd-t.build/Objects-normal/arm64/fse_compress.d --serialize-diagnostics /Users/admin/builder/spi-builder-workspace/.derivedData/Build/Intermediates.noindex/zstd.build/Debug-iphoneos/libzstd-t.build/Objects-normal/arm64/fse_compress.dia -c /Users/admin/builder/spi-builder-workspace/.dependencies/checkouts/zstd/lib/compress/fse_compress.c -o /Users/admin/builder/spi-builder-workspace/.derivedData/Build/Intermediates.noindex/zstd.build/Debug-iphoneos/libzstd-t.build/Objects-normal/arm64/fse_compress.o -index-unit-output-path /zstd.build/Debug-iphoneos/libzstd-t.build/Objects-normal/arm64/fse_compress.o
CompileC /Users/admin/builder/spi-builder-workspace/.derivedData/Build/Intermediates.noindex/zstd.build/Debug-iphoneos/libzstd-t.build/Objects-normal/arm64/fastcover.o /Users/admin/builder/spi-builder-workspace/.dependencies/checkouts/zstd/lib/dictBuilder/fastcover.c normal arm64 c com.apple.compilers.llvm.clang.1_0.compiler (in target 'libzstd' from project 'zstd')
    cd /Users/admin/builder/spi-builder-workspace/.swiftpm/xcode

    Using response file: /Users/admin/builder/spi-builder-workspace/.derivedData/Build/Intermediates.noindex/zstd.build/Debug-iphoneos/libzstd-t.build/Objects-normal/arm64/7187679823f38a2a940e0043cdf9d637-common-args.resp

    /Applications/Xcode-27.0.0-Release.Candidate.app/Contents/Developer/Toolchains/XcodeDefault.xctoolchain/usr/bin/clang -x c -ivfsstatcache /Users/admin/builder/spi-builder-workspace/.derivedData/SDKStatCaches.noindex/iphoneos27.0-24A430-e829b21a6f8c9b70876ba0858053c04440ceaa042ed91876912b2eeea4e3aa14.sdkstatcache -target arm64-apple-ios15.0 -fmessage-length\=0 -fdiagnostics-show-note-include-stack -fmacro-backtrace-limit\=0 -fno-color-diagnostics -fmodules-prune-interval\=86400 -fmodules-prune-after\=345600 -fbuild-session-file\=/Users/admin/builder/spi-builder-workspace/.derivedData/ModuleCache.noindex/Session.modulevalidation -fmodules-validate-once-per-build-session -Wnon-modular-include-in-framework-module -Werror\=non-modular-include-in-framework-module -Wno-trigraphs -Wno-missing-field-initializers -Wno-missing-prototypes -Wno-return-type -Wno-missing-braces -Wparentheses -Wswitch -Wno-unused-function -Wno-unused-label -Wno-unused-parameter -Wno-unused-variable -Wunused-value -Wno-empty-body -Wno-uninitialized -Wno-unknown-pragmas -w -Wno-shadow -Wno-four-char-constants -Wno-conversion -Wno-constant-conversion -Wno-int-conversion -Wno-bool-conversion -Wno-enum-conversion -Wno-float-conversion -Wno-non-literal-null-conversion -Wno-objc-literal-conversion -Wshorten-64-to-32 -Wpointer-sign -Wno-newline-eof -Wno-implicit-fallthrough -isysroot /Applications/Xcode-27.0.0-Release.Candidate.app/Contents/Developer/Platforms/iPhoneOS.platform/Developer/SDKs/iPhoneOS27.0.sdk -fstrict-aliasing -Wdeprecated-declarations -Wno-sign-conversion -Wno-infinite-recursion -Wno-comma -Wno-block-capture-autoreleasing -Wno-strict-prototypes -Wno-semicolon-before-method-body -index-store-path /Users/admin/builder/spi-builder-workspace/.derivedData/Index.noindex/DataStore @/Users/admin/builder/spi-builder-workspace/.derivedData/Build/Intermediates.noindex/zstd.build/Debug-iphoneos/libzstd-t.build/Objects-normal/arm64/7187679823f38a2a940e0043cdf9d637-common-args.resp -MMD -MT dependencies -MF /Users/admin/builder/spi-builder-workspace/.derivedData/Build/Intermediates.noindex/zstd.build/Debug-iphoneos/libzstd-t.build/Objects-normal/arm64/fastcover.d --serialize-diagnostics /Users/admin/builder/spi-builder-workspace/.derivedData/Build/Intermediates.noindex/zstd.build/Debug-iphoneos/libzstd-t.build/Objects-normal/arm64/fastcover.dia -c /Users/admin/builder/spi-builder-workspace/.dependencies/checkouts/zstd/lib/dictBuilder/fastcover.c -o /Users/admin/builder/spi-builder-workspace/.derivedData/Build/Intermediates.noindex/zstd.build/Debug-iphoneos/libzstd-t.build/Objects-normal/arm64/fastcover.o -index-unit-output-path /zstd.build/Debug-iphoneos/libzstd-t.build/Objects-normal/arm64/fastcover.o
SwiftExplicitDependencyGeneratePcm arm64 /Users/admin/builder/spi-builder-workspace/.derivedData/SDKExplicitPrecompiledModules/ObjectiveC-B11KXH0CHRPAR6DL0V15OUWX.pcm
CompileC /Users/admin/builder/spi-builder-workspace/.derivedData/Build/Intermediates.noindex/zstd.build/Debug-iphoneos/libzstd-t.build/Objects-normal/arm64/error_private.o /Users/admin/builder/spi-builder-workspace/.dependencies/checkouts/zstd/lib/common/error_private.c normal arm64 c com.apple.compilers.llvm.clang.1_0.compiler (in target 'libzstd' from project 'zstd')
    cd /Users/admin/builder/spi-builder-workspace/.swiftpm/xcode

    Using response file: /Users/admin/builder/spi-builder-workspace/.derivedData/Build/Intermediates.noindex/zstd.build/Debug-iphoneos/libzstd-t.build/Objects-normal/arm64/7187679823f38a2a940e0043cdf9d637-common-args.resp

    /Applications/Xcode-27.0.0-Release.Candidate.app/Contents/Developer/Toolchains/XcodeDefault.xctoolchain/usr/bin/clang -x c -ivfsstatcache /Users/admin/builder/spi-builder-workspace/.derivedData/SDKStatCaches.noindex/iphoneos27.0-24A430-e829b21a6f8c9b70876ba0858053c04440ceaa042ed91876912b2eeea4e3aa14.sdkstatcache -target arm64-apple-ios15.0 -fmessage-length\=0 -fdiagnostics-show-note-include-stack -fmacro-backtrace-limit\=0 -fno-color-diagnostics -fmodules-prune-interval\=86400 -fmodules-prune-after\=345600 -fbuild-session-file\=/Users/admin/builder/spi-builder-workspace/.derivedData/ModuleCache.noindex/Session.modulevalidation -fmodules-validate-once-per-build-session -Wnon-modular-include-in-framework-module -Werror\=non-modular-include-in-framework-module -Wno-trigraphs -Wno-missing-field-initializers -Wno-missing-prototypes -Wno-return-type -Wno-missing-braces -Wparentheses -Wswitch -Wno-unused-function -Wno-unused-label -Wno-unused-parameter -Wno-unused-variable -Wunused-value -Wno-empty-body -Wno-uninitialized -Wno-unknown-pragmas -w -Wno-shadow -Wno-four-char-constants -Wno-conversion -Wno-constant-conversion -Wno-int-conversion -Wno-bool-conversion -Wno-enum-conversion -Wno-float-conversion -Wno-non-literal-null-conversion -Wno-objc-literal-conversion -Wshorten-64-to-32 -Wpointer-sign -Wno-newline-eof -Wno-implicit-fallthrough -isysroot /Applications/Xcode-27.0.0-Release.Candidate.app/Contents/Developer/Platforms/iPhoneOS.platform/Developer/SDKs/iPhoneOS27.0.sdk -fstrict-aliasing -Wdeprecated-declarations -Wno-sign-conversion -Wno-infinite-recursion -Wno-comma -Wno-block-capture-autoreleasing -Wno-strict-prototypes -Wno-semicolon-before-method-body -index-store-path /Users/admin/builder/spi-builder-workspace/.derivedData/Index.noindex/DataStore @/Users/admin/builder/spi-builder-workspace/.derivedData/Build/Intermediates.noindex/zstd.build/Debug-iphoneos/libzstd-t.build/Objects-normal/arm64/7187679823f38a2a940e0043cdf9d637-common-args.resp -MMD -MT dependencies -MF /Users/admin/builder/spi-builder-workspace/.derivedData/Build/Intermediates.noindex/zstd.build/Debug-iphoneos/libzstd-t.build/Objects-normal/arm64/error_private.d --serialize-diagnostics /Users/admin/builder/spi-builder-workspace/.derivedData/Build/Intermediates.noindex/zstd.build/Debug-iphoneos/libzstd-t.build/Objects-normal/arm64/error_private.dia -c /Users/admin/builder/spi-builder-workspace/.dependencies/checkouts/zstd/lib/common/error_private.c -o /Users/admin/builder/spi-builder-workspace/.derivedData/Build/Intermediates.noindex/zstd.build/Debug-iphoneos/libzstd-t.build/Objects-normal/arm64/error_private.o -index-unit-output-path /zstd.build/Debug-iphoneos/libzstd-t.build/Objects-normal/arm64/error_private.o
CompileC /Users/admin/builder/spi-builder-workspace/.derivedData/Build/Intermediates.noindex/zstd.build/Debug-iphoneos/libzstd-t.build/Objects-normal/arm64/entropy_common.o /Users/admin/builder/spi-builder-workspace/.dependencies/checkouts/zstd/lib/common/entropy_common.c normal arm64 c com.apple.compilers.llvm.clang.1_0.compiler (in target 'libzstd' from project 'zstd')
    cd /Users/admin/builder/spi-builder-workspace/.swiftpm/xcode

    Using response file: /Users/admin/builder/spi-builder-workspace/.derivedData/Build/Intermediates.noindex/zstd.build/Debug-iphoneos/libzstd-t.build/Objects-normal/arm64/7187679823f38a2a940e0043cdf9d637-common-args.resp

    /Applications/Xcode-27.0.0-Release.Candidate.app/Contents/Developer/Toolchains/XcodeDefault.xctoolchain/usr/bin/clang -x c -ivfsstatcache /Users/admin/builder/spi-builder-workspace/.derivedData/SDKStatCaches.noindex/iphoneos27.0-24A430-e829b21a6f8c9b70876ba0858053c04440ceaa042ed91876912b2eeea4e3aa14.sdkstatcache -target arm64-apple-ios15.0 -fmessage-length\=0 -fdiagnostics-show-note-include-stack -fmacro-backtrace-limit\=0 -fno-color-diagnostics -fmodules-prune-interval\=86400 -fmodules-prune-after\=345600 -fbuild-session-file\=/Users/admin/builder/spi-builder-workspace/.derivedData/ModuleCache.noindex/Session.modulevalidation -fmodules-validate-once-per-build-session -Wnon-modular-include-in-framework-module -Werror\=non-modular-include-in-framework-module -Wno-trigraphs -Wno-missing-field-initializers -Wno-missing-prototypes -Wno-return-type -Wno-missing-braces -Wparentheses -Wswitch -Wno-unused-function -Wno-unused-label -Wno-unused-parameter -Wno-unused-variable -Wunused-value -Wno-empty-body -Wno-uninitialized -Wno-unknown-pragmas -w -Wno-shadow -Wno-four-char-constants -Wno-conversion -Wno-constant-conversion -Wno-int-conversion -Wno-bool-conversion -Wno-enum-conversion -Wno-float-conversion -Wno-non-literal-null-conversion -Wno-objc-literal-conversion -Wshorten-64-to-32 -Wpointer-sign -Wno-newline-eof -Wno-implicit-fallthrough -isysroot /Applications/Xcode-27.0.0-Release.Candidate.app/Contents/Developer/Platforms/iPhoneOS.platform/Developer/SDKs/iPhoneOS27.0.sdk -fstrict-aliasing -Wdeprecated-declarations -Wno-sign-conversion -Wno-infinite-recursion -Wno-comma -Wno-block-capture-autoreleasing -Wno-strict-prototypes -Wno-semicolon-before-method-body -index-store-path /Users/admin/builder/spi-builder-workspace/.derivedData/Index.noindex/DataStore @/Users/admin/builder/spi-builder-workspace/.derivedData/Build/Intermediates.noindex/zstd.build/Debug-iphoneos/libzstd-t.build/Objects-normal/arm64/7187679823f38a2a940e0043cdf9d637-common-args.resp -MMD -MT dependencies -MF /Users/admin/builder/spi-builder-workspace/.derivedData/Build/Intermediates.noindex/zstd.build/Debug-iphoneos/libzstd-t.build/Objects-normal/arm64/entropy_common.d --serialize-diagnostics /Users/admin/builder/spi-builder-workspace/.derivedData/Build/Intermediates.noindex/zstd.build/Debug-iphoneos/libzstd-t.build/Objects-normal/arm64/entropy_common.dia -c /Users/admin/builder/spi-builder-workspace/.dependencies/checkouts/zstd/lib/common/entropy_common.c -o /Users/admin/builder/spi-builder-workspace/.derivedData/Build/Intermediates.noindex/zstd.build/Debug-iphoneos/libzstd-t.build/Objects-normal/arm64/entropy_common.o -index-unit-output-path /zstd.build/Debug-iphoneos/libzstd-t.build/Objects-normal/arm64/entropy_common.o
CompileC /Users/admin/builder/spi-builder-workspace/.derivedData/Build/Intermediates.noindex/zstd.build/Debug-iphoneos/libzstd-t.build/Objects-normal/arm64/cover.o /Users/admin/builder/spi-builder-workspace/.dependencies/checkouts/zstd/lib/dictBuilder/cover.c normal arm64 c com.apple.compilers.llvm.clang.1_0.compiler (in target 'libzstd' from project 'zstd')
    cd /Users/admin/builder/spi-builder-workspace/.swiftpm/xcode

    Using response file: /Users/admin/builder/spi-builder-workspace/.derivedData/Build/Intermediates.noindex/zstd.build/Debug-iphoneos/libzstd-t.build/Objects-normal/arm64/7187679823f38a2a940e0043cdf9d637-common-args.resp

    /Applications/Xcode-27.0.0-Release.Candidate.app/Contents/Developer/Toolchains/XcodeDefault.xctoolchain/usr/bin/clang -x c -ivfsstatcache /Users/admin/builder/spi-builder-workspace/.derivedData/SDKStatCaches.noindex/iphoneos27.0-24A430-e829b21a6f8c9b70876ba0858053c04440ceaa042ed91876912b2eeea4e3aa14.sdkstatcache -target arm64-apple-ios15.0 -fmessage-length\=0 -fdiagnostics-show-note-include-stack -fmacro-backtrace-limit\=0 -fno-color-diagnostics -fmodules-prune-interval\=86400 -fmodules-prune-after\=345600 -fbuild-session-file\=/Users/admin/builder/spi-builder-workspace/.derivedData/ModuleCache.noindex/Session.modulevalidation -fmodules-validate-once-per-build-session -Wnon-modular-include-in-framework-module -Werror\=non-modular-include-in-framework-module -Wno-trigraphs -Wno-missing-field-initializers -Wno-missing-prototypes -Wno-return-type -Wno-missing-braces -Wparentheses -Wswitch -Wno-unused-function -Wno-unused-label -Wno-unused-parameter -Wno-unused-variable -Wunused-value -Wno-empty-body -Wno-uninitialized -Wno-unknown-pragmas -w -Wno-shadow -Wno-four-char-constants -Wno-conversion -Wno-constant-conversion -Wno-int-conversion -Wno-bool-conversion -Wno-enum-conversion -Wno-float-conversion -Wno-non-literal-null-conversion -Wno-objc-literal-conversion -Wshorten-64-to-32 -Wpointer-sign -Wno-newline-eof -Wno-implicit-fallthrough -isysroot /Applications/Xcode-27.0.0-Release.Candidate.app/Contents/Developer/Platforms/iPhoneOS.platform/Developer/SDKs/iPhoneOS27.0.sdk -fstrict-aliasing -Wdeprecated-declarations -Wno-sign-conversion -Wno-infinite-recursion -Wno-comma -Wno-block-capture-autoreleasing -Wno-strict-prototypes -Wno-semicolon-before-method-body -index-store-path /Users/admin/builder/spi-builder-workspace/.derivedData/Index.noindex/DataStore @/Users/admin/builder/spi-builder-workspace/.derivedData/Build/Intermediates.noindex/zstd.build/Debug-iphoneos/libzstd-t.build/Objects-normal/arm64/7187679823f38a2a940e0043cdf9d637-common-args.resp -MMD -MT dependencies -MF /Users/admin/builder/spi-builder-workspace/.derivedData/Build/Intermediates.noindex/zstd.build/Debug-iphoneos/libzstd-t.build/Objects-normal/arm64/cover.d --serialize-diagnostics /Users/admin/builder/spi-builder-workspace/.derivedData/Build/Intermediates.noindex/zstd.build/Debug-iphoneos/libzstd-t.build/Objects-normal/arm64/cover.dia -c /Users/admin/builder/spi-builder-workspace/.dependencies/checkouts/zstd/lib/dictBuilder/cover.c -o /Users/admin/builder/spi-builder-workspace/.derivedData/Build/Intermediates.noindex/zstd.build/Debug-iphoneos/libzstd-t.build/Objects-normal/arm64/cover.o -index-unit-output-path /zstd.build/Debug-iphoneos/libzstd-t.build/Objects-normal/arm64/cover.o
PrecompileModule /Users/admin/builder/spi-builder-workspace/.derivedData/Build/Intermediates.noindex/ExplicitPrecompiledModules/_DarwinFoundation1-1ES5WKQ4YCKFAZIASPKG6XDMT.scan
    cd /
    builtin-precompileModule /Users/admin/builder/spi-builder-workspace/.derivedData/Build/Intermediates.noindex/ExplicitPrecompiledModules/_DarwinFoundation1-1ES5WKQ4YCKFAZIASPKG6XDMT.scan
PrecompileModule /Users/admin/builder/spi-builder-workspace/.derivedData/Build/Intermediates.noindex/ExplicitPrecompiledModules/_Builtin_stddef-4AF1RW8KPCE0WHE6YDIT7MX26.scan
    cd /
    builtin-precompileModule /Users/admin/builder/spi-builder-workspace/.derivedData/Build/Intermediates.noindex/ExplicitPrecompiledModules/_Builtin_stddef-4AF1RW8KPCE0WHE6YDIT7MX26.scan
PrecompileModule /Users/admin/builder/spi-builder-workspace/.derivedData/Build/Intermediates.noindex/ExplicitPrecompiledModules/_Builtin_stdarg-ADEHSOIRI0KZRGGSO1RHT5A86.scan
    cd /
    builtin-precompileModule /Users/admin/builder/spi-builder-workspace/.derivedData/Build/Intermediates.noindex/ExplicitPrecompiledModules/_Builtin_stdarg-ADEHSOIRI0KZRGGSO1RHT5A86.scan
PrecompileModule /Users/admin/builder/spi-builder-workspace/.derivedData/Build/Intermediates.noindex/ExplicitPrecompiledModules/_Builtin_float-9ZG0O9P7RK4112B29E5A99HY2.scan
    cd /
    builtin-precompileModule /Users/admin/builder/spi-builder-workspace/.derivedData/Build/Intermediates.noindex/ExplicitPrecompiledModules/_Builtin_float-9ZG0O9P7RK4112B29E5A99HY2.scan
SwiftExplicitDependencyGeneratePcm arm64 /Users/admin/builder/spi-builder-workspace/.derivedData/SDKExplicitPrecompiledModules/os_object-39R6K1ZW4M0CXKJ1WMJZK8M2C.pcm
PrecompileModule /Users/admin/builder/spi-builder-workspace/.derivedData/Build/Intermediates.noindex/ExplicitPrecompiledModules/_Builtin_stdbool-GHNUDGVY1B2PCH4XTPLU2FRA.scan
    cd /
    builtin-precompileModule /Users/admin/builder/spi-builder-workspace/.derivedData/Build/Intermediates.noindex/ExplicitPrecompiledModules/_Builtin_stdbool-GHNUDGVY1B2PCH4XTPLU2FRA.scan
PrecompileModule /Users/admin/builder/spi-builder-workspace/.derivedData/Build/Intermediates.noindex/ExplicitPrecompiledModules/ptrcheck-D8SQM0IWJ9D6ZZ8GGLUOSF9EC.scan
    cd /
    builtin-precompileModule /Users/admin/builder/spi-builder-workspace/.derivedData/Build/Intermediates.noindex/ExplicitPrecompiledModules/ptrcheck-D8SQM0IWJ9D6ZZ8GGLUOSF9EC.scan
SwiftCompile normal arm64 Compiling\ Float16+Real.swift /Users/admin/builder/spi-builder-workspace/.dependencies/checkouts/swift-numerics/Sources/RealModule/Float16+Real.swift (in target 'RealModule' from project 'swift-numerics')
SwiftCompile normal arm64 /Users/admin/builder/spi-builder-workspace/.dependencies/checkouts/swift-numerics/Sources/RealModule/Float16+Real.swift (in target 'RealModule' from project 'swift-numerics')
    cd /Users/admin/builder/spi-builder-workspace/.swiftpm/xcode
    builtin-SwiftPerFileCompile Float16+Real.swift
PrecompileModule /Users/admin/builder/spi-builder-workspace/.derivedData/Build/Intermediates.noindex/ExplicitPrecompiledModules/_DarwinFoundation2-BAA1QWLIENDZHJZARH30Z7413.scan
    cd /
    builtin-precompileModule /Users/admin/builder/spi-builder-workspace/.derivedData/Build/Intermediates.noindex/ExplicitPrecompiledModules/_DarwinFoundation2-BAA1QWLIENDZHJZARH30Z7413.scan
PrecompileModule /Users/admin/builder/spi-builder-workspace/.derivedData/Build/Intermediates.noindex/ExplicitPrecompiledModules/_Builtin_limits-BAP5SQJ0UGC5M7FNJQCWBRU4J.scan
    cd /
    builtin-precompileModule /Users/admin/builder/spi-builder-workspace/.derivedData/Build/Intermediates.noindex/ExplicitPrecompiledModules/_Builtin_limits-BAP5SQJ0UGC5M7FNJQCWBRU4J.scan
PrecompileModule /Users/admin/builder/spi-builder-workspace/.derivedData/Build/Intermediates.noindex/ExplicitPrecompiledModules/_DarwinFoundation1-DRGJDYWHSR0TCJ3FHGIAUL79O.scan
    cd /
    builtin-precompileModule /Users/admin/builder/spi-builder-workspace/.derivedData/Build/Intermediates.noindex/ExplicitPrecompiledModules/_DarwinFoundation1-DRGJDYWHSR0TCJ3FHGIAUL79O.scan
SwiftEmitModule normal arm64 Emitting\ module\ for\ Logging (in target 'Logging' from project 'swift-log')
SwiftCompile normal arm64 (in target 'Logging' from project 'swift-log')
    cd /Users/admin/builder/spi-builder-workspace/.swiftpm/xcode

SwiftCompile normal arm64 Compiling\ AlgebraicField.swift,\ ApproximateEquality.swift /Users/admin/builder/spi-builder-workspace/.dependencies/checkouts/swift-numerics/Sources/RealModule/AlgebraicField.swift /Users/admin/builder/spi-builder-workspace/.dependencies/checkouts/swift-numerics/Sources/RealModule/ApproximateEquality.swift (in target 'RealModule' from project 'swift-numerics')
SwiftCompile normal arm64 /Users/admin/builder/spi-builder-workspace/.dependencies/checkouts/swift-numerics/Sources/RealModule/AlgebraicField.swift (in target 'RealModule' from project 'swift-numerics')
    cd /Users/admin/builder/spi-builder-workspace/.swiftpm/xcode
    builtin-SwiftPerFileCompile AlgebraicField.swift
SwiftCompile normal arm64 /Users/admin/builder/spi-builder-workspace/.dependencies/checkouts/swift-numerics/Sources/RealModule/ApproximateEquality.swift (in target 'RealModule' from project 'swift-numerics')
    cd /Users/admin/builder/spi-builder-workspace/.swiftpm/xcode
    builtin-SwiftPerFileCompile ApproximateEquality.swift
SwiftCompile normal arm64 Compiling\ RelaxedArithmetic.swift /Users/admin/builder/spi-builder-workspace/.dependencies/checkouts/swift-numerics/Sources/RealModule/RelaxedArithmetic.swift (in target 'RealModule' from project 'swift-numerics')
SwiftCompile normal arm64 /Users/admin/builder/spi-builder-workspace/.dependencies/checkouts/swift-numerics/Sources/RealModule/RelaxedArithmetic.swift (in target 'RealModule' from project 'swift-numerics')
    cd /Users/admin/builder/spi-builder-workspace/.swiftpm/xcode
    builtin-SwiftPerFileCompile RelaxedArithmetic.swift
SwiftExplicitDependencyGeneratePcm arm64 /Users/admin/builder/spi-builder-workspace/.derivedData/SDKExplicitPrecompiledModules/os_workgroup-24KM5066VOM199SLPK0FMLPYP.pcm
PrecompileModule /Users/admin/builder/spi-builder-workspace/.derivedData/Build/Intermediates.noindex/ExplicitPrecompiledModules/_DarwinFoundation2-58P6VOSQJ1WMGE6URHF11R2EX.scan
    cd /
    builtin-precompileModule /Users/admin/builder/spi-builder-workspace/.derivedData/Build/Intermediates.noindex/ExplicitPrecompiledModules/_DarwinFoundation2-58P6VOSQJ1WMGE6URHF11R2EX.scan
PrecompileModule /Users/admin/builder/spi-builder-workspace/.derivedData/Build/Intermediates.noindex/ExplicitPrecompiledModules/_Builtin_stdint-41AMVYOJN9QB1HZOQ1MTFWP4P.scan
    cd /
    builtin-precompileModule /Users/admin/builder/spi-builder-workspace/.derivedData/Build/Intermediates.noindex/ExplicitPrecompiledModules/_Builtin_stdint-41AMVYOJN9QB1HZOQ1MTFWP4P.scan
SwiftDriverJobDiscovery normal arm64 Compiling RelaxedArithmetic.swift (in target 'RealModule' from project 'swift-numerics')
SwiftCompile normal arm64 Compiling\ Double+Real.swift /Users/admin/builder/spi-builder-workspace/.dependencies/checkouts/swift-numerics/Sources/RealModule/Double+Real.swift (in target 'RealModule' from project 'swift-numerics')
SwiftCompile normal arm64 /Users/admin/builder/spi-builder-workspace/.dependencies/checkouts/swift-numerics/Sources/RealModule/Double+Real.swift (in target 'RealModule' from project 'swift-numerics')
    cd /Users/admin/builder/spi-builder-workspace/.swiftpm/xcode
    builtin-SwiftPerFileCompile Double+Real.swift
SwiftExplicitDependencyGeneratePcm arm64 /Users/admin/builder/spi-builder-workspace/.derivedData/SDKExplicitPrecompiledModules/Dispatch-ATYRC6ZTNZOFUFVI4AZT0N36L.pcm
PrecompileModule /Users/admin/builder/spi-builder-workspace/.derivedData/Build/Intermediates.noindex/ExplicitPrecompiledModules/_Builtin_stdint-AN1L77IDTKHZMQBLZ9L3C61XB.scan
    cd /
    builtin-precompileModule /Users/admin/builder/spi-builder-workspace/.derivedData/Build/Intermediates.noindex/ExplicitPrecompiledModules/_Builtin_stdint-AN1L77IDTKHZMQBLZ9L3C61XB.scan
PrecompileModule /Users/admin/builder/spi-builder-workspace/.derivedData/Build/Intermediates.noindex/ExplicitPrecompiledModules/_DarwinFoundation3-30EVOMJZ4LVCCJVVTE71ZQTIC.scan
    cd /
    builtin-precompileModule /Users/admin/builder/spi-builder-workspace/.derivedData/Build/Intermediates.noindex/ExplicitPrecompiledModules/_DarwinFoundation3-30EVOMJZ4LVCCJVVTE71ZQTIC.scan
SwiftDriverJobDiscovery normal arm64 Compiling AlgebraicField.swift, ApproximateEquality.swift (in target 'RealModule' from project 'swift-numerics')
SwiftCompile normal arm64 Compiling\ Float+Real.swift /Users/admin/builder/spi-builder-workspace/.dependencies/checkouts/swift-numerics/Sources/RealModule/Float+Real.swift (in target 'RealModule' from project 'swift-numerics')
SwiftCompile normal arm64 /Users/admin/builder/spi-builder-workspace/.dependencies/checkouts/swift-numerics/Sources/RealModule/Float+Real.swift (in target 'RealModule' from project 'swift-numerics')
    cd /Users/admin/builder/spi-builder-workspace/.swiftpm/xcode
    builtin-SwiftPerFileCompile Float+Real.swift
SwiftDriverJobDiscovery normal arm64 Compiling Float16+Real.swift (in target 'RealModule' from project 'swift-numerics')
SwiftCompile normal arm64 Compiling\ RealFunctions.swift /Users/admin/builder/spi-builder-workspace/.dependencies/checkouts/swift-numerics/Sources/RealModule/RealFunctions.swift (in target 'RealModule' from project 'swift-numerics')
SwiftCompile normal arm64 /Users/admin/builder/spi-builder-workspace/.dependencies/checkouts/swift-numerics/Sources/RealModule/RealFunctions.swift (in target 'RealModule' from project 'swift-numerics')
    cd /Users/admin/builder/spi-builder-workspace/.swiftpm/xcode
    builtin-SwiftPerFileCompile RealFunctions.swift
CompileC /Users/admin/builder/spi-builder-workspace/.derivedData/Build/Intermediates.noindex/swift-atomics.build/Debug-iphoneos/_AtomicsShims-t.build/Objects-normal/arm64/_AtomicsShims.o /Users/admin/builder/spi-builder-workspace/.dependencies/checkouts/swift-atomics/Sources/_AtomicsShims/src/_AtomicsShims.c normal arm64 c com.apple.compilers.llvm.clang.1_0.compiler (in target '_AtomicsShims' from project 'swift-atomics')
    cd /Users/admin/builder/spi-builder-workspace/.swiftpm/xcode

    Using response file: /Users/admin/builder/spi-builder-workspace/.derivedData/Build/Intermediates.noindex/swift-atomics.build/Debug-iphoneos/_AtomicsShims-t.build/Objects-normal/arm64/7187679823f38a2a940e0043cdf9d637-common-args.resp

    /Applications/Xcode-27.0.0-Release.Candidate.app/Contents/Developer/Toolchains/XcodeDefault.xctoolchain/usr/bin/clang -x c -ivfsstatcache /Users/admin/builder/spi-builder-workspace/.derivedData/SDKStatCaches.noindex/iphoneos27.0-24A430-e829b21a6f8c9b70876ba0858053c04440ceaa042ed91876912b2eeea4e3aa14.sdkstatcache -target arm64-apple-ios15.0 -fmessage-length\=0 -fdiagnostics-show-note-include-stack -fmacro-backtrace-limit\=0 -fno-color-diagnostics -fmodules-prune-interval\=86400 -fmodules-prune-after\=345600 -fbuild-session-file\=/Users/admin/builder/spi-builder-workspace/.derivedData/ModuleCache.noindex/Session.modulevalidation -fmodules-validate-once-per-build-session -Wnon-modular-include-in-framework-module -Werror\=non-modular-include-in-framework-module -Wno-trigraphs -Wno-missing-field-initializers -Wno-missing-prototypes -Wno-return-type -Wno-missing-braces -Wparentheses -Wswitch -Wno-unused-function -Wno-unused-label -Wno-unused-parameter -Wno-unused-variable -Wunused-value -Wno-empty-body -Wno-uninitialized -Wno-unknown-pragmas -w -Wno-shadow -Wno-four-char-constants -Wno-conversion -Wno-constant-conversion -Wno-int-conversion -Wno-bool-conversion -Wno-enum-conversion -Wno-float-conversion -Wno-non-literal-null-conversion -Wno-objc-literal-conversion -Wshorten-64-to-32 -Wpointer-sign -Wno-newline-eof -Wno-implicit-fallthrough -isysroot /Applications/Xcode-27.0.0-Release.Candidate.app/Contents/Developer/Platforms/iPhoneOS.platform/Developer/SDKs/iPhoneOS27.0.sdk -fstrict-aliasing -Wdeprecated-declarations -Wno-sign-conversion -Wno-infinite-recursion -Wno-comma -Wno-block-capture-autoreleasing -Wno-strict-prototypes -Wno-semicolon-before-method-body -index-store-path /Users/admin/builder/spi-builder-workspace/.derivedData/Index.noindex/DataStore @/Users/admin/builder/spi-builder-workspace/.derivedData/Build/Intermediates.noindex/swift-atomics.build/Debug-iphoneos/_AtomicsShims-t.build/Objects-normal/arm64/7187679823f38a2a940e0043cdf9d637-common-args.resp -MMD -MT dependencies -MF /Users/admin/builder/spi-builder-workspace/.derivedData/Build/Intermediates.noindex/swift-atomics.build/Debug-iphoneos/_AtomicsShims-t.build/Objects-normal/arm64/_AtomicsShims.d --serialize-diagnostics /Users/admin/builder/spi-builder-workspace/.derivedData/Build/Intermediates.noindex/swift-atomics.build/Debug-iphoneos/_AtomicsShims-t.build/Objects-normal/arm64/_AtomicsShims.dia -c /Users/admin/builder/spi-builder-workspace/.dependencies/checkouts/swift-atomics/Sources/_AtomicsShims/src/_AtomicsShims.c -o /Users/admin/builder/spi-builder-workspace/.derivedData/Build/Intermediates.noindex/swift-atomics.build/Debug-iphoneos/_AtomicsShims-t.build/Objects-normal/arm64/_AtomicsShims.o -index-unit-output-path /swift-atomics.build/Debug-iphoneos/_AtomicsShims-t.build/Objects-normal/arm64/_AtomicsShims.o
SwiftDriverJobDiscovery normal arm64 Emitting module for Atomics (in target 'Atomics' from project 'swift-atomics')
SwiftDriver\ Compilation\ Requirements Atomics normal arm64 com.apple.xcode.tools.swift.compiler (in target 'Atomics' from project 'swift-atomics')
    cd /Users/admin/builder/spi-builder-workspace/.swiftpm/xcode
    builtin-Swift-Compilation-Requirements -- /Applications/Xcode-27.0.0-Release.Candidate.app/Contents/Developer/Toolchains/XcodeDefault.xctoolchain/usr/bin/swiftc -parse-as-library -module-name Atomics -Onone @/Users/admin/builder/spi-builder-workspace/.derivedData/Build/Intermediates.noindex/swift-atomics.build/Debug-iphoneos/Atomics-t.build/Objects-normal/arm64/Atomics.SwiftFileList -DSWIFT_PACKAGE -DDEBUG -DSWIFT_MODULE_RESOURCE_BUNDLE_UNAVAILABLE -Xcc -fmodule-map-file\=/Users/admin/builder/spi-builder-workspace/.dependencies/checkouts/swift-atomics/Sources/_AtomicsShims/include/module.modulemap -DXcode -enable-experimental-feature BuiltinModule -plugin-path /Applications/Xcode-27.0.0-Release.Candidate.app/Contents/Developer/Toolchains/XcodeDefault.xctoolchain/usr/lib/swift/host/plugins/testing -enable-experimental-feature DebugDescriptionMacro -sdk /Applications/Xcode-27.0.0-Release.Candidate.app/Contents/Developer/Platforms/iPhoneOS.platform/Developer/SDKs/iPhoneOS27.0.sdk -target arm64-apple-ios15.0 -g -module-cache-path /Users/admin/builder/spi-builder-workspace/.derivedData/ModuleCache.noindex -Xfrontend -serialize-debugging-options -enable-testing -suppress-warnings -index-store-path /Users/admin/builder/spi-builder-workspace/.derivedData/Index.noindex/DataStore -Xcc -D_LIBCPP_HARDENING_MODE\=_LIBCPP_HARDENING_MODE_DEBUG -swift-version 5 -I /Users/admin/builder/spi-builder-workspace/.derivedData/Build/Products/Debug-iphoneos -Isystem /Applications/Xcode-27.0.0-Release.Candidate.app/Contents/Developer/Platforms/iPhoneOS.platform/Developer/usr/lib -F /Users/admin/builder/spi-builder-workspace/.derivedData/Build/Products/Debug-iphoneos/PackageFrameworks -F /Users/admin/builder/spi-builder-workspace/.derivedData/Build/Products/Debug-iphoneos -F /Applications/Xcode-27.0.0-Release.Candidate.app/Contents/Developer/Platforms/iPhoneOS.platform/Developer/Library/Frameworks -F /Applications/Xcode-27.0.0-Release.Candidate.app/Contents/Developer/Platforms/iPhoneOS.platform/Developer/SDKs/iPhoneOS27.0.sdk/Developer/Library/Frameworks -c -j10 -enable-batch-mode -incremental -Xcc -ivfsstatcache -Xcc /Users/admin/builder/spi-builder-workspace/.derivedData/SDKStatCaches.noindex/iphoneos27.0-24A430-e829b21a6f8c9b70876ba0858053c04440ceaa042ed91876912b2eeea4e3aa14.sdkstatcache -output-file-map /Users/admin/builder/spi-builder-workspace/.derivedData/Build/Intermediates.noindex/swift-atomics.build/Debug-iphoneos/Atomics-t.build/Objects-normal/arm64/Atomics-OutputFileMap.json -save-temps -no-color-diagnostics -explicit-module-build -module-cache-path /Users/admin/builder/spi-builder-workspace/.derivedData/Build/Intermediates.noindex/SwiftExplicitPrecompiledModules -clang-scanner-module-cache-path /Users/admin/builder/spi-builder-workspace/.derivedData/ModuleCache.noindex -sdk-module-cache-path /Users/admin/builder/spi-builder-workspace/.derivedData/SDKExplicitPrecompiledModules -emit-dependencies -emit-module -emit-module-path /Users/admin/builder/spi-builder-workspace/.derivedData/Build/Intermediates.noindex/swift-atomics.build/Debug-iphoneos/Atomics-t.build/Objects-normal/arm64/Atomics.swiftmodule -serialize-diagnostics -dependency-scan-serialize-diagnostics-path /Users/admin/builder/spi-builder-workspace/.derivedData/Build/Intermediates.noindex/swift-atomics.build/Debug-iphoneos/Atomics-t.build/Objects-normal/arm64/Atomics-dependency-scan.dia -validate-clang-modules-once -clang-build-session-file /Users/admin/builder/spi-builder-workspace/.derivedData/ModuleCache.noindex/Session.modulevalidation -Xcc -fmodules-prune-interval\=86400 -Xcc -fmodules-prune-after\=345600 -package-name swift_atomics -emit-const-values -const-gather-protocols-list /Users/admin/builder/spi-builder-workspace/.derivedData/Build/Intermediates.noindex/swift-atomics.build/Debug-iphoneos/Atomics-t.build/Objects-normal/arm64/Atomics_const_extract_protocols.json -Xcc -I/Users/admin/builder/spi-builder-workspace/.dependencies/checkouts/swift-atomics/Sources/_AtomicsShims/include -Xcc -I/Users/admin/builder/spi-builder-workspace/.derivedData/Build/Products/Debug-iphoneos/include -Xcc -I/Users/admin/builder/spi-builder-workspace/.derivedData/Build/Intermediates.noindex/swift-atomics.build/Debug-iphoneos/Atomics-t.build/DerivedSources-normal/arm64 -Xcc -I/Users/admin/builder/spi-builder-workspace/.derivedData/Build/Intermediates.noindex/swift-atomics.build/Debug-iphoneos/Atomics-t.build/DerivedSources/arm64 -Xcc -I/Users/admin/builder/spi-builder-workspace/.derivedData/Build/Intermediates.noindex/swift-atomics.build/Debug-iphoneos/Atomics-t.build/DerivedSources -Xcc -DSWIFT_PACKAGE -Xcc -DDEBUG\=1 -emit-objc-header -emit-objc-header-path /Users/admin/builder/spi-builder-workspace/.derivedData/Build/Intermediates.noindex/swift-atomics.build/Debug-iphoneos/Atomics-t.build/Objects-normal/arm64/Atomics-Swift.h -working-directory /Users/admin/builder/spi-builder-workspace/.swiftpm/xcode -experimental-emit-module-separately -disable-cmo
SwiftExplicitDependencyGeneratePcm arm64 /Users/admin/builder/spi-builder-workspace/.derivedData/SDKExplicitPrecompiledModules/CoreFoundation-6RZ7WG7C70RNLQ7W9TEHN64U.pcm
SwiftMergeGeneratedHeaders /Users/admin/builder/spi-builder-workspace/.derivedData/Build/Intermediates.noindex/GeneratedModuleMaps-iphoneos/Atomics-Swift.h /Users/admin/builder/spi-builder-workspace/.derivedData/Build/Intermediates.noindex/swift-atomics.build/Debug-iphoneos/Atomics-t.build/Objects-normal/arm64/Atomics-Swift.h (in target 'Atomics' from project 'swift-atomics')
    cd /Users/admin/builder/spi-builder-workspace/.dependencies/checkouts/swift-atomics
    builtin-swiftHeaderTool -arch arm64 /Users/admin/builder/spi-builder-workspace/.derivedData/Build/Intermediates.noindex/swift-atomics.build/Debug-iphoneos/Atomics-t.build/Objects-normal/arm64/Atomics-Swift.h -o /Users/admin/builder/spi-builder-workspace/.derivedData/Build/Intermediates.noindex/GeneratedModuleMaps-iphoneos/Atomics-Swift.h
Copy /Users/admin/builder/spi-builder-workspace/.derivedData/Build/Products/Debug-iphoneos/Atomics.swiftmodule/arm64-apple-ios.swiftmodule /Users/admin/builder/spi-builder-workspace/.derivedData/Build/Intermediates.noindex/swift-atomics.build/Debug-iphoneos/Atomics-t.build/Objects-normal/arm64/Atomics.swiftmodule (in target 'Atomics' from project 'swift-atomics')
    cd /Users/admin/builder/spi-builder-workspace/.dependencies/checkouts/swift-atomics
    builtin-copy -exclude .DS_Store -exclude CVS -exclude .svn -exclude .git -exclude .hg -resolve-src-symlinks -rename /Users/admin/builder/spi-builder-workspace/.derivedData/Build/Intermediates.noindex/swift-atomics.build/Debug-iphoneos/Atomics-t.build/Objects-normal/arm64/Atomics.swiftmodule /Users/admin/builder/spi-builder-workspace/.derivedData/Build/Products/Debug-iphoneos/Atomics.swiftmodule/arm64-apple-ios.swiftmodule
Ld /Users/admin/builder/spi-builder-workspace/.derivedData/Build/Products/Debug-iphoneos/_AtomicsShims.o normal (in target '_AtomicsShims' from project 'swift-atomics')
    cd /Users/admin/builder/spi-builder-workspace/.dependencies/checkouts/swift-atomics
    /Applications/Xcode-27.0.0-Release.Candidate.app/Contents/Developer/Toolchains/XcodeDefault.xctoolchain/usr/bin/clang -Xlinker -reproducible -target arm64-apple-ios15.0 -r -isysroot /Applications/Xcode-27.0.0-Release.Candidate.app/Contents/Developer/Platforms/iPhoneOS.platform/Developer/SDKs/iPhoneOS27.0.sdk -O0 -w -Xlinker -no_warn_duplicate_libraries -F/Users/admin/builder/spi-builder-workspace/.derivedData/Build/Intermediates.noindex/EagerLinkingTBDs/Debug-iphoneos -F/Users/admin/builder/spi-builder-workspace/.derivedData/Build/Products/Debug-iphoneos -iframework /Applications/Xcode-27.0.0-Release.Candidate.app/Contents/Developer/Platforms/iPhoneOS.platform/Developer/Library/Frameworks -iframework /Applications/Xcode-27.0.0-Release.Candidate.app/Contents/Developer/Platforms/iPhoneOS.platform/Developer/SDKs/iPhoneOS27.0.sdk/Developer/Library/Frameworks -filelist /Users/admin/builder/spi-builder-workspace/.derivedData/Build/Intermediates.noindex/swift-atomics.build/Debug-iphoneos/_AtomicsShims-t.build/Objects-normal/arm64/_AtomicsShims.LinkFileList -nostdlib -Xlinker -object_path_lto -Xlinker /Users/admin/builder/spi-builder-workspace/.derivedData/Build/Intermediates.noindex/swift-atomics.build/Debug-iphoneos/_AtomicsShims-t.build/Objects-normal/arm64/_AtomicsShims_lto.o -Xlinker -no_deduplicate -Xlinker -dependency_info -Xlinker /Users/admin/builder/spi-builder-workspace/.derivedData/Build/Intermediates.noindex/swift-atomics.build/Debug-iphoneos/_AtomicsShims-t.build/Objects-normal/arm64/_AtomicsShims_dependency_info.dat -o /Users/admin/builder/spi-builder-workspace/.derivedData/Build/Products/Debug-iphoneos/_AtomicsShims.o
Copy /Users/admin/builder/spi-builder-workspace/.derivedData/Build/Products/Debug-iphoneos/Atomics.swiftmodule/arm64-apple-ios.swiftdoc /Users/admin/builder/spi-builder-workspace/.derivedData/Build/Intermediates.noindex/swift-atomics.build/Debug-iphoneos/Atomics-t.build/Objects-normal/arm64/Atomics.swiftdoc (in target 'Atomics' from project 'swift-atomics')
    cd /Users/admin/builder/spi-builder-workspace/.dependencies/checkouts/swift-atomics
    builtin-copy -exclude .DS_Store -exclude CVS -exclude .svn -exclude .git -exclude .hg -resolve-src-symlinks -rename /Users/admin/builder/spi-builder-workspace/.derivedData/Build/Intermediates.noindex/swift-atomics.build/Debug-iphoneos/Atomics-t.build/Objects-normal/arm64/Atomics.swiftdoc /Users/admin/builder/spi-builder-workspace/.derivedData/Build/Products/Debug-iphoneos/Atomics.swiftmodule/arm64-apple-ios.swiftdoc
Copy /Users/admin/builder/spi-builder-workspace/.derivedData/Build/Products/Debug-iphoneos/Atomics.swiftmodule/arm64-apple-ios.abi.json /Users/admin/builder/spi-builder-workspace/.derivedData/Build/Intermediates.noindex/swift-atomics.build/Debug-iphoneos/Atomics-t.build/Objects-normal/arm64/Atomics.abi.json (in target 'Atomics' from project 'swift-atomics')
    cd /Users/admin/builder/spi-builder-workspace/.dependencies/checkouts/swift-atomics
    builtin-copy -exclude .DS_Store -exclude CVS -exclude .svn -exclude .git -exclude .hg -resolve-src-symlinks -rename /Users/admin/builder/spi-builder-workspace/.derivedData/Build/Intermediates.noindex/swift-atomics.build/Debug-iphoneos/Atomics-t.build/Objects-normal/arm64/Atomics.abi.json /Users/admin/builder/spi-builder-workspace/.derivedData/Build/Products/Debug-iphoneos/Atomics.swiftmodule/arm64-apple-ios.abi.json
Copy /Users/admin/builder/spi-builder-workspace/.derivedData/Build/Products/Debug-iphoneos/Atomics.swiftmodule/Project/arm64-apple-ios.swiftsourceinfo /Users/admin/builder/spi-builder-workspace/.derivedData/Build/Intermediates.noindex/swift-atomics.build/Debug-iphoneos/Atomics-t.build/Objects-normal/arm64/Atomics.swiftsourceinfo (in target 'Atomics' from project 'swift-atomics')
    cd /Users/admin/builder/spi-builder-workspace/.dependencies/checkouts/swift-atomics
    builtin-copy -exclude .DS_Store -exclude CVS -exclude .svn -exclude .git -exclude .hg -resolve-src-symlinks -rename /Users/admin/builder/spi-builder-workspace/.derivedData/Build/Intermediates.noindex/swift-atomics.build/Debug-iphoneos/Atomics-t.build/Objects-normal/arm64/Atomics.swiftsourceinfo /Users/admin/builder/spi-builder-workspace/.derivedData/Build/Products/Debug-iphoneos/Atomics.swiftmodule/Project/arm64-apple-ios.swiftsourceinfo
SwiftExplicitDependencyGeneratePcm arm64 /Users/admin/builder/spi-builder-workspace/.derivedData/SDKExplicitPrecompiledModules/XPC-2B8LCRX5U2HGX5DUXAJMAUYF5.pcm
PrecompileModule /Users/admin/builder/spi-builder-workspace/.derivedData/Build/Intermediates.noindex/ExplicitPrecompiledModules/_Builtin_inttypes-D6XVR8TLPJJKZNF2VYI75AR36.scan
    cd /
    builtin-precompileModule /Users/admin/builder/spi-builder-workspace/.derivedData/Build/Intermediates.noindex/ExplicitPrecompiledModules/_Builtin_inttypes-D6XVR8TLPJJKZNF2VYI75AR36.scan
SwiftDriverJobDiscovery normal arm64 Compiling RealFunctions.swift (in target 'RealModule' from project 'swift-numerics')
SwiftCompile normal arm64 Compiling\ AugmentedArithmetic.swift /Users/admin/builder/spi-builder-workspace/.dependencies/checkouts/swift-numerics/Sources/RealModule/AugmentedArithmetic.swift (in target 'RealModule' from project 'swift-numerics')
SwiftCompile normal arm64 /Users/admin/builder/spi-builder-workspace/.dependencies/checkouts/swift-numerics/Sources/RealModule/AugmentedArithmetic.swift (in target 'RealModule' from project 'swift-numerics')
    cd /Users/admin/builder/spi-builder-workspace/.swiftpm/xcode
    builtin-SwiftPerFileCompile AugmentedArithmetic.swift
PrecompileModule /Users/admin/builder/spi-builder-workspace/.derivedData/Build/Intermediates.noindex/ExplicitPrecompiledModules/Darwin-AUBI3HYSQ0DDXQR1AVST21QA6.scan
    cd /
    builtin-precompileModule /Users/admin/builder/spi-builder-workspace/.derivedData/Build/Intermediates.noindex/ExplicitPrecompiledModules/Darwin-AUBI3HYSQ0DDXQR1AVST21QA6.scan
SwiftCompile normal arm64 Compiling\ ElementaryFunctions.swift /Users/admin/builder/spi-builder-workspace/.dependencies/checkouts/swift-numerics/Sources/RealModule/ElementaryFunctions.swift (in target 'RealModule' from project 'swift-numerics')
SwiftCompile normal arm64 /Users/admin/builder/spi-builder-workspace/.dependencies/checkouts/swift-numerics/Sources/RealModule/ElementaryFunctions.swift (in target 'RealModule' from project 'swift-numerics')
    cd /Users/admin/builder/spi-builder-workspace/.swiftpm/xcode
    builtin-SwiftPerFileCompile ElementaryFunctions.swift
SwiftDriverJobDiscovery normal arm64 Compiling Double+Real.swift (in target 'RealModule' from project 'swift-numerics')
SwiftCompile normal arm64 Compiling\ Real.swift /Users/admin/builder/spi-builder-workspace/.dependencies/checkouts/swift-numerics/Sources/RealModule/Real.swift (in target 'RealModule' from project 'swift-numerics')
SwiftCompile normal arm64 /Users/admin/builder/spi-builder-workspace/.dependencies/checkouts/swift-numerics/Sources/RealModule/Real.swift (in target 'RealModule' from project 'swift-numerics')
    cd /Users/admin/builder/spi-builder-workspace/.swiftpm/xcode
    builtin-SwiftPerFileCompile Real.swift
SwiftCompile normal arm64 Compiling\ SwiftLogNoOpLogHandler.swift /Users/admin/builder/spi-builder-workspace/.dependencies/checkouts/swift-log/Sources/Logging/Handlers/SwiftLogNoOpLogHandler.swift (in target 'Logging' from project 'swift-log')
SwiftCompile normal arm64 /Users/admin/builder/spi-builder-workspace/.dependencies/checkouts/swift-log/Sources/Logging/Handlers/SwiftLogNoOpLogHandler.swift (in target 'Logging' from project 'swift-log')
    cd /Users/admin/builder/spi-builder-workspace/.swiftpm/xcode
    builtin-SwiftPerFileCompile SwiftLogNoOpLogHandler.swift
SwiftDriverJobDiscovery normal arm64 Compiling Float+Real.swift (in target 'RealModule' from project 'swift-numerics')
SwiftCompile normal arm64 Compiling\ MultiplexLogHandler.swift,\ StreamLogHandler.swift /Users/admin/builder/spi-builder-workspace/.dependencies/checkouts/swift-log/Sources/Logging/Handlers/MultiplexLogHandler.swift /Users/admin/builder/spi-builder-workspace/.dependencies/checkouts/swift-log/Sources/Logging/Handlers/StreamLogHandler.swift (in target 'Logging' from project 'swift-log')
SwiftCompile normal arm64 /Users/admin/builder/spi-builder-workspace/.dependencies/checkouts/swift-log/Sources/Logging/Handlers/MultiplexLogHandler.swift (in target 'Logging' from project 'swift-log')
    cd /Users/admin/builder/spi-builder-workspace/.swiftpm/xcode
    builtin-SwiftPerFileCompile MultiplexLogHandler.swift
SwiftCompile normal arm64 /Users/admin/builder/spi-builder-workspace/.dependencies/checkouts/swift-log/Sources/Logging/Handlers/StreamLogHandler.swift (in target 'Logging' from project 'swift-log')
    cd /Users/admin/builder/spi-builder-workspace/.swiftpm/xcode
    builtin-SwiftPerFileCompile StreamLogHandler.swift
SwiftCompile normal arm64 Compiling\ Logger+With.swift /Users/admin/builder/spi-builder-workspace/.dependencies/checkouts/swift-log/Sources/Logging/Logger+With.swift (in target 'Logging' from project 'swift-log')
SwiftCompile normal arm64 /Users/admin/builder/spi-builder-workspace/.dependencies/checkouts/swift-log/Sources/Logging/Logger+With.swift (in target 'Logging' from project 'swift-log')
    cd /Users/admin/builder/spi-builder-workspace/.swiftpm/xcode
    builtin-SwiftPerFileCompile Logger+With.swift
SwiftDriverJobDiscovery normal arm64 Emitting module for Logging (in target 'Logging' from project 'swift-log')
SwiftDriverJobDiscovery normal arm64 Compiling AugmentedArithmetic.swift (in target 'RealModule' from project 'swift-numerics')
SwiftDriver\ Compilation\ Requirements Logging normal arm64 com.apple.xcode.tools.swift.compiler (in target 'Logging' from project 'swift-log')
    cd /Users/admin/builder/spi-builder-workspace/.swiftpm/xcode
    builtin-Swift-Compilation-Requirements -- /Applications/Xcode-27.0.0-Release.Candidate.app/Contents/Developer/Toolchains/XcodeDefault.xctoolchain/usr/bin/swiftc -parse-as-library -module-name Logging -Onone @/Users/admin/builder/spi-builder-workspace/.derivedData/Build/Intermediates.noindex/swift-log.build/Debug-iphoneos/Logging-t.build/Objects-normal/arm64/Logging.SwiftFileList -DSWIFT_PACKAGE -DDEBUG -DSWIFT_MODULE_RESOURCE_BUNDLE_UNAVAILABLE -DXcode -enable-upcoming-feature ExistentialAny -enable-upcoming-feature MemberImportVisibility -enable-upcoming-feature InternalImportsByDefault -enable-upcoming-feature NonisolatedNonsendingByDefault -Xfrontend -require-explicit-sendable -plugin-path /Applications/Xcode-27.0.0-Release.Candidate.app/Contents/Developer/Toolchains/XcodeDefault.xctoolchain/usr/lib/swift/host/plugins/testing -enable-experimental-feature DebugDescriptionMacro -sdk /Applications/Xcode-27.0.0-Release.Candidate.app/Contents/Developer/Platforms/iPhoneOS.platform/Developer/SDKs/iPhoneOS27.0.sdk -target arm64-apple-ios15.0 -g -module-cache-path /Users/admin/builder/spi-builder-workspace/.derivedData/ModuleCache.noindex -Xfrontend -serialize-debugging-options -enable-testing -suppress-warnings -index-store-path /Users/admin/builder/spi-builder-workspace/.derivedData/Index.noindex/DataStore -Xcc -D_LIBCPP_HARDENING_MODE\=_LIBCPP_HARDENING_MODE_DEBUG -swift-version 6 -I /Users/admin/builder/spi-builder-workspace/.derivedData/Build/Products/Debug-iphoneos -Isystem /Applications/Xcode-27.0.0-Release.Candidate.app/Contents/Developer/Platforms/iPhoneOS.platform/Developer/usr/lib -F /Users/admin/builder/spi-builder-workspace/.derivedData/Build/Products/Debug-iphoneos -F /Applications/Xcode-27.0.0-Release.Candidate.app/Contents/Developer/Platforms/iPhoneOS.platform/Developer/Library/Frameworks -F /Applications/Xcode-27.0.0-Release.Candidate.app/Contents/Developer/Platforms/iPhoneOS.platform/Developer/SDKs/iPhoneOS27.0.sdk/Developer/Library/Frameworks -c -j10 -enable-batch-mode -incremental -Xcc -ivfsstatcache -Xcc /Users/admin/builder/spi-builder-workspace/.derivedData/SDKStatCaches.noindex/iphoneos27.0-24A430-e829b21a6f8c9b70876ba0858053c04440ceaa042ed91876912b2eeea4e3aa14.sdkstatcache -output-file-map /Users/admin/builder/spi-builder-workspace/.derivedData/Build/Intermediates.noindex/swift-log.build/Debug-iphoneos/Logging-t.build/Objects-normal/arm64/Logging-OutputFileMap.json -save-temps -no-color-diagnostics -explicit-module-build -module-cache-path /Users/admin/builder/spi-builder-workspace/.derivedData/Build/Intermediates.noindex/SwiftExplicitPrecompiledModules -clang-scanner-module-cache-path /Users/admin/builder/spi-builder-workspace/.derivedData/ModuleCache.noindex -sdk-module-cache-path /Users/admin/builder/spi-builder-workspace/.derivedData/SDKExplicitPrecompiledModules -emit-dependencies -emit-module -emit-module-path /Users/admin/builder/spi-builder-workspace/.derivedData/Build/Intermediates.noindex/swift-log.build/Debug-iphoneos/Logging-t.build/Objects-normal/arm64/Logging.swiftmodule -serialize-diagnostics -dependency-scan-serialize-diagnostics-path /Users/admin/builder/spi-builder-workspace/.derivedData/Build/Intermediates.noindex/swift-log.build/Debug-iphoneos/Logging-t.build/Objects-normal/arm64/Logging-dependency-scan.dia -user-module-version 1.15.1 -validate-clang-modules-once -clang-build-session-file /Users/admin/builder/spi-builder-workspace/.derivedData/ModuleCache.noindex/Session.modulevalidation -Xcc -fmodules-prune-interval\=86400 -Xcc -fmodules-prune-after\=345600 -package-name swift_log -emit-const-values -const-gather-protocols-list /Users/admin/builder/spi-builder-workspace/.derivedData/Build/Intermediates.noindex/swift-log.build/Debug-iphoneos/Logging-t.build/Objects-normal/arm64/Logging_const_extract_protocols.json -Xcc -I/Users/admin/builder/spi-builder-workspace/.derivedData/Build/Products/Debug-iphoneos/include -Xcc -I/Users/admin/builder/spi-builder-workspace/.derivedData/Build/Intermediates.noindex/swift-log.build/Debug-iphoneos/Logging-t.build/DerivedSources-normal/arm64 -Xcc -I/Users/admin/builder/spi-builder-workspace/.derivedData/Build/Intermediates.noindex/swift-log.build/Debug-iphoneos/Logging-t.build/DerivedSources/arm64 -Xcc -I/Users/admin/builder/spi-builder-workspace/.derivedData/Build/Intermediates.noindex/swift-log.build/Debug-iphoneos/Logging-t.build/DerivedSources -Xcc -DSWIFT_PACKAGE -Xcc -DDEBUG\=1 -emit-objc-header -emit-objc-header-path /Users/admin/builder/spi-builder-workspace/.derivedData/Build/Intermediates.noindex/swift-log.build/Debug-iphoneos/Logging-t.build/Objects-normal/arm64/Logging-Swift.h -working-directory /Users/admin/builder/spi-builder-workspace/.swiftpm/xcode -experimental-emit-module-separately -disable-cmo
SwiftExplicitDependencyGeneratePcm arm64 /Users/admin/builder/spi-builder-workspace/.derivedData/SDKExplicitPrecompiledModules/Security-38LZ2U8T2TAJNP8SDQ1CJJE3F.pcm
SwiftMergeGeneratedHeaders /Users/admin/builder/spi-builder-workspace/.derivedData/Build/Intermediates.noindex/GeneratedModuleMaps-iphoneos/Logging-Swift.h /Users/admin/builder/spi-builder-workspace/.derivedData/Build/Intermediates.noindex/swift-log.build/Debug-iphoneos/Logging-t.build/Objects-normal/arm64/Logging-Swift.h (in target 'Logging' from project 'swift-log')
    cd /Users/admin/builder/spi-builder-workspace/.dependencies/checkouts/swift-log
    builtin-swiftHeaderTool -arch arm64 /Users/admin/builder/spi-builder-workspace/.derivedData/Build/Intermediates.noindex/swift-log.build/Debug-iphoneos/Logging-t.build/Objects-normal/arm64/Logging-Swift.h -o /Users/admin/builder/spi-builder-workspace/.derivedData/Build/Intermediates.noindex/GeneratedModuleMaps-iphoneos/Logging-Swift.h
SwiftDriverJobDiscovery normal arm64 Compiling ElementaryFunctions.swift (in target 'RealModule' from project 'swift-numerics')
Copy /Users/admin/builder/spi-builder-workspace/.derivedData/Build/Products/Debug-iphoneos/Logging.swiftmodule/arm64-apple-ios.swiftmodule /Users/admin/builder/spi-builder-workspace/.derivedData/Build/Intermediates.noindex/swift-log.build/Debug-iphoneos/Logging-t.build/Objects-normal/arm64/Logging.swiftmodule (in target 'Logging' from project 'swift-log')
    cd /Users/admin/builder/spi-builder-workspace/.dependencies/checkouts/swift-log
    builtin-copy -exclude .DS_Store -exclude CVS -exclude .svn -exclude .git -exclude .hg -resolve-src-symlinks -rename /Users/admin/builder/spi-builder-workspace/.derivedData/Build/Intermediates.noindex/swift-log.build/Debug-iphoneos/Logging-t.build/Objects-normal/arm64/Logging.swiftmodule /Users/admin/builder/spi-builder-workspace/.derivedData/Build/Products/Debug-iphoneos/Logging.swiftmodule/arm64-apple-ios.swiftmodule
Copy /Users/admin/builder/spi-builder-workspace/.derivedData/Build/Products/Debug-iphoneos/Logging.swiftmodule/arm64-apple-ios.swiftdoc /Users/admin/builder/spi-builder-workspace/.derivedData/Build/Intermediates.noindex/swift-log.build/Debug-iphoneos/Logging-t.build/Objects-normal/arm64/Logging.swiftdoc (in target 'Logging' from project 'swift-log')
    cd /Users/admin/builder/spi-builder-workspace/.dependencies/checkouts/swift-log
    builtin-copy -exclude .DS_Store -exclude CVS -exclude .svn -exclude .git -exclude .hg -resolve-src-symlinks -rename /Users/admin/builder/spi-builder-workspace/.derivedData/Build/Intermediates.noindex/swift-log.build/Debug-iphoneos/Logging-t.build/Objects-normal/arm64/Logging.swiftdoc /Users/admin/builder/spi-builder-workspace/.derivedData/Build/Products/Debug-iphoneos/Logging.swiftmodule/arm64-apple-ios.swiftdoc
Copy /Users/admin/builder/spi-builder-workspace/.derivedData/Build/Products/Debug-iphoneos/Logging.swiftmodule/arm64-apple-ios.abi.json /Users/admin/builder/spi-builder-workspace/.derivedData/Build/Intermediates.noindex/swift-log.build/Debug-iphoneos/Logging-t.build/Objects-normal/arm64/Logging.abi.json (in target 'Logging' from project 'swift-log')
    cd /Users/admin/builder/spi-builder-workspace/.dependencies/checkouts/swift-log
    builtin-copy -exclude .DS_Store -exclude CVS -exclude .svn -exclude .git -exclude .hg -resolve-src-symlinks -rename /Users/admin/builder/spi-builder-workspace/.derivedData/Build/Intermediates.noindex/swift-log.build/Debug-iphoneos/Logging-t.build/Objects-normal/arm64/Logging.abi.json /Users/admin/builder/spi-builder-workspace/.derivedData/Build/Products/Debug-iphoneos/Logging.swiftmodule/arm64-apple-ios.abi.json
Copy /Users/admin/builder/spi-builder-workspace/.derivedData/Build/Products/Debug-iphoneos/Logging.swiftmodule/Project/arm64-apple-ios.swiftsourceinfo /Users/admin/builder/spi-builder-workspace/.derivedData/Build/Intermediates.noindex/swift-log.build/Debug-iphoneos/Logging-t.build/Objects-normal/arm64/Logging.swiftsourceinfo (in target 'Logging' from project 'swift-log')
    cd /Users/admin/builder/spi-builder-workspace/.dependencies/checkouts/swift-log
    builtin-copy -exclude .DS_Store -exclude CVS -exclude .svn -exclude .git -exclude .hg -resolve-src-symlinks -rename /Users/admin/builder/spi-builder-workspace/.derivedData/Build/Intermediates.noindex/swift-log.build/Debug-iphoneos/Logging-t.build/Objects-normal/arm64/Logging.swiftsourceinfo /Users/admin/builder/spi-builder-workspace/.derivedData/Build/Products/Debug-iphoneos/Logging.swiftmodule/Project/arm64-apple-ios.swiftsourceinfo
SwiftExplicitDependencyGeneratePcm arm64 /Users/admin/builder/spi-builder-workspace/.derivedData/SDKExplicitPrecompiledModules/CFNetwork-CKHY0HEWI1S67QSGB5QKT2KK1.pcm
PruneExplicitPrecompiledModules /Users/admin/builder/spi-builder-workspace/.derivedData/Build/Intermediates.noindex/ExplicitPrecompiledModules
PruneExplicitPrecompiledModules /Users/admin/builder/spi-builder-workspace/.derivedData/Build/Intermediates.noindex/SwiftExplicitPrecompiledModules
PruneExplicitPrecompiledModules /Users/admin/builder/spi-builder-workspace/.derivedData/SDKExplicitPrecompiledModules
2026-09-21 18:30:58.863 xcodebuild[1253:7216] [MT] IDERunDestination: Supported platforms for the buildables in the current scheme is empty.
** BUILD FAILED **
The following build commands failed:
	SwiftDriver ResearchKitSwiftUIBridge normal arm64 com.apple.xcode.tools.swift.compiler (in target 'ResearchKitSwiftUIBridge' from project 'ResearchKit')
	Building workspace ResearchKit with scheme ResearchKit-Package
(2 failures)
Command line invocation:
    /Applications/Xcode-27.0.0-Release.Candidate.app/Contents/Developer/usr/bin/xcodebuild -IDEClonedSourcePackagesDirPathOverride=/Users/admin/builder/spi-builder-workspace/.dependencies -resolvePackageDependencies
Resolve Package Graph
failed to retrieve search paths with pkg-config; maybe pkg-config is not installedcouldn't find pc file for zlib
Resolved source packages:
  RuntimeAssertions: https://github.com/StanfordBDHG/XCTRuntimeAssertions.git @ 2.2.0
  swift-numerics: https://github.com/apple/swift-numerics.git @ 1.1.1
  SpeziFoundation: https://github.com/StanfordSpezi/SpeziFoundation.git @ 2.7.7
  swift-algorithms: https://github.com/apple/swift-algorithms.git @ 1.2.1
  zstd: https://github.com/StanfordBDHG/zstd.git @ 1.5.8-beta.1
  swift-syntax: https://github.com/swiftlang/swift-syntax.git @ 603.0.2
  swift-log: https://github.com/apple/swift-log @ 1.15.1
  swift-atomics: https://github.com/apple/swift-atomics.git @ 1.3.1
  ThreadLocal: https://github.com/StanfordBDHG/ThreadLocal.git @ 0.1.3
  ResearchKit: /Users/admin/builder/spi-builder-workspace
resolved source packages: RuntimeAssertions, swift-numerics, SpeziFoundation, swift-algorithms, zstd, swift-syntax, swift-log, swift-atomics, ThreadLocal, ResearchKit
2026-09-21 18:31:07.730 xcodebuild[1502:8319] [MT] IDERunDestination: Supported platforms for the buildables in the current scheme is empty.
{
  "default_localization" : "en",
  "dependencies" : [
    {
      "identity" : "spezifoundation",
      "requirement" : {
        "range" : [
          {
            "lower_bound" : "2.0.1",
            "upper_bound" : "3.0.0"
          }
        ]
      },
      "type" : "sourceControl",
      "url" : "https://github.com/StanfordSpezi/SpeziFoundation.git"
    }
  ],
  "manifest_display_name" : "ResearchKit",
  "name" : "ResearchKit",
  "path" : "/Users/admin/builder/spi-builder-workspace",
  "platforms" : [
    {
      "name" : "ios",
      "version" : "18.0"
    },
    {
      "name" : "visionos",
      "version" : "1.0"
    }
  ],
  "products" : [
    {
      "name" : "ResearchKit",
      "targets" : [
        "ResearchKit"
      ],
      "type" : {
        "library" : [
          "automatic"
        ]
      }
    },
    {
      "name" : "ResearchKitUI",
      "targets" : [
        "ResearchKitUI"
      ],
      "type" : {
        "library" : [
          "automatic"
        ]
      }
    },
    {
      "name" : "ResearchKitActiveTask",
      "targets" : [
        "ResearchKitActiveTask"
      ],
      "type" : {
        "library" : [
          "automatic"
        ]
      }
    },
    {
      "name" : "ResearchKitSwiftUI",
      "targets" : [
        "ResearchKitSwiftUI"
      ],
      "type" : {
        "library" : [
          "automatic"
        ]
      }
    },
    {
      "name" : "ResearchKitSwiftUIBridge",
      "targets" : [
        "ResearchKitSwiftUIBridge"
      ],
      "type" : {
        "library" : [
          "automatic"
        ]
      }
    }
  ],
  "targets" : [
    {
      "c99name" : "ResearchKitUI",
      "module_type" : "BinaryTarget",
      "name" : "ResearchKitUI",
      "path" : "Sources/ResearchKitUI.xcframework",
      "product_memberships" : [
        "ResearchKitUI",
        "ResearchKitSwiftUIBridge"
      ],
      "sources" : [
      ],
      "type" : "binary"
    },
    {
      "c99name" : "ResearchKitSwiftUIBridge",
      "module_type" : "SwiftTarget",
      "name" : "ResearchKitSwiftUIBridge",
      "path" : "Sources/ResearchKitSwiftUIBridge",
      "product_memberships" : [
        "ResearchKitSwiftUIBridge"
      ],
      "sources" : [
        "CancelBehavior.swift",
        "Export.swift",
        "ORKLifecycle.swift",
        "ORKOrderedTaskView.swift",
        "TaskResult.swift"
      ],
      "target_dependencies" : [
        "ResearchKit",
        "ResearchKitUI",
        "ResearchKitActiveTask"
      ],
      "type" : "library"
    },
    {
      "c99name" : "ResearchKitSwiftUI",
      "module_type" : "SwiftTarget",
      "name" : "ResearchKitSwiftUI",
      "path" : "ResearchKitSwiftUI",
      "product_dependencies" : [
        "SpeziFoundation"
      ],
      "product_memberships" : [
        "ResearchKitSwiftUI"
      ],
      "resources" : [
        {
          "path" : "/Users/admin/builder/spi-builder-workspace/ResearchKitSwiftUI/ResearchKitSwiftUI/Localization/en.lproj/ResearchKitSwiftUI.strings",
          "rule" : {
            "process" : {
              "localization" : "en"
            }
          }
        }
      ],
      "sources" : [
        "ResearchKitSwiftUI/Color/Color+ResearchFormColors.swift",
        "ResearchKitSwiftUI/Form/NavigationalLayout.swift",
        "ResearchKitSwiftUI/Form/ResearchForm.swift",
        "ResearchKitSwiftUI/Form/ResearchFormCompletion.swift",
        "ResearchKitSwiftUI/Instructions/BodyItemIconForegroundStyle.swift",
        "ResearchKitSwiftUI/Instructions/InstructionBodyItem.swift",
        "ResearchKitSwiftUI/Keyboard/DoneKeyboardToolbar.swift",
        "ResearchKitSwiftUI/Keyboard/KeyboardUtilities.swift",
        "ResearchKitSwiftUI/Measurement/MeasurementUtility.swift",
        "ResearchKitSwiftUI/Questions/Basic UI Structure/Question.swift",
        "ResearchKitSwiftUI/Questions/Basic UI Structure/QuestionCard.swift",
        "ResearchKitSwiftUI/Questions/Binding Management/StateManagementType.swift",
        "ResearchKitSwiftUI/Questions/Optionality/QuestionRequired.swift",
        "ResearchKitSwiftUI/Questions/Response Options/TextChoice.swift",
        "ResearchKitSwiftUI/Questions/Types/DateTimeQuestion.swift",
        "ResearchKitSwiftUI/Questions/Types/HeightQuestion.swift",
        "ResearchKitSwiftUI/Questions/Types/ImageChoiceQuestion.swift",
        "ResearchKitSwiftUI/Questions/Types/Multiple Choice/MultipleChoiceQuestion.swift",
        "ResearchKitSwiftUI/Questions/Types/Multiple Choice/TextChoiceOption.swift",
        "ResearchKitSwiftUI/Questions/Types/NumericQuestion.swift",
        "ResearchKitSwiftUI/Questions/Types/Slider/SliderQuestion.swift",
        "ResearchKitSwiftUI/Questions/Types/Slider/SliderValueForegroundStyle.swift",
        "ResearchKitSwiftUI/Questions/Types/TextQuestion.swift",
        "ResearchKitSwiftUI/Questions/Types/WeightQuestion.swift",
        "ResearchKitSwiftUI/Results/ResearchFormResult.swift",
        "ResearchKitSwiftUI/Results/ResultValue.swift",
        "ResearchKitSwiftUI/Results/StepResultKey.swift",
        "ResearchKitSwiftUI/Scrolling/StickyFooterLayout.swift",
        "ResearchKitSwiftUI/Scrolling/StickyScrollView+StickyLayout.swift",
        "ResearchKitSwiftUI/Scrolling/StickyScrollView.swift",
        "ResearchKitSwiftUI/Step/ResearchFormStep.swift",
        "ResearchKitSwiftUI/Step/ResearchFormStepContentView.swift",
        "ResearchKitSwiftUI/Step/StepHeader.swift",
        "ResearchKitSwiftUI/Step/StepIconForegroundStyle.swift"
      ],
      "target_dependencies" : [
        "ResearchKit"
      ],
      "type" : "library"
    },
    {
      "c99name" : "ResearchKitActiveTask",
      "module_type" : "BinaryTarget",
      "name" : "ResearchKitActiveTask",
      "path" : "Sources/ResearchKitActiveTask.xcframework",
      "product_memberships" : [
        "ResearchKitActiveTask",
        "ResearchKitSwiftUIBridge"
      ],
      "sources" : [
      ],
      "type" : "binary"
    },
    {
      "c99name" : "ResearchKit",
      "module_type" : "BinaryTarget",
      "name" : "ResearchKit",
      "path" : "Sources/ResearchKit.xcframework",
      "product_memberships" : [
        "ResearchKit",
        "ResearchKitSwiftUI",
        "ResearchKitSwiftUIBridge"
      ],
      "sources" : [
      ],
      "type" : "binary"
    }
  ],
  "tools_version" : "6.0"
}
{
  "workspace" : {
    "name" : "ResearchKit",
    "schemes" : [
      "ResearchKit",
      "ResearchKit-Package",
      "ResearchKitActiveTask",
      "ResearchKitSwiftUI",
      "ResearchKitSwiftUIBridge",
      "ResearchKitUI"
    ]
  }
}
2026-09-21 18:31:10.100 xcodebuild[1518:8415] [MT] IDERunDestination: Supported platforms for the buildables in the current scheme is empty.
Running build ...
env DEVELOPER_DIR=/Applications/Xcode-27.0.0-Release.Candidate.app xcrun xcodebuild -IDEClonedSourcePackagesDirPathOverride=$PWD/.dependencies -skipMacroValidation -skipPackagePluginValidation -derivedDataPath $PWD/.derivedData build -scheme ResearchKit-Package -destination generic/platform=iOS
Command line invocation:
    /Applications/Xcode-27.0.0-Release.Candidate.app/Contents/Developer/usr/bin/xcodebuild -IDEClonedSourcePackagesDirPathOverride=/Users/admin/builder/spi-builder-workspace/.dependencies -skipMacroValidation -skipPackagePluginValidation -derivedDataPath /Users/admin/builder/spi-builder-workspace/.derivedData build -scheme ResearchKit-Package -destination generic/platform=iOS
Resolve Package Graph
failed to retrieve search paths with pkg-config; maybe pkg-config is not installedcouldn't find pc file for zlib
Resolved source packages:
  ResearchKit: /Users/admin/builder/spi-builder-workspace
  zstd: https://github.com/StanfordBDHG/zstd.git @ 1.5.8-beta.1
  swift-log: https://github.com/apple/swift-log @ 1.15.1
  RuntimeAssertions: https://github.com/StanfordBDHG/XCTRuntimeAssertions.git @ 2.2.0
  swift-atomics: https://github.com/apple/swift-atomics.git @ 1.3.1
  SpeziFoundation: https://github.com/StanfordSpezi/SpeziFoundation.git @ 2.7.7
  swift-algorithms: https://github.com/apple/swift-algorithms.git @ 1.2.1
  swift-numerics: https://github.com/apple/swift-numerics.git @ 1.1.1
  ThreadLocal: https://github.com/StanfordBDHG/ThreadLocal.git @ 0.1.3
  swift-syntax: https://github.com/swiftlang/swift-syntax.git @ 603.0.2
ComputePackagePrebuildTargetDependencyGraph
Prepare packages
CreateBuildRequest
SendProjectDescription
CreateBuildOperation
ComputeTargetDependencyGraph
note: Building targets in dependency order
note: Target dependency graph (29 targets)
    Target 'ResearchKitSwiftUIBridge-product' in project 'ResearchKit'
        ➜ Explicit dependency on target 'ResearchKitSwiftUIBridge' in project 'ResearchKit'
    Target 'ResearchKitSwiftUIBridge' in project 'ResearchKit' (no dependencies)
    Target 'ResearchKitSwiftUI-product' in project 'ResearchKit'
        ➜ Explicit dependency on target 'ResearchKitSwiftUI' in project 'ResearchKit'
        ➜ Explicit dependency on target 'ResearchKit_ResearchKitSwiftUI' in project 'ResearchKit'
        ➜ Explicit dependency on target 'SpeziFoundation-product' in project 'SpeziFoundation'
    Target 'ResearchKitSwiftUI' in project 'ResearchKit'
        ➜ Explicit dependency on target 'ResearchKit_ResearchKitSwiftUI' in project 'ResearchKit'
        ➜ Explicit dependency on target 'SpeziFoundation-product' in project 'SpeziFoundation'
    Target 'SpeziFoundation-product' in project 'SpeziFoundation'
        ➜ Explicit dependency on target 'SpeziFoundation' in project 'SpeziFoundation'
        ➜ Explicit dependency on target 'SpeziFoundation_SpeziFoundation' in project 'SpeziFoundation'
        ➜ Explicit dependency on target 'SpeziFoundationObjC' in project 'SpeziFoundation'
        ➜ Explicit dependency on target 'libzstd-product' in project 'zstd'
        ➜ Explicit dependency on target 'Atomics-product' in project 'swift-atomics'
        ➜ Explicit dependency on target 'Algorithms-product' in project 'swift-algorithms'
        ➜ Explicit dependency on target 'RuntimeAssertions-product' in project 'RuntimeAssertions'
        ➜ Explicit dependency on target 'Logging-product' in project 'swift-log'
        ➜ Explicit dependency on target 'ThreadLocal-product' in project 'ThreadLocal'
    Target 'SpeziFoundation' in project 'SpeziFoundation'
        ➜ Explicit dependency on target 'SpeziFoundation_SpeziFoundation' in project 'SpeziFoundation'
        ➜ Explicit dependency on target 'SpeziFoundationObjC' in project 'SpeziFoundation'
        ➜ Explicit dependency on target 'libzstd-product' in project 'zstd'
        ➜ Explicit dependency on target 'Atomics-product' in project 'swift-atomics'
        ➜ Explicit dependency on target 'Algorithms-product' in project 'swift-algorithms'
        ➜ Explicit dependency on target 'RuntimeAssertions-product' in project 'RuntimeAssertions'
        ➜ Explicit dependency on target 'Logging-product' in project 'swift-log'
        ➜ Explicit dependency on target 'ThreadLocal-product' in project 'ThreadLocal'
    Target 'ThreadLocal-product' in project 'ThreadLocal'
        ➜ Explicit dependency on target 'ThreadLocal' in project 'ThreadLocal'
        ➜ Explicit dependency on target 'ThreadLocalMacros' in project 'ThreadLocal'
    Target 'ThreadLocal' in project 'ThreadLocal'
        ➜ Explicit dependency on target 'ThreadLocalMacros' in project 'ThreadLocal'
    Target 'ThreadLocalMacros' in project 'ThreadLocal' (no dependencies)
    Target 'Logging-product' in project 'swift-log'
        ➜ Explicit dependency on target 'Logging' in project 'swift-log'
    Target 'Logging' in project 'swift-log' (no dependencies)
    Target 'RuntimeAssertions-product' in project 'RuntimeAssertions'
        ➜ Explicit dependency on target 'RuntimeAssertions' in project 'RuntimeAssertions'
    Target 'RuntimeAssertions' in project 'RuntimeAssertions' (no dependencies)
    Target 'Algorithms-product' in project 'swift-algorithms'
        ➜ Explicit dependency on target 'Algorithms' in project 'swift-algorithms'
        ➜ Explicit dependency on target 'RealModule-product' in project 'swift-numerics'
    Target 'Algorithms' in project 'swift-algorithms'
        ➜ Explicit dependency on target 'RealModule-product' in project 'swift-numerics'
    Target 'RealModule-product' in project 'swift-numerics'
        ➜ Explicit dependency on target 'RealModule' in project 'swift-numerics'
        ➜ Explicit dependency on target '_NumericsShims' in project 'swift-numerics'
    Target 'RealModule' in project 'swift-numerics'
        ➜ Explicit dependency on target '_NumericsShims' in project 'swift-numerics'
    Target '_NumericsShims' in project 'swift-numerics' (no dependencies)
    Target 'Atomics-product' in project 'swift-atomics'
        ➜ Explicit dependency on target 'Atomics' in project 'swift-atomics'
        ➜ Explicit dependency on target '_AtomicsShims' in project 'swift-atomics'
    Target 'Atomics' in project 'swift-atomics'
        ➜ Explicit dependency on target '_AtomicsShims' in project 'swift-atomics'
    Target '_AtomicsShims' in project 'swift-atomics' (no dependencies)
    Target 'libzstd-product' in project 'zstd'
        ➜ Explicit dependency on target 'libzstd' in project 'zstd'
    Target 'libzstd' in project 'zstd' (no dependencies)
    Target 'SpeziFoundationObjC' in project 'SpeziFoundation' (no dependencies)
    Target 'SpeziFoundation_SpeziFoundation' in project 'SpeziFoundation' (no dependencies)
    Target 'ResearchKit_ResearchKitSwiftUI' in project 'ResearchKit' (no dependencies)
    Target 'ResearchKitActiveTask-product' in project 'ResearchKit' (no dependencies)
    Target 'ResearchKitUI-product' in project 'ResearchKit' (no dependencies)
    Target 'ResearchKit-product' in project 'ResearchKit' (no dependencies)
GatherProvisioningInputs
CreateBuildDescription
ClangStatCache /Applications/Xcode-27.0.0-Release.Candidate.app/Contents/Developer/Toolchains/XcodeDefault.xctoolchain/usr/bin/clang-stat-cache /Applications/Xcode-27.0.0-Release.Candidate.app/Contents/Developer/Platforms/MacOSX.platform/Developer/SDKs/MacOSX27.0.sdk /Users/admin/builder/spi-builder-workspace/.derivedData/SDKStatCaches.noindex/macosx27.0-26A425-e829b21a6f8c9b70876ba0858053c0446a22442a12e9d48fe1a705f55a1adfc4.sdkstatcache
    cd /Users/admin/builder/spi-builder-workspace/.swiftpm/xcode
    /Applications/Xcode-27.0.0-Release.Candidate.app/Contents/Developer/Toolchains/XcodeDefault.xctoolchain/usr/bin/clang-stat-cache /Applications/Xcode-27.0.0-Release.Candidate.app/Contents/Developer/Platforms/MacOSX.platform/Developer/SDKs/MacOSX27.0.sdk -o /Users/admin/builder/spi-builder-workspace/.derivedData/SDKStatCaches.noindex/macosx27.0-26A425-e829b21a6f8c9b70876ba0858053c0446a22442a12e9d48fe1a705f55a1adfc4.sdkstatcache
ClangStatCache /Applications/Xcode-27.0.0-Release.Candidate.app/Contents/Developer/Toolchains/XcodeDefault.xctoolchain/usr/bin/clang-stat-cache /Applications/Xcode-27.0.0-Release.Candidate.app/Contents/Developer/Platforms/iPhoneOS.platform/Developer/SDKs/iPhoneOS27.0.sdk /Users/admin/builder/spi-builder-workspace/.derivedData/SDKStatCaches.noindex/iphoneos27.0-24A430-e829b21a6f8c9b70876ba0858053c04440ceaa042ed91876912b2eeea4e3aa14.sdkstatcache
    cd /Users/admin/builder/spi-builder-workspace/.swiftpm/xcode
    /Applications/Xcode-27.0.0-Release.Candidate.app/Contents/Developer/Toolchains/XcodeDefault.xctoolchain/usr/bin/clang-stat-cache /Applications/Xcode-27.0.0-Release.Candidate.app/Contents/Developer/Platforms/iPhoneOS.platform/Developer/SDKs/iPhoneOS27.0.sdk -o /Users/admin/builder/spi-builder-workspace/.derivedData/SDKStatCaches.noindex/iphoneos27.0-24A430-e829b21a6f8c9b70876ba0858053c04440ceaa042ed91876912b2eeea4e3aa14.sdkstatcache
SwiftDriver RuntimeAssertions normal arm64 com.apple.xcode.tools.swift.compiler (in target 'RuntimeAssertions' from project 'RuntimeAssertions')
    cd /Users/admin/builder/spi-builder-workspace/.swiftpm/xcode
    builtin-SwiftDriver -- /Applications/Xcode-27.0.0-Release.Candidate.app/Contents/Developer/Toolchains/XcodeDefault.xctoolchain/usr/bin/swiftc -parse-as-library -module-name RuntimeAssertions -Onone @/Users/admin/builder/spi-builder-workspace/.derivedData/Build/Intermediates.noindex/RuntimeAssertions.build/Debug-iphoneos/RuntimeAssertions-t.build/Objects-normal/arm64/RuntimeAssertions.SwiftFileList -DSWIFT_PACKAGE -DDEBUG -DSWIFT_MODULE_RESOURCE_BUNDLE_UNAVAILABLE -DXcode -plugin-path /Applications/Xcode-27.0.0-Release.Candidate.app/Contents/Developer/Toolchains/XcodeDefault.xctoolchain/usr/lib/swift/host/plugins/testing -enable-experimental-feature DebugDescriptionMacro -sdk /Applications/Xcode-27.0.0-Release.Candidate.app/Contents/Developer/Platforms/iPhoneOS.platform/Developer/SDKs/iPhoneOS27.0.sdk -target arm64-apple-ios16.0 -g -module-cache-path /Users/admin/builder/spi-builder-workspace/.derivedData/ModuleCache.noindex -Xfrontend -serialize-debugging-options -enable-testing -suppress-warnings -index-store-path /Users/admin/builder/spi-builder-workspace/.derivedData/Index.noindex/DataStore -Xcc -D_LIBCPP_HARDENING_MODE\=_LIBCPP_HARDENING_MODE_DEBUG -swift-version 5 -I /Users/admin/builder/spi-builder-workspace/.derivedData/Build/Products/Debug-iphoneos -Isystem /Applications/Xcode-27.0.0-Release.Candidate.app/Contents/Developer/Platforms/iPhoneOS.platform/Developer/usr/lib -F /Users/admin/builder/spi-builder-workspace/.derivedData/Build/Products/Debug-iphoneos -F /Applications/Xcode-27.0.0-Release.Candidate.app/Contents/Developer/Platforms/iPhoneOS.platform/Developer/Library/Frameworks -F /Applications/Xcode-27.0.0-Release.Candidate.app/Contents/Developer/Platforms/iPhoneOS.platform/Developer/SDKs/iPhoneOS27.0.sdk/Developer/Library/Frameworks -c -j10 -enable-batch-mode -incremental -Xcc -ivfsstatcache -Xcc /Users/admin/builder/spi-builder-workspace/.derivedData/SDKStatCaches.noindex/iphoneos27.0-24A430-e829b21a6f8c9b70876ba0858053c04440ceaa042ed91876912b2eeea4e3aa14.sdkstatcache -output-file-map /Users/admin/builder/spi-builder-workspace/.derivedData/Build/Intermediates.noindex/RuntimeAssertions.build/Debug-iphoneos/RuntimeAssertions-t.build/Objects-normal/arm64/RuntimeAssertions-OutputFileMap.json -save-temps -no-color-diagnostics -explicit-module-build -module-cache-path /Users/admin/builder/spi-builder-workspace/.derivedData/Build/Intermediates.noindex/SwiftExplicitPrecompiledModules -clang-scanner-module-cache-path /Users/admin/builder/spi-builder-workspace/.derivedData/ModuleCache.noindex -sdk-module-cache-path /Users/admin/builder/spi-builder-workspace/.derivedData/SDKExplicitPrecompiledModules -emit-dependencies -emit-module -emit-module-path /Users/admin/builder/spi-builder-workspace/.derivedData/Build/Intermediates.noindex/RuntimeAssertions.build/Debug-iphoneos/RuntimeAssertions-t.build/Objects-normal/arm64/RuntimeAssertions.swiftmodule -serialize-diagnostics -dependency-scan-serialize-diagnostics-path /Users/admin/builder/spi-builder-workspace/.derivedData/Build/Intermediates.noindex/RuntimeAssertions.build/Debug-iphoneos/RuntimeAssertions-t.build/Objects-normal/arm64/RuntimeAssertions-dependency-scan.dia -user-module-version 2.2.0 -validate-clang-modules-once -clang-build-session-file /Users/admin/builder/spi-builder-workspace/.derivedData/ModuleCache.noindex/Session.modulevalidation -Xcc -fmodules-prune-interval\=86400 -Xcc -fmodules-prune-after\=345600 -package-name xctruntimeassertions -emit-const-values -const-gather-protocols-list /Users/admin/builder/spi-builder-workspace/.derivedData/Build/Intermediates.noindex/RuntimeAssertions.build/Debug-iphoneos/RuntimeAssertions-t.build/Objects-normal/arm64/RuntimeAssertions_const_extract_protocols.json -Xcc -I/Users/admin/builder/spi-builder-workspace/.derivedData/Build/Products/Debug-iphoneos/include -Xcc -I/Users/admin/builder/spi-builder-workspace/.derivedData/Build/Intermediates.noindex/RuntimeAssertions.build/Debug-iphoneos/RuntimeAssertions-t.build/DerivedSources-normal/arm64 -Xcc -I/Users/admin/builder/spi-builder-workspace/.derivedData/Build/Intermediates.noindex/RuntimeAssertions.build/Debug-iphoneos/RuntimeAssertions-t.build/DerivedSources/arm64 -Xcc -I/Users/admin/builder/spi-builder-workspace/.derivedData/Build/Intermediates.noindex/RuntimeAssertions.build/Debug-iphoneos/RuntimeAssertions-t.build/DerivedSources -Xcc -DSWIFT_PACKAGE -Xcc -DDEBUG\=1 -emit-objc-header -emit-objc-header-path /Users/admin/builder/spi-builder-workspace/.derivedData/Build/Intermediates.noindex/RuntimeAssertions.build/Debug-iphoneos/RuntimeAssertions-t.build/Objects-normal/arm64/RuntimeAssertions-Swift.h -working-directory /Users/admin/builder/spi-builder-workspace/.swiftpm/xcode -experimental-emit-module-separately -disable-cmo
SwiftDriver RealModule normal arm64 com.apple.xcode.tools.swift.compiler (in target 'RealModule' from project 'swift-numerics')
    cd /Users/admin/builder/spi-builder-workspace/.swiftpm/xcode
    builtin-SwiftDriver -- /Applications/Xcode-27.0.0-Release.Candidate.app/Contents/Developer/Toolchains/XcodeDefault.xctoolchain/usr/bin/swiftc -parse-as-library -module-name RealModule -Onone @/Users/admin/builder/spi-builder-workspace/.derivedData/Build/Intermediates.noindex/swift-numerics.build/Debug-iphoneos/RealModule-t.build/Objects-normal/arm64/RealModule.SwiftFileList -DSWIFT_PACKAGE -DDEBUG -DSWIFT_MODULE_RESOURCE_BUNDLE_UNAVAILABLE -Xcc -fmodule-map-file\=/Users/admin/builder/spi-builder-workspace/.dependencies/checkouts/swift-numerics/Sources/_NumericsShims/include/module.modulemap -DXcode -plugin-path /Applications/Xcode-27.0.0-Release.Candidate.app/Contents/Developer/Toolchains/XcodeDefault.xctoolchain/usr/lib/swift/host/plugins/testing -enable-experimental-feature DebugDescriptionMacro -sdk /Applications/Xcode-27.0.0-Release.Candidate.app/Contents/Developer/Platforms/iPhoneOS.platform/Developer/SDKs/iPhoneOS27.0.sdk -target arm64-apple-ios15.0 -g -module-cache-path /Users/admin/builder/spi-builder-workspace/.derivedData/ModuleCache.noindex -Xfrontend -serialize-debugging-options -enable-testing -suppress-warnings -index-store-path /Users/admin/builder/spi-builder-workspace/.derivedData/Index.noindex/DataStore -Xcc -D_LIBCPP_HARDENING_MODE\=_LIBCPP_HARDENING_MODE_DEBUG -swift-version 5 -I /Users/admin/builder/spi-builder-workspace/.derivedData/Build/Products/Debug-iphoneos -Isystem /Applications/Xcode-27.0.0-Release.Candidate.app/Contents/Developer/Platforms/iPhoneOS.platform/Developer/usr/lib -F /Users/admin/builder/spi-builder-workspace/.derivedData/Build/Products/Debug-iphoneos/PackageFrameworks -F /Users/admin/builder/spi-builder-workspace/.derivedData/Build/Products/Debug-iphoneos -F /Applications/Xcode-27.0.0-Release.Candidate.app/Contents/Developer/Platforms/iPhoneOS.platform/Developer/Library/Frameworks -F /Applications/Xcode-27.0.0-Release.Candidate.app/Contents/Developer/Platforms/iPhoneOS.platform/Developer/SDKs/iPhoneOS27.0.sdk/Developer/Library/Frameworks -c -j10 -enable-batch-mode -incremental -Xcc -ivfsstatcache -Xcc /Users/admin/builder/spi-builder-workspace/.derivedData/SDKStatCaches.noindex/iphoneos27.0-24A430-e829b21a6f8c9b70876ba0858053c04440ceaa042ed91876912b2eeea4e3aa14.sdkstatcache -output-file-map /Users/admin/builder/spi-builder-workspace/.derivedData/Build/Intermediates.noindex/swift-numerics.build/Debug-iphoneos/RealModule-t.build/Objects-normal/arm64/RealModule-OutputFileMap.json -save-temps -no-color-diagnostics -explicit-module-build -module-cache-path /Users/admin/builder/spi-builder-workspace/.derivedData/Build/Intermediates.noindex/SwiftExplicitPrecompiledModules -clang-scanner-module-cache-path /Users/admin/builder/spi-builder-workspace/.derivedData/ModuleCache.noindex -sdk-module-cache-path /Users/admin/builder/spi-builder-workspace/.derivedData/SDKExplicitPrecompiledModules -emit-dependencies -emit-module -emit-module-path /Users/admin/builder/spi-builder-workspace/.derivedData/Build/Intermediates.noindex/swift-numerics.build/Debug-iphoneos/RealModule-t.build/Objects-normal/arm64/RealModule.swiftmodule -serialize-diagnostics -dependency-scan-serialize-diagnostics-path /Users/admin/builder/spi-builder-workspace/.derivedData/Build/Intermediates.noindex/swift-numerics.build/Debug-iphoneos/RealModule-t.build/Objects-normal/arm64/RealModule-dependency-scan.dia -validate-clang-modules-once -clang-build-session-file /Users/admin/builder/spi-builder-workspace/.derivedData/ModuleCache.noindex/Session.modulevalidation -Xcc -fmodules-prune-interval\=86400 -Xcc -fmodules-prune-after\=345600 -package-name swift_numerics -emit-const-values -const-gather-protocols-list /Users/admin/builder/spi-builder-workspace/.derivedData/Build/Intermediates.noindex/swift-numerics.build/Debug-iphoneos/RealModule-t.build/Objects-normal/arm64/RealModule_const_extract_protocols.json -Xcc -I/Users/admin/builder/spi-builder-workspace/.dependencies/checkouts/swift-numerics/Sources/_NumericsShims/include -Xcc -I/Users/admin/builder/spi-builder-workspace/.derivedData/Build/Products/Debug-iphoneos/include -Xcc -I/Users/admin/builder/spi-builder-workspace/.derivedData/Build/Intermediates.noindex/swift-numerics.build/Debug-iphoneos/RealModule-t.build/DerivedSources-normal/arm64 -Xcc -I/Users/admin/builder/spi-builder-workspace/.derivedData/Build/Intermediates.noindex/swift-numerics.build/Debug-iphoneos/RealModule-t.build/DerivedSources/arm64 -Xcc -I/Users/admin/builder/spi-builder-workspace/.derivedData/Build/Intermediates.noindex/swift-numerics.build/Debug-iphoneos/RealModule-t.build/DerivedSources -Xcc -DSWIFT_PACKAGE -Xcc -DDEBUG\=1 -emit-objc-header -emit-objc-header-path /Users/admin/builder/spi-builder-workspace/.derivedData/Build/Intermediates.noindex/swift-numerics.build/Debug-iphoneos/RealModule-t.build/Objects-normal/arm64/RealModule-Swift.h -working-directory /Users/admin/builder/spi-builder-workspace/.swiftpm/xcode -experimental-emit-module-separately -disable-cmo
SwiftDriver ResearchKitSwiftUIBridge normal arm64 com.apple.xcode.tools.swift.compiler (in target 'ResearchKitSwiftUIBridge' from project 'ResearchKit')
    cd /Users/admin/builder/spi-builder-workspace/.swiftpm/xcode
    builtin-SwiftDriver -- /Applications/Xcode-27.0.0-Release.Candidate.app/Contents/Developer/Toolchains/XcodeDefault.xctoolchain/usr/bin/swiftc -parse-as-library -module-name ResearchKitSwiftUIBridge -Onone @/Users/admin/builder/spi-builder-workspace/.derivedData/Build/Intermediates.noindex/ResearchKit.build/Debug-iphoneos/ResearchKitSwiftUIBridge-t.build/Objects-normal/arm64/ResearchKitSwiftUIBridge.SwiftFileList -DSWIFT_PACKAGE -DDEBUG -DSWIFT_MODULE_RESOURCE_BUNDLE_UNAVAILABLE -DXcode -plugin-path /Applications/Xcode-27.0.0-Release.Candidate.app/Contents/Developer/Toolchains/XcodeDefault.xctoolchain/usr/lib/swift/host/plugins/testing -enable-experimental-feature DebugDescriptionMacro -sdk /Applications/Xcode-27.0.0-Release.Candidate.app/Contents/Developer/Platforms/iPhoneOS.platform/Developer/SDKs/iPhoneOS27.0.sdk -target arm64-apple-ios18.0 -g -module-cache-path /Users/admin/builder/spi-builder-workspace/.derivedData/ModuleCache.noindex -Xfrontend -serialize-debugging-options -enable-testing -index-store-path /Users/admin/builder/spi-builder-workspace/.derivedData/Index.noindex/DataStore -Xcc -D_LIBCPP_HARDENING_MODE\=_LIBCPP_HARDENING_MODE_DEBUG -swift-version 6 -I /Users/admin/builder/spi-builder-workspace/.derivedData/Build/Products/Debug-iphoneos -Isystem /Applications/Xcode-27.0.0-Release.Candidate.app/Contents/Developer/Platforms/iPhoneOS.platform/Developer/usr/lib -F /Users/admin/builder/spi-builder-workspace/.derivedData/Build/Products/Debug-iphoneos -F /Applications/Xcode-27.0.0-Release.Candidate.app/Contents/Developer/Platforms/iPhoneOS.platform/Developer/Library/Frameworks -F /Applications/Xcode-27.0.0-Release.Candidate.app/Contents/Developer/Platforms/iPhoneOS.platform/Developer/SDKs/iPhoneOS27.0.sdk/Developer/Library/Frameworks -emit-localized-strings -emit-localized-strings-path /Users/admin/builder/spi-builder-workspace/.derivedData/Build/Intermediates.noindex/ResearchKit.build/Debug-iphoneos/ResearchKitSwiftUIBridge-t.build/Objects-normal/arm64 -c -j10 -enable-batch-mode -incremental -Xcc -ivfsstatcache -Xcc /Users/admin/builder/spi-builder-workspace/.derivedData/SDKStatCaches.noindex/iphoneos27.0-24A430-e829b21a6f8c9b70876ba0858053c04440ceaa042ed91876912b2eeea4e3aa14.sdkstatcache -output-file-map /Users/admin/builder/spi-builder-workspace/.derivedData/Build/Intermediates.noindex/ResearchKit.build/Debug-iphoneos/ResearchKitSwiftUIBridge-t.build/Objects-normal/arm64/ResearchKitSwiftUIBridge-OutputFileMap.json -save-temps -no-color-diagnostics -explicit-module-build -module-cache-path /Users/admin/builder/spi-builder-workspace/.derivedData/Build/Intermediates.noindex/SwiftExplicitPrecompiledModules -clang-scanner-module-cache-path /Users/admin/builder/spi-builder-workspace/.derivedData/ModuleCache.noindex -sdk-module-cache-path /Users/admin/builder/spi-builder-workspace/.derivedData/SDKExplicitPrecompiledModules -emit-dependencies -emit-module -emit-module-path /Users/admin/builder/spi-builder-workspace/.derivedData/Build/Intermediates.noindex/ResearchKit.build/Debug-iphoneos/ResearchKitSwiftUIBridge-t.build/Objects-normal/arm64/ResearchKitSwiftUIBridge.swiftmodule -serialize-diagnostics -dependency-scan-serialize-diagnostics-path /Users/admin/builder/spi-builder-workspace/.derivedData/Build/Intermediates.noindex/ResearchKit.build/Debug-iphoneos/ResearchKitSwiftUIBridge-t.build/Objects-normal/arm64/ResearchKitSwiftUIBridge-dependency-scan.dia -validate-clang-modules-once -clang-build-session-file /Users/admin/builder/spi-builder-workspace/.derivedData/ModuleCache.noindex/Session.modulevalidation -Xcc -fmodules-prune-interval\=86400 -Xcc -fmodules-prune-after\=345600 -package-name spi_builder_workspace -emit-const-values -const-gather-protocols-list /Users/admin/builder/spi-builder-workspace/.derivedData/Build/Intermediates.noindex/ResearchKit.build/Debug-iphoneos/ResearchKitSwiftUIBridge-t.build/Objects-normal/arm64/ResearchKitSwiftUIBridge_const_extract_protocols.json -Xcc -I/Users/admin/builder/spi-builder-workspace/.derivedData/Build/Products/Debug-iphoneos/include -Xcc -I/Users/admin/builder/spi-builder-workspace/.derivedData/Build/Intermediates.noindex/ResearchKit.build/Debug-iphoneos/ResearchKitSwiftUIBridge-t.build/DerivedSources-normal/arm64 -Xcc -I/Users/admin/builder/spi-builder-workspace/.derivedData/Build/Intermediates.noindex/ResearchKit.build/Debug-iphoneos/ResearchKitSwiftUIBridge-t.build/DerivedSources/arm64 -Xcc -I/Users/admin/builder/spi-builder-workspace/.derivedData/Build/Intermediates.noindex/ResearchKit.build/Debug-iphoneos/ResearchKitSwiftUIBridge-t.build/DerivedSources -Xcc -DSWIFT_PACKAGE -Xcc -DDEBUG\=1 -emit-objc-header -emit-objc-header-path /Users/admin/builder/spi-builder-workspace/.derivedData/Build/Intermediates.noindex/ResearchKit.build/Debug-iphoneos/ResearchKitSwiftUIBridge-t.build/Objects-normal/arm64/ResearchKitSwiftUIBridge-Swift.h -working-directory /Users/admin/builder/spi-builder-workspace/.swiftpm/xcode -experimental-emit-module-separately -disable-cmo
error: Clang dependency scanning failure: While building module 'ResearchKit' imported from module-include.input:1:
In file included from <module-includes>:1:
/Users/admin/builder/spi-builder-workspace/.derivedData/Build/Products/Debug-iphoneos/ResearchKit.framework/Headers/ResearchKit.h:60:9: fatal error: 'ResearchKit/ORKVideoInstructionStep.h' file not found
/Users/admin/builder/spi-builder-workspace/.derivedData/Build/Products/Debug-iphoneos/ResearchKit.framework/Headers/ResearchKit.h:60:9: note: did not find header 'ORKVideoInstructionStep.h' in framework 'ResearchKit' (loaded from '/Users/admin/builder/spi-builder-workspace/.derivedData/Build/Products/Debug-iphoneos')
module-include.input:1:4: fatal error: could not build module 'ResearchKit'
 (in target 'ResearchKitSwiftUIBridge' from project 'ResearchKit')
error: Clang dependency scanning failure: While building module 'ResearchKit_Private' imported from module-include.input:1:
While building module 'ResearchKit' imported from /Users/admin/builder/spi-builder-workspace/.derivedData/Build/Products/Debug-iphoneos/ResearchKit.framework/PrivateHeaders/ORKActiveStep_Internal.h:32:
In file included from <module-includes>:1:
/Users/admin/builder/spi-builder-workspace/.derivedData/Build/Products/Debug-iphoneos/ResearchKit.framework/Headers/ResearchKit.h:60:9: fatal error: 'ResearchKit/ORKVideoInstructionStep.h' file not found
/Users/admin/builder/spi-builder-workspace/.derivedData/Build/Products/Debug-iphoneos/ResearchKit.framework/Headers/ResearchKit.h:60:9: note: did not find header 'ORKVideoInstructionStep.h' in framework 'ResearchKit' (loaded from '/Users/admin/builder/spi-builder-workspace/.derivedData/Build/Products/Debug-iphoneos')
While building module 'ResearchKit_Private' imported from module-include.input:1:
In file included from <module-includes>:1:
In file included from /Users/admin/builder/spi-builder-workspace/.derivedData/Build/Products/Debug-iphoneos/ResearchKit.framework/PrivateHeaders/ResearchKit_Private.h:32:
/Users/admin/builder/spi-builder-workspace/.derivedData/Build/Products/Debug-iphoneos/ResearchKit.framework/PrivateHeaders/ORKActiveStep_Internal.h:32:9: fatal error: could not build module 'ResearchKit'
module-include.input:1:4: fatal error: could not build module 'ResearchKit_Private'
 (in target 'ResearchKitSwiftUIBridge' from project 'ResearchKit')
error: Clang dependency scanning failure: While building module 'ResearchKitUI' imported from module-include.input:1:
While building module 'ResearchKit' imported from /Users/admin/builder/spi-builder-workspace/.derivedData/Build/Products/Debug-iphoneos/ResearchKitUI.framework/Headers/ORKAccessibilityFunctions.h:32:
In file included from <module-includes>:1:
/Users/admin/builder/spi-builder-workspace/.derivedData/Build/Products/Debug-iphoneos/ResearchKit.framework/Headers/ResearchKit.h:60:9: fatal error: 'ResearchKit/ORKVideoInstructionStep.h' file not found
/Users/admin/builder/spi-builder-workspace/.derivedData/Build/Products/Debug-iphoneos/ResearchKit.framework/Headers/ResearchKit.h:60:9: note: did not find header 'ORKVideoInstructionStep.h' in framework 'ResearchKit' (loaded from '/Users/admin/builder/spi-builder-workspace/.derivedData/Build/Products/Debug-iphoneos')
While building module 'ResearchKitUI' imported from module-include.input:1:
In file included from <module-includes>:1:
In file included from /Users/admin/builder/spi-builder-workspace/.derivedData/Build/Products/Debug-iphoneos/ResearchKitUI.framework/Headers/ResearchKitUI.h:31:
In file included from /Users/admin/builder/spi-builder-workspace/.derivedData/Build/Products/Debug-iphoneos/ResearchKitUI.framework/Headers/ORKAccessibility.h:33:
/Users/admin/builder/spi-builder-workspace/.derivedData/Build/Products/Debug-iphoneos/ResearchKitUI.framework/Headers/ORKAccessibilityFunctions.h:32:9: fatal error: could not build module 'ResearchKit'
While building module 'ResearchKitUI' imported from module-include.input:1:
While building module 'ResearchKit_Private' imported from /Users/admin/builder/spi-builder-workspace/.derivedData/Build/Products/Debug-iphoneos/ResearchKitUI.framework/Headers/ORKAccessibilityFunctions.h:33:
In file included from <module-includes>:1:
In file included from /Users/admin/builder/spi-builder-workspace/.derivedData/Build/Products/Debug-iphoneos/ResearchKit.framework/PrivateHeaders/ResearchKit_Private.h:32:
/Users/admin/builder/spi-builder-workspace/.derivedData/Build/Products/Debug-iphoneos/ResearchKit.framework/PrivateHeaders/ORKActiveStep_Internal.h:32:9: fatal error: could not build module 'ResearchKit'
module-include.input:1:2: fatal error: could not build module 'ResearchKitUI'
 (in target 'ResearchKitSwiftUIBridge' from project 'ResearchKit')
error: Clang dependency scanning failure: While building module 'ResearchKitActiveTask' imported from module-include.input:1:
While building module 'ResearchKit' imported from /Users/admin/builder/spi-builder-workspace/.derivedData/Build/Products/Debug-iphoneos/ResearchKitActiveTask.framework/Headers/ORK3DModelManager.h:31:
In file included from <module-includes>:1:
/Users/admin/builder/spi-builder-workspace/.derivedData/Build/Products/Debug-iphoneos/ResearchKit.framework/Headers/ResearchKit.h:60:9: fatal error: 'ResearchKit/ORKVideoInstructionStep.h' file not found
/Users/admin/builder/spi-builder-workspace/.derivedData/Build/Products/Debug-iphoneos/ResearchKit.framework/Headers/ResearchKit.h:60:9: note: did not find header 'ORKVideoInstructionStep.h' in framework 'ResearchKit' (loaded from '/Users/admin/builder/spi-builder-workspace/.derivedData/Build/Products/Debug-iphoneos')
While building module 'ResearchKitActiveTask' imported from module-include.input:1:
In file included from <module-includes>:1:
In file included from /Users/admin/builder/spi-builder-workspace/.derivedData/Build/Products/Debug-iphoneos/ResearchKitActiveTask.framework/Headers/ResearchKitActiveTask.h:40:
/Users/admin/builder/spi-builder-workspace/.derivedData/Build/Products/Debug-iphoneos/ResearchKitActiveTask.framework/Headers/ORK3DModelManager.h:31:9: fatal error: could not build module 'ResearchKit'
While building module 'ResearchKitActiveTask' imported from module-include.input:1:
While building module 'ResearchKitUI' imported from /Users/admin/builder/spi-builder-workspace/.derivedData/Build/Products/Debug-iphoneos/ResearchKitActiveTask.framework/Headers/ORKActiveStepViewController.h:33:
In file included from <module-includes>:1:
In file included from /Users/admin/builder/spi-builder-workspace/.derivedData/Build/Products/Debug-iphoneos/ResearchKitUI.framework/Headers/ResearchKitUI.h:31:
In file included from /Users/admin/builder/spi-builder-workspace/.derivedData/Build/Products/Debug-iphoneos/ResearchKitUI.framework/Headers/ORKAccessibility.h:33:
/Users/admin/builder/spi-builder-workspace/.derivedData/Build/Products/Debug-iphoneos/ResearchKitUI.framework/Headers/ORKAccessibilityFunctions.h:32:9: fatal error: could not build module 'ResearchKit'
While building module 'ResearchKitActiveTask' imported from module-include.input:1:
While building module 'ResearchKitUI' imported from /Users/admin/builder/spi-builder-workspace/.derivedData/Build/Products/Debug-iphoneos/ResearchKitActiveTask.framework/Headers/ORKActiveStepViewController.h:33:
While building module 'ResearchKit_Private' imported from /Users/admin/builder/spi-builder-workspace/.derivedData/Build/Products/Debug-iphoneos/ResearchKitUI.framework/Headers/ORKAccessibilityFunctions.h:33:
In file included from <module-includes>:1:
In file included from /Users/admin/builder/spi-builder-workspace/.derivedData/Build/Products/Debug-iphoneos/ResearchKit.framework/PrivateHeaders/ResearchKit_Private.h:32:
/Users/admin/builder/spi-builder-workspace/.derivedData/Build/Products/Debug-iphoneos/ResearchKit.framework/PrivateHeaders/ORKActiveStep_Internal.h:32:9: fatal error: could not build module 'ResearchKit'
module-include.input:1:4: fatal error: could not build module 'ResearchKitActiveTask'
 (in target 'ResearchKitSwiftUIBridge' from project 'ResearchKit')
/Users/admin/builder/spi-builder-workspace/.derivedData/Build/Products/Debug-iphoneos/ResearchKitUI.framework/Modules/ResearchKitUI.swiftmodule/arm64-apple-ios.private.swiftinterface:7:19: error: Unable to resolve module dependency: 'ResearchKitUI' (in target 'ResearchKitSwiftUIBridge' from project 'ResearchKit')
    note: A dependency of Swift module 'ResearchKitUI': '/Users/admin/builder/spi-builder-workspace/.derivedData/Build/Products/Debug-iphoneos/ResearchKitUI.framework/Modules/ResearchKitUI.swiftmodule/arm64-apple-ios.private.swiftinterface'
    note: A dependency of main module 'ResearchKitSwiftUIBridge'
/Users/admin/builder/spi-builder-workspace/.derivedData/Build/Products/Debug-iphoneos/ResearchKit.framework/Modules/ResearchKit.swiftmodule/arm64-apple-ios.private.swiftinterface:7:19: error: Unable to resolve module dependency: 'ResearchKit' (in target 'ResearchKitSwiftUIBridge' from project 'ResearchKit')
    note: A dependency of Swift module 'ResearchKit': '/Users/admin/builder/spi-builder-workspace/.derivedData/Build/Products/Debug-iphoneos/ResearchKit.framework/Modules/ResearchKit.swiftmodule/arm64-apple-ios.private.swiftinterface'
    note: A dependency of Swift module 'ResearchKitUI': '/Users/admin/builder/spi-builder-workspace/.derivedData/Build/Products/Debug-iphoneos/ResearchKitUI.framework/Modules/ResearchKitUI.swiftmodule/arm64-apple-ios.private.swiftinterface'
    note: A dependency of Swift module 'ResearchKit': '/Users/admin/builder/spi-builder-workspace/.derivedData/Build/Products/Debug-iphoneos/ResearchKit.framework/Modules/ResearchKit.swiftmodule/arm64-apple-ios.private.swiftinterface'
    note: A dependency of main module 'ResearchKitSwiftUIBridge'
    note: A dependency of Swift module 'ResearchKit': '/Users/admin/builder/spi-builder-workspace/.derivedData/Build/Products/Debug-iphoneos/ResearchKit.framework/Modules/ResearchKit.swiftmodule/arm64-apple-ios.private.swiftinterface'
    note: A dependency of main module 'ResearchKitSwiftUIBridge'
/Users/admin/builder/spi-builder-workspace/.derivedData/Build/Products/Debug-iphoneos/ResearchKit.framework/Modules/ResearchKit.swiftmodule/arm64-apple-ios.private.swiftinterface:8:8: error: Unable to resolve module dependency: 'ResearchKit_Private' (in target 'ResearchKitSwiftUIBridge' from project 'ResearchKit')
    note: A dependency of Swift module 'ResearchKit': '/Users/admin/builder/spi-builder-workspace/.derivedData/Build/Products/Debug-iphoneos/ResearchKit.framework/Modules/ResearchKit.swiftmodule/arm64-apple-ios.private.swiftinterface'
    note: A dependency of Swift module 'ResearchKitUI': '/Users/admin/builder/spi-builder-workspace/.derivedData/Build/Products/Debug-iphoneos/ResearchKitUI.framework/Modules/ResearchKitUI.swiftmodule/arm64-apple-ios.private.swiftinterface'
    note: A dependency of Swift module 'ResearchKit': '/Users/admin/builder/spi-builder-workspace/.derivedData/Build/Products/Debug-iphoneos/ResearchKit.framework/Modules/ResearchKit.swiftmodule/arm64-apple-ios.private.swiftinterface'
    note: A dependency of main module 'ResearchKitSwiftUIBridge'
    note: A dependency of Swift module 'ResearchKit': '/Users/admin/builder/spi-builder-workspace/.derivedData/Build/Products/Debug-iphoneos/ResearchKit.framework/Modules/ResearchKit.swiftmodule/arm64-apple-ios.private.swiftinterface'
    note: A dependency of main module 'ResearchKitSwiftUIBridge'
/Users/admin/builder/spi-builder-workspace/Sources/ResearchKitSwiftUIBridge/Export.swift:12:19: error: Unable to resolve module dependency: 'ResearchKitActiveTask' (in target 'ResearchKitSwiftUIBridge' from project 'ResearchKit')
    note: A dependency of main module 'ResearchKitSwiftUIBridge'
error: Clang dependency scanning failure: While building module 'ResearchKit' imported from module-include.input:1:
In file included from <module-includes>:1:
/Users/admin/builder/spi-builder-workspace/.derivedData/Build/Products/Debug-iphoneos/ResearchKit.framework/Headers/ResearchKit.h:60:9: fatal error: 'ResearchKit/ORKVideoInstructionStep.h' file not found
/Users/admin/builder/spi-builder-workspace/.derivedData/Build/Products/Debug-iphoneos/ResearchKit.framework/Headers/ResearchKit.h:60:9: note: did not find header 'ORKVideoInstructionStep.h' in framework 'ResearchKit' (loaded from '/Users/admin/builder/spi-builder-workspace/.derivedData/Build/Products/Debug-iphoneos')
module-include.input:1:4: fatal error: could not build module 'ResearchKit'
 (in target 'ResearchKitSwiftUIBridge' from project 'ResearchKit')
error: Clang dependency scanning failure: While building module 'ResearchKit_Private' imported from module-include.input:1:
While building module 'ResearchKit' imported from /Users/admin/builder/spi-builder-workspace/.derivedData/Build/Products/Debug-iphoneos/ResearchKit.framework/PrivateHeaders/ORKActiveStep_Internal.h:32:
In file included from <module-includes>:1:
/Users/admin/builder/spi-builder-workspace/.derivedData/Build/Products/Debug-iphoneos/ResearchKit.framework/Headers/ResearchKit.h:60:9: fatal error: 'ResearchKit/ORKVideoInstructionStep.h' file not found
/Users/admin/builder/spi-builder-workspace/.derivedData/Build/Products/Debug-iphoneos/ResearchKit.framework/Headers/ResearchKit.h:60:9: note: did not find header 'ORKVideoInstructionStep.h' in framework 'ResearchKit' (loaded from '/Users/admin/builder/spi-builder-workspace/.derivedData/Build/Products/Debug-iphoneos')
While building module 'ResearchKit_Private' imported from module-include.input:1:
In file included from <module-includes>:1:
In file included from /Users/admin/builder/spi-builder-workspace/.derivedData/Build/Products/Debug-iphoneos/ResearchKit.framework/PrivateHeaders/ResearchKit_Private.h:32:
/Users/admin/builder/spi-builder-workspace/.derivedData/Build/Products/Debug-iphoneos/ResearchKit.framework/PrivateHeaders/ORKActiveStep_Internal.h:32:9: fatal error: could not build module 'ResearchKit'
module-include.input:1:4: fatal error: could not build module 'ResearchKit_Private'
 (in target 'ResearchKitSwiftUIBridge' from project 'ResearchKit')
error: Clang dependency scanning failure: While building module 'ResearchKitUI' imported from module-include.input:1:
While building module 'ResearchKit' imported from /Users/admin/builder/spi-builder-workspace/.derivedData/Build/Products/Debug-iphoneos/ResearchKitUI.framework/Headers/ORKAccessibilityFunctions.h:32:
In file included from <module-includes>:1:
/Users/admin/builder/spi-builder-workspace/.derivedData/Build/Products/Debug-iphoneos/ResearchKit.framework/Headers/ResearchKit.h:60:9: fatal error: 'ResearchKit/ORKVideoInstructionStep.h' file not found
/Users/admin/builder/spi-builder-workspace/.derivedData/Build/Products/Debug-iphoneos/ResearchKit.framework/Headers/ResearchKit.h:60:9: note: did not find header 'ORKVideoInstructionStep.h' in framework 'ResearchKit' (loaded from '/Users/admin/builder/spi-builder-workspace/.derivedData/Build/Products/Debug-iphoneos')
While building module 'ResearchKitUI' imported from module-include.input:1:
In file included from <module-includes>:1:
In file included from /Users/admin/builder/spi-builder-workspace/.derivedData/Build/Products/Debug-iphoneos/ResearchKitUI.framework/Headers/ResearchKitUI.h:31:
In file included from /Users/admin/builder/spi-builder-workspace/.derivedData/Build/Products/Debug-iphoneos/ResearchKitUI.framework/Headers/ORKAccessibility.h:33:
/Users/admin/builder/spi-builder-workspace/.derivedData/Build/Products/Debug-iphoneos/ResearchKitUI.framework/Headers/ORKAccessibilityFunctions.h:32:9: fatal error: could not build module 'ResearchKit'
While building module 'ResearchKitUI' imported from module-include.input:1:
While building module 'ResearchKit_Private' imported from /Users/admin/builder/spi-builder-workspace/.derivedData/Build/Products/Debug-iphoneos/ResearchKitUI.framework/Headers/ORKAccessibilityFunctions.h:33:
In file included from <module-includes>:1:
In file included from /Users/admin/builder/spi-builder-workspace/.derivedData/Build/Products/Debug-iphoneos/ResearchKit.framework/PrivateHeaders/ResearchKit_Private.h:32:
/Users/admin/builder/spi-builder-workspace/.derivedData/Build/Products/Debug-iphoneos/ResearchKit.framework/PrivateHeaders/ORKActiveStep_Internal.h:32:9: fatal error: could not build module 'ResearchKit'
module-include.input:1:2: fatal error: could not build module 'ResearchKitUI'
 (in target 'ResearchKitSwiftUIBridge' from project 'ResearchKit')
error: Clang dependency scanning failure: While building module 'ResearchKitActiveTask' imported from module-include.input:1:
While building module 'ResearchKit' imported from /Users/admin/builder/spi-builder-workspace/.derivedData/Build/Products/Debug-iphoneos/ResearchKitActiveTask.framework/Headers/ORK3DModelManager.h:31:
In file included from <module-includes>:1:
/Users/admin/builder/spi-builder-workspace/.derivedData/Build/Products/Debug-iphoneos/ResearchKit.framework/Headers/ResearchKit.h:60:9: fatal error: 'ResearchKit/ORKVideoInstructionStep.h' file not found
/Users/admin/builder/spi-builder-workspace/.derivedData/Build/Products/Debug-iphoneos/ResearchKit.framework/Headers/ResearchKit.h:60:9: note: did not find header 'ORKVideoInstructionStep.h' in framework 'ResearchKit' (loaded from '/Users/admin/builder/spi-builder-workspace/.derivedData/Build/Products/Debug-iphoneos')
While building module 'ResearchKitActiveTask' imported from module-include.input:1:
In file included from <module-includes>:1:
In file included from /Users/admin/builder/spi-builder-workspace/.derivedData/Build/Products/Debug-iphoneos/ResearchKitActiveTask.framework/Headers/ResearchKitActiveTask.h:40:
/Users/admin/builder/spi-builder-workspace/.derivedData/Build/Products/Debug-iphoneos/ResearchKitActiveTask.framework/Headers/ORK3DModelManager.h:31:9: fatal error: could not build module 'ResearchKit'
While building module 'ResearchKitActiveTask' imported from module-include.input:1:
While building module 'ResearchKitUI' imported from /Users/admin/builder/spi-builder-workspace/.derivedData/Build/Products/Debug-iphoneos/ResearchKitActiveTask.framework/Headers/ORKActiveStepViewController.h:33:
In file included from <module-includes>:1:
In file included from /Users/admin/builder/spi-builder-workspace/.derivedData/Build/Products/Debug-iphoneos/ResearchKitUI.framework/Headers/ResearchKitUI.h:31:
In file included from /Users/admin/builder/spi-builder-workspace/.derivedData/Build/Products/Debug-iphoneos/ResearchKitUI.framework/Headers/ORKAccessibility.h:33:
/Users/admin/builder/spi-builder-workspace/.derivedData/Build/Products/Debug-iphoneos/ResearchKitUI.framework/Headers/ORKAccessibilityFunctions.h:32:9: fatal error: could not build module 'ResearchKit'
While building module 'ResearchKitActiveTask' imported from module-include.input:1:
While building module 'ResearchKitUI' imported from /Users/admin/builder/spi-builder-workspace/.derivedData/Build/Products/Debug-iphoneos/ResearchKitActiveTask.framework/Headers/ORKActiveStepViewController.h:33:
While building module 'ResearchKit_Private' imported from /Users/admin/builder/spi-builder-workspace/.derivedData/Build/Products/Debug-iphoneos/ResearchKitUI.framework/Headers/ORKAccessibilityFunctions.h:33:
In file included from <module-includes>:1:
In file included from /Users/admin/builder/spi-builder-workspace/.derivedData/Build/Products/Debug-iphoneos/ResearchKit.framework/PrivateHeaders/ResearchKit_Private.h:32:
/Users/admin/builder/spi-builder-workspace/.derivedData/Build/Products/Debug-iphoneos/ResearchKit.framework/PrivateHeaders/ORKActiveStep_Internal.h:32:9: fatal error: could not build module 'ResearchKit'
module-include.input:1:4: fatal error: could not build module 'ResearchKitActiveTask'
 (in target 'ResearchKitSwiftUIBridge' from project 'ResearchKit')
/Users/admin/builder/spi-builder-workspace/.derivedData/Build/Products/Debug-iphoneos/ResearchKitUI.framework/Modules/ResearchKitUI.swiftmodule/arm64-apple-ios.private.swiftinterface:7:19: note: A dependency of Swift module 'ResearchKitUI': '/Users/admin/builder/spi-builder-workspace/.derivedData/Build/Products/Debug-iphoneos/ResearchKitUI.framework/Modules/ResearchKitUI.swiftmodule/arm64-apple-ios.private.swiftinterface'
@_exported import ResearchKitUI
                  ^ (in target 'ResearchKitSwiftUIBridge' from project 'ResearchKit')
/Users/admin/builder/spi-builder-workspace/.derivedData/Build/Products/Debug-iphoneos/ResearchKitUI.framework/Modules/ResearchKitUI.swiftmodule/arm64-apple-ios.private.swiftinterface:7:19: note: A dependency of main module 'ResearchKitSwiftUIBridge'
@_exported import ResearchKitUI
                  ^ (in target 'ResearchKitSwiftUIBridge' from project 'ResearchKit')
/Users/admin/builder/spi-builder-workspace/.derivedData/Build/Products/Debug-iphoneos/ResearchKit.framework/Modules/ResearchKit.swiftmodule/arm64-apple-ios.private.swiftinterface:7:19: note: A dependency of Swift module 'ResearchKit': '/Users/admin/builder/spi-builder-workspace/.derivedData/Build/Products/Debug-iphoneos/ResearchKit.framework/Modules/ResearchKit.swiftmodule/arm64-apple-ios.private.swiftinterface'
@_exported import ResearchKit
                  ^ (in target 'ResearchKitSwiftUIBridge' from project 'ResearchKit')
/Users/admin/builder/spi-builder-workspace/.derivedData/Build/Products/Debug-iphoneos/ResearchKit.framework/Modules/ResearchKit.swiftmodule/arm64-apple-ios.private.swiftinterface:7:19: note: A dependency of Swift module 'ResearchKitUI': '/Users/admin/builder/spi-builder-workspace/.derivedData/Build/Products/Debug-iphoneos/ResearchKitUI.framework/Modules/ResearchKitUI.swiftmodule/arm64-apple-ios.private.swiftinterface'
@_exported import ResearchKit
                  ^ (in target 'ResearchKitSwiftUIBridge' from project 'ResearchKit')
/Users/admin/builder/spi-builder-workspace/.derivedData/Build/Products/Debug-iphoneos/ResearchKit.framework/Modules/ResearchKit.swiftmodule/arm64-apple-ios.private.swiftinterface:7:19: note: A dependency of Swift module 'ResearchKit': '/Users/admin/builder/spi-builder-workspace/.derivedData/Build/Products/Debug-iphoneos/ResearchKit.framework/Modules/ResearchKit.swiftmodule/arm64-apple-ios.private.swiftinterface'
@_exported import ResearchKit
                  ^ (in target 'ResearchKitSwiftUIBridge' from project 'ResearchKit')
/Users/admin/builder/spi-builder-workspace/.derivedData/Build/Products/Debug-iphoneos/ResearchKit.framework/Modules/ResearchKit.swiftmodule/arm64-apple-ios.private.swiftinterface:7:19: note: A dependency of main module 'ResearchKitSwiftUIBridge'
@_exported import ResearchKit
                  ^ (in target 'ResearchKitSwiftUIBridge' from project 'ResearchKit')
/Users/admin/builder/spi-builder-workspace/.derivedData/Build/Products/Debug-iphoneos/ResearchKit.framework/Modules/ResearchKit.swiftmodule/arm64-apple-ios.private.swiftinterface:7:19: note: A dependency of Swift module 'ResearchKit': '/Users/admin/builder/spi-builder-workspace/.derivedData/Build/Products/Debug-iphoneos/ResearchKit.framework/Modules/ResearchKit.swiftmodule/arm64-apple-ios.private.swiftinterface'
@_exported import ResearchKit
                  ^ (in target 'ResearchKitSwiftUIBridge' from project 'ResearchKit')
/Users/admin/builder/spi-builder-workspace/.derivedData/Build/Products/Debug-iphoneos/ResearchKit.framework/Modules/ResearchKit.swiftmodule/arm64-apple-ios.private.swiftinterface:7:19: note: A dependency of main module 'ResearchKitSwiftUIBridge'
@_exported import ResearchKit
                  ^ (in target 'ResearchKitSwiftUIBridge' from project 'ResearchKit')
/Users/admin/builder/spi-builder-workspace/.derivedData/Build/Products/Debug-iphoneos/ResearchKit.framework/Modules/ResearchKit.swiftmodule/arm64-apple-ios.private.swiftinterface:8:8: note: A dependency of Swift module 'ResearchKit': '/Users/admin/builder/spi-builder-workspace/.derivedData/Build/Products/Debug-iphoneos/ResearchKit.framework/Modules/ResearchKit.swiftmodule/arm64-apple-ios.private.swiftinterface'
import ResearchKit_Private
       ^ (in target 'ResearchKitSwiftUIBridge' from project 'ResearchKit')
/Users/admin/builder/spi-builder-workspace/.derivedData/Build/Products/Debug-iphoneos/ResearchKit.framework/Modules/ResearchKit.swiftmodule/arm64-apple-ios.private.swiftinterface:8:8: note: A dependency of Swift module 'ResearchKitUI': '/Users/admin/builder/spi-builder-workspace/.derivedData/Build/Products/Debug-iphoneos/ResearchKitUI.framework/Modules/ResearchKitUI.swiftmodule/arm64-apple-ios.private.swiftinterface'
import ResearchKit_Private
       ^ (in target 'ResearchKitSwiftUIBridge' from project 'ResearchKit')
/Users/admin/builder/spi-builder-workspace/.derivedData/Build/Products/Debug-iphoneos/ResearchKit.framework/Modules/ResearchKit.swiftmodule/arm64-apple-ios.private.swiftinterface:8:8: note: A dependency of Swift module 'ResearchKit': '/Users/admin/builder/spi-builder-workspace/.derivedData/Build/Products/Debug-iphoneos/ResearchKit.framework/Modules/ResearchKit.swiftmodule/arm64-apple-ios.private.swiftinterface'
import ResearchKit_Private
       ^ (in target 'ResearchKitSwiftUIBridge' from project 'ResearchKit')
/Users/admin/builder/spi-builder-workspace/.derivedData/Build/Products/Debug-iphoneos/ResearchKit.framework/Modules/ResearchKit.swiftmodule/arm64-apple-ios.private.swiftinterface:8:8: note: A dependency of main module 'ResearchKitSwiftUIBridge'
import ResearchKit_Private
       ^ (in target 'ResearchKitSwiftUIBridge' from project 'ResearchKit')
/Users/admin/builder/spi-builder-workspace/.derivedData/Build/Products/Debug-iphoneos/ResearchKit.framework/Modules/ResearchKit.swiftmodule/arm64-apple-ios.private.swiftinterface:8:8: note: A dependency of Swift module 'ResearchKit': '/Users/admin/builder/spi-builder-workspace/.derivedData/Build/Products/Debug-iphoneos/ResearchKit.framework/Modules/ResearchKit.swiftmodule/arm64-apple-ios.private.swiftinterface'
import ResearchKit_Private
       ^ (in target 'ResearchKitSwiftUIBridge' from project 'ResearchKit')
/Users/admin/builder/spi-builder-workspace/.derivedData/Build/Products/Debug-iphoneos/ResearchKit.framework/Modules/ResearchKit.swiftmodule/arm64-apple-ios.private.swiftinterface:8:8: note: A dependency of main module 'ResearchKitSwiftUIBridge'
import ResearchKit_Private
       ^ (in target 'ResearchKitSwiftUIBridge' from project 'ResearchKit')
/Users/admin/builder/spi-builder-workspace/Sources/ResearchKitSwiftUIBridge/Export.swift:12:19: note: A dependency of main module 'ResearchKitSwiftUIBridge'
@_exported import ResearchKitActiveTask
                  ^ (in target 'ResearchKitSwiftUIBridge' from project 'ResearchKit')
SwiftDriver Logging normal arm64 com.apple.xcode.tools.swift.compiler (in target 'Logging' from project 'swift-log')
    cd /Users/admin/builder/spi-builder-workspace/.swiftpm/xcode
    builtin-SwiftDriver -- /Applications/Xcode-27.0.0-Release.Candidate.app/Contents/Developer/Toolchains/XcodeDefault.xctoolchain/usr/bin/swiftc -parse-as-library -module-name Logging -Onone @/Users/admin/builder/spi-builder-workspace/.derivedData/Build/Intermediates.noindex/swift-log.build/Debug-iphoneos/Logging-t.build/Objects-normal/arm64/Logging.SwiftFileList -DSWIFT_PACKAGE -DDEBUG -DSWIFT_MODULE_RESOURCE_BUNDLE_UNAVAILABLE -DXcode -enable-upcoming-feature ExistentialAny -enable-upcoming-feature MemberImportVisibility -enable-upcoming-feature InternalImportsByDefault -enable-upcoming-feature NonisolatedNonsendingByDefault -Xfrontend -require-explicit-sendable -plugin-path /Applications/Xcode-27.0.0-Release.Candidate.app/Contents/Developer/Toolchains/XcodeDefault.xctoolchain/usr/lib/swift/host/plugins/testing -enable-experimental-feature DebugDescriptionMacro -sdk /Applications/Xcode-27.0.0-Release.Candidate.app/Contents/Developer/Platforms/iPhoneOS.platform/Developer/SDKs/iPhoneOS27.0.sdk -target arm64-apple-ios15.0 -g -module-cache-path /Users/admin/builder/spi-builder-workspace/.derivedData/ModuleCache.noindex -Xfrontend -serialize-debugging-options -enable-testing -suppress-warnings -index-store-path /Users/admin/builder/spi-builder-workspace/.derivedData/Index.noindex/DataStore -Xcc -D_LIBCPP_HARDENING_MODE\=_LIBCPP_HARDENING_MODE_DEBUG -swift-version 6 -I /Users/admin/builder/spi-builder-workspace/.derivedData/Build/Products/Debug-iphoneos -Isystem /Applications/Xcode-27.0.0-Release.Candidate.app/Contents/Developer/Platforms/iPhoneOS.platform/Developer/usr/lib -F /Users/admin/builder/spi-builder-workspace/.derivedData/Build/Products/Debug-iphoneos -F /Applications/Xcode-27.0.0-Release.Candidate.app/Contents/Developer/Platforms/iPhoneOS.platform/Developer/Library/Frameworks -F /Applications/Xcode-27.0.0-Release.Candidate.app/Contents/Developer/Platforms/iPhoneOS.platform/Developer/SDKs/iPhoneOS27.0.sdk/Developer/Library/Frameworks -c -j10 -enable-batch-mode -incremental -Xcc -ivfsstatcache -Xcc /Users/admin/builder/spi-builder-workspace/.derivedData/SDKStatCaches.noindex/iphoneos27.0-24A430-e829b21a6f8c9b70876ba0858053c04440ceaa042ed91876912b2eeea4e3aa14.sdkstatcache -output-file-map /Users/admin/builder/spi-builder-workspace/.derivedData/Build/Intermediates.noindex/swift-log.build/Debug-iphoneos/Logging-t.build/Objects-normal/arm64/Logging-OutputFileMap.json -save-temps -no-color-diagnostics -explicit-module-build -module-cache-path /Users/admin/builder/spi-builder-workspace/.derivedData/Build/Intermediates.noindex/SwiftExplicitPrecompiledModules -clang-scanner-module-cache-path /Users/admin/builder/spi-builder-workspace/.derivedData/ModuleCache.noindex -sdk-module-cache-path /Users/admin/builder/spi-builder-workspace/.derivedData/SDKExplicitPrecompiledModules -emit-dependencies -emit-module -emit-module-path /Users/admin/builder/spi-builder-workspace/.derivedData/Build/Intermediates.noindex/swift-log.build/Debug-iphoneos/Logging-t.build/Objects-normal/arm64/Logging.swiftmodule -serialize-diagnostics -dependency-scan-serialize-diagnostics-path /Users/admin/builder/spi-builder-workspace/.derivedData/Build/Intermediates.noindex/swift-log.build/Debug-iphoneos/Logging-t.build/Objects-normal/arm64/Logging-dependency-scan.dia -user-module-version 1.15.1 -validate-clang-modules-once -clang-build-session-file /Users/admin/builder/spi-builder-workspace/.derivedData/ModuleCache.noindex/Session.modulevalidation -Xcc -fmodules-prune-interval\=86400 -Xcc -fmodules-prune-after\=345600 -package-name swift_log -emit-const-values -const-gather-protocols-list /Users/admin/builder/spi-builder-workspace/.derivedData/Build/Intermediates.noindex/swift-log.build/Debug-iphoneos/Logging-t.build/Objects-normal/arm64/Logging_const_extract_protocols.json -Xcc -I/Users/admin/builder/spi-builder-workspace/.derivedData/Build/Products/Debug-iphoneos/include -Xcc -I/Users/admin/builder/spi-builder-workspace/.derivedData/Build/Intermediates.noindex/swift-log.build/Debug-iphoneos/Logging-t.build/DerivedSources-normal/arm64 -Xcc -I/Users/admin/builder/spi-builder-workspace/.derivedData/Build/Intermediates.noindex/swift-log.build/Debug-iphoneos/Logging-t.build/DerivedSources/arm64 -Xcc -I/Users/admin/builder/spi-builder-workspace/.derivedData/Build/Intermediates.noindex/swift-log.build/Debug-iphoneos/Logging-t.build/DerivedSources -Xcc -DSWIFT_PACKAGE -Xcc -DDEBUG\=1 -emit-objc-header -emit-objc-header-path /Users/admin/builder/spi-builder-workspace/.derivedData/Build/Intermediates.noindex/swift-log.build/Debug-iphoneos/Logging-t.build/Objects-normal/arm64/Logging-Swift.h -working-directory /Users/admin/builder/spi-builder-workspace/.swiftpm/xcode -experimental-emit-module-separately -disable-cmo
SwiftDriver Atomics normal arm64 com.apple.xcode.tools.swift.compiler (in target 'Atomics' from project 'swift-atomics')
    cd /Users/admin/builder/spi-builder-workspace/.swiftpm/xcode
    builtin-SwiftDriver -- /Applications/Xcode-27.0.0-Release.Candidate.app/Contents/Developer/Toolchains/XcodeDefault.xctoolchain/usr/bin/swiftc -parse-as-library -module-name Atomics -Onone @/Users/admin/builder/spi-builder-workspace/.derivedData/Build/Intermediates.noindex/swift-atomics.build/Debug-iphoneos/Atomics-t.build/Objects-normal/arm64/Atomics.SwiftFileList -DSWIFT_PACKAGE -DDEBUG -DSWIFT_MODULE_RESOURCE_BUNDLE_UNAVAILABLE -Xcc -fmodule-map-file\=/Users/admin/builder/spi-builder-workspace/.dependencies/checkouts/swift-atomics/Sources/_AtomicsShims/include/module.modulemap -DXcode -enable-experimental-feature BuiltinModule -plugin-path /Applications/Xcode-27.0.0-Release.Candidate.app/Contents/Developer/Toolchains/XcodeDefault.xctoolchain/usr/lib/swift/host/plugins/testing -enable-experimental-feature DebugDescriptionMacro -sdk /Applications/Xcode-27.0.0-Release.Candidate.app/Contents/Developer/Platforms/iPhoneOS.platform/Developer/SDKs/iPhoneOS27.0.sdk -target arm64-apple-ios15.0 -g -module-cache-path /Users/admin/builder/spi-builder-workspace/.derivedData/ModuleCache.noindex -Xfrontend -serialize-debugging-options -enable-testing -suppress-warnings -index-store-path /Users/admin/builder/spi-builder-workspace/.derivedData/Index.noindex/DataStore -Xcc -D_LIBCPP_HARDENING_MODE\=_LIBCPP_HARDENING_MODE_DEBUG -swift-version 5 -I /Users/admin/builder/spi-builder-workspace/.derivedData/Build/Products/Debug-iphoneos -Isystem /Applications/Xcode-27.0.0-Release.Candidate.app/Contents/Developer/Platforms/iPhoneOS.platform/Developer/usr/lib -F /Users/admin/builder/spi-builder-workspace/.derivedData/Build/Products/Debug-iphoneos/PackageFrameworks -F /Users/admin/builder/spi-builder-workspace/.derivedData/Build/Products/Debug-iphoneos -F /Applications/Xcode-27.0.0-Release.Candidate.app/Contents/Developer/Platforms/iPhoneOS.platform/Developer/Library/Frameworks -F /Applications/Xcode-27.0.0-Release.Candidate.app/Contents/Developer/Platforms/iPhoneOS.platform/Developer/SDKs/iPhoneOS27.0.sdk/Developer/Library/Frameworks -c -j10 -enable-batch-mode -incremental -Xcc -ivfsstatcache -Xcc /Users/admin/builder/spi-builder-workspace/.derivedData/SDKStatCaches.noindex/iphoneos27.0-24A430-e829b21a6f8c9b70876ba0858053c04440ceaa042ed91876912b2eeea4e3aa14.sdkstatcache -output-file-map /Users/admin/builder/spi-builder-workspace/.derivedData/Build/Intermediates.noindex/swift-atomics.build/Debug-iphoneos/Atomics-t.build/Objects-normal/arm64/Atomics-OutputFileMap.json -save-temps -no-color-diagnostics -explicit-module-build -module-cache-path /Users/admin/builder/spi-builder-workspace/.derivedData/Build/Intermediates.noindex/SwiftExplicitPrecompiledModules -clang-scanner-module-cache-path /Users/admin/builder/spi-builder-workspace/.derivedData/ModuleCache.noindex -sdk-module-cache-path /Users/admin/builder/spi-builder-workspace/.derivedData/SDKExplicitPrecompiledModules -emit-dependencies -emit-module -emit-module-path /Users/admin/builder/spi-builder-workspace/.derivedData/Build/Intermediates.noindex/swift-atomics.build/Debug-iphoneos/Atomics-t.build/Objects-normal/arm64/Atomics.swiftmodule -serialize-diagnostics -dependency-scan-serialize-diagnostics-path /Users/admin/builder/spi-builder-workspace/.derivedData/Build/Intermediates.noindex/swift-atomics.build/Debug-iphoneos/Atomics-t.build/Objects-normal/arm64/Atomics-dependency-scan.dia -validate-clang-modules-once -clang-build-session-file /Users/admin/builder/spi-builder-workspace/.derivedData/ModuleCache.noindex/Session.modulevalidation -Xcc -fmodules-prune-interval\=86400 -Xcc -fmodules-prune-after\=345600 -package-name swift_atomics -emit-const-values -const-gather-protocols-list /Users/admin/builder/spi-builder-workspace/.derivedData/Build/Intermediates.noindex/swift-atomics.build/Debug-iphoneos/Atomics-t.build/Objects-normal/arm64/Atomics_const_extract_protocols.json -Xcc -I/Users/admin/builder/spi-builder-workspace/.dependencies/checkouts/swift-atomics/Sources/_AtomicsShims/include -Xcc -I/Users/admin/builder/spi-builder-workspace/.derivedData/Build/Products/Debug-iphoneos/include -Xcc -I/Users/admin/builder/spi-builder-workspace/.derivedData/Build/Intermediates.noindex/swift-atomics.build/Debug-iphoneos/Atomics-t.build/DerivedSources-normal/arm64 -Xcc -I/Users/admin/builder/spi-builder-workspace/.derivedData/Build/Intermediates.noindex/swift-atomics.build/Debug-iphoneos/Atomics-t.build/DerivedSources/arm64 -Xcc -I/Users/admin/builder/spi-builder-workspace/.derivedData/Build/Intermediates.noindex/swift-atomics.build/Debug-iphoneos/Atomics-t.build/DerivedSources -Xcc -DSWIFT_PACKAGE -Xcc -DDEBUG\=1 -emit-objc-header -emit-objc-header-path /Users/admin/builder/spi-builder-workspace/.derivedData/Build/Intermediates.noindex/swift-atomics.build/Debug-iphoneos/Atomics-t.build/Objects-normal/arm64/Atomics-Swift.h -working-directory /Users/admin/builder/spi-builder-workspace/.swiftpm/xcode -experimental-emit-module-separately -disable-cmo
CompileC /Users/admin/builder/spi-builder-workspace/.derivedData/Build/Intermediates.noindex/zstd.build/Debug-iphoneos/libzstd-t.build/Objects-normal/arm64/zstd_lazy.o /Users/admin/builder/spi-builder-workspace/.dependencies/checkouts/zstd/lib/compress/zstd_lazy.c normal arm64 c com.apple.compilers.llvm.clang.1_0.compiler (in target 'libzstd' from project 'zstd')
    cd /Users/admin/builder/spi-builder-workspace/.swiftpm/xcode

    Using response file: /Users/admin/builder/spi-builder-workspace/.derivedData/Build/Intermediates.noindex/zstd.build/Debug-iphoneos/libzstd-t.build/Objects-normal/arm64/7187679823f38a2a940e0043cdf9d637-common-args.resp

    /Applications/Xcode-27.0.0-Release.Candidate.app/Contents/Developer/Toolchains/XcodeDefault.xctoolchain/usr/bin/clang -x c -ivfsstatcache /Users/admin/builder/spi-builder-workspace/.derivedData/SDKStatCaches.noindex/iphoneos27.0-24A430-e829b21a6f8c9b70876ba0858053c04440ceaa042ed91876912b2eeea4e3aa14.sdkstatcache -target arm64-apple-ios15.0 -fmessage-length\=0 -fdiagnostics-show-note-include-stack -fmacro-backtrace-limit\=0 -fno-color-diagnostics -fmodules-prune-interval\=86400 -fmodules-prune-after\=345600 -fbuild-session-file\=/Users/admin/builder/spi-builder-workspace/.derivedData/ModuleCache.noindex/Session.modulevalidation -fmodules-validate-once-per-build-session -Wnon-modular-include-in-framework-module -Werror\=non-modular-include-in-framework-module -Wno-trigraphs -Wno-missing-field-initializers -Wno-missing-prototypes -Wno-return-type -Wno-missing-braces -Wparentheses -Wswitch -Wno-unused-function -Wno-unused-label -Wno-unused-parameter -Wno-unused-variable -Wunused-value -Wno-empty-body -Wno-uninitialized -Wno-unknown-pragmas -w -Wno-shadow -Wno-four-char-constants -Wno-conversion -Wno-constant-conversion -Wno-int-conversion -Wno-bool-conversion -Wno-enum-conversion -Wno-float-conversion -Wno-non-literal-null-conversion -Wno-objc-literal-conversion -Wshorten-64-to-32 -Wpointer-sign -Wno-newline-eof -Wno-implicit-fallthrough -isysroot /Applications/Xcode-27.0.0-Release.Candidate.app/Contents/Developer/Platforms/iPhoneOS.platform/Developer/SDKs/iPhoneOS27.0.sdk -fstrict-aliasing -Wdeprecated-declarations -Wno-sign-conversion -Wno-infinite-recursion -Wno-comma -Wno-block-capture-autoreleasing -Wno-strict-prototypes -Wno-semicolon-before-method-body -index-store-path /Users/admin/builder/spi-builder-workspace/.derivedData/Index.noindex/DataStore @/Users/admin/builder/spi-builder-workspace/.derivedData/Build/Intermediates.noindex/zstd.build/Debug-iphoneos/libzstd-t.build/Objects-normal/arm64/7187679823f38a2a940e0043cdf9d637-common-args.resp -MMD -MT dependencies -MF /Users/admin/builder/spi-builder-workspace/.derivedData/Build/Intermediates.noindex/zstd.build/Debug-iphoneos/libzstd-t.build/Objects-normal/arm64/zstd_lazy.d --serialize-diagnostics /Users/admin/builder/spi-builder-workspace/.derivedData/Build/Intermediates.noindex/zstd.build/Debug-iphoneos/libzstd-t.build/Objects-normal/arm64/zstd_lazy.dia -c /Users/admin/builder/spi-builder-workspace/.dependencies/checkouts/zstd/lib/compress/zstd_lazy.c -o /Users/admin/builder/spi-builder-workspace/.derivedData/Build/Intermediates.noindex/zstd.build/Debug-iphoneos/libzstd-t.build/Objects-normal/arm64/zstd_lazy.o -index-unit-output-path /zstd.build/Debug-iphoneos/libzstd-t.build/Objects-normal/arm64/zstd_lazy.o
Failed frontend command:
/Applications/Xcode-27.0.0-Release.Candidate.app/Contents/Developer/Toolchains/XcodeDefault.xctoolchain/usr/bin/clang -cc1 -Wundef-prefix\=TARGET_OS_ -fdiagnostics-show-note-include-stack -fmacro-backtrace-limit\=0 -w -ferror-limit 19 -serialize-diagnostic-file /Users/admin/builder/spi-builder-workspace/.derivedData/Build/Intermediates.noindex/zstd.build/Debug-iphoneos/libzstd-t.build/Objects-normal/arm64/zstd_lazy.dia -Wdeprecated-objc-isa-usage -Werror\=deprecated-objc-isa-usage -Werror\=implicit-function-declaration -Wnon-modular-include-in-framework-module -Werror\=non-modular-include-in-framework-module -Wno-trigraphs -Wno-missing-field-initializers -Wno-missing-prototypes -Wno-return-type -Wno-missing-braces -Wparentheses -Wswitch -Wno-unused-function -Wno-unused-label -Wno-unused-parameter -Wno-unused-variable -Wunused-value -Wno-empty-body -Wno-uninitialized -Wno-unknown-pragmas -Wno-shadow -Wno-four-char-constants -Wno-conversion -Wno-constant-conversion -Wno-int-conversion -Wno-bool-conversion -Wno-enum-conversion -Wno-float-conversion -Wno-non-literal-null-conversion -Wno-objc-literal-conversion -Wshorten-64-to-32 -Wpointer-sign -Wno-newline-eof -Wno-implicit-fallthrough -Wdeprecated-declarations -Wno-sign-conversion -Wno-infinite-recursion -Wno-comma -Wno-block-capture-autoreleasing -Wno-strict-prototypes -Wno-semicolon-before-method-body -Wno-elaborated-enum-base -Wno-error\=allocator-wrappers -index-store-path /Users/admin/builder/spi-builder-workspace/.derivedData/Index.noindex/DataStore -index-unit-output-path /zstd.build/Debug-iphoneos/libzstd-t.build/Objects-normal/arm64/zstd_lazy.o -fmodule-map-file\=/Users/admin/builder/spi-builder-workspace/.dependencies/checkouts/zstd/lib/module.modulemap -fmodule-map-file\=/Applications/Xcode-27.0.0-Release.Candidate.app/Contents/Developer/Toolchains/XcodeDefault.xctoolchain/usr/lib/clang/21/include/module.modulemap -fmodule-map-file\=/Applications/Xcode-27.0.0-Release.Candidate.app/Contents/Developer/Platforms/iPhoneOS.platform/Developer/SDKs/iPhoneOS.sdk/usr/include/DarwinFoundation2.modulemap -fmodule-map-file\=/Applications/Xcode-27.0.0-Release.Candidate.app/Contents/Developer/Toolchains/XcodeDefault.xctoolchain/usr/lib/clang/21/include/module.modulemap -fmodule-map-file\=/Applications/Xcode-27.0.0-Release.Candidate.app/Contents/Developer/Toolchains/XcodeDefault.xctoolchain/usr/lib/clang/21/include/module.modulemap -fmodule-map-file\=/Applications/Xcode-27.0.0-Release.Candidate.app/Contents/Developer/Toolchains/XcodeDefault.xctoolchain/usr/lib/clang/21/include/module.modulemap -fmodule-map-file\=/Applications/Xcode-27.0.0-Release.Candidate.app/Contents/Developer/Platforms/iPhoneOS.platform/Developer/SDKs/iPhoneOS.sdk/usr/include/DarwinFoundation3.modulemap -o /Users/admin/builder/spi-builder-workspace/.derivedData/Build/Intermediates.noindex/zstd.build/Debug-iphoneos/libzstd-t.build/Objects-normal/arm64/zstd_lazy.o -disable-free -emit-obj -x c /Users/admin/builder/spi-builder-workspace/.dependencies/checkouts/zstd/lib/compress/zstd_lazy.c -target-abi darwinpcs -target-cpu apple-a7 -target-feature +v8a -target-feature +aes -target-feature +fp-armv8 -target-feature +neon -target-feature +perfmon -target-feature +sha2 -triple arm64-apple-ios15.0.0 -target-linker-version 1166.2 -target-sdk-version\=27.0 -fmodules-validate-system-headers -fno-modulemap-allow-subdirectory-search -isysroot /Applications/Xcode-27.0.0-Release.Candidate.app/Contents/Developer/Platforms/iPhoneOS.platform/Developer/SDKs/iPhoneOS27.0.sdk -resource-dir /Applications/Xcode-27.0.0-Release.Candidate.app/Contents/Developer/Toolchains/XcodeDefault.xctoolchain/usr/lib/clang/21 -fmodule-format\=obj -fmodule-file\=_Builtin_intrinsics\=/Users/admin/builder/spi-builder-workspace/.derivedData/Build/Intermediates.noindex/ExplicitPrecompiledModules/_Builtin_intrinsics-EU6581Z6I3M3Z9DPMFK6NPTBY.pcm -fmodule-file\=_Builtin_limits\=/Users/admin/builder/spi-builder-workspace/.derivedData/Build/Intermediates.noindex/ExplicitPrecompiledModules/_Builtin_limits-EVHFG8YO8Y6MD4NKJRDKGQ2EW.pcm -fmodule-file\=_Builtin_stddef\=/Users/admin/builder/spi-builder-workspace/.derivedData/Build/Intermediates.noindex/ExplicitPrecompiledModules/_Builtin_stddef-2TFRQF374QH3TCH4EMBE6DGIW.pcm -fmodule-file\=_Builtin_stdint\=/Users/admin/builder/spi-builder-workspace/.derivedData/Build/Intermediates.noindex/ExplicitPrecompiledModules/_Builtin_stdint-2IMLVJ78KS97DUKY8B87JND1I.pcm -fmodule-file\=_DarwinFoundation2\=/Users/admin/builder/spi-builder-workspace/.derivedData/Build/Intermediates.noindex/ExplicitPrecompiledModules/_DarwinFoundation2-9DJ0WIDX7IC056GNMI0OFCI6C.pcm -fmodule-file\=_DarwinFoundation3\=/Users/admin/builder/spi-builder-workspace/.derivedData/Build/Intermediates.noindex/ExplicitPrecompiledModules/_DarwinFoundation3-9EXSJED7JE8QDZ6F4R3TC2KZ3.pcm -I /Users/admin/builder/spi-builder-workspace/.derivedData/Build/Products/Debug-iphoneos/include -I /Users/admin/builder/spi-builder-workspace/.dependencies/checkouts/zstd/lib -I /Users/admin/builder/spi-builder-workspace/.dependencies/checkouts/zstd/lib -I /Users/admin/builder/spi-builder-workspace/.derivedData/Build/Intermediates.noindex/zstd.build/Debug-iphoneos/libzstd-t.build/DerivedSources-normal/arm64 -I /Users/admin/builder/spi-builder-workspace/.derivedData/Build/Intermediates.noindex/zstd.build/Debug-iphoneos/libzstd-t.build/DerivedSources/arm64 -I /Users/admin/builder/spi-builder-workspace/.derivedData/Build/Intermediates.noindex/zstd.build/Debug-iphoneos/libzstd-t.build/DerivedSources -F /Users/admin/builder/spi-builder-workspace/.derivedData/Build/Products/Debug-iphoneos -iframework /Applications/Xcode-27.0.0-Release.Candidate.app/Contents/Developer/Platforms/iPhoneOS.platform/Developer/Library/Frameworks -iframework /Applications/Xcode-27.0.0-Release.Candidate.app/Contents/Developer/Platforms/iPhoneOS.platform/Developer/SDKs/iPhoneOS27.0.sdk/Developer/Library/Frameworks -internal-isystem /Applications/Xcode-27.0.0-Release.Candidate.app/Contents/Developer/Platforms/iPhoneOS.platform/Developer/SDKs/iPhoneOS27.0.sdk/usr/local/include -internal-isystem /Applications/Xcode-27.0.0-Release.Candidate.app/Contents/Developer/Toolchains/XcodeDefault.xctoolchain/usr/lib/clang/21/include -internal-externc-isystem /Applications/Xcode-27.0.0-Release.Candidate.app/Contents/Developer/Platforms/iPhoneOS.platform/Developer/SDKs/iPhoneOS27.0.sdk/usr/include -internal-externc-isystem /Applications/Xcode-27.0.0-Release.Candidate.app/Contents/Developer/Toolchains/XcodeDefault.xctoolchain/usr/include -internal-iframework /Applications/Xcode-27.0.0-Release.Candidate.app/Contents/Developer/Platforms/iPhoneOS.platform/Developer/SDKs/iPhoneOS27.0.sdk/System/Library/Frameworks -internal-iframework /Applications/Xcode-27.0.0-Release.Candidate.app/Contents/Developer/Platforms/iPhoneOS.platform/Developer/SDKs/iPhoneOS27.0.sdk/System/Library/SubFrameworks -internal-iframework /Applications/Xcode-27.0.0-Release.Candidate.app/Contents/Developer/Platforms/iPhoneOS.platform/Developer/SDKs/iPhoneOS27.0.sdk/Library/Frameworks -ivfsstatcache /Users/admin/builder/spi-builder-workspace/.derivedData/SDKStatCaches.noindex/iphoneos27.0-24A430-e829b21a6f8c9b70876ba0858053c04440ceaa042ed91876912b2eeea4e3aa14.sdkstatcache -std\=gnu11 -fskip-odr-check-in-gmf -fmodules -fmodule-name\=libzstd -fno-implicit-modules -fmax-type-align\=16 -fpascal-strings -fstack-check -fvisibility-inlines-hidden-static-local-var -mdarwin-stkchk-strong-link -fno-odr-hash-protocols -pic-level 2 -fencode-extended-block-signature -stack-protector 1 -fgnuc-version\=4.2.1 -fblocks -fno-convergent-functions -ffp-contract\=on -fclang-abi-compat\=4.0 -fno-experimental-relative-c++-abi-vtables -fno-file-reproducible -clang-vendor-feature\=+disableNonDependentMemberExprInCurrentInstantiation -clang-vendor-feature\=+enableAggressiveVLAFolding -clang-vendor-feature\=+revert09abecef7bbf -clang-vendor-feature\=+thisNoAlignAttr -clang-vendor-feature\=+thisNoNullAttr -clang-vendor-feature\=+disableAtImportPrivateFrameworkInImplementationError -O0 -fno-assume-unique-vtables -fdebug-compilation-dir\=/Users/admin/builder/spi-builder-workspace/.swiftpm/xcode -fcoverage-compilation-dir\=/Users/admin/builder/spi-builder-workspace/.swiftpm/xcode -fcommon -fdwarf2-cfi-asm -fobjc-msgsend-selector-stubs -fregister-global-dtors-with-atexit -fno-strict-return -dwarf-version\=4 -debugger-tuning\=lldb -disable-llvm-verifier -dwarf-ext-refs -funwind-tables\=1 -enable-tlsdesc -clear-ast-before-backend -discard-value-names -main-file-name zstd_lazy.c -mframe-pointer\=non-leaf -debug-info-kind\=standalone -fno-loop-interchange -fdiagnostics-hotness-threshold\=0 -fdiagnostics-misexpect-tolerance\=0 -D DEBUG\=1 -D SWIFT_PACKAGE -D Xcode -fdefine-target-os-macros -MT dependencies -dependency-file /Users/admin/builder/spi-builder-workspace/.derivedData/Build/Intermediates.noindex/zstd.build/Debug-iphoneos/libzstd-t.build/Objects-normal/arm64/zstd_lazy.d -skip-unused-modulemap-deps -module-file-deps\=direct -fdepfile-entry\=/Applications/Xcode-27.0.0-Release.Candidate.app/Contents/Developer/Platforms/iPhoneOS.platform/Developer/SDKs/iPhoneOS27.0.sdk/SDKSettings.json
PrecompileModule /Users/admin/builder/spi-builder-workspace/.derivedData/Build/Intermediates.noindex/ExplicitPrecompiledModules/Darwin-AUBI3HYSQ0DDXQR1AVST21QA6.scan
    cd /
    builtin-precompileModule /Users/admin/builder/spi-builder-workspace/.derivedData/Build/Intermediates.noindex/ExplicitPrecompiledModules/Darwin-AUBI3HYSQ0DDXQR1AVST21QA6.scan
SwiftDriver Algorithms normal arm64 com.apple.xcode.tools.swift.compiler (in target 'Algorithms' from project 'swift-algorithms')
    cd /Users/admin/builder/spi-builder-workspace/.swiftpm/xcode
    builtin-SwiftDriver -- /Applications/Xcode-27.0.0-Release.Candidate.app/Contents/Developer/Toolchains/XcodeDefault.xctoolchain/usr/bin/swiftc -parse-as-library -module-name Algorithms -Onone @/Users/admin/builder/spi-builder-workspace/.derivedData/Build/Intermediates.noindex/swift-algorithms.build/Debug-iphoneos/Algorithms-t.build/Objects-normal/arm64/Algorithms.SwiftFileList -DSWIFT_PACKAGE -DDEBUG -DSWIFT_MODULE_RESOURCE_BUNDLE_UNAVAILABLE -Xcc -fmodule-map-file\=/Users/admin/builder/spi-builder-workspace/.dependencies/checkouts/swift-numerics/Sources/_NumericsShims/include/module.modulemap -DXcode -plugin-path /Applications/Xcode-27.0.0-Release.Candidate.app/Contents/Developer/Toolchains/XcodeDefault.xctoolchain/usr/lib/swift/host/plugins/testing -enable-experimental-feature DebugDescriptionMacro -sdk /Applications/Xcode-27.0.0-Release.Candidate.app/Contents/Developer/Platforms/iPhoneOS.platform/Developer/SDKs/iPhoneOS27.0.sdk -target arm64-apple-ios15.0 -g -module-cache-path /Users/admin/builder/spi-builder-workspace/.derivedData/ModuleCache.noindex -Xfrontend -serialize-debugging-options -enable-testing -suppress-warnings -index-store-path /Users/admin/builder/spi-builder-workspace/.derivedData/Index.noindex/DataStore -Xcc -D_LIBCPP_HARDENING_MODE\=_LIBCPP_HARDENING_MODE_DEBUG -swift-version 5 -I /Users/admin/builder/spi-builder-workspace/.derivedData/Build/Products/Debug-iphoneos -Isystem /Applications/Xcode-27.0.0-Release.Candidate.app/Contents/Developer/Platforms/iPhoneOS.platform/Developer/usr/lib -F /Users/admin/builder/spi-builder-workspace/.derivedData/Build/Products/Debug-iphoneos/PackageFrameworks -F /Users/admin/builder/spi-builder-workspace/.derivedData/Build/Products/Debug-iphoneos -F /Applications/Xcode-27.0.0-Release.Candidate.app/Contents/Developer/Platforms/iPhoneOS.platform/Developer/Library/Frameworks -F /Applications/Xcode-27.0.0-Release.Candidate.app/Contents/Developer/Platforms/iPhoneOS.platform/Developer/SDKs/iPhoneOS27.0.sdk/Developer/Library/Frameworks -c -j10 -enable-batch-mode -incremental -Xcc -ivfsstatcache -Xcc /Users/admin/builder/spi-builder-workspace/.derivedData/SDKStatCaches.noindex/iphoneos27.0-24A430-e829b21a6f8c9b70876ba0858053c04440ceaa042ed91876912b2eeea4e3aa14.sdkstatcache -output-file-map /Users/admin/builder/spi-builder-workspace/.derivedData/Build/Intermediates.noindex/swift-algorithms.build/Debug-iphoneos/Algorithms-t.build/Objects-normal/arm64/Algorithms-OutputFileMap.json -save-temps -no-color-diagnostics -explicit-module-build -module-cache-path /Users/admin/builder/spi-builder-workspace/.derivedData/Build/Intermediates.noindex/SwiftExplicitPrecompiledModules -clang-scanner-module-cache-path /Users/admin/builder/spi-builder-workspace/.derivedData/ModuleCache.noindex -sdk-module-cache-path /Users/admin/builder/spi-builder-workspace/.derivedData/SDKExplicitPrecompiledModules -emit-dependencies -emit-module -emit-module-path /Users/admin/builder/spi-builder-workspace/.derivedData/Build/Intermediates.noindex/swift-algorithms.build/Debug-iphoneos/Algorithms-t.build/Objects-normal/arm64/Algorithms.swiftmodule -serialize-diagnostics -dependency-scan-serialize-diagnostics-path /Users/admin/builder/spi-builder-workspace/.derivedData/Build/Intermediates.noindex/swift-algorithms.build/Debug-iphoneos/Algorithms-t.build/Objects-normal/arm64/Algorithms-dependency-scan.dia -validate-clang-modules-once -clang-build-session-file /Users/admin/builder/spi-builder-workspace/.derivedData/ModuleCache.noindex/Session.modulevalidation -Xcc -fmodules-prune-interval\=86400 -Xcc -fmodules-prune-after\=345600 -emit-const-values -const-gather-protocols-list /Users/admin/builder/spi-builder-workspace/.derivedData/Build/Intermediates.noindex/swift-algorithms.build/Debug-iphoneos/Algorithms-t.build/Objects-normal/arm64/Algorithms_const_extract_protocols.json -Xcc -I/Users/admin/builder/spi-builder-workspace/.dependencies/checkouts/swift-numerics/Sources/_NumericsShims/include -Xcc -I/Users/admin/builder/spi-builder-workspace/.derivedData/Build/Products/Debug-iphoneos/include -Xcc -I/Users/admin/builder/spi-builder-workspace/.derivedData/Build/Intermediates.noindex/swift-algorithms.build/Debug-iphoneos/Algorithms-t.build/DerivedSources-normal/arm64 -Xcc -I/Users/admin/builder/spi-builder-workspace/.derivedData/Build/Intermediates.noindex/swift-algorithms.build/Debug-iphoneos/Algorithms-t.build/DerivedSources/arm64 -Xcc -I/Users/admin/builder/spi-builder-workspace/.derivedData/Build/Intermediates.noindex/swift-algorithms.build/Debug-iphoneos/Algorithms-t.build/DerivedSources -Xcc -DSWIFT_PACKAGE -Xcc -DDEBUG\=1 -emit-objc-header -emit-objc-header-path /Users/admin/builder/spi-builder-workspace/.derivedData/Build/Intermediates.noindex/swift-algorithms.build/Debug-iphoneos/Algorithms-t.build/Objects-normal/arm64/Algorithms-Swift.h -working-directory /Users/admin/builder/spi-builder-workspace/.swiftpm/xcode -experimental-emit-module-separately -disable-cmo
SwiftEmitModule normal arm64 Emitting\ module\ for\ RealModule (in target 'RealModule' from project 'swift-numerics')
SwiftCompile normal arm64 (in target 'RealModule' from project 'swift-numerics')
    cd /Users/admin/builder/spi-builder-workspace/.swiftpm/xcode

SwiftCompile normal arm64 Compiling\ Real.swift /Users/admin/builder/spi-builder-workspace/.dependencies/checkouts/swift-numerics/Sources/RealModule/Real.swift (in target 'RealModule' from project 'swift-numerics')
SwiftCompile normal arm64 /Users/admin/builder/spi-builder-workspace/.dependencies/checkouts/swift-numerics/Sources/RealModule/Real.swift (in target 'RealModule' from project 'swift-numerics')
    cd /Users/admin/builder/spi-builder-workspace/.swiftpm/xcode
    builtin-SwiftPerFileCompile Real.swift
SwiftEmitModule normal arm64 Emitting\ module\ for\ Atomics (in target 'Atomics' from project 'swift-atomics')
SwiftCompile normal arm64 (in target 'Atomics' from project 'swift-atomics')
    cd /Users/admin/builder/spi-builder-workspace/.swiftpm/xcode

SwiftCompile normal arm64 Compiling\ AtomicInteger.swift,\ AtomicOptionalWrappable.swift /Users/admin/builder/spi-builder-workspace/.dependencies/checkouts/swift-atomics/Sources/Atomics/Protocols/AtomicInteger.swift /Users/admin/builder/spi-builder-workspace/.dependencies/checkouts/swift-atomics/Sources/Atomics/Protocols/AtomicOptionalWrappable.swift (in target 'Atomics' from project 'swift-atomics')
SwiftCompile normal arm64 /Users/admin/builder/spi-builder-workspace/.dependencies/checkouts/swift-atomics/Sources/Atomics/Protocols/AtomicInteger.swift (in target 'Atomics' from project 'swift-atomics')
    cd /Users/admin/builder/spi-builder-workspace/.swiftpm/xcode
    builtin-SwiftPerFileCompile AtomicInteger.swift
SwiftCompile normal arm64 /Users/admin/builder/spi-builder-workspace/.dependencies/checkouts/swift-atomics/Sources/Atomics/Protocols/AtomicOptionalWrappable.swift (in target 'Atomics' from project 'swift-atomics')
    cd /Users/admin/builder/spi-builder-workspace/.swiftpm/xcode
    builtin-SwiftPerFileCompile AtomicOptionalWrappable.swift
SwiftCompile normal arm64 Compiling\ OptionalRawRepresentable.swift,\ RawRepresentable.swift /Users/admin/builder/spi-builder-workspace/.dependencies/checkouts/swift-atomics/Sources/Atomics/Conformances/OptionalRawRepresentable.swift /Users/admin/builder/spi-builder-workspace/.dependencies/checkouts/swift-atomics/Sources/Atomics/Conformances/RawRepresentable.swift (in target 'Atomics' from project 'swift-atomics')
SwiftCompile normal arm64 /Users/admin/builder/spi-builder-workspace/.dependencies/checkouts/swift-atomics/Sources/Atomics/Conformances/OptionalRawRepresentable.swift (in target 'Atomics' from project 'swift-atomics')
    cd /Users/admin/builder/spi-builder-workspace/.swiftpm/xcode
    builtin-SwiftPerFileCompile OptionalRawRepresentable.swift
SwiftCompile normal arm64 /Users/admin/builder/spi-builder-workspace/.dependencies/checkouts/swift-atomics/Sources/Atomics/Conformances/RawRepresentable.swift (in target 'Atomics' from project 'swift-atomics')
    cd /Users/admin/builder/spi-builder-workspace/.swiftpm/xcode
    builtin-SwiftPerFileCompile RawRepresentable.swift
SwiftCompile normal arm64 Compiling\ ManagedAtomicLazyReference.swift,\ UnsafeAtomic.swift /Users/admin/builder/spi-builder-workspace/.dependencies/checkouts/swift-atomics/Sources/Atomics/Types/ManagedAtomicLazyReference.swift /Users/admin/builder/spi-builder-workspace/.dependencies/checkouts/swift-atomics/Sources/Atomics/Types/UnsafeAtomic.swift (in target 'Atomics' from project 'swift-atomics')
SwiftCompile normal arm64 /Users/admin/builder/spi-builder-workspace/.dependencies/checkouts/swift-atomics/Sources/Atomics/Types/ManagedAtomicLazyReference.swift (in target 'Atomics' from project 'swift-atomics')
    cd /Users/admin/builder/spi-builder-workspace/.swiftpm/xcode
    builtin-SwiftPerFileCompile ManagedAtomicLazyReference.swift
SwiftCompile normal arm64 /Users/admin/builder/spi-builder-workspace/.dependencies/checkouts/swift-atomics/Sources/Atomics/Types/UnsafeAtomic.swift (in target 'Atomics' from project 'swift-atomics')
    cd /Users/admin/builder/spi-builder-workspace/.swiftpm/xcode
    builtin-SwiftPerFileCompile UnsafeAtomic.swift
SwiftEmitModule normal arm64 Emitting\ module\ for\ Logging (in target 'Logging' from project 'swift-log')
SwiftCompile normal arm64 (in target 'Logging' from project 'swift-log')
    cd /Users/admin/builder/spi-builder-workspace/.swiftpm/xcode

SwiftEmitModule normal arm64 Emitting\ module\ for\ Algorithms (in target 'Algorithms' from project 'swift-algorithms')
SwiftCompile normal arm64 (in target 'Algorithms' from project 'swift-algorithms')
    cd /Users/admin/builder/spi-builder-workspace/.swiftpm/xcode

SwiftDriverJobDiscovery normal arm64 Compiling Real.swift (in target 'RealModule' from project 'swift-numerics')
SwiftExplicitDependencyGeneratePcm arm64 /Users/admin/builder/spi-builder-workspace/.derivedData/SDKExplicitPrecompiledModules/CFNetwork-CKHY0HEWI1S67QSGB5QKT2KK1.pcm
SwiftDriverJobDiscovery normal arm64 Compiling AtomicInteger.swift, AtomicOptionalWrappable.swift (in target 'Atomics' from project 'swift-atomics')
SwiftExplicitDependencyGeneratePcm arm64 /Users/admin/builder/spi-builder-workspace/.derivedData/SDKExplicitPrecompiledModules/Security-38LZ2U8T2TAJNP8SDQ1CJJE3F.pcm
PruneExplicitPrecompiledModules /Users/admin/builder/spi-builder-workspace/.derivedData/Build/Intermediates.noindex/ExplicitPrecompiledModules
PruneExplicitPrecompiledModules /Users/admin/builder/spi-builder-workspace/.derivedData/Build/Intermediates.noindex/SwiftExplicitPrecompiledModules
PruneExplicitPrecompiledModules /Users/admin/builder/spi-builder-workspace/.derivedData/SDKExplicitPrecompiledModules
2026-09-21 18:31:12.161 xcodebuild[1527:8455] [MT] IDERunDestination: Supported platforms for the buildables in the current scheme is empty.
** BUILD FAILED **
The following build commands failed:
	SwiftDriver ResearchKitSwiftUIBridge normal arm64 com.apple.xcode.tools.swift.compiler (in target 'ResearchKitSwiftUIBridge' from project 'ResearchKit')
	Building workspace ResearchKit with scheme ResearchKit-Package
(2 failures)
BUILD FAILURE 6.4 iOS