The Swift Package Index logo.Swift Package Index

Build Information

Failed to build CompositionalLayoutViewController, reference 0.7.0 (22a2ed), with Swift 6.4 for tvOS using Xcode 27.0 on 19 Sep 2026 06:19:43 UTC.

Build Command

env DEVELOPER_DIR=/Applications/Xcode-27.0.0-Release.Candidate.app xcrun xcodebuild -IDEClonedSourcePackagesDirPathOverride=$PWD/.dependencies -skipMacroValidation -skipPackagePluginValidation -derivedDataPath $PWD/.derivedData build -scheme CompositionalLayoutViewController -destination generic/platform=tvOS

Build Log

========================================
RunAll
========================================
Builder version: 5.1.0
Interrupt handler set up.
========================================
Checkout
========================================
Clone URL: https://github.com/oneinc-jp/CompositionalLayoutViewController.git
Reference: 0.7.0
Initialized empty Git repository in /Users/admin/builder/spi-builder-workspace/.git/
From https://github.com/oneinc-jp/CompositionalLayoutViewController
 * tag               0.7.0      -> FETCH_HEAD
HEAD is now at 22a2ed0 Merge branch 'release/0.7.0'
Cloned https://github.com/oneinc-jp/CompositionalLayoutViewController.git
Revision (git rev-parse @):
22a2ed014f5a5b064ea82d639bed63e8a79d477c
SUCCESS checkout https://github.com/oneinc-jp/CompositionalLayoutViewController.git at 0.7.0
========================================
Build
========================================
Selected platform:         tvOS
Swift version:             6.4
Building package at path:  $PWD
https://github.com/oneinc-jp/CompositionalLayoutViewController.git
Command line invocation:
    /Applications/Xcode-27.0.0-Release.Candidate.app/Contents/Developer/usr/bin/xcodebuild -IDEClonedSourcePackagesDirPathOverride=/Users/admin/builder/spi-builder-workspace/.dependencies -resolvePackageDependencies
resolved source packages:
{
  "dependencies" : [
  ],
  "manifest_display_name" : "CompositionalLayoutViewController",
  "name" : "CompositionalLayoutViewController",
  "path" : "/Users/admin/builder/spi-builder-workspace",
  "platforms" : [
    {
      "name" : "ios",
      "version" : "13.0"
    }
  ],
  "products" : [
    {
      "name" : "CompositionalLayoutViewController",
      "targets" : [
        "CompositionalLayoutViewController"
      ],
      "type" : {
        "library" : [
          "automatic"
        ]
      }
    }
  ],
  "targets" : [
    {
      "c99name" : "CompositionalLayoutViewController",
      "module_type" : "SwiftTarget",
      "name" : "CompositionalLayoutViewController",
      "path" : "CompositionalLayoutViewController/Classes",
      "product_memberships" : [
        "CompositionalLayoutViewController"
      ],
      "sources" : [
        "CollectionViewSection.swift",
        "CompositionalLayoutViewController.swift",
        "HighlightableCell.swift",
        "SectionProvider.swift",
        "SupplementaryItem.swift"
      ],
      "type" : "library"
    }
  ],
  "tools_version" : "5.2"
}
{
  "project" : {
    "configurations" : [
      "Debug",
      "Release"
    ],
    "name" : "Pods",
    "schemes" : [
      "CompositionalLayoutViewController",
      "Pods-CompositionalLayoutViewController_Example",
      "Pods-CompositionalLayoutViewController_Tests",
      "Reusable",
      "SwiftFormat"
    ],
    "targets" : [
      "CompositionalLayoutViewController",
      "Pods-CompositionalLayoutViewController_Example",
      "Pods-CompositionalLayoutViewController_Tests",
      "Reusable",
      "SwiftFormat"
    ]
  }
}
{
  "workspace" : {
    "name" : "CompositionalLayoutViewController",
    "schemes" : [
      "CompositionalLayoutViewController"
    ]
  }
}
2026-09-19 02:19:30.064 xcodebuild[621:3916] [MT] IDERunDestination: Supported platforms for the buildables in the current scheme is empty.
Running build ...
env DEVELOPER_DIR=/Applications/Xcode-27.0.0-Release.Candidate.app xcrun xcodebuild -IDEClonedSourcePackagesDirPathOverride=$PWD/.dependencies -skipMacroValidation -skipPackagePluginValidation -derivedDataPath $PWD/.derivedData build -scheme CompositionalLayoutViewController -destination generic/platform=tvOS
Command line invocation:
    /Applications/Xcode-27.0.0-Release.Candidate.app/Contents/Developer/usr/bin/xcodebuild -IDEClonedSourcePackagesDirPathOverride=/Users/admin/builder/spi-builder-workspace/.dependencies -skipMacroValidation -skipPackagePluginValidation -derivedDataPath /Users/admin/builder/spi-builder-workspace/.derivedData build -scheme CompositionalLayoutViewController -destination generic/platform=tvOS
Resolve Package Graph
Resolved source packages:
  CompositionalLayoutViewController: /Users/admin/builder/spi-builder-workspace
ComputePackagePrebuildTargetDependencyGraph
Prepare packages
CreateBuildRequest
SendProjectDescription
CreateBuildOperation
ComputeTargetDependencyGraph
note: Building targets in dependency order
note: Target dependency graph (2 targets)
    Target 'CompositionalLayoutViewController-product' in project 'CompositionalLayoutViewController'
        ➜ Explicit dependency on target 'CompositionalLayoutViewController' in project 'CompositionalLayoutViewController'
    Target 'CompositionalLayoutViewController' in project 'CompositionalLayoutViewController' (no dependencies)
GatherProvisioningInputs
CreateBuildDescription
ExecuteExternalTool /Applications/Xcode-27.0.0-Release.Candidate.app/Contents/Developer/Toolchains/XcodeDefault.xctoolchain/usr/bin/clang -v -E -dM -isysroot /Applications/Xcode-27.0.0-Release.Candidate.app/Contents/Developer/Platforms/AppleTVOS.platform/Developer/SDKs/AppleTVOS27.0.sdk -x c -c /dev/null
ExecuteExternalTool /Applications/Xcode-27.0.0-Release.Candidate.app/Contents/Developer/Toolchains/XcodeDefault.xctoolchain/usr/bin/swiftc --version
ExecuteExternalTool /Applications/Xcode-27.0.0-Release.Candidate.app/Contents/Developer/Toolchains/XcodeDefault.xctoolchain/usr/bin/ld -version_details
Build description signature: 72dd4b72eaf02d2801773b8825ac9d80
Build description path: /Users/admin/builder/spi-builder-workspace/.derivedData/Build/Intermediates.noindex/XCBuildData/72dd4b72eaf02d2801773b8825ac9d80.xcbuilddata
CreateBuildDirectory /Users/admin/builder/spi-builder-workspace/.derivedData/SDKExplicitPrecompiledModules
    cd /Users/admin/builder/spi-builder-workspace/.swiftpm/xcode
    builtin-create-build-directory /Users/admin/builder/spi-builder-workspace/.derivedData/SDKExplicitPrecompiledModules
CreateBuildDirectory /Users/admin/builder/spi-builder-workspace/.derivedData/CompilationCache.noindex
    cd /Users/admin/builder/spi-builder-workspace/.swiftpm/xcode
    builtin-create-build-directory /Users/admin/builder/spi-builder-workspace/.derivedData/CompilationCache.noindex
CreateBuildDirectory /Users/admin/builder/spi-builder-workspace/.derivedData/ModuleCache.noindex
    cd /Users/admin/builder/spi-builder-workspace/.swiftpm/xcode
    builtin-create-build-directory /Users/admin/builder/spi-builder-workspace/.derivedData/ModuleCache.noindex
CreateBuildDirectory /Users/admin/builder/spi-builder-workspace/.derivedData/Build/Intermediates.noindex
    cd /Users/admin/builder/spi-builder-workspace/.swiftpm/xcode
    builtin-create-build-directory /Users/admin/builder/spi-builder-workspace/.derivedData/Build/Intermediates.noindex
ClangStatCache /Applications/Xcode-27.0.0-Release.Candidate.app/Contents/Developer/Toolchains/XcodeDefault.xctoolchain/usr/bin/clang-stat-cache /Applications/Xcode-27.0.0-Release.Candidate.app/Contents/Developer/Platforms/AppleTVOS.platform/Developer/SDKs/AppleTVOS27.0.sdk /Users/admin/builder/spi-builder-workspace/.derivedData/SDKStatCaches.noindex/appletvos27.0-24J360-e829b21a6f8c9b70876ba0858053c044b32bfd8d43560033f8d89884cdb90028.sdkstatcache
    cd /Users/admin/builder/spi-builder-workspace/.swiftpm/xcode
    /Applications/Xcode-27.0.0-Release.Candidate.app/Contents/Developer/Toolchains/XcodeDefault.xctoolchain/usr/bin/clang-stat-cache /Applications/Xcode-27.0.0-Release.Candidate.app/Contents/Developer/Platforms/AppleTVOS.platform/Developer/SDKs/AppleTVOS27.0.sdk -o /Users/admin/builder/spi-builder-workspace/.derivedData/SDKStatCaches.noindex/appletvos27.0-24J360-e829b21a6f8c9b70876ba0858053c044b32bfd8d43560033f8d89884cdb90028.sdkstatcache
CreateBuildDirectory /Users/admin/builder/spi-builder-workspace/.derivedData/Build/Products
    cd /Users/admin/builder/spi-builder-workspace/.swiftpm/xcode
    builtin-create-build-directory /Users/admin/builder/spi-builder-workspace/.derivedData/Build/Products
CreateBuildDirectory /Users/admin/builder/spi-builder-workspace/.derivedData/Build/Intermediates.noindex/ExplicitPrecompiledModules
    cd /Users/admin/builder/spi-builder-workspace/.swiftpm/xcode
    builtin-create-build-directory /Users/admin/builder/spi-builder-workspace/.derivedData/Build/Intermediates.noindex/ExplicitPrecompiledModules
CreateBuildDirectory /Users/admin/builder/spi-builder-workspace/.derivedData/Build/Intermediates.noindex/PrecompiledHeaders
    cd /Users/admin/builder/spi-builder-workspace/.swiftpm/xcode
    builtin-create-build-directory /Users/admin/builder/spi-builder-workspace/.derivedData/Build/Intermediates.noindex/PrecompiledHeaders
CreateBuildDirectory /Users/admin/builder/spi-builder-workspace/.derivedData/Build/Intermediates.noindex/SwiftExplicitPrecompiledModules
    cd /Users/admin/builder/spi-builder-workspace/.swiftpm/xcode
    builtin-create-build-directory /Users/admin/builder/spi-builder-workspace/.derivedData/Build/Intermediates.noindex/SwiftExplicitPrecompiledModules
CreateBuildDirectory /Users/admin/builder/spi-builder-workspace/.derivedData/Build/Intermediates.noindex/EagerLinkingTBDs/Debug-appletvos
    cd /Users/admin/builder/spi-builder-workspace/.swiftpm/xcode
    builtin-create-build-directory /Users/admin/builder/spi-builder-workspace/.derivedData/Build/Intermediates.noindex/EagerLinkingTBDs/Debug-appletvos
CreateBuildDirectory /Users/admin/builder/spi-builder-workspace/.derivedData/Build/Products/Debug-appletvos
    cd /Users/admin/builder/spi-builder-workspace/.swiftpm/xcode
    builtin-create-build-directory /Users/admin/builder/spi-builder-workspace/.derivedData/Build/Products/Debug-appletvos
CreateBuildDirectory /Users/admin/builder/spi-builder-workspace/.derivedData/Build/Products/Debug-appletvos/PackageFrameworks
    cd /Users/admin/builder/spi-builder-workspace/.swiftpm/xcode
    builtin-create-build-directory /Users/admin/builder/spi-builder-workspace/.derivedData/Build/Products/Debug-appletvos/PackageFrameworks
WriteAuxiliaryFile /Users/admin/builder/spi-builder-workspace/.derivedData/Build/Intermediates.noindex/CompositionalLayoutViewController.build/Debug-appletvos/CompositionalLayoutViewController-t.build/CompositionalLayoutViewController.modulemap (in target 'CompositionalLayoutViewController' from project 'CompositionalLayoutViewController')
    cd /Users/admin/builder/spi-builder-workspace
    write-file /Users/admin/builder/spi-builder-workspace/.derivedData/Build/Intermediates.noindex/CompositionalLayoutViewController.build/Debug-appletvos/CompositionalLayoutViewController-t.build/CompositionalLayoutViewController.modulemap
WriteAuxiliaryFile /Users/admin/builder/spi-builder-workspace/.derivedData/Build/Intermediates.noindex/CompositionalLayoutViewController.build/Debug-appletvos/CompositionalLayoutViewController-t.build/CompositionalLayoutViewController.DependencyMetadataFileList (in target 'CompositionalLayoutViewController' from project 'CompositionalLayoutViewController')
    cd /Users/admin/builder/spi-builder-workspace
    write-file /Users/admin/builder/spi-builder-workspace/.derivedData/Build/Intermediates.noindex/CompositionalLayoutViewController.build/Debug-appletvos/CompositionalLayoutViewController-t.build/CompositionalLayoutViewController.DependencyMetadataFileList
WriteAuxiliaryFile /Users/admin/builder/spi-builder-workspace/.derivedData/Build/Intermediates.noindex/CompositionalLayoutViewController.build/Debug-appletvos/CompositionalLayoutViewController-t.build/CompositionalLayoutViewController.DependencyStaticMetadataFileList (in target 'CompositionalLayoutViewController' from project 'CompositionalLayoutViewController')
    cd /Users/admin/builder/spi-builder-workspace
    write-file /Users/admin/builder/spi-builder-workspace/.derivedData/Build/Intermediates.noindex/CompositionalLayoutViewController.build/Debug-appletvos/CompositionalLayoutViewController-t.build/CompositionalLayoutViewController.DependencyStaticMetadataFileList
WriteAuxiliaryFile /Users/admin/builder/spi-builder-workspace/.derivedData/Build/Intermediates.noindex/CompositionalLayoutViewController.build/Debug-appletvos/CompositionalLayoutViewController-t.build/Objects-normal/arm64/CompositionalLayoutViewController.LinkFileList (in target 'CompositionalLayoutViewController' from project 'CompositionalLayoutViewController')
    cd /Users/admin/builder/spi-builder-workspace
    write-file /Users/admin/builder/spi-builder-workspace/.derivedData/Build/Intermediates.noindex/CompositionalLayoutViewController.build/Debug-appletvos/CompositionalLayoutViewController-t.build/Objects-normal/arm64/CompositionalLayoutViewController.LinkFileList
WriteAuxiliaryFile /Users/admin/builder/spi-builder-workspace/.derivedData/Build/Intermediates.noindex/CompositionalLayoutViewController.build/Debug-appletvos/CompositionalLayoutViewController-t.build/Objects-normal/arm64/CompositionalLayoutViewController-OutputFileMap.json (in target 'CompositionalLayoutViewController' from project 'CompositionalLayoutViewController')
    cd /Users/admin/builder/spi-builder-workspace
    write-file /Users/admin/builder/spi-builder-workspace/.derivedData/Build/Intermediates.noindex/CompositionalLayoutViewController.build/Debug-appletvos/CompositionalLayoutViewController-t.build/Objects-normal/arm64/CompositionalLayoutViewController-OutputFileMap.json
WriteAuxiliaryFile /Users/admin/builder/spi-builder-workspace/.derivedData/Build/Intermediates.noindex/CompositionalLayoutViewController.build/Debug-appletvos/CompositionalLayoutViewController-t.build/Objects-normal/arm64/CompositionalLayoutViewController_const_extract_protocols.json (in target 'CompositionalLayoutViewController' from project 'CompositionalLayoutViewController')
    cd /Users/admin/builder/spi-builder-workspace
    write-file /Users/admin/builder/spi-builder-workspace/.derivedData/Build/Intermediates.noindex/CompositionalLayoutViewController.build/Debug-appletvos/CompositionalLayoutViewController-t.build/Objects-normal/arm64/CompositionalLayoutViewController_const_extract_protocols.json
WriteAuxiliaryFile /Users/admin/builder/spi-builder-workspace/.derivedData/Build/Intermediates.noindex/CompositionalLayoutViewController.build/Debug-appletvos/CompositionalLayoutViewController-t.build/Objects-normal/arm64/CompositionalLayoutViewController.SwiftConstValuesFileList (in target 'CompositionalLayoutViewController' from project 'CompositionalLayoutViewController')
    cd /Users/admin/builder/spi-builder-workspace
    write-file /Users/admin/builder/spi-builder-workspace/.derivedData/Build/Intermediates.noindex/CompositionalLayoutViewController.build/Debug-appletvos/CompositionalLayoutViewController-t.build/Objects-normal/arm64/CompositionalLayoutViewController.SwiftConstValuesFileList
WriteAuxiliaryFile /Users/admin/builder/spi-builder-workspace/.derivedData/Build/Intermediates.noindex/CompositionalLayoutViewController.build/Debug-appletvos/CompositionalLayoutViewController-t.build/Objects-normal/arm64/CompositionalLayoutViewController.SwiftFileList (in target 'CompositionalLayoutViewController' from project 'CompositionalLayoutViewController')
    cd /Users/admin/builder/spi-builder-workspace
    write-file /Users/admin/builder/spi-builder-workspace/.derivedData/Build/Intermediates.noindex/CompositionalLayoutViewController.build/Debug-appletvos/CompositionalLayoutViewController-t.build/Objects-normal/arm64/CompositionalLayoutViewController.SwiftFileList
Copy /Users/admin/builder/spi-builder-workspace/.derivedData/Build/Intermediates.noindex/GeneratedModuleMaps-appletvos/CompositionalLayoutViewController.modulemap /Users/admin/builder/spi-builder-workspace/.derivedData/Build/Intermediates.noindex/CompositionalLayoutViewController.build/Debug-appletvos/CompositionalLayoutViewController-t.build/CompositionalLayoutViewController.modulemap (in target 'CompositionalLayoutViewController' from project 'CompositionalLayoutViewController')
    cd /Users/admin/builder/spi-builder-workspace
    builtin-copy -exclude .DS_Store -exclude CVS -exclude .svn -exclude .git -exclude .hg -resolve-src-symlinks /Users/admin/builder/spi-builder-workspace/.derivedData/Build/Intermediates.noindex/CompositionalLayoutViewController.build/Debug-appletvos/CompositionalLayoutViewController-t.build/CompositionalLayoutViewController.modulemap /Users/admin/builder/spi-builder-workspace/.derivedData/Build/Intermediates.noindex/GeneratedModuleMaps-appletvos
SwiftDriver CompositionalLayoutViewController normal arm64 com.apple.xcode.tools.swift.compiler (in target 'CompositionalLayoutViewController' from project 'CompositionalLayoutViewController')
    cd /Users/admin/builder/spi-builder-workspace/.swiftpm/xcode
    builtin-SwiftDriver -- /Applications/Xcode-27.0.0-Release.Candidate.app/Contents/Developer/Toolchains/XcodeDefault.xctoolchain/usr/bin/swiftc -parse-as-library -module-name CompositionalLayoutViewController -Onone @/Users/admin/builder/spi-builder-workspace/.derivedData/Build/Intermediates.noindex/CompositionalLayoutViewController.build/Debug-appletvos/CompositionalLayoutViewController-t.build/Objects-normal/arm64/CompositionalLayoutViewController.SwiftFileList -DSWIFT_PACKAGE -DDEBUG -DSWIFT_MODULE_RESOURCE_BUNDLE_UNAVAILABLE -DXcode -plugin-path /Applications/Xcode-27.0.0-Release.Candidate.app/Contents/Developer/Toolchains/XcodeDefault.xctoolchain/usr/lib/swift/host/plugins/testing -enable-experimental-feature DebugDescriptionMacro -sdk /Applications/Xcode-27.0.0-Release.Candidate.app/Contents/Developer/Platforms/AppleTVOS.platform/Developer/SDKs/AppleTVOS27.0.sdk -target arm64-apple-tvos15.0 -g -module-cache-path /Users/admin/builder/spi-builder-workspace/.derivedData/ModuleCache.noindex -Xfrontend -serialize-debugging-options -enable-testing -index-store-path /Users/admin/builder/spi-builder-workspace/.derivedData/Index.noindex/DataStore -Xcc -D_LIBCPP_HARDENING_MODE\=_LIBCPP_HARDENING_MODE_DEBUG -swift-version 5 -I /Users/admin/builder/spi-builder-workspace/.derivedData/Build/Products/Debug-appletvos -Isystem /Applications/Xcode-27.0.0-Release.Candidate.app/Contents/Developer/Platforms/AppleTVOS.platform/Developer/usr/lib -F /Users/admin/builder/spi-builder-workspace/.derivedData/Build/Products/Debug-appletvos -F /Applications/Xcode-27.0.0-Release.Candidate.app/Contents/Developer/Platforms/AppleTVOS.platform/Developer/Library/Frameworks -F /Applications/Xcode-27.0.0-Release.Candidate.app/Contents/Developer/Platforms/AppleTVOS.platform/Developer/SDKs/AppleTVOS27.0.sdk/Developer/Library/Frameworks -c -j10 -enable-batch-mode -incremental -Xcc -ivfsstatcache -Xcc /Users/admin/builder/spi-builder-workspace/.derivedData/SDKStatCaches.noindex/appletvos27.0-24J360-e829b21a6f8c9b70876ba0858053c044b32bfd8d43560033f8d89884cdb90028.sdkstatcache -output-file-map /Users/admin/builder/spi-builder-workspace/.derivedData/Build/Intermediates.noindex/CompositionalLayoutViewController.build/Debug-appletvos/CompositionalLayoutViewController-t.build/Objects-normal/arm64/CompositionalLayoutViewController-OutputFileMap.json -save-temps -no-color-diagnostics -explicit-module-build -module-cache-path /Users/admin/builder/spi-builder-workspace/.derivedData/Build/Intermediates.noindex/SwiftExplicitPrecompiledModules -clang-scanner-module-cache-path /Users/admin/builder/spi-builder-workspace/.derivedData/ModuleCache.noindex -sdk-module-cache-path /Users/admin/builder/spi-builder-workspace/.derivedData/SDKExplicitPrecompiledModules -emit-dependencies -emit-module -emit-module-path /Users/admin/builder/spi-builder-workspace/.derivedData/Build/Intermediates.noindex/CompositionalLayoutViewController.build/Debug-appletvos/CompositionalLayoutViewController-t.build/Objects-normal/arm64/CompositionalLayoutViewController.swiftmodule -serialize-diagnostics -dependency-scan-serialize-diagnostics-path /Users/admin/builder/spi-builder-workspace/.derivedData/Build/Intermediates.noindex/CompositionalLayoutViewController.build/Debug-appletvos/CompositionalLayoutViewController-t.build/Objects-normal/arm64/CompositionalLayoutViewController-dependency-scan.dia -validate-clang-modules-once -clang-build-session-file /Users/admin/builder/spi-builder-workspace/.derivedData/ModuleCache.noindex/Session.modulevalidation -Xcc -fmodules-prune-interval\=86400 -Xcc -fmodules-prune-after\=345600 -emit-const-values -const-gather-protocols-list /Users/admin/builder/spi-builder-workspace/.derivedData/Build/Intermediates.noindex/CompositionalLayoutViewController.build/Debug-appletvos/CompositionalLayoutViewController-t.build/Objects-normal/arm64/CompositionalLayoutViewController_const_extract_protocols.json -Xcc -I/Users/admin/builder/spi-builder-workspace/.derivedData/Build/Products/Debug-appletvos/include -Xcc -I/Users/admin/builder/spi-builder-workspace/.derivedData/Build/Intermediates.noindex/CompositionalLayoutViewController.build/Debug-appletvos/CompositionalLayoutViewController-t.build/DerivedSources-normal/arm64 -Xcc -I/Users/admin/builder/spi-builder-workspace/.derivedData/Build/Intermediates.noindex/CompositionalLayoutViewController.build/Debug-appletvos/CompositionalLayoutViewController-t.build/DerivedSources/arm64 -Xcc -I/Users/admin/builder/spi-builder-workspace/.derivedData/Build/Intermediates.noindex/CompositionalLayoutViewController.build/Debug-appletvos/CompositionalLayoutViewController-t.build/DerivedSources -Xcc -DSWIFT_PACKAGE -Xcc -DDEBUG\=1 -emit-objc-header -emit-objc-header-path /Users/admin/builder/spi-builder-workspace/.derivedData/Build/Intermediates.noindex/CompositionalLayoutViewController.build/Debug-appletvos/CompositionalLayoutViewController-t.build/Objects-normal/arm64/CompositionalLayoutViewController-Swift.h -working-directory /Users/admin/builder/spi-builder-workspace/.swiftpm/xcode -experimental-emit-module-separately -disable-cmo
SwiftExplicitDependencyGeneratePcm arm64 /Users/admin/builder/spi-builder-workspace/.derivedData/SDKExplicitPrecompiledModules/_Builtin_float-8ZJAYZ85YBOAOP52Y9H6IUNP3.pcm
SwiftExplicitDependencyGeneratePcm arm64 /Users/admin/builder/spi-builder-workspace/.derivedData/SDKExplicitPrecompiledModules/_AvailabilityInternal-BV2EDDP0MI5QJDDPEEV4D9D3V.pcm
SwiftExplicitDependencyGeneratePcm arm64 /Users/admin/builder/spi-builder-workspace/.derivedData/SDKExplicitPrecompiledModules/_Builtin_stdbool-AHRDH5EKLY6D04C5E42F3VCQI.pcm
SwiftExplicitDependencyGeneratePcm arm64 /Users/admin/builder/spi-builder-workspace/.derivedData/SDKExplicitPrecompiledModules/ptrcheck-2AZ6B5IBYD3RRRTFWN2ONASY3.pcm
SwiftExplicitDependencyGeneratePcm arm64 /Users/admin/builder/spi-builder-workspace/.derivedData/SDKExplicitPrecompiledModules/_Builtin_stddef-9ZJZ6FDEZNKTZU8YLPMFT9RAQ.pcm
SwiftExplicitDependencyGeneratePcm arm64 /Users/admin/builder/spi-builder-workspace/.derivedData/SDKExplicitPrecompiledModules/SwiftShims-8N4EXJ4RUJTR8K9OO3CMOH1EP.pcm
SwiftExplicitDependencyGeneratePcm arm64 /Users/admin/builder/spi-builder-workspace/.derivedData/SDKExplicitPrecompiledModules/_SwiftConcurrencyShims-BY5PD8KF1L5KF6F4Q69HE3TJ4.pcm
SwiftExplicitDependencyGeneratePcm arm64 /Users/admin/builder/spi-builder-workspace/.derivedData/SDKExplicitPrecompiledModules/DeveloperToolsSupport-B1X8RI63V48AJRTH2RK6JAARV.pcm
SwiftExplicitDependencyGeneratePcm arm64 /Users/admin/builder/spi-builder-workspace/.derivedData/SDKExplicitPrecompiledModules/_Builtin_stdarg-BO2OCAUYVAXDRVQWQ8ISKGNUQ.pcm
SwiftExplicitDependencyGeneratePcm arm64 /Users/admin/builder/spi-builder-workspace/.derivedData/SDKExplicitPrecompiledModules/ptrauth-8X2KEPL7CTRPS40TUB9APHPK6.pcm
SwiftExplicitDependencyGeneratePcm arm64 /Users/admin/builder/spi-builder-workspace/.derivedData/SDKExplicitPrecompiledModules/_DarwinFoundation1-JOTYMOA1YZCIJ2NON6FQ848O.pcm
SwiftExplicitDependencyGeneratePcm arm64 /Users/admin/builder/spi-builder-workspace/.derivedData/SDKExplicitPrecompiledModules/_Builtin_limits-7JU2HP127LIT1X9E2V3D8WZ1.pcm
SwiftExplicitDependencyGeneratePcm arm64 /Users/admin/builder/spi-builder-workspace/.derivedData/SDKExplicitPrecompiledModules/_DarwinFoundation2-AOGAN1O02NKXRJN5V73AV3V3M.pcm
SwiftExplicitDependencyGeneratePcm arm64 /Users/admin/builder/spi-builder-workspace/.derivedData/SDKExplicitPrecompiledModules/sys_types-8GCAV1YMG5UUGHUID3CA20TCH.pcm
SwiftExplicitDependencyGeneratePcm arm64 /Users/admin/builder/spi-builder-workspace/.derivedData/SDKExplicitPrecompiledModules/string_h-6EVHP7A717OUS5DMC78F79HWO.pcm
SwiftExplicitDependencyGeneratePcm arm64 /Users/admin/builder/spi-builder-workspace/.derivedData/SDKExplicitPrecompiledModules/_Builtin_stdint-6NFTB6IBKS143IVPGT1EKB7HO.pcm
SwiftExplicitDependencyGeneratePcm arm64 /Users/admin/builder/spi-builder-workspace/.derivedData/SDKExplicitPrecompiledModules/_Builtin_tgmath-7ULT1EUHDHW4OZPSTT33H6QGE.pcm
SwiftExplicitDependencyGeneratePcm arm64 /Users/admin/builder/spi-builder-workspace/.derivedData/SDKExplicitPrecompiledModules/_Builtin_intrinsics-437O2R2NID4WAQVENR63GR82C.pcm
SwiftExplicitDependencyGeneratePcm arm64 /Users/admin/builder/spi-builder-workspace/.derivedData/SDKExplicitPrecompiledModules/_DarwinFoundation3-8SR3855WDFHQPR6G9GHOI2C07.pcm
SwiftExplicitDependencyGeneratePcm arm64 /Users/admin/builder/spi-builder-workspace/.derivedData/SDKExplicitPrecompiledModules/_Builtin_stdatomic-3YXHN678NGYM3NL9POJ2HVEIF.pcm
SwiftExplicitDependencyGeneratePcm arm64 /Users/admin/builder/spi-builder-workspace/.derivedData/SDKExplicitPrecompiledModules/_Builtin_inttypes-6X1IQ3QK9KEVKXOK9Y79EW7J3.pcm
SwiftExplicitDependencyGeneratePcm arm64 /Users/admin/builder/spi-builder-workspace/.derivedData/SDKExplicitPrecompiledModules/Darwin-DBSQAVBBPC3D2OMU5ZI2RXMST.pcm
SwiftExplicitDependencyGeneratePcm arm64 /Users/admin/builder/spi-builder-workspace/.derivedData/SDKExplicitPrecompiledModules/simd-117QUXEUT3Z7UQCUYWV2UA228.pcm
SwiftExplicitDependencyGeneratePcm arm64 /Users/admin/builder/spi-builder-workspace/.derivedData/SDKExplicitPrecompiledModules/ObjectiveC-5250FDCE56N8508OR6XUYDKZM.pcm
SwiftExplicitDependencyGeneratePcm arm64 /Users/admin/builder/spi-builder-workspace/.derivedData/SDKExplicitPrecompiledModules/MachO-EH3F5PJCIZG05NO51CEFSZYPW.pcm
SwiftExplicitDependencyGeneratePcm arm64 /Users/admin/builder/spi-builder-workspace/.derivedData/SDKExplicitPrecompiledModules/os_object-E2DGZ0SX0TULQHULZRPO6OKNW.pcm
SwiftExplicitDependencyGeneratePcm arm64 /Users/admin/builder/spi-builder-workspace/.derivedData/SDKExplicitPrecompiledModules/os_workgroup-DBUFF7811DKMX7VPBOJPGGF1U.pcm
SwiftExplicitDependencyGeneratePcm arm64 /Users/admin/builder/spi-builder-workspace/.derivedData/SDKExplicitPrecompiledModules/Dispatch-1QL58A0V50C39KVAIC6C38SHL.pcm
SwiftExplicitDependencyGeneratePcm arm64 /Users/admin/builder/spi-builder-workspace/.derivedData/SDKExplicitPrecompiledModules/Spatial-7U8NLEFXSB8BR7PJQGVMF5A4Q.pcm
SwiftExplicitDependencyGeneratePcm arm64 /Users/admin/builder/spi-builder-workspace/.derivedData/SDKExplicitPrecompiledModules/CoreFoundation-7TPJ7ENDC4L1A1ESHYI9TXS0D.pcm
SwiftExplicitDependencyGeneratePcm arm64 /Users/admin/builder/spi-builder-workspace/.derivedData/SDKExplicitPrecompiledModules/XPC-6O2DJFT3QUJ7QKTD3SNUB6PCR.pcm
SwiftExplicitDependencyGeneratePcm arm64 /Users/admin/builder/spi-builder-workspace/.derivedData/SDKExplicitPrecompiledModules/os-3GJI8H0BNAEZPQPQ1V0VVY3FY.pcm
SwiftExplicitDependencyGeneratePcm arm64 /Users/admin/builder/spi-builder-workspace/.derivedData/SDKExplicitPrecompiledModules/Security-8VMXEKVDA3MHUH9AOTP905DID.pcm
SwiftExplicitDependencyGeneratePcm arm64 /Users/admin/builder/spi-builder-workspace/.derivedData/SDKExplicitPrecompiledModules/CoreGraphics-CWSP3J98S2658BYCVL6RP99T3.pcm
SwiftExplicitDependencyGeneratePcm arm64 /Users/admin/builder/spi-builder-workspace/.derivedData/SDKExplicitPrecompiledModules/CFNetwork-2CUR2VK9S3S3WPFXPNXNUWYGN.pcm
SwiftExplicitDependencyGeneratePcm arm64 /Users/admin/builder/spi-builder-workspace/.derivedData/SDKExplicitPrecompiledModules/Foundation-BSSIP64DIGUKMAYJOG1WPQ78X.pcm
SwiftExplicitDependencyGeneratePcm arm64 /Users/admin/builder/spi-builder-workspace/.derivedData/SDKExplicitPrecompiledModules/ImageIO-88D4CLEBD4CLWQKT78PZ6H1O8.pcm
SwiftExplicitDependencyGeneratePcm arm64 /Users/admin/builder/spi-builder-workspace/.derivedData/SDKExplicitPrecompiledModules/CoreText-59NY7PABM0I4V978161FOC04A.pcm
SwiftExplicitDependencyGeneratePcm arm64 /Users/admin/builder/spi-builder-workspace/.derivedData/SDKExplicitPrecompiledModules/CoreTransferable-7V4O8DATEQ9F7SDNTCW8YWLG3.pcm
SwiftExplicitDependencyGeneratePcm arm64 /Users/admin/builder/spi-builder-workspace/.derivedData/SDKExplicitPrecompiledModules/UniformTypeIdentifiers-95CC8U42ZA9STP5K6GP9ZVJS5.pcm
SwiftExplicitDependencyGeneratePcm arm64 /Users/admin/builder/spi-builder-workspace/.derivedData/SDKExplicitPrecompiledModules/UIUtilities-6ZFJ1AK4H8IBGEBMYQBWGBYLK.pcm
SwiftExplicitDependencyGeneratePcm arm64 /Users/admin/builder/spi-builder-workspace/.derivedData/SDKExplicitPrecompiledModules/OSLog-7OT6HHTMY0ZFEQJ095LJZ6NLC.pcm
SwiftExplicitDependencyGeneratePcm arm64 /Users/admin/builder/spi-builder-workspace/.derivedData/SDKExplicitPrecompiledModules/IOSurface-38FJ1CKX9FV2RD97O64Z7QB17.pcm
SwiftExplicitDependencyGeneratePcm arm64 /Users/admin/builder/spi-builder-workspace/.derivedData/SDKExplicitPrecompiledModules/UserNotifications-E9ZW5TH066WIJWH9080RC5NG4.pcm
SwiftExplicitDependencyGeneratePcm arm64 /Users/admin/builder/spi-builder-workspace/.derivedData/SDKExplicitPrecompiledModules/DataDetection-37JIYZ2GWDA1L166PP1D9JKAF.pcm
SwiftExplicitDependencyGeneratePcm arm64 /Users/admin/builder/spi-builder-workspace/.derivedData/SDKExplicitPrecompiledModules/Accessibility-B6BODGZ4MQQTY0PBC4SHRP009.pcm
SwiftExplicitDependencyGeneratePcm arm64 /Users/admin/builder/spi-builder-workspace/.derivedData/SDKExplicitPrecompiledModules/_LocationEssentials-ETSJ65FELPWR8WH8G49R1DF2E.pcm
SwiftExplicitDependencyGeneratePcm arm64 /Users/admin/builder/spi-builder-workspace/.derivedData/SDKExplicitPrecompiledModules/Symbols-B5AU9VM9Y7NU79RLMH13Z4IFM.pcm
SwiftExplicitDependencyGeneratePcm arm64 /Users/admin/builder/spi-builder-workspace/.derivedData/SDKExplicitPrecompiledModules/CoreLocation-YVXXAOMVX0JH2KO1XTTKTY51.pcm
SwiftExplicitDependencyGeneratePcm arm64 /Users/admin/builder/spi-builder-workspace/.derivedData/SDKExplicitPrecompiledModules/Metal-2KYBS7IML1SD788M91YV7Q0CC.pcm
SwiftExplicitDependencyGeneratePcm arm64 /Users/admin/builder/spi-builder-workspace/.derivedData/SDKExplicitPrecompiledModules/OpenGLES-4NY99CNDU9WUNUYEIXSS1QFGE.pcm
SwiftExplicitDependencyGeneratePcm arm64 /Users/admin/builder/spi-builder-workspace/.derivedData/SDKExplicitPrecompiledModules/CoreVideo-DPU0PB5X0XLSVA2ETRGI6FJBM.pcm
SwiftExplicitDependencyGeneratePcm arm64 /Users/admin/builder/spi-builder-workspace/.derivedData/SDKExplicitPrecompiledModules/CoreImage-7S2AFJ8EIY3DUFYLEAX1JR1QV.pcm
SwiftExplicitDependencyGeneratePcm arm64 /Users/admin/builder/spi-builder-workspace/.derivedData/SDKExplicitPrecompiledModules/QuartzCore-DJSYAWKXFGVSAK5CQMOB3JSR.pcm
SwiftExplicitDependencyGeneratePcm arm64 /Users/admin/builder/spi-builder-workspace/.derivedData/SDKExplicitPrecompiledModules/SwiftUICore-543QU5V2NHKUFCYFJDKUJ7NYG.pcm
SwiftExplicitDependencyGeneratePcm arm64 /Users/admin/builder/spi-builder-workspace/.derivedData/SDKExplicitPrecompiledModules/UIKit-1TKWN7VC2X6N3ITMRVA2G0EB2.pcm
SwiftEmitModule normal arm64 Emitting\ module\ for\ CompositionalLayoutViewController (in target 'CompositionalLayoutViewController' from project 'CompositionalLayoutViewController')
SwiftCompile normal arm64 (in target 'CompositionalLayoutViewController' from project 'CompositionalLayoutViewController')
    cd /Users/admin/builder/spi-builder-workspace/.swiftpm/xcode

/Users/admin/builder/spi-builder-workspace/CompositionalLayoutViewController/Classes/CompositionalLayoutViewController.swift:14:16: warning: conformance of 'AnyHashable' to 'Sendable' is unavailable
 12 |     public var collectionView: UICollectionView!
 13 |     public var highlightedColor: UIColor?
 14 |     public var dataSource: UICollectionViewDiffableDataSource<AnyHashable, AnyHashable>!
    |                `- warning: conformance of 'AnyHashable' to 'Sendable' is unavailable
 15 |     public weak var provider: SectionProvider?
 16 |     public var ignoreEmptySection = false
Swift.AnyHashable:2:11: note: conformance of 'AnyHashable' to 'Sendable' has been explicitly marked unavailable here
1 | @available(*, unavailable)
2 | extension AnyHashable : Sendable {
  |           `- note: conformance of 'AnyHashable' to 'Sendable' has been explicitly marked unavailable here
3 | }
/Users/admin/builder/spi-builder-workspace/CompositionalLayoutViewController/Classes/CompositionalLayoutViewController.swift:14:16: warning: conformance of 'AnyHashable' to 'Sendable' is unavailable
 12 |     public var collectionView: UICollectionView!
 13 |     public var highlightedColor: UIColor?
 14 |     public var dataSource: UICollectionViewDiffableDataSource<AnyHashable, AnyHashable>!
    |                `- warning: conformance of 'AnyHashable' to 'Sendable' is unavailable
 15 |     public weak var provider: SectionProvider?
 16 |     public var ignoreEmptySection = false
Swift.AnyHashable:2:11: note: conformance of 'AnyHashable' to 'Sendable' has been explicitly marked unavailable here
1 | @available(*, unavailable)
2 | extension AnyHashable : Sendable {
  |           `- note: conformance of 'AnyHashable' to 'Sendable' has been explicitly marked unavailable here
3 | }
SwiftCompile normal arm64 Compiling\ HighlightableCell.swift /Users/admin/builder/spi-builder-workspace/CompositionalLayoutViewController/Classes/HighlightableCell.swift (in target 'CompositionalLayoutViewController' from project 'CompositionalLayoutViewController')
SwiftCompile normal arm64 /Users/admin/builder/spi-builder-workspace/CompositionalLayoutViewController/Classes/HighlightableCell.swift (in target 'CompositionalLayoutViewController' from project 'CompositionalLayoutViewController')
    cd /Users/admin/builder/spi-builder-workspace/.swiftpm/xcode
    builtin-SwiftPerFileCompile HighlightableCell.swift
SwiftCompile normal arm64 Compiling\ CompositionalLayoutViewController.swift /Users/admin/builder/spi-builder-workspace/CompositionalLayoutViewController/Classes/CompositionalLayoutViewController.swift (in target 'CompositionalLayoutViewController' from project 'CompositionalLayoutViewController')
/Users/admin/builder/spi-builder-workspace/CompositionalLayoutViewController/Classes/CompositionalLayoutViewController.swift:14:16: warning: conformance of 'AnyHashable' to 'Sendable' is unavailable
 12 |     public var collectionView: UICollectionView!
 13 |     public var highlightedColor: UIColor?
 14 |     public var dataSource: UICollectionViewDiffableDataSource<AnyHashable, AnyHashable>!
    |                `- warning: conformance of 'AnyHashable' to 'Sendable' is unavailable
 15 |     public weak var provider: SectionProvider?
 16 |     public var ignoreEmptySection = false
Swift.AnyHashable:2:11: note: conformance of 'AnyHashable' to 'Sendable' has been explicitly marked unavailable here
1 | @available(*, unavailable)
2 | extension AnyHashable : Sendable {
  |           `- note: conformance of 'AnyHashable' to 'Sendable' has been explicitly marked unavailable here
3 | }
/Users/admin/builder/spi-builder-workspace/CompositionalLayoutViewController/Classes/CompositionalLayoutViewController.swift:14:16: warning: conformance of 'AnyHashable' to 'Sendable' is unavailable
 12 |     public var collectionView: UICollectionView!
 13 |     public var highlightedColor: UIColor?
 14 |     public var dataSource: UICollectionViewDiffableDataSource<AnyHashable, AnyHashable>!
    |                `- warning: conformance of 'AnyHashable' to 'Sendable' is unavailable
 15 |     public weak var provider: SectionProvider?
 16 |     public var ignoreEmptySection = false
Swift.AnyHashable:2:11: note: conformance of 'AnyHashable' to 'Sendable' has been explicitly marked unavailable here
1 | @available(*, unavailable)
2 | extension AnyHashable : Sendable {
  |           `- note: conformance of 'AnyHashable' to 'Sendable' has been explicitly marked unavailable here
3 | }
/Users/admin/builder/spi-builder-workspace/CompositionalLayoutViewController/Classes/CompositionalLayoutViewController.swift:21:43: error: 'systemBackground' is unavailable in tvOS
 19 |         super.viewDidLoad()
 20 |         collectionView = UICollectionView(frame: .zero, collectionViewLayout: layout(configuration: layoutConfiguration()))
 21 |         collectionView.backgroundColor = .systemBackground
    |                                           `- error: 'systemBackground' is unavailable in tvOS
 22 |         collectionView.delegate = self
 23 |         view.addSubview(collectionView)
/Applications/Xcode-27.0.0-Release.Candidate.app/Contents/Developer/Platforms/AppleTVOS.platform/Developer/SDKs/AppleTVOS27.0.sdk/System/Library/Frameworks/UIKit.framework/Headers/UIInterface.h:208:49: note: 'systemBackground' has been explicitly marked unavailable here
206 |  *    primary background in light mode.
207 |  */
208 | @property (class, nonatomic, readonly) UIColor *systemBackgroundColor                   API_AVAILABLE(ios(13.0)) API_UNAVAILABLE(tvos, watchos);
    |                                                 `- note: 'systemBackground' has been explicitly marked unavailable here
209 | @property (class, nonatomic, readonly) UIColor *secondarySystemBackgroundColor          API_AVAILABLE(ios(13.0)) API_UNAVAILABLE(tvos, watchos);
210 | @property (class, nonatomic, readonly) UIColor *tertiarySystemBackgroundColor           API_AVAILABLE(ios(13.0)) API_UNAVAILABLE(tvos, watchos);
/Users/admin/builder/spi-builder-workspace/CompositionalLayoutViewController/Classes/CompositionalLayoutViewController.swift:31:22: warning: conformance of 'AnyHashable' to 'Sendable' is unavailable
 29 |         collectionView.trailingAnchor.constraint(equalTo: view.trailingAnchor).isActive = true
 30 |
 31 |         dataSource = UICollectionViewDiffableDataSource<AnyHashable, AnyHashable>(
    |                      `- warning: conformance of 'AnyHashable' to 'Sendable' is unavailable
 32 |             collectionView: collectionView
 33 |         ) { [unowned self] _, indexPath, _ -> UICollectionViewCell? in
Swift.AnyHashable:2:11: note: conformance of 'AnyHashable' to 'Sendable' has been explicitly marked unavailable here
1 | @available(*, unavailable)
2 | extension AnyHashable : Sendable {
  |           `- note: conformance of 'AnyHashable' to 'Sendable' has been explicitly marked unavailable here
3 | }
/Users/admin/builder/spi-builder-workspace/CompositionalLayoutViewController/Classes/CompositionalLayoutViewController.swift:31:22: warning: conformance of 'AnyHashable' to 'Sendable' is unavailable
 29 |         collectionView.trailingAnchor.constraint(equalTo: view.trailingAnchor).isActive = true
 30 |
 31 |         dataSource = UICollectionViewDiffableDataSource<AnyHashable, AnyHashable>(
    |                      `- warning: conformance of 'AnyHashable' to 'Sendable' is unavailable
 32 |             collectionView: collectionView
 33 |         ) { [unowned self] _, indexPath, _ -> UICollectionViewCell? in
Swift.AnyHashable:2:11: note: conformance of 'AnyHashable' to 'Sendable' has been explicitly marked unavailable here
1 | @available(*, unavailable)
2 | extension AnyHashable : Sendable {
  |           `- note: conformance of 'AnyHashable' to 'Sendable' has been explicitly marked unavailable here
3 | }
/Users/admin/builder/spi-builder-workspace/CompositionalLayoutViewController/Classes/CompositionalLayoutViewController.swift:31:81: warning: conformance of 'AnyHashable' to 'Sendable' is unavailable
 29 |         collectionView.trailingAnchor.constraint(equalTo: view.trailingAnchor).isActive = true
 30 |
 31 |         dataSource = UICollectionViewDiffableDataSource<AnyHashable, AnyHashable>(
    |                                                                                 `- warning: conformance of 'AnyHashable' to 'Sendable' is unavailable
 32 |             collectionView: collectionView
 33 |         ) { [unowned self] _, indexPath, _ -> UICollectionViewCell? in
Swift.AnyHashable:2:11: note: conformance of 'AnyHashable' to 'Sendable' has been explicitly marked unavailable here
1 | @available(*, unavailable)
2 | extension AnyHashable : Sendable {
  |           `- note: conformance of 'AnyHashable' to 'Sendable' has been explicitly marked unavailable here
3 | }
/Users/admin/builder/spi-builder-workspace/CompositionalLayoutViewController/Classes/CompositionalLayoutViewController.swift:31:81: warning: conformance of 'AnyHashable' to 'Sendable' is unavailable
 29 |         collectionView.trailingAnchor.constraint(equalTo: view.trailingAnchor).isActive = true
 30 |
 31 |         dataSource = UICollectionViewDiffableDataSource<AnyHashable, AnyHashable>(
    |                                                                                 `- warning: conformance of 'AnyHashable' to 'Sendable' is unavailable
 32 |             collectionView: collectionView
 33 |         ) { [unowned self] _, indexPath, _ -> UICollectionViewCell? in
Swift.AnyHashable:2:11: note: conformance of 'AnyHashable' to 'Sendable' has been explicitly marked unavailable here
1 | @available(*, unavailable)
2 | extension AnyHashable : Sendable {
  |           `- note: conformance of 'AnyHashable' to 'Sendable' has been explicitly marked unavailable here
3 | }
/Users/admin/builder/spi-builder-workspace/CompositionalLayoutViewController/Classes/CompositionalLayoutViewController.swift:36:20: warning: conformance of 'AnyHashable' to 'Sendable' is unavailable
 34 |             return cell(for: indexPath)
 35 |         }
 36 |         dataSource.supplementaryViewProvider = { [unowned self] _, kind, indexPath in
    |                    `- warning: conformance of 'AnyHashable' to 'Sendable' is unavailable
 37 |             return supplementaryView(for: kind, indexPath: indexPath)
 38 |         }
Swift.AnyHashable:2:11: note: conformance of 'AnyHashable' to 'Sendable' has been explicitly marked unavailable here
1 | @available(*, unavailable)
2 | extension AnyHashable : Sendable {
  |           `- note: conformance of 'AnyHashable' to 'Sendable' has been explicitly marked unavailable here
3 | }
/Users/admin/builder/spi-builder-workspace/CompositionalLayoutViewController/Classes/CompositionalLayoutViewController.swift:36:20: warning: conformance of 'AnyHashable' to 'Sendable' is unavailable
 34 |             return cell(for: indexPath)
 35 |         }
 36 |         dataSource.supplementaryViewProvider = { [unowned self] _, kind, indexPath in
    |                    `- warning: conformance of 'AnyHashable' to 'Sendable' is unavailable
 37 |             return supplementaryView(for: kind, indexPath: indexPath)
 38 |         }
Swift.AnyHashable:2:11: note: conformance of 'AnyHashable' to 'Sendable' has been explicitly marked unavailable here
1 | @available(*, unavailable)
2 | extension AnyHashable : Sendable {
  |           `- note: conformance of 'AnyHashable' to 'Sendable' has been explicitly marked unavailable here
3 | }
/Users/admin/builder/spi-builder-workspace/CompositionalLayoutViewController/Classes/CompositionalLayoutViewController.swift:101:24: warning: conformance of 'AnyHashable' to 'Sendable' is unavailable
 99 |     open func updateDataSource(_ sections: [CollectionViewSection], animateWhenUpdate: Bool = true) {
100 |         registerViews(sections)
101 |         var snapshot = NSDiffableDataSourceSnapshot<AnyHashable, AnyHashable>()
    |                        `- warning: conformance of 'AnyHashable' to 'Sendable' is unavailable
102 |         for section in sections {
103 |             if section.snapshotItems.isEmpty {
Swift.AnyHashable:2:11: note: conformance of 'AnyHashable' to 'Sendable' has been explicitly marked unavailable here
1 | @available(*, unavailable)
2 | extension AnyHashable : Sendable {
  |           `- note: conformance of 'AnyHashable' to 'Sendable' has been explicitly marked unavailable here
3 | }
/Users/admin/builder/spi-builder-workspace/CompositionalLayoutViewController/Classes/CompositionalLayoutViewController.swift:101:24: warning: conformance of 'AnyHashable' to 'Sendable' is unavailable
 99 |     open func updateDataSource(_ sections: [CollectionViewSection], animateWhenUpdate: Bool = true) {
100 |         registerViews(sections)
101 |         var snapshot = NSDiffableDataSourceSnapshot<AnyHashable, AnyHashable>()
    |                        `- warning: conformance of 'AnyHashable' to 'Sendable' is unavailable
102 |         for section in sections {
103 |             if section.snapshotItems.isEmpty {
Swift.AnyHashable:2:11: note: conformance of 'AnyHashable' to 'Sendable' has been explicitly marked unavailable here
1 | @available(*, unavailable)
2 | extension AnyHashable : Sendable {
  |           `- note: conformance of 'AnyHashable' to 'Sendable' has been explicitly marked unavailable here
3 | }
/Users/admin/builder/spi-builder-workspace/CompositionalLayoutViewController/Classes/CompositionalLayoutViewController.swift:101:77: warning: conformance of 'AnyHashable' to 'Sendable' is unavailable; this is an error in the Swift 6 language mode
 99 |     open func updateDataSource(_ sections: [CollectionViewSection], animateWhenUpdate: Bool = true) {
100 |         registerViews(sections)
101 |         var snapshot = NSDiffableDataSourceSnapshot<AnyHashable, AnyHashable>()
    |                                                                             `- warning: conformance of 'AnyHashable' to 'Sendable' is unavailable; this is an error in the Swift 6 language mode
102 |         for section in sections {
103 |             if section.snapshotItems.isEmpty {
Swift.AnyHashable:2:11: note: conformance of 'AnyHashable' to 'Sendable' has been explicitly marked unavailable here
1 | @available(*, unavailable)
2 | extension AnyHashable : Sendable {
  |           `- note: conformance of 'AnyHashable' to 'Sendable' has been explicitly marked unavailable here
3 | }
/Users/admin/builder/spi-builder-workspace/CompositionalLayoutViewController/Classes/CompositionalLayoutViewController.swift:101:77: warning: conformance of 'AnyHashable' to 'Sendable' is unavailable; this is an error in the Swift 6 language mode
 99 |     open func updateDataSource(_ sections: [CollectionViewSection], animateWhenUpdate: Bool = true) {
100 |         registerViews(sections)
101 |         var snapshot = NSDiffableDataSourceSnapshot<AnyHashable, AnyHashable>()
    |                                                                             `- warning: conformance of 'AnyHashable' to 'Sendable' is unavailable; this is an error in the Swift 6 language mode
102 |         for section in sections {
103 |             if section.snapshotItems.isEmpty {
Swift.AnyHashable:2:11: note: conformance of 'AnyHashable' to 'Sendable' has been explicitly marked unavailable here
1 | @available(*, unavailable)
2 | extension AnyHashable : Sendable {
  |           `- note: conformance of 'AnyHashable' to 'Sendable' has been explicitly marked unavailable here
3 | }
/Users/admin/builder/spi-builder-workspace/CompositionalLayoutViewController/Classes/CompositionalLayoutViewController.swift:101:13: warning: conformance of 'AnyHashable' to 'Sendable' is unavailable
 99 |     open func updateDataSource(_ sections: [CollectionViewSection], animateWhenUpdate: Bool = true) {
100 |         registerViews(sections)
101 |         var snapshot = NSDiffableDataSourceSnapshot<AnyHashable, AnyHashable>()
    |             `- warning: conformance of 'AnyHashable' to 'Sendable' is unavailable
102 |         for section in sections {
103 |             if section.snapshotItems.isEmpty {
Swift.AnyHashable:2:11: note: conformance of 'AnyHashable' to 'Sendable' has been explicitly marked unavailable here
1 | @available(*, unavailable)
2 | extension AnyHashable : Sendable {
  |           `- note: conformance of 'AnyHashable' to 'Sendable' has been explicitly marked unavailable here
3 | }
/Users/admin/builder/spi-builder-workspace/CompositionalLayoutViewController/Classes/CompositionalLayoutViewController.swift:101:13: warning: conformance of 'AnyHashable' to 'Sendable' is unavailable
 99 |     open func updateDataSource(_ sections: [CollectionViewSection], animateWhenUpdate: Bool = true) {
100 |         registerViews(sections)
101 |         var snapshot = NSDiffableDataSourceSnapshot<AnyHashable, AnyHashable>()
    |             `- warning: conformance of 'AnyHashable' to 'Sendable' is unavailable
102 |         for section in sections {
103 |             if section.snapshotItems.isEmpty {
Swift.AnyHashable:2:11: note: conformance of 'AnyHashable' to 'Sendable' has been explicitly marked unavailable here
1 | @available(*, unavailable)
2 | extension AnyHashable : Sendable {
  |           `- note: conformance of 'AnyHashable' to 'Sendable' has been explicitly marked unavailable here
3 | }
/Users/admin/builder/spi-builder-workspace/CompositionalLayoutViewController/Classes/CompositionalLayoutViewController.swift:105:30: warning: conformance of 'AnyHashable' to 'Sendable' is unavailable; this is an error in the Swift 6 language mode
103 |             if section.snapshotItems.isEmpty {
104 |                 if ignoreEmptySection == false {
105 |                     snapshot.appendSections([section.snapshotSection])
    |                              `- warning: conformance of 'AnyHashable' to 'Sendable' is unavailable; this is an error in the Swift 6 language mode
106 |                     snapshot.appendItems(section.snapshotItems, toSection: section.snapshotSection)
107 |                 }
Swift.AnyHashable:2:11: note: conformance of 'AnyHashable' to 'Sendable' has been explicitly marked unavailable here
1 | @available(*, unavailable)
2 | extension AnyHashable : Sendable {
  |           `- note: conformance of 'AnyHashable' to 'Sendable' has been explicitly marked unavailable here
3 | }
/Users/admin/builder/spi-builder-workspace/CompositionalLayoutViewController/Classes/CompositionalLayoutViewController.swift:105:30: warning: conformance of 'AnyHashable' to 'Sendable' is unavailable; this is an error in the Swift 6 language mode
103 |             if section.snapshotItems.isEmpty {
104 |                 if ignoreEmptySection == false {
105 |                     snapshot.appendSections([section.snapshotSection])
    |                              `- warning: conformance of 'AnyHashable' to 'Sendable' is unavailable; this is an error in the Swift 6 language mode
106 |                     snapshot.appendItems(section.snapshotItems, toSection: section.snapshotSection)
107 |                 }
Swift.AnyHashable:2:11: note: conformance of 'AnyHashable' to 'Sendable' has been explicitly marked unavailable here
1 | @available(*, unavailable)
2 | extension AnyHashable : Sendable {
  |           `- note: conformance of 'AnyHashable' to 'Sendable' has been explicitly marked unavailable here
3 | }
/Users/admin/builder/spi-builder-workspace/CompositionalLayoutViewController/Classes/CompositionalLayoutViewController.swift:106:30: warning: conformance of 'AnyHashable' to 'Sendable' is unavailable; this is an error in the Swift 6 language mode
104 |                 if ignoreEmptySection == false {
105 |                     snapshot.appendSections([section.snapshotSection])
106 |                     snapshot.appendItems(section.snapshotItems, toSection: section.snapshotSection)
    |                              `- warning: conformance of 'AnyHashable' to 'Sendable' is unavailable; this is an error in the Swift 6 language mode
107 |                 }
108 |             }
Swift.AnyHashable:2:11: note: conformance of 'AnyHashable' to 'Sendable' has been explicitly marked unavailable here
1 | @available(*, unavailable)
2 | extension AnyHashable : Sendable {
  |           `- note: conformance of 'AnyHashable' to 'Sendable' has been explicitly marked unavailable here
3 | }
/Users/admin/builder/spi-builder-workspace/CompositionalLayoutViewController/Classes/CompositionalLayoutViewController.swift:106:30: warning: conformance of 'AnyHashable' to 'Sendable' is unavailable; this is an error in the Swift 6 language mode
104 |                 if ignoreEmptySection == false {
105 |                     snapshot.appendSections([section.snapshotSection])
106 |                     snapshot.appendItems(section.snapshotItems, toSection: section.snapshotSection)
    |                              `- warning: conformance of 'AnyHashable' to 'Sendable' is unavailable; this is an error in the Swift 6 language mode
107 |                 }
108 |             }
Swift.AnyHashable:2:11: note: conformance of 'AnyHashable' to 'Sendable' has been explicitly marked unavailable here
1 | @available(*, unavailable)
2 | extension AnyHashable : Sendable {
  |           `- note: conformance of 'AnyHashable' to 'Sendable' has been explicitly marked unavailable here
3 | }
/Users/admin/builder/spi-builder-workspace/CompositionalLayoutViewController/Classes/CompositionalLayoutViewController.swift:110:26: warning: conformance of 'AnyHashable' to 'Sendable' is unavailable; this is an error in the Swift 6 language mode
108 |             }
109 |             else {
110 |                 snapshot.appendSections([section.snapshotSection])
    |                          `- warning: conformance of 'AnyHashable' to 'Sendable' is unavailable; this is an error in the Swift 6 language mode
111 |                 snapshot.appendItems(section.snapshotItems, toSection: section.snapshotSection)
112 |             }
Swift.AnyHashable:2:11: note: conformance of 'AnyHashable' to 'Sendable' has been explicitly marked unavailable here
1 | @available(*, unavailable)
2 | extension AnyHashable : Sendable {
  |           `- note: conformance of 'AnyHashable' to 'Sendable' has been explicitly marked unavailable here
3 | }
/Users/admin/builder/spi-builder-workspace/CompositionalLayoutViewController/Classes/CompositionalLayoutViewController.swift:110:26: warning: conformance of 'AnyHashable' to 'Sendable' is unavailable; this is an error in the Swift 6 language mode
108 |             }
109 |             else {
110 |                 snapshot.appendSections([section.snapshotSection])
    |                          `- warning: conformance of 'AnyHashable' to 'Sendable' is unavailable; this is an error in the Swift 6 language mode
111 |                 snapshot.appendItems(section.snapshotItems, toSection: section.snapshotSection)
112 |             }
Swift.AnyHashable:2:11: note: conformance of 'AnyHashable' to 'Sendable' has been explicitly marked unavailable here
1 | @available(*, unavailable)
2 | extension AnyHashable : Sendable {
  |           `- note: conformance of 'AnyHashable' to 'Sendable' has been explicitly marked unavailable here
3 | }
/Users/admin/builder/spi-builder-workspace/CompositionalLayoutViewController/Classes/CompositionalLayoutViewController.swift:111:26: warning: conformance of 'AnyHashable' to 'Sendable' is unavailable; this is an error in the Swift 6 language mode
109 |             else {
110 |                 snapshot.appendSections([section.snapshotSection])
111 |                 snapshot.appendItems(section.snapshotItems, toSection: section.snapshotSection)
    |                          `- warning: conformance of 'AnyHashable' to 'Sendable' is unavailable; this is an error in the Swift 6 language mode
112 |             }
113 |         }
Swift.AnyHashable:2:11: note: conformance of 'AnyHashable' to 'Sendable' has been explicitly marked unavailable here
1 | @available(*, unavailable)
2 | extension AnyHashable : Sendable {
  |           `- note: conformance of 'AnyHashable' to 'Sendable' has been explicitly marked unavailable here
3 | }
/Users/admin/builder/spi-builder-workspace/CompositionalLayoutViewController/Classes/CompositionalLayoutViewController.swift:111:26: warning: conformance of 'AnyHashable' to 'Sendable' is unavailable; this is an error in the Swift 6 language mode
109 |             else {
110 |                 snapshot.appendSections([section.snapshotSection])
111 |                 snapshot.appendItems(section.snapshotItems, toSection: section.snapshotSection)
    |                          `- warning: conformance of 'AnyHashable' to 'Sendable' is unavailable; this is an error in the Swift 6 language mode
112 |             }
113 |         }
Swift.AnyHashable:2:11: note: conformance of 'AnyHashable' to 'Sendable' has been explicitly marked unavailable here
1 | @available(*, unavailable)
2 | extension AnyHashable : Sendable {
  |           `- note: conformance of 'AnyHashable' to 'Sendable' has been explicitly marked unavailable here
3 | }
/Users/admin/builder/spi-builder-workspace/CompositionalLayoutViewController/Classes/CompositionalLayoutViewController.swift:114:20: warning: conformance of 'AnyHashable' to 'Sendable' is unavailable
112 |             }
113 |         }
114 |         dataSource.apply(snapshot, animatingDifferences: animateWhenUpdate)
    |                    `- warning: conformance of 'AnyHashable' to 'Sendable' is unavailable
115 |     }
116 |
Swift.AnyHashable:2:11: note: conformance of 'AnyHashable' to 'Sendable' has been explicitly marked unavailable here
1 | @available(*, unavailable)
2 | extension AnyHashable : Sendable {
  |           `- note: conformance of 'AnyHashable' to 'Sendable' has been explicitly marked unavailable here
3 | }
/Users/admin/builder/spi-builder-workspace/CompositionalLayoutViewController/Classes/CompositionalLayoutViewController.swift:114:20: warning: conformance of 'AnyHashable' to 'Sendable' is unavailable
112 |             }
113 |         }
114 |         dataSource.apply(snapshot, animatingDifferences: animateWhenUpdate)
    |                    `- warning: conformance of 'AnyHashable' to 'Sendable' is unavailable
115 |     }
116 |
Swift.AnyHashable:2:11: note: conformance of 'AnyHashable' to 'Sendable' has been explicitly marked unavailable here
1 | @available(*, unavailable)
2 | extension AnyHashable : Sendable {
  |           `- note: conformance of 'AnyHashable' to 'Sendable' has been explicitly marked unavailable here
3 | }
Failed frontend command:
SwiftCompile normal arm64 /Users/admin/builder/spi-builder-workspace/CompositionalLayoutViewController/Classes/CompositionalLayoutViewController.swift (in target 'CompositionalLayoutViewController' from project 'CompositionalLayoutViewController')
    cd /Users/admin/builder/spi-builder-workspace/.swiftpm/xcode
    builtin-SwiftPerFileCompile CompositionalLayoutViewController.swift
/Applications/Xcode-27.0.0-Release.Candidate.app/Contents/Developer/Toolchains/XcodeDefault.xctoolchain/usr/bin/swift-frontend -frontend -c /Users/admin/builder/spi-builder-workspace/CompositionalLayoutViewController/Classes/CollectionViewSection.swift -primary-file /Users/admin/builder/spi-builder-workspace/CompositionalLayoutViewController/Classes/CompositionalLayoutViewController.swift /Users/admin/builder/spi-builder-workspace/CompositionalLayoutViewController/Classes/HighlightableCell.swift /Users/admin/builder/spi-builder-workspace/CompositionalLayoutViewController/Classes/SectionProvider.swift /Users/admin/builder/spi-builder-workspace/CompositionalLayoutViewController/Classes/SupplementaryItem.swift -emit-dependencies-path /Users/admin/builder/spi-builder-workspace/.derivedData/Build/Intermediates.noindex/CompositionalLayoutViewController.build/Debug-appletvos/CompositionalLayoutViewController-t.build/Objects-normal/arm64/CompositionalLayoutViewController.d -emit-const-values-path /Users/admin/builder/spi-builder-workspace/.derivedData/Build/Intermediates.noindex/CompositionalLayoutViewController.build/Debug-appletvos/CompositionalLayoutViewController-t.build/Objects-normal/arm64/CompositionalLayoutViewController.swiftconstvalues -emit-reference-dependencies-path /Users/admin/builder/spi-builder-workspace/.derivedData/Build/Intermediates.noindex/CompositionalLayoutViewController.build/Debug-appletvos/CompositionalLayoutViewController-t.build/Objects-normal/arm64/CompositionalLayoutViewController.swiftdeps -serialize-diagnostics-path /Users/admin/builder/spi-builder-workspace/.derivedData/Build/Intermediates.noindex/CompositionalLayoutViewController.build/Debug-appletvos/CompositionalLayoutViewController-t.build/Objects-normal/arm64/CompositionalLayoutViewController.dia -target arm64-apple-tvos15.0 -disable-cross-import-overlay-search -load-resolved-plugin /Applications/Xcode-27.0.0-Release.Candidate.app/Contents/Developer/Platforms/AppleTVOS.platform/Developer/usr/lib/swift/host/plugins/libFoundationMacros.dylib\#/Applications/Xcode-27.0.0-Release.Candidate.app/Contents/Developer/Platforms/AppleTVOS.platform/Developer/usr/bin/swift-plugin-server\#FoundationMacros -load-resolved-plugin /Applications/Xcode-27.0.0-Release.Candidate.app/Contents/Developer/Platforms/AppleTVOS.platform/Developer/usr/lib/swift/host/plugins/libObservationMacros.dylib\#/Applications/Xcode-27.0.0-Release.Candidate.app/Contents/Developer/Platforms/AppleTVOS.platform/Developer/usr/bin/swift-plugin-server\#ObservationMacros -load-resolved-plugin /Applications/Xcode-27.0.0-Release.Candidate.app/Contents/Developer/Platforms/AppleTVOS.platform/Developer/usr/lib/swift/host/plugins/libPreviewsMacros.dylib\#/Applications/Xcode-27.0.0-Release.Candidate.app/Contents/Developer/Platforms/AppleTVOS.platform/Developer/usr/bin/swift-plugin-server\#PreviewsMacros -load-resolved-plugin /Applications/Xcode-27.0.0-Release.Candidate.app/Contents/Developer/Platforms/AppleTVOS.platform/Developer/usr/lib/swift/host/plugins/libSwiftMacros.dylib\#/Applications/Xcode-27.0.0-Release.Candidate.app/Contents/Developer/Platforms/AppleTVOS.platform/Developer/usr/bin/swift-plugin-server\#SwiftMacros -load-resolved-plugin /Applications/Xcode-27.0.0-Release.Candidate.app/Contents/Developer/Platforms/AppleTVOS.platform/Developer/usr/lib/swift/host/plugins/libSwiftUIMacros.dylib\#/Applications/Xcode-27.0.0-Release.Candidate.app/Contents/Developer/Platforms/AppleTVOS.platform/Developer/usr/bin/swift-plugin-server\#SwiftUIMacros -disable-implicit-swift-modules -Xcc -fno-implicit-modules -Xcc -fno-implicit-module-maps -explicit-swift-module-map-file /Users/admin/builder/spi-builder-workspace/.derivedData/Build/Intermediates.noindex/CompositionalLayoutViewController.build/Debug-appletvos/CompositionalLayoutViewController-t.build/Objects-normal/arm64/CompositionalLayoutViewController-dependencies-1.json -Xllvm -aarch64-use-tbi -enable-objc-interop -stack-check -sdk /Applications/Xcode-27.0.0-Release.Candidate.app/Contents/Developer/Platforms/AppleTVOS.platform/Developer/SDKs/AppleTVOS27.0.sdk -I /Users/admin/builder/spi-builder-workspace/.derivedData/Build/Products/Debug-appletvos -Isystem /Applications/Xcode-27.0.0-Release.Candidate.app/Contents/Developer/Platforms/AppleTVOS.platform/Developer/usr/lib -F /Users/admin/builder/spi-builder-workspace/.derivedData/Build/Products/Debug-appletvos -F /Applications/Xcode-27.0.0-Release.Candidate.app/Contents/Developer/Platforms/AppleTVOS.platform/Developer/Library/Frameworks -F /Applications/Xcode-27.0.0-Release.Candidate.app/Contents/Developer/Platforms/AppleTVOS.platform/Developer/SDKs/AppleTVOS27.0.sdk/Developer/Library/Frameworks -module-cache-path /Users/admin/builder/spi-builder-workspace/.derivedData/Build/Intermediates.noindex/SwiftExplicitPrecompiledModules -no-color-diagnostics -Xcc -fno-color-diagnostics -enable-testing -g -debug-info-format\=dwarf -dwarf-version\=4 -swift-version 5 -Onone -D SWIFT_PACKAGE -D DEBUG -D SWIFT_MODULE_RESOURCE_BUNDLE_UNAVAILABLE -D Xcode -serialize-debugging-options -enable-experimental-feature DebugDescriptionMacro -empty-abi-descriptor -validate-clang-modules-once -clang-build-session-file /Users/admin/builder/spi-builder-workspace/.derivedData/ModuleCache.noindex/Session.modulevalidation -Xcc -working-directory -Xcc /Users/admin/builder/spi-builder-workspace/.swiftpm/xcode -enable-anonymous-context-mangled-names -file-compilation-dir /Users/admin/builder/spi-builder-workspace/.swiftpm/xcode -Xcc -D_LIBCPP_HARDENING_MODE\=_LIBCPP_HARDENING_MODE_DEBUG -Xcc -ivfsstatcache -Xcc /Users/admin/builder/spi-builder-workspace/.derivedData/SDKStatCaches.noindex/appletvos27.0-24J360-e829b21a6f8c9b70876ba0858053c044b32bfd8d43560033f8d89884cdb90028.sdkstatcache -Xcc -fmodules-prune-interval\=86400 -Xcc -fmodules-prune-after\=345600 -Xcc -I/Users/admin/builder/spi-builder-workspace/.derivedData/Build/Products/Debug-appletvos/include -Xcc -I/Users/admin/builder/spi-builder-workspace/.derivedData/Build/Intermediates.noindex/CompositionalLayoutViewController.build/Debug-appletvos/CompositionalLayoutViewController-t.build/DerivedSources-normal/arm64 -Xcc -I/Users/admin/builder/spi-builder-workspace/.derivedData/Build/Intermediates.noindex/CompositionalLayoutViewController.build/Debug-appletvos/CompositionalLayoutViewController-t.build/DerivedSources/arm64 -Xcc -I/Users/admin/builder/spi-builder-workspace/.derivedData/Build/Intermediates.noindex/CompositionalLayoutViewController.build/Debug-appletvos/CompositionalLayoutViewController-t.build/DerivedSources -Xcc -DSWIFT_PACKAGE -Xcc -DDEBUG\=1 -no-auto-bridging-header-chaining -module-name CompositionalLayoutViewController -const-gather-protocols-file /Users/admin/builder/spi-builder-workspace/.derivedData/Build/Intermediates.noindex/CompositionalLayoutViewController.build/Debug-appletvos/CompositionalLayoutViewController-t.build/Objects-normal/arm64/CompositionalLayoutViewController_const_extract_protocols.json -disable-clang-spi -clang-target arm64-apple-tvos27.0 -target-sdk-version 27.0 -target-sdk-name appletvos27.0 -in-process-plugin-server-path /Applications/Xcode-27.0.0-Release.Candidate.app/Contents/Developer/Toolchains/XcodeDefault.xctoolchain/usr/lib/swift/host/libSwiftInProcPluginServer.dylib -parse-as-library -o /Users/admin/builder/spi-builder-workspace/.derivedData/Build/Intermediates.noindex/CompositionalLayoutViewController.build/Debug-appletvos/CompositionalLayoutViewController-t.build/Objects-normal/arm64/CompositionalLayoutViewController.o -debug-module-path /Users/admin/builder/spi-builder-workspace/.derivedData/Build/Intermediates.noindex/CompositionalLayoutViewController.build/Debug-appletvos/CompositionalLayoutViewController-t.build/Objects-normal/arm64/CompositionalLayoutViewController.swiftmodule -index-unit-output-path /CompositionalLayoutViewController.build/Debug-appletvos/CompositionalLayoutViewController-t.build/Objects-normal/arm64/CompositionalLayoutViewController.o -index-store-path /Users/admin/builder/spi-builder-workspace/.derivedData/Index.noindex/DataStore -index-system-modules
SwiftCompile normal arm64 Compiling\ SectionProvider.swift /Users/admin/builder/spi-builder-workspace/CompositionalLayoutViewController/Classes/SectionProvider.swift (in target 'CompositionalLayoutViewController' from project 'CompositionalLayoutViewController')
SwiftCompile normal arm64 /Users/admin/builder/spi-builder-workspace/CompositionalLayoutViewController/Classes/SectionProvider.swift (in target 'CompositionalLayoutViewController' from project 'CompositionalLayoutViewController')
    cd /Users/admin/builder/spi-builder-workspace/.swiftpm/xcode
    builtin-SwiftPerFileCompile SectionProvider.swift
SwiftCompile normal arm64 Compiling\ CollectionViewSection.swift /Users/admin/builder/spi-builder-workspace/CompositionalLayoutViewController/Classes/CollectionViewSection.swift (in target 'CompositionalLayoutViewController' from project 'CompositionalLayoutViewController')
SwiftCompile normal arm64 /Users/admin/builder/spi-builder-workspace/CompositionalLayoutViewController/Classes/CollectionViewSection.swift (in target 'CompositionalLayoutViewController' from project 'CompositionalLayoutViewController')
    cd /Users/admin/builder/spi-builder-workspace/.swiftpm/xcode
    builtin-SwiftPerFileCompile CollectionViewSection.swift
SwiftCompile normal arm64 Compiling\ SupplementaryItem.swift /Users/admin/builder/spi-builder-workspace/CompositionalLayoutViewController/Classes/SupplementaryItem.swift (in target 'CompositionalLayoutViewController' from project 'CompositionalLayoutViewController')
SwiftCompile normal arm64 /Users/admin/builder/spi-builder-workspace/CompositionalLayoutViewController/Classes/SupplementaryItem.swift (in target 'CompositionalLayoutViewController' from project 'CompositionalLayoutViewController')
    cd /Users/admin/builder/spi-builder-workspace/.swiftpm/xcode
    builtin-SwiftPerFileCompile SupplementaryItem.swift
SwiftDriverJobDiscovery normal arm64 Emitting module for CompositionalLayoutViewController (in target 'CompositionalLayoutViewController' from project 'CompositionalLayoutViewController')
SwiftDriver\ Compilation\ Requirements CompositionalLayoutViewController normal arm64 com.apple.xcode.tools.swift.compiler (in target 'CompositionalLayoutViewController' from project 'CompositionalLayoutViewController')
    cd /Users/admin/builder/spi-builder-workspace/.swiftpm/xcode
    builtin-Swift-Compilation-Requirements -- /Applications/Xcode-27.0.0-Release.Candidate.app/Contents/Developer/Toolchains/XcodeDefault.xctoolchain/usr/bin/swiftc -parse-as-library -module-name CompositionalLayoutViewController -Onone @/Users/admin/builder/spi-builder-workspace/.derivedData/Build/Intermediates.noindex/CompositionalLayoutViewController.build/Debug-appletvos/CompositionalLayoutViewController-t.build/Objects-normal/arm64/CompositionalLayoutViewController.SwiftFileList -DSWIFT_PACKAGE -DDEBUG -DSWIFT_MODULE_RESOURCE_BUNDLE_UNAVAILABLE -DXcode -plugin-path /Applications/Xcode-27.0.0-Release.Candidate.app/Contents/Developer/Toolchains/XcodeDefault.xctoolchain/usr/lib/swift/host/plugins/testing -enable-experimental-feature DebugDescriptionMacro -sdk /Applications/Xcode-27.0.0-Release.Candidate.app/Contents/Developer/Platforms/AppleTVOS.platform/Developer/SDKs/AppleTVOS27.0.sdk -target arm64-apple-tvos15.0 -g -module-cache-path /Users/admin/builder/spi-builder-workspace/.derivedData/ModuleCache.noindex -Xfrontend -serialize-debugging-options -enable-testing -index-store-path /Users/admin/builder/spi-builder-workspace/.derivedData/Index.noindex/DataStore -Xcc -D_LIBCPP_HARDENING_MODE\=_LIBCPP_HARDENING_MODE_DEBUG -swift-version 5 -I /Users/admin/builder/spi-builder-workspace/.derivedData/Build/Products/Debug-appletvos -Isystem /Applications/Xcode-27.0.0-Release.Candidate.app/Contents/Developer/Platforms/AppleTVOS.platform/Developer/usr/lib -F /Users/admin/builder/spi-builder-workspace/.derivedData/Build/Products/Debug-appletvos -F /Applications/Xcode-27.0.0-Release.Candidate.app/Contents/Developer/Platforms/AppleTVOS.platform/Developer/Library/Frameworks -F /Applications/Xcode-27.0.0-Release.Candidate.app/Contents/Developer/Platforms/AppleTVOS.platform/Developer/SDKs/AppleTVOS27.0.sdk/Developer/Library/Frameworks -c -j10 -enable-batch-mode -incremental -Xcc -ivfsstatcache -Xcc /Users/admin/builder/spi-builder-workspace/.derivedData/SDKStatCaches.noindex/appletvos27.0-24J360-e829b21a6f8c9b70876ba0858053c044b32bfd8d43560033f8d89884cdb90028.sdkstatcache -output-file-map /Users/admin/builder/spi-builder-workspace/.derivedData/Build/Intermediates.noindex/CompositionalLayoutViewController.build/Debug-appletvos/CompositionalLayoutViewController-t.build/Objects-normal/arm64/CompositionalLayoutViewController-OutputFileMap.json -save-temps -no-color-diagnostics -explicit-module-build -module-cache-path /Users/admin/builder/spi-builder-workspace/.derivedData/Build/Intermediates.noindex/SwiftExplicitPrecompiledModules -clang-scanner-module-cache-path /Users/admin/builder/spi-builder-workspace/.derivedData/ModuleCache.noindex -sdk-module-cache-path /Users/admin/builder/spi-builder-workspace/.derivedData/SDKExplicitPrecompiledModules -emit-dependencies -emit-module -emit-module-path /Users/admin/builder/spi-builder-workspace/.derivedData/Build/Intermediates.noindex/CompositionalLayoutViewController.build/Debug-appletvos/CompositionalLayoutViewController-t.build/Objects-normal/arm64/CompositionalLayoutViewController.swiftmodule -serialize-diagnostics -dependency-scan-serialize-diagnostics-path /Users/admin/builder/spi-builder-workspace/.derivedData/Build/Intermediates.noindex/CompositionalLayoutViewController.build/Debug-appletvos/CompositionalLayoutViewController-t.build/Objects-normal/arm64/CompositionalLayoutViewController-dependency-scan.dia -validate-clang-modules-once -clang-build-session-file /Users/admin/builder/spi-builder-workspace/.derivedData/ModuleCache.noindex/Session.modulevalidation -Xcc -fmodules-prune-interval\=86400 -Xcc -fmodules-prune-after\=345600 -emit-const-values -const-gather-protocols-list /Users/admin/builder/spi-builder-workspace/.derivedData/Build/Intermediates.noindex/CompositionalLayoutViewController.build/Debug-appletvos/CompositionalLayoutViewController-t.build/Objects-normal/arm64/CompositionalLayoutViewController_const_extract_protocols.json -Xcc -I/Users/admin/builder/spi-builder-workspace/.derivedData/Build/Products/Debug-appletvos/include -Xcc -I/Users/admin/builder/spi-builder-workspace/.derivedData/Build/Intermediates.noindex/CompositionalLayoutViewController.build/Debug-appletvos/CompositionalLayoutViewController-t.build/DerivedSources-normal/arm64 -Xcc -I/Users/admin/builder/spi-builder-workspace/.derivedData/Build/Intermediates.noindex/CompositionalLayoutViewController.build/Debug-appletvos/CompositionalLayoutViewController-t.build/DerivedSources/arm64 -Xcc -I/Users/admin/builder/spi-builder-workspace/.derivedData/Build/Intermediates.noindex/CompositionalLayoutViewController.build/Debug-appletvos/CompositionalLayoutViewController-t.build/DerivedSources -Xcc -DSWIFT_PACKAGE -Xcc -DDEBUG\=1 -emit-objc-header -emit-objc-header-path /Users/admin/builder/spi-builder-workspace/.derivedData/Build/Intermediates.noindex/CompositionalLayoutViewController.build/Debug-appletvos/CompositionalLayoutViewController-t.build/Objects-normal/arm64/CompositionalLayoutViewController-Swift.h -working-directory /Users/admin/builder/spi-builder-workspace/.swiftpm/xcode -experimental-emit-module-separately -disable-cmo
SwiftMergeGeneratedHeaders /Users/admin/builder/spi-builder-workspace/.derivedData/Build/Intermediates.noindex/GeneratedModuleMaps-appletvos/CompositionalLayoutViewController-Swift.h /Users/admin/builder/spi-builder-workspace/.derivedData/Build/Intermediates.noindex/CompositionalLayoutViewController.build/Debug-appletvos/CompositionalLayoutViewController-t.build/Objects-normal/arm64/CompositionalLayoutViewController-Swift.h (in target 'CompositionalLayoutViewController' from project 'CompositionalLayoutViewController')
    cd /Users/admin/builder/spi-builder-workspace
    builtin-swiftHeaderTool -arch arm64 /Users/admin/builder/spi-builder-workspace/.derivedData/Build/Intermediates.noindex/CompositionalLayoutViewController.build/Debug-appletvos/CompositionalLayoutViewController-t.build/Objects-normal/arm64/CompositionalLayoutViewController-Swift.h -o /Users/admin/builder/spi-builder-workspace/.derivedData/Build/Intermediates.noindex/GeneratedModuleMaps-appletvos/CompositionalLayoutViewController-Swift.h
Copy /Users/admin/builder/spi-builder-workspace/.derivedData/Build/Products/Debug-appletvos/CompositionalLayoutViewController.swiftmodule/arm64-apple-tvos.swiftmodule /Users/admin/builder/spi-builder-workspace/.derivedData/Build/Intermediates.noindex/CompositionalLayoutViewController.build/Debug-appletvos/CompositionalLayoutViewController-t.build/Objects-normal/arm64/CompositionalLayoutViewController.swiftmodule (in target 'CompositionalLayoutViewController' from project 'CompositionalLayoutViewController')
    cd /Users/admin/builder/spi-builder-workspace
    builtin-copy -exclude .DS_Store -exclude CVS -exclude .svn -exclude .git -exclude .hg -resolve-src-symlinks -rename /Users/admin/builder/spi-builder-workspace/.derivedData/Build/Intermediates.noindex/CompositionalLayoutViewController.build/Debug-appletvos/CompositionalLayoutViewController-t.build/Objects-normal/arm64/CompositionalLayoutViewController.swiftmodule /Users/admin/builder/spi-builder-workspace/.derivedData/Build/Products/Debug-appletvos/CompositionalLayoutViewController.swiftmodule/arm64-apple-tvos.swiftmodule
Copy /Users/admin/builder/spi-builder-workspace/.derivedData/Build/Products/Debug-appletvos/CompositionalLayoutViewController.swiftmodule/arm64-apple-tvos.abi.json /Users/admin/builder/spi-builder-workspace/.derivedData/Build/Intermediates.noindex/CompositionalLayoutViewController.build/Debug-appletvos/CompositionalLayoutViewController-t.build/Objects-normal/arm64/CompositionalLayoutViewController.abi.json (in target 'CompositionalLayoutViewController' from project 'CompositionalLayoutViewController')
    cd /Users/admin/builder/spi-builder-workspace
    builtin-copy -exclude .DS_Store -exclude CVS -exclude .svn -exclude .git -exclude .hg -resolve-src-symlinks -rename /Users/admin/builder/spi-builder-workspace/.derivedData/Build/Intermediates.noindex/CompositionalLayoutViewController.build/Debug-appletvos/CompositionalLayoutViewController-t.build/Objects-normal/arm64/CompositionalLayoutViewController.abi.json /Users/admin/builder/spi-builder-workspace/.derivedData/Build/Products/Debug-appletvos/CompositionalLayoutViewController.swiftmodule/arm64-apple-tvos.abi.json
Copy /Users/admin/builder/spi-builder-workspace/.derivedData/Build/Products/Debug-appletvos/CompositionalLayoutViewController.swiftmodule/arm64-apple-tvos.swiftdoc /Users/admin/builder/spi-builder-workspace/.derivedData/Build/Intermediates.noindex/CompositionalLayoutViewController.build/Debug-appletvos/CompositionalLayoutViewController-t.build/Objects-normal/arm64/CompositionalLayoutViewController.swiftdoc (in target 'CompositionalLayoutViewController' from project 'CompositionalLayoutViewController')
    cd /Users/admin/builder/spi-builder-workspace
    builtin-copy -exclude .DS_Store -exclude CVS -exclude .svn -exclude .git -exclude .hg -resolve-src-symlinks -rename /Users/admin/builder/spi-builder-workspace/.derivedData/Build/Intermediates.noindex/CompositionalLayoutViewController.build/Debug-appletvos/CompositionalLayoutViewController-t.build/Objects-normal/arm64/CompositionalLayoutViewController.swiftdoc /Users/admin/builder/spi-builder-workspace/.derivedData/Build/Products/Debug-appletvos/CompositionalLayoutViewController.swiftmodule/arm64-apple-tvos.swiftdoc
Copy /Users/admin/builder/spi-builder-workspace/.derivedData/Build/Products/Debug-appletvos/CompositionalLayoutViewController.swiftmodule/Project/arm64-apple-tvos.swiftsourceinfo /Users/admin/builder/spi-builder-workspace/.derivedData/Build/Intermediates.noindex/CompositionalLayoutViewController.build/Debug-appletvos/CompositionalLayoutViewController-t.build/Objects-normal/arm64/CompositionalLayoutViewController.swiftsourceinfo (in target 'CompositionalLayoutViewController' from project 'CompositionalLayoutViewController')
    cd /Users/admin/builder/spi-builder-workspace
    builtin-copy -exclude .DS_Store -exclude CVS -exclude .svn -exclude .git -exclude .hg -resolve-src-symlinks -rename /Users/admin/builder/spi-builder-workspace/.derivedData/Build/Intermediates.noindex/CompositionalLayoutViewController.build/Debug-appletvos/CompositionalLayoutViewController-t.build/Objects-normal/arm64/CompositionalLayoutViewController.swiftsourceinfo /Users/admin/builder/spi-builder-workspace/.derivedData/Build/Products/Debug-appletvos/CompositionalLayoutViewController.swiftmodule/Project/arm64-apple-tvos.swiftsourceinfo
SwiftDriverJobDiscovery normal arm64 Compiling SectionProvider.swift (in target 'CompositionalLayoutViewController' from project 'CompositionalLayoutViewController')
SwiftDriverJobDiscovery normal arm64 Compiling SupplementaryItem.swift (in target 'CompositionalLayoutViewController' from project 'CompositionalLayoutViewController')
SwiftDriverJobDiscovery normal arm64 Compiling HighlightableCell.swift (in target 'CompositionalLayoutViewController' from project 'CompositionalLayoutViewController')
PruneExplicitPrecompiledModules /Users/admin/builder/spi-builder-workspace/.derivedData/SDKExplicitPrecompiledModules
PruneExplicitPrecompiledModules /Users/admin/builder/spi-builder-workspace/.derivedData/Build/Intermediates.noindex/SwiftExplicitPrecompiledModules
PruneExplicitPrecompiledModules /Users/admin/builder/spi-builder-workspace/.derivedData/Build/Intermediates.noindex/ExplicitPrecompiledModules
2026-09-19 02:19:31.724 xcodebuild[662:4311] [MT] IDERunDestination: Supported platforms for the buildables in the current scheme is empty.
** BUILD FAILED **
The following build commands failed:
	SwiftCompile normal arm64 /Users/admin/builder/spi-builder-workspace/CompositionalLayoutViewController/Classes/CompositionalLayoutViewController.swift (in target 'CompositionalLayoutViewController' from project 'CompositionalLayoutViewController')
	SwiftCompile normal arm64 Compiling\ CompositionalLayoutViewController.swift /Users/admin/builder/spi-builder-workspace/CompositionalLayoutViewController/Classes/CompositionalLayoutViewController.swift (in target 'CompositionalLayoutViewController' from project 'CompositionalLayoutViewController')
	Building workspace CompositionalLayoutViewController with scheme CompositionalLayoutViewController
(3 failures)
Command line invocation:
    /Applications/Xcode-27.0.0-Release.Candidate.app/Contents/Developer/usr/bin/xcodebuild -IDEClonedSourcePackagesDirPathOverride=/Users/admin/builder/spi-builder-workspace/.dependencies -resolvePackageDependencies
Resolve Package Graph
Resolved source packages:
  CompositionalLayoutViewController: /Users/admin/builder/spi-builder-workspace
resolved source packages: CompositionalLayoutViewController
2026-09-19 02:19:40.214 xcodebuild[739:4672] [MT] IDERunDestination: Supported platforms for the buildables in the current scheme is empty.
{
  "dependencies" : [
  ],
  "manifest_display_name" : "CompositionalLayoutViewController",
  "name" : "CompositionalLayoutViewController",
  "path" : "/Users/admin/builder/spi-builder-workspace",
  "platforms" : [
    {
      "name" : "ios",
      "version" : "13.0"
    }
  ],
  "products" : [
    {
      "name" : "CompositionalLayoutViewController",
      "targets" : [
        "CompositionalLayoutViewController"
      ],
      "type" : {
        "library" : [
          "automatic"
        ]
      }
    }
  ],
  "targets" : [
    {
      "c99name" : "CompositionalLayoutViewController",
      "module_type" : "SwiftTarget",
      "name" : "CompositionalLayoutViewController",
      "path" : "CompositionalLayoutViewController/Classes",
      "product_memberships" : [
        "CompositionalLayoutViewController"
      ],
      "sources" : [
        "CollectionViewSection.swift",
        "CompositionalLayoutViewController.swift",
        "HighlightableCell.swift",
        "SectionProvider.swift",
        "SupplementaryItem.swift"
      ],
      "type" : "library"
    }
  ],
  "tools_version" : "5.2"
}
{
  "workspace" : {
    "name" : "CompositionalLayoutViewController",
    "schemes" : [
      "CompositionalLayoutViewController"
    ]
  }
}
2026-09-19 02:19:41.436 xcodebuild[747:4745] [MT] IDERunDestination: Supported platforms for the buildables in the current scheme is empty.
Running build ...
env DEVELOPER_DIR=/Applications/Xcode-27.0.0-Release.Candidate.app xcrun xcodebuild -IDEClonedSourcePackagesDirPathOverride=$PWD/.dependencies -skipMacroValidation -skipPackagePluginValidation -derivedDataPath $PWD/.derivedData build -scheme CompositionalLayoutViewController -destination generic/platform=tvOS
Command line invocation:
    /Applications/Xcode-27.0.0-Release.Candidate.app/Contents/Developer/usr/bin/xcodebuild -IDEClonedSourcePackagesDirPathOverride=/Users/admin/builder/spi-builder-workspace/.dependencies -skipMacroValidation -skipPackagePluginValidation -derivedDataPath /Users/admin/builder/spi-builder-workspace/.derivedData build -scheme CompositionalLayoutViewController -destination generic/platform=tvOS
Resolve Package Graph
Resolved source packages:
  CompositionalLayoutViewController: /Users/admin/builder/spi-builder-workspace
ComputePackagePrebuildTargetDependencyGraph
Prepare packages
CreateBuildRequest
SendProjectDescription
CreateBuildOperation
ComputeTargetDependencyGraph
note: Building targets in dependency order
note: Target dependency graph (2 targets)
    Target 'CompositionalLayoutViewController-product' in project 'CompositionalLayoutViewController'
        ➜ Explicit dependency on target 'CompositionalLayoutViewController' in project 'CompositionalLayoutViewController'
    Target 'CompositionalLayoutViewController' in project 'CompositionalLayoutViewController' (no dependencies)
GatherProvisioningInputs
CreateBuildDescription
ClangStatCache /Applications/Xcode-27.0.0-Release.Candidate.app/Contents/Developer/Toolchains/XcodeDefault.xctoolchain/usr/bin/clang-stat-cache /Applications/Xcode-27.0.0-Release.Candidate.app/Contents/Developer/Platforms/AppleTVOS.platform/Developer/SDKs/AppleTVOS27.0.sdk /Users/admin/builder/spi-builder-workspace/.derivedData/SDKStatCaches.noindex/appletvos27.0-24J360-e829b21a6f8c9b70876ba0858053c044b32bfd8d43560033f8d89884cdb90028.sdkstatcache
    cd /Users/admin/builder/spi-builder-workspace/.swiftpm/xcode
    /Applications/Xcode-27.0.0-Release.Candidate.app/Contents/Developer/Toolchains/XcodeDefault.xctoolchain/usr/bin/clang-stat-cache /Applications/Xcode-27.0.0-Release.Candidate.app/Contents/Developer/Platforms/AppleTVOS.platform/Developer/SDKs/AppleTVOS27.0.sdk -o /Users/admin/builder/spi-builder-workspace/.derivedData/SDKStatCaches.noindex/appletvos27.0-24J360-e829b21a6f8c9b70876ba0858053c044b32bfd8d43560033f8d89884cdb90028.sdkstatcache
SwiftDriver CompositionalLayoutViewController normal arm64 com.apple.xcode.tools.swift.compiler (in target 'CompositionalLayoutViewController' from project 'CompositionalLayoutViewController')
    cd /Users/admin/builder/spi-builder-workspace/.swiftpm/xcode
    builtin-SwiftDriver -- /Applications/Xcode-27.0.0-Release.Candidate.app/Contents/Developer/Toolchains/XcodeDefault.xctoolchain/usr/bin/swiftc -parse-as-library -module-name CompositionalLayoutViewController -Onone @/Users/admin/builder/spi-builder-workspace/.derivedData/Build/Intermediates.noindex/CompositionalLayoutViewController.build/Debug-appletvos/CompositionalLayoutViewController-t.build/Objects-normal/arm64/CompositionalLayoutViewController.SwiftFileList -DSWIFT_PACKAGE -DDEBUG -DSWIFT_MODULE_RESOURCE_BUNDLE_UNAVAILABLE -DXcode -plugin-path /Applications/Xcode-27.0.0-Release.Candidate.app/Contents/Developer/Toolchains/XcodeDefault.xctoolchain/usr/lib/swift/host/plugins/testing -enable-experimental-feature DebugDescriptionMacro -sdk /Applications/Xcode-27.0.0-Release.Candidate.app/Contents/Developer/Platforms/AppleTVOS.platform/Developer/SDKs/AppleTVOS27.0.sdk -target arm64-apple-tvos15.0 -g -module-cache-path /Users/admin/builder/spi-builder-workspace/.derivedData/ModuleCache.noindex -Xfrontend -serialize-debugging-options -enable-testing -index-store-path /Users/admin/builder/spi-builder-workspace/.derivedData/Index.noindex/DataStore -Xcc -D_LIBCPP_HARDENING_MODE\=_LIBCPP_HARDENING_MODE_DEBUG -swift-version 5 -I /Users/admin/builder/spi-builder-workspace/.derivedData/Build/Products/Debug-appletvos -Isystem /Applications/Xcode-27.0.0-Release.Candidate.app/Contents/Developer/Platforms/AppleTVOS.platform/Developer/usr/lib -F /Users/admin/builder/spi-builder-workspace/.derivedData/Build/Products/Debug-appletvos -F /Applications/Xcode-27.0.0-Release.Candidate.app/Contents/Developer/Platforms/AppleTVOS.platform/Developer/Library/Frameworks -F /Applications/Xcode-27.0.0-Release.Candidate.app/Contents/Developer/Platforms/AppleTVOS.platform/Developer/SDKs/AppleTVOS27.0.sdk/Developer/Library/Frameworks -c -j10 -enable-batch-mode -incremental -Xcc -ivfsstatcache -Xcc /Users/admin/builder/spi-builder-workspace/.derivedData/SDKStatCaches.noindex/appletvos27.0-24J360-e829b21a6f8c9b70876ba0858053c044b32bfd8d43560033f8d89884cdb90028.sdkstatcache -output-file-map /Users/admin/builder/spi-builder-workspace/.derivedData/Build/Intermediates.noindex/CompositionalLayoutViewController.build/Debug-appletvos/CompositionalLayoutViewController-t.build/Objects-normal/arm64/CompositionalLayoutViewController-OutputFileMap.json -save-temps -no-color-diagnostics -explicit-module-build -module-cache-path /Users/admin/builder/spi-builder-workspace/.derivedData/Build/Intermediates.noindex/SwiftExplicitPrecompiledModules -clang-scanner-module-cache-path /Users/admin/builder/spi-builder-workspace/.derivedData/ModuleCache.noindex -sdk-module-cache-path /Users/admin/builder/spi-builder-workspace/.derivedData/SDKExplicitPrecompiledModules -emit-dependencies -emit-module -emit-module-path /Users/admin/builder/spi-builder-workspace/.derivedData/Build/Intermediates.noindex/CompositionalLayoutViewController.build/Debug-appletvos/CompositionalLayoutViewController-t.build/Objects-normal/arm64/CompositionalLayoutViewController.swiftmodule -serialize-diagnostics -dependency-scan-serialize-diagnostics-path /Users/admin/builder/spi-builder-workspace/.derivedData/Build/Intermediates.noindex/CompositionalLayoutViewController.build/Debug-appletvos/CompositionalLayoutViewController-t.build/Objects-normal/arm64/CompositionalLayoutViewController-dependency-scan.dia -validate-clang-modules-once -clang-build-session-file /Users/admin/builder/spi-builder-workspace/.derivedData/ModuleCache.noindex/Session.modulevalidation -Xcc -fmodules-prune-interval\=86400 -Xcc -fmodules-prune-after\=345600 -emit-const-values -const-gather-protocols-list /Users/admin/builder/spi-builder-workspace/.derivedData/Build/Intermediates.noindex/CompositionalLayoutViewController.build/Debug-appletvos/CompositionalLayoutViewController-t.build/Objects-normal/arm64/CompositionalLayoutViewController_const_extract_protocols.json -Xcc -I/Users/admin/builder/spi-builder-workspace/.derivedData/Build/Products/Debug-appletvos/include -Xcc -I/Users/admin/builder/spi-builder-workspace/.derivedData/Build/Intermediates.noindex/CompositionalLayoutViewController.build/Debug-appletvos/CompositionalLayoutViewController-t.build/DerivedSources-normal/arm64 -Xcc -I/Users/admin/builder/spi-builder-workspace/.derivedData/Build/Intermediates.noindex/CompositionalLayoutViewController.build/Debug-appletvos/CompositionalLayoutViewController-t.build/DerivedSources/arm64 -Xcc -I/Users/admin/builder/spi-builder-workspace/.derivedData/Build/Intermediates.noindex/CompositionalLayoutViewController.build/Debug-appletvos/CompositionalLayoutViewController-t.build/DerivedSources -Xcc -DSWIFT_PACKAGE -Xcc -DDEBUG\=1 -emit-objc-header -emit-objc-header-path /Users/admin/builder/spi-builder-workspace/.derivedData/Build/Intermediates.noindex/CompositionalLayoutViewController.build/Debug-appletvos/CompositionalLayoutViewController-t.build/Objects-normal/arm64/CompositionalLayoutViewController-Swift.h -working-directory /Users/admin/builder/spi-builder-workspace/.swiftpm/xcode -experimental-emit-module-separately -disable-cmo
SwiftCompile normal arm64 Compiling\ CollectionViewSection.swift /Users/admin/builder/spi-builder-workspace/CompositionalLayoutViewController/Classes/CollectionViewSection.swift (in target 'CompositionalLayoutViewController' from project 'CompositionalLayoutViewController')
SwiftCompile normal arm64 /Users/admin/builder/spi-builder-workspace/CompositionalLayoutViewController/Classes/CollectionViewSection.swift (in target 'CompositionalLayoutViewController' from project 'CompositionalLayoutViewController')
    cd /Users/admin/builder/spi-builder-workspace/.swiftpm/xcode
    builtin-SwiftPerFileCompile CollectionViewSection.swift
SwiftEmitModule normal arm64 Emitting\ module\ for\ CompositionalLayoutViewController (in target 'CompositionalLayoutViewController' from project 'CompositionalLayoutViewController')
SwiftCompile normal arm64 (in target 'CompositionalLayoutViewController' from project 'CompositionalLayoutViewController')
    cd /Users/admin/builder/spi-builder-workspace/.swiftpm/xcode

/Users/admin/builder/spi-builder-workspace/CompositionalLayoutViewController/Classes/CompositionalLayoutViewController.swift:14:16: warning: conformance of 'AnyHashable' to 'Sendable' is unavailable
 12 |     public var collectionView: UICollectionView!
 13 |     public var highlightedColor: UIColor?
 14 |     public var dataSource: UICollectionViewDiffableDataSource<AnyHashable, AnyHashable>!
    |                `- warning: conformance of 'AnyHashable' to 'Sendable' is unavailable
 15 |     public weak var provider: SectionProvider?
 16 |     public var ignoreEmptySection = false
Swift.AnyHashable:2:11: note: conformance of 'AnyHashable' to 'Sendable' has been explicitly marked unavailable here
1 | @available(*, unavailable)
2 | extension AnyHashable : Sendable {
  |           `- note: conformance of 'AnyHashable' to 'Sendable' has been explicitly marked unavailable here
3 | }
/Users/admin/builder/spi-builder-workspace/CompositionalLayoutViewController/Classes/CompositionalLayoutViewController.swift:14:16: warning: conformance of 'AnyHashable' to 'Sendable' is unavailable
 12 |     public var collectionView: UICollectionView!
 13 |     public var highlightedColor: UIColor?
 14 |     public var dataSource: UICollectionViewDiffableDataSource<AnyHashable, AnyHashable>!
    |                `- warning: conformance of 'AnyHashable' to 'Sendable' is unavailable
 15 |     public weak var provider: SectionProvider?
 16 |     public var ignoreEmptySection = false
Swift.AnyHashable:2:11: note: conformance of 'AnyHashable' to 'Sendable' has been explicitly marked unavailable here
1 | @available(*, unavailable)
2 | extension AnyHashable : Sendable {
  |           `- note: conformance of 'AnyHashable' to 'Sendable' has been explicitly marked unavailable here
3 | }
SwiftCompile normal arm64 Compiling\ CompositionalLayoutViewController.swift /Users/admin/builder/spi-builder-workspace/CompositionalLayoutViewController/Classes/CompositionalLayoutViewController.swift (in target 'CompositionalLayoutViewController' from project 'CompositionalLayoutViewController')
/Users/admin/builder/spi-builder-workspace/CompositionalLayoutViewController/Classes/CompositionalLayoutViewController.swift:14:16: warning: conformance of 'AnyHashable' to 'Sendable' is unavailable
 12 |     public var collectionView: UICollectionView!
 13 |     public var highlightedColor: UIColor?
 14 |     public var dataSource: UICollectionViewDiffableDataSource<AnyHashable, AnyHashable>!
    |                `- warning: conformance of 'AnyHashable' to 'Sendable' is unavailable
 15 |     public weak var provider: SectionProvider?
 16 |     public var ignoreEmptySection = false
Swift.AnyHashable:2:11: note: conformance of 'AnyHashable' to 'Sendable' has been explicitly marked unavailable here
1 | @available(*, unavailable)
2 | extension AnyHashable : Sendable {
  |           `- note: conformance of 'AnyHashable' to 'Sendable' has been explicitly marked unavailable here
3 | }
/Users/admin/builder/spi-builder-workspace/CompositionalLayoutViewController/Classes/CompositionalLayoutViewController.swift:14:16: warning: conformance of 'AnyHashable' to 'Sendable' is unavailable
 12 |     public var collectionView: UICollectionView!
 13 |     public var highlightedColor: UIColor?
 14 |     public var dataSource: UICollectionViewDiffableDataSource<AnyHashable, AnyHashable>!
    |                `- warning: conformance of 'AnyHashable' to 'Sendable' is unavailable
 15 |     public weak var provider: SectionProvider?
 16 |     public var ignoreEmptySection = false
Swift.AnyHashable:2:11: note: conformance of 'AnyHashable' to 'Sendable' has been explicitly marked unavailable here
1 | @available(*, unavailable)
2 | extension AnyHashable : Sendable {
  |           `- note: conformance of 'AnyHashable' to 'Sendable' has been explicitly marked unavailable here
3 | }
/Users/admin/builder/spi-builder-workspace/CompositionalLayoutViewController/Classes/CompositionalLayoutViewController.swift:21:43: error: 'systemBackground' is unavailable in tvOS
 19 |         super.viewDidLoad()
 20 |         collectionView = UICollectionView(frame: .zero, collectionViewLayout: layout(configuration: layoutConfiguration()))
 21 |         collectionView.backgroundColor = .systemBackground
    |                                           `- error: 'systemBackground' is unavailable in tvOS
 22 |         collectionView.delegate = self
 23 |         view.addSubview(collectionView)
/Applications/Xcode-27.0.0-Release.Candidate.app/Contents/Developer/Platforms/AppleTVOS.platform/Developer/SDKs/AppleTVOS27.0.sdk/System/Library/Frameworks/UIKit.framework/Headers/UIInterface.h:208:49: note: 'systemBackground' has been explicitly marked unavailable here
206 |  *    primary background in light mode.
207 |  */
208 | @property (class, nonatomic, readonly) UIColor *systemBackgroundColor                   API_AVAILABLE(ios(13.0)) API_UNAVAILABLE(tvos, watchos);
    |                                                 `- note: 'systemBackground' has been explicitly marked unavailable here
209 | @property (class, nonatomic, readonly) UIColor *secondarySystemBackgroundColor          API_AVAILABLE(ios(13.0)) API_UNAVAILABLE(tvos, watchos);
210 | @property (class, nonatomic, readonly) UIColor *tertiarySystemBackgroundColor           API_AVAILABLE(ios(13.0)) API_UNAVAILABLE(tvos, watchos);
/Users/admin/builder/spi-builder-workspace/CompositionalLayoutViewController/Classes/CompositionalLayoutViewController.swift:31:22: warning: conformance of 'AnyHashable' to 'Sendable' is unavailable
 29 |         collectionView.trailingAnchor.constraint(equalTo: view.trailingAnchor).isActive = true
 30 |
 31 |         dataSource = UICollectionViewDiffableDataSource<AnyHashable, AnyHashable>(
    |                      `- warning: conformance of 'AnyHashable' to 'Sendable' is unavailable
 32 |             collectionView: collectionView
 33 |         ) { [unowned self] _, indexPath, _ -> UICollectionViewCell? in
Swift.AnyHashable:2:11: note: conformance of 'AnyHashable' to 'Sendable' has been explicitly marked unavailable here
1 | @available(*, unavailable)
2 | extension AnyHashable : Sendable {
  |           `- note: conformance of 'AnyHashable' to 'Sendable' has been explicitly marked unavailable here
3 | }
/Users/admin/builder/spi-builder-workspace/CompositionalLayoutViewController/Classes/CompositionalLayoutViewController.swift:31:22: warning: conformance of 'AnyHashable' to 'Sendable' is unavailable
 29 |         collectionView.trailingAnchor.constraint(equalTo: view.trailingAnchor).isActive = true
 30 |
 31 |         dataSource = UICollectionViewDiffableDataSource<AnyHashable, AnyHashable>(
    |                      `- warning: conformance of 'AnyHashable' to 'Sendable' is unavailable
 32 |             collectionView: collectionView
 33 |         ) { [unowned self] _, indexPath, _ -> UICollectionViewCell? in
Swift.AnyHashable:2:11: note: conformance of 'AnyHashable' to 'Sendable' has been explicitly marked unavailable here
1 | @available(*, unavailable)
2 | extension AnyHashable : Sendable {
  |           `- note: conformance of 'AnyHashable' to 'Sendable' has been explicitly marked unavailable here
3 | }
/Users/admin/builder/spi-builder-workspace/CompositionalLayoutViewController/Classes/CompositionalLayoutViewController.swift:31:81: warning: conformance of 'AnyHashable' to 'Sendable' is unavailable
 29 |         collectionView.trailingAnchor.constraint(equalTo: view.trailingAnchor).isActive = true
 30 |
 31 |         dataSource = UICollectionViewDiffableDataSource<AnyHashable, AnyHashable>(
    |                                                                                 `- warning: conformance of 'AnyHashable' to 'Sendable' is unavailable
 32 |             collectionView: collectionView
 33 |         ) { [unowned self] _, indexPath, _ -> UICollectionViewCell? in
Swift.AnyHashable:2:11: note: conformance of 'AnyHashable' to 'Sendable' has been explicitly marked unavailable here
1 | @available(*, unavailable)
2 | extension AnyHashable : Sendable {
  |           `- note: conformance of 'AnyHashable' to 'Sendable' has been explicitly marked unavailable here
3 | }
/Users/admin/builder/spi-builder-workspace/CompositionalLayoutViewController/Classes/CompositionalLayoutViewController.swift:31:81: warning: conformance of 'AnyHashable' to 'Sendable' is unavailable
 29 |         collectionView.trailingAnchor.constraint(equalTo: view.trailingAnchor).isActive = true
 30 |
 31 |         dataSource = UICollectionViewDiffableDataSource<AnyHashable, AnyHashable>(
    |                                                                                 `- warning: conformance of 'AnyHashable' to 'Sendable' is unavailable
 32 |             collectionView: collectionView
 33 |         ) { [unowned self] _, indexPath, _ -> UICollectionViewCell? in
Swift.AnyHashable:2:11: note: conformance of 'AnyHashable' to 'Sendable' has been explicitly marked unavailable here
1 | @available(*, unavailable)
2 | extension AnyHashable : Sendable {
  |           `- note: conformance of 'AnyHashable' to 'Sendable' has been explicitly marked unavailable here
3 | }
/Users/admin/builder/spi-builder-workspace/CompositionalLayoutViewController/Classes/CompositionalLayoutViewController.swift:36:20: warning: conformance of 'AnyHashable' to 'Sendable' is unavailable
 34 |             return cell(for: indexPath)
 35 |         }
 36 |         dataSource.supplementaryViewProvider = { [unowned self] _, kind, indexPath in
    |                    `- warning: conformance of 'AnyHashable' to 'Sendable' is unavailable
 37 |             return supplementaryView(for: kind, indexPath: indexPath)
 38 |         }
Swift.AnyHashable:2:11: note: conformance of 'AnyHashable' to 'Sendable' has been explicitly marked unavailable here
1 | @available(*, unavailable)
2 | extension AnyHashable : Sendable {
  |           `- note: conformance of 'AnyHashable' to 'Sendable' has been explicitly marked unavailable here
3 | }
/Users/admin/builder/spi-builder-workspace/CompositionalLayoutViewController/Classes/CompositionalLayoutViewController.swift:36:20: warning: conformance of 'AnyHashable' to 'Sendable' is unavailable
 34 |             return cell(for: indexPath)
 35 |         }
 36 |         dataSource.supplementaryViewProvider = { [unowned self] _, kind, indexPath in
    |                    `- warning: conformance of 'AnyHashable' to 'Sendable' is unavailable
 37 |             return supplementaryView(for: kind, indexPath: indexPath)
 38 |         }
Swift.AnyHashable:2:11: note: conformance of 'AnyHashable' to 'Sendable' has been explicitly marked unavailable here
1 | @available(*, unavailable)
2 | extension AnyHashable : Sendable {
  |           `- note: conformance of 'AnyHashable' to 'Sendable' has been explicitly marked unavailable here
3 | }
/Users/admin/builder/spi-builder-workspace/CompositionalLayoutViewController/Classes/CompositionalLayoutViewController.swift:101:24: warning: conformance of 'AnyHashable' to 'Sendable' is unavailable
 99 |     open func updateDataSource(_ sections: [CollectionViewSection], animateWhenUpdate: Bool = true) {
100 |         registerViews(sections)
101 |         var snapshot = NSDiffableDataSourceSnapshot<AnyHashable, AnyHashable>()
    |                        `- warning: conformance of 'AnyHashable' to 'Sendable' is unavailable
102 |         for section in sections {
103 |             if section.snapshotItems.isEmpty {
Swift.AnyHashable:2:11: note: conformance of 'AnyHashable' to 'Sendable' has been explicitly marked unavailable here
1 | @available(*, unavailable)
2 | extension AnyHashable : Sendable {
  |           `- note: conformance of 'AnyHashable' to 'Sendable' has been explicitly marked unavailable here
3 | }
/Users/admin/builder/spi-builder-workspace/CompositionalLayoutViewController/Classes/CompositionalLayoutViewController.swift:101:24: warning: conformance of 'AnyHashable' to 'Sendable' is unavailable
 99 |     open func updateDataSource(_ sections: [CollectionViewSection], animateWhenUpdate: Bool = true) {
100 |         registerViews(sections)
101 |         var snapshot = NSDiffableDataSourceSnapshot<AnyHashable, AnyHashable>()
    |                        `- warning: conformance of 'AnyHashable' to 'Sendable' is unavailable
102 |         for section in sections {
103 |             if section.snapshotItems.isEmpty {
Swift.AnyHashable:2:11: note: conformance of 'AnyHashable' to 'Sendable' has been explicitly marked unavailable here
1 | @available(*, unavailable)
2 | extension AnyHashable : Sendable {
  |           `- note: conformance of 'AnyHashable' to 'Sendable' has been explicitly marked unavailable here
3 | }
/Users/admin/builder/spi-builder-workspace/CompositionalLayoutViewController/Classes/CompositionalLayoutViewController.swift:101:77: warning: conformance of 'AnyHashable' to 'Sendable' is unavailable; this is an error in the Swift 6 language mode
 99 |     open func updateDataSource(_ sections: [CollectionViewSection], animateWhenUpdate: Bool = true) {
100 |         registerViews(sections)
101 |         var snapshot = NSDiffableDataSourceSnapshot<AnyHashable, AnyHashable>()
    |                                                                             `- warning: conformance of 'AnyHashable' to 'Sendable' is unavailable; this is an error in the Swift 6 language mode
102 |         for section in sections {
103 |             if section.snapshotItems.isEmpty {
Swift.AnyHashable:2:11: note: conformance of 'AnyHashable' to 'Sendable' has been explicitly marked unavailable here
1 | @available(*, unavailable)
2 | extension AnyHashable : Sendable {
  |           `- note: conformance of 'AnyHashable' to 'Sendable' has been explicitly marked unavailable here
3 | }
/Users/admin/builder/spi-builder-workspace/CompositionalLayoutViewController/Classes/CompositionalLayoutViewController.swift:101:77: warning: conformance of 'AnyHashable' to 'Sendable' is unavailable; this is an error in the Swift 6 language mode
 99 |     open func updateDataSource(_ sections: [CollectionViewSection], animateWhenUpdate: Bool = true) {
100 |         registerViews(sections)
101 |         var snapshot = NSDiffableDataSourceSnapshot<AnyHashable, AnyHashable>()
    |                                                                             `- warning: conformance of 'AnyHashable' to 'Sendable' is unavailable; this is an error in the Swift 6 language mode
102 |         for section in sections {
103 |             if section.snapshotItems.isEmpty {
Swift.AnyHashable:2:11: note: conformance of 'AnyHashable' to 'Sendable' has been explicitly marked unavailable here
1 | @available(*, unavailable)
2 | extension AnyHashable : Sendable {
  |           `- note: conformance of 'AnyHashable' to 'Sendable' has been explicitly marked unavailable here
3 | }
/Users/admin/builder/spi-builder-workspace/CompositionalLayoutViewController/Classes/CompositionalLayoutViewController.swift:101:13: warning: conformance of 'AnyHashable' to 'Sendable' is unavailable
 99 |     open func updateDataSource(_ sections: [CollectionViewSection], animateWhenUpdate: Bool = true) {
100 |         registerViews(sections)
101 |         var snapshot = NSDiffableDataSourceSnapshot<AnyHashable, AnyHashable>()
    |             `- warning: conformance of 'AnyHashable' to 'Sendable' is unavailable
102 |         for section in sections {
103 |             if section.snapshotItems.isEmpty {
Swift.AnyHashable:2:11: note: conformance of 'AnyHashable' to 'Sendable' has been explicitly marked unavailable here
1 | @available(*, unavailable)
2 | extension AnyHashable : Sendable {
  |           `- note: conformance of 'AnyHashable' to 'Sendable' has been explicitly marked unavailable here
3 | }
/Users/admin/builder/spi-builder-workspace/CompositionalLayoutViewController/Classes/CompositionalLayoutViewController.swift:101:13: warning: conformance of 'AnyHashable' to 'Sendable' is unavailable
 99 |     open func updateDataSource(_ sections: [CollectionViewSection], animateWhenUpdate: Bool = true) {
100 |         registerViews(sections)
101 |         var snapshot = NSDiffableDataSourceSnapshot<AnyHashable, AnyHashable>()
    |             `- warning: conformance of 'AnyHashable' to 'Sendable' is unavailable
102 |         for section in sections {
103 |             if section.snapshotItems.isEmpty {
Swift.AnyHashable:2:11: note: conformance of 'AnyHashable' to 'Sendable' has been explicitly marked unavailable here
1 | @available(*, unavailable)
2 | extension AnyHashable : Sendable {
  |           `- note: conformance of 'AnyHashable' to 'Sendable' has been explicitly marked unavailable here
3 | }
/Users/admin/builder/spi-builder-workspace/CompositionalLayoutViewController/Classes/CompositionalLayoutViewController.swift:105:30: warning: conformance of 'AnyHashable' to 'Sendable' is unavailable; this is an error in the Swift 6 language mode
103 |             if section.snapshotItems.isEmpty {
104 |                 if ignoreEmptySection == false {
105 |                     snapshot.appendSections([section.snapshotSection])
    |                              `- warning: conformance of 'AnyHashable' to 'Sendable' is unavailable; this is an error in the Swift 6 language mode
106 |                     snapshot.appendItems(section.snapshotItems, toSection: section.snapshotSection)
107 |                 }
Swift.AnyHashable:2:11: note: conformance of 'AnyHashable' to 'Sendable' has been explicitly marked unavailable here
1 | @available(*, unavailable)
2 | extension AnyHashable : Sendable {
  |           `- note: conformance of 'AnyHashable' to 'Sendable' has been explicitly marked unavailable here
3 | }
/Users/admin/builder/spi-builder-workspace/CompositionalLayoutViewController/Classes/CompositionalLayoutViewController.swift:105:30: warning: conformance of 'AnyHashable' to 'Sendable' is unavailable; this is an error in the Swift 6 language mode
103 |             if section.snapshotItems.isEmpty {
104 |                 if ignoreEmptySection == false {
105 |                     snapshot.appendSections([section.snapshotSection])
    |                              `- warning: conformance of 'AnyHashable' to 'Sendable' is unavailable; this is an error in the Swift 6 language mode
106 |                     snapshot.appendItems(section.snapshotItems, toSection: section.snapshotSection)
107 |                 }
Swift.AnyHashable:2:11: note: conformance of 'AnyHashable' to 'Sendable' has been explicitly marked unavailable here
1 | @available(*, unavailable)
2 | extension AnyHashable : Sendable {
  |           `- note: conformance of 'AnyHashable' to 'Sendable' has been explicitly marked unavailable here
3 | }
/Users/admin/builder/spi-builder-workspace/CompositionalLayoutViewController/Classes/CompositionalLayoutViewController.swift:106:30: warning: conformance of 'AnyHashable' to 'Sendable' is unavailable; this is an error in the Swift 6 language mode
104 |                 if ignoreEmptySection == false {
105 |                     snapshot.appendSections([section.snapshotSection])
106 |                     snapshot.appendItems(section.snapshotItems, toSection: section.snapshotSection)
    |                              `- warning: conformance of 'AnyHashable' to 'Sendable' is unavailable; this is an error in the Swift 6 language mode
107 |                 }
108 |             }
Swift.AnyHashable:2:11: note: conformance of 'AnyHashable' to 'Sendable' has been explicitly marked unavailable here
1 | @available(*, unavailable)
2 | extension AnyHashable : Sendable {
  |           `- note: conformance of 'AnyHashable' to 'Sendable' has been explicitly marked unavailable here
3 | }
/Users/admin/builder/spi-builder-workspace/CompositionalLayoutViewController/Classes/CompositionalLayoutViewController.swift:106:30: warning: conformance of 'AnyHashable' to 'Sendable' is unavailable; this is an error in the Swift 6 language mode
104 |                 if ignoreEmptySection == false {
105 |                     snapshot.appendSections([section.snapshotSection])
106 |                     snapshot.appendItems(section.snapshotItems, toSection: section.snapshotSection)
    |                              `- warning: conformance of 'AnyHashable' to 'Sendable' is unavailable; this is an error in the Swift 6 language mode
107 |                 }
108 |             }
Swift.AnyHashable:2:11: note: conformance of 'AnyHashable' to 'Sendable' has been explicitly marked unavailable here
1 | @available(*, unavailable)
2 | extension AnyHashable : Sendable {
  |           `- note: conformance of 'AnyHashable' to 'Sendable' has been explicitly marked unavailable here
3 | }
/Users/admin/builder/spi-builder-workspace/CompositionalLayoutViewController/Classes/CompositionalLayoutViewController.swift:110:26: warning: conformance of 'AnyHashable' to 'Sendable' is unavailable; this is an error in the Swift 6 language mode
108 |             }
109 |             else {
110 |                 snapshot.appendSections([section.snapshotSection])
    |                          `- warning: conformance of 'AnyHashable' to 'Sendable' is unavailable; this is an error in the Swift 6 language mode
111 |                 snapshot.appendItems(section.snapshotItems, toSection: section.snapshotSection)
112 |             }
Swift.AnyHashable:2:11: note: conformance of 'AnyHashable' to 'Sendable' has been explicitly marked unavailable here
1 | @available(*, unavailable)
2 | extension AnyHashable : Sendable {
  |           `- note: conformance of 'AnyHashable' to 'Sendable' has been explicitly marked unavailable here
3 | }
/Users/admin/builder/spi-builder-workspace/CompositionalLayoutViewController/Classes/CompositionalLayoutViewController.swift:110:26: warning: conformance of 'AnyHashable' to 'Sendable' is unavailable; this is an error in the Swift 6 language mode
108 |             }
109 |             else {
110 |                 snapshot.appendSections([section.snapshotSection])
    |                          `- warning: conformance of 'AnyHashable' to 'Sendable' is unavailable; this is an error in the Swift 6 language mode
111 |                 snapshot.appendItems(section.snapshotItems, toSection: section.snapshotSection)
112 |             }
Swift.AnyHashable:2:11: note: conformance of 'AnyHashable' to 'Sendable' has been explicitly marked unavailable here
1 | @available(*, unavailable)
2 | extension AnyHashable : Sendable {
  |           `- note: conformance of 'AnyHashable' to 'Sendable' has been explicitly marked unavailable here
3 | }
/Users/admin/builder/spi-builder-workspace/CompositionalLayoutViewController/Classes/CompositionalLayoutViewController.swift:111:26: warning: conformance of 'AnyHashable' to 'Sendable' is unavailable; this is an error in the Swift 6 language mode
109 |             else {
110 |                 snapshot.appendSections([section.snapshotSection])
111 |                 snapshot.appendItems(section.snapshotItems, toSection: section.snapshotSection)
    |                          `- warning: conformance of 'AnyHashable' to 'Sendable' is unavailable; this is an error in the Swift 6 language mode
112 |             }
113 |         }
Swift.AnyHashable:2:11: note: conformance of 'AnyHashable' to 'Sendable' has been explicitly marked unavailable here
1 | @available(*, unavailable)
2 | extension AnyHashable : Sendable {
  |           `- note: conformance of 'AnyHashable' to 'Sendable' has been explicitly marked unavailable here
3 | }
/Users/admin/builder/spi-builder-workspace/CompositionalLayoutViewController/Classes/CompositionalLayoutViewController.swift:111:26: warning: conformance of 'AnyHashable' to 'Sendable' is unavailable; this is an error in the Swift 6 language mode
109 |             else {
110 |                 snapshot.appendSections([section.snapshotSection])
111 |                 snapshot.appendItems(section.snapshotItems, toSection: section.snapshotSection)
    |                          `- warning: conformance of 'AnyHashable' to 'Sendable' is unavailable; this is an error in the Swift 6 language mode
112 |             }
113 |         }
Swift.AnyHashable:2:11: note: conformance of 'AnyHashable' to 'Sendable' has been explicitly marked unavailable here
1 | @available(*, unavailable)
2 | extension AnyHashable : Sendable {
  |           `- note: conformance of 'AnyHashable' to 'Sendable' has been explicitly marked unavailable here
3 | }
/Users/admin/builder/spi-builder-workspace/CompositionalLayoutViewController/Classes/CompositionalLayoutViewController.swift:114:20: warning: conformance of 'AnyHashable' to 'Sendable' is unavailable
112 |             }
113 |         }
114 |         dataSource.apply(snapshot, animatingDifferences: animateWhenUpdate)
    |                    `- warning: conformance of 'AnyHashable' to 'Sendable' is unavailable
115 |     }
116 |
Swift.AnyHashable:2:11: note: conformance of 'AnyHashable' to 'Sendable' has been explicitly marked unavailable here
1 | @available(*, unavailable)
2 | extension AnyHashable : Sendable {
  |           `- note: conformance of 'AnyHashable' to 'Sendable' has been explicitly marked unavailable here
3 | }
/Users/admin/builder/spi-builder-workspace/CompositionalLayoutViewController/Classes/CompositionalLayoutViewController.swift:114:20: warning: conformance of 'AnyHashable' to 'Sendable' is unavailable
112 |             }
113 |         }
114 |         dataSource.apply(snapshot, animatingDifferences: animateWhenUpdate)
    |                    `- warning: conformance of 'AnyHashable' to 'Sendable' is unavailable
115 |     }
116 |
Swift.AnyHashable:2:11: note: conformance of 'AnyHashable' to 'Sendable' has been explicitly marked unavailable here
1 | @available(*, unavailable)
2 | extension AnyHashable : Sendable {
  |           `- note: conformance of 'AnyHashable' to 'Sendable' has been explicitly marked unavailable here
3 | }
Failed frontend command:
SwiftCompile normal arm64 /Users/admin/builder/spi-builder-workspace/CompositionalLayoutViewController/Classes/CompositionalLayoutViewController.swift (in target 'CompositionalLayoutViewController' from project 'CompositionalLayoutViewController')
    cd /Users/admin/builder/spi-builder-workspace/.swiftpm/xcode
    builtin-SwiftPerFileCompile CompositionalLayoutViewController.swift
/Applications/Xcode-27.0.0-Release.Candidate.app/Contents/Developer/Toolchains/XcodeDefault.xctoolchain/usr/bin/swift-frontend -frontend -c /Users/admin/builder/spi-builder-workspace/CompositionalLayoutViewController/Classes/CollectionViewSection.swift -primary-file /Users/admin/builder/spi-builder-workspace/CompositionalLayoutViewController/Classes/CompositionalLayoutViewController.swift /Users/admin/builder/spi-builder-workspace/CompositionalLayoutViewController/Classes/HighlightableCell.swift /Users/admin/builder/spi-builder-workspace/CompositionalLayoutViewController/Classes/SectionProvider.swift /Users/admin/builder/spi-builder-workspace/CompositionalLayoutViewController/Classes/SupplementaryItem.swift -emit-dependencies-path /Users/admin/builder/spi-builder-workspace/.derivedData/Build/Intermediates.noindex/CompositionalLayoutViewController.build/Debug-appletvos/CompositionalLayoutViewController-t.build/Objects-normal/arm64/CompositionalLayoutViewController.d -emit-const-values-path /Users/admin/builder/spi-builder-workspace/.derivedData/Build/Intermediates.noindex/CompositionalLayoutViewController.build/Debug-appletvos/CompositionalLayoutViewController-t.build/Objects-normal/arm64/CompositionalLayoutViewController.swiftconstvalues -emit-reference-dependencies-path /Users/admin/builder/spi-builder-workspace/.derivedData/Build/Intermediates.noindex/CompositionalLayoutViewController.build/Debug-appletvos/CompositionalLayoutViewController-t.build/Objects-normal/arm64/CompositionalLayoutViewController.swiftdeps -serialize-diagnostics-path /Users/admin/builder/spi-builder-workspace/.derivedData/Build/Intermediates.noindex/CompositionalLayoutViewController.build/Debug-appletvos/CompositionalLayoutViewController-t.build/Objects-normal/arm64/CompositionalLayoutViewController.dia -target arm64-apple-tvos15.0 -disable-cross-import-overlay-search -load-resolved-plugin /Applications/Xcode-27.0.0-Release.Candidate.app/Contents/Developer/Platforms/AppleTVOS.platform/Developer/usr/lib/swift/host/plugins/libFoundationMacros.dylib\#/Applications/Xcode-27.0.0-Release.Candidate.app/Contents/Developer/Platforms/AppleTVOS.platform/Developer/usr/bin/swift-plugin-server\#FoundationMacros -load-resolved-plugin /Applications/Xcode-27.0.0-Release.Candidate.app/Contents/Developer/Platforms/AppleTVOS.platform/Developer/usr/lib/swift/host/plugins/libObservationMacros.dylib\#/Applications/Xcode-27.0.0-Release.Candidate.app/Contents/Developer/Platforms/AppleTVOS.platform/Developer/usr/bin/swift-plugin-server\#ObservationMacros -load-resolved-plugin /Applications/Xcode-27.0.0-Release.Candidate.app/Contents/Developer/Platforms/AppleTVOS.platform/Developer/usr/lib/swift/host/plugins/libPreviewsMacros.dylib\#/Applications/Xcode-27.0.0-Release.Candidate.app/Contents/Developer/Platforms/AppleTVOS.platform/Developer/usr/bin/swift-plugin-server\#PreviewsMacros -load-resolved-plugin /Applications/Xcode-27.0.0-Release.Candidate.app/Contents/Developer/Platforms/AppleTVOS.platform/Developer/usr/lib/swift/host/plugins/libSwiftMacros.dylib\#/Applications/Xcode-27.0.0-Release.Candidate.app/Contents/Developer/Platforms/AppleTVOS.platform/Developer/usr/bin/swift-plugin-server\#SwiftMacros -load-resolved-plugin /Applications/Xcode-27.0.0-Release.Candidate.app/Contents/Developer/Platforms/AppleTVOS.platform/Developer/usr/lib/swift/host/plugins/libSwiftUIMacros.dylib\#/Applications/Xcode-27.0.0-Release.Candidate.app/Contents/Developer/Platforms/AppleTVOS.platform/Developer/usr/bin/swift-plugin-server\#SwiftUIMacros -disable-implicit-swift-modules -Xcc -fno-implicit-modules -Xcc -fno-implicit-module-maps -explicit-swift-module-map-file /Users/admin/builder/spi-builder-workspace/.derivedData/Build/Intermediates.noindex/CompositionalLayoutViewController.build/Debug-appletvos/CompositionalLayoutViewController-t.build/Objects-normal/arm64/CompositionalLayoutViewController-dependencies-1.json -Xllvm -aarch64-use-tbi -enable-objc-interop -stack-check -sdk /Applications/Xcode-27.0.0-Release.Candidate.app/Contents/Developer/Platforms/AppleTVOS.platform/Developer/SDKs/AppleTVOS27.0.sdk -I /Users/admin/builder/spi-builder-workspace/.derivedData/Build/Products/Debug-appletvos -Isystem /Applications/Xcode-27.0.0-Release.Candidate.app/Contents/Developer/Platforms/AppleTVOS.platform/Developer/usr/lib -F /Users/admin/builder/spi-builder-workspace/.derivedData/Build/Products/Debug-appletvos -F /Applications/Xcode-27.0.0-Release.Candidate.app/Contents/Developer/Platforms/AppleTVOS.platform/Developer/Library/Frameworks -F /Applications/Xcode-27.0.0-Release.Candidate.app/Contents/Developer/Platforms/AppleTVOS.platform/Developer/SDKs/AppleTVOS27.0.sdk/Developer/Library/Frameworks -module-cache-path /Users/admin/builder/spi-builder-workspace/.derivedData/Build/Intermediates.noindex/SwiftExplicitPrecompiledModules -no-color-diagnostics -Xcc -fno-color-diagnostics -enable-testing -g -debug-info-format\=dwarf -dwarf-version\=4 -swift-version 5 -Onone -D SWIFT_PACKAGE -D DEBUG -D SWIFT_MODULE_RESOURCE_BUNDLE_UNAVAILABLE -D Xcode -serialize-debugging-options -enable-experimental-feature DebugDescriptionMacro -empty-abi-descriptor -validate-clang-modules-once -clang-build-session-file /Users/admin/builder/spi-builder-workspace/.derivedData/ModuleCache.noindex/Session.modulevalidation -Xcc -working-directory -Xcc /Users/admin/builder/spi-builder-workspace/.swiftpm/xcode -enable-anonymous-context-mangled-names -file-compilation-dir /Users/admin/builder/spi-builder-workspace/.swiftpm/xcode -Xcc -D_LIBCPP_HARDENING_MODE\=_LIBCPP_HARDENING_MODE_DEBUG -Xcc -ivfsstatcache -Xcc /Users/admin/builder/spi-builder-workspace/.derivedData/SDKStatCaches.noindex/appletvos27.0-24J360-e829b21a6f8c9b70876ba0858053c044b32bfd8d43560033f8d89884cdb90028.sdkstatcache -Xcc -fmodules-prune-interval\=86400 -Xcc -fmodules-prune-after\=345600 -Xcc -I/Users/admin/builder/spi-builder-workspace/.derivedData/Build/Products/Debug-appletvos/include -Xcc -I/Users/admin/builder/spi-builder-workspace/.derivedData/Build/Intermediates.noindex/CompositionalLayoutViewController.build/Debug-appletvos/CompositionalLayoutViewController-t.build/DerivedSources-normal/arm64 -Xcc -I/Users/admin/builder/spi-builder-workspace/.derivedData/Build/Intermediates.noindex/CompositionalLayoutViewController.build/Debug-appletvos/CompositionalLayoutViewController-t.build/DerivedSources/arm64 -Xcc -I/Users/admin/builder/spi-builder-workspace/.derivedData/Build/Intermediates.noindex/CompositionalLayoutViewController.build/Debug-appletvos/CompositionalLayoutViewController-t.build/DerivedSources -Xcc -DSWIFT_PACKAGE -Xcc -DDEBUG\=1 -no-auto-bridging-header-chaining -module-name CompositionalLayoutViewController -const-gather-protocols-file /Users/admin/builder/spi-builder-workspace/.derivedData/Build/Intermediates.noindex/CompositionalLayoutViewController.build/Debug-appletvos/CompositionalLayoutViewController-t.build/Objects-normal/arm64/CompositionalLayoutViewController_const_extract_protocols.json -disable-clang-spi -clang-target arm64-apple-tvos27.0 -target-sdk-version 27.0 -target-sdk-name appletvos27.0 -in-process-plugin-server-path /Applications/Xcode-27.0.0-Release.Candidate.app/Contents/Developer/Toolchains/XcodeDefault.xctoolchain/usr/lib/swift/host/libSwiftInProcPluginServer.dylib -parse-as-library -o /Users/admin/builder/spi-builder-workspace/.derivedData/Build/Intermediates.noindex/CompositionalLayoutViewController.build/Debug-appletvos/CompositionalLayoutViewController-t.build/Objects-normal/arm64/CompositionalLayoutViewController.o -debug-module-path /Users/admin/builder/spi-builder-workspace/.derivedData/Build/Intermediates.noindex/CompositionalLayoutViewController.build/Debug-appletvos/CompositionalLayoutViewController-t.build/Objects-normal/arm64/CompositionalLayoutViewController.swiftmodule -index-unit-output-path /CompositionalLayoutViewController.build/Debug-appletvos/CompositionalLayoutViewController-t.build/Objects-normal/arm64/CompositionalLayoutViewController.o -index-store-path /Users/admin/builder/spi-builder-workspace/.derivedData/Index.noindex/DataStore -index-system-modules
SwiftDriverJobDiscovery normal arm64 Compiling CollectionViewSection.swift (in target 'CompositionalLayoutViewController' from project 'CompositionalLayoutViewController')
SwiftCompile normal arm64 Compiling\ SectionProvider.swift /Users/admin/builder/spi-builder-workspace/CompositionalLayoutViewController/Classes/SectionProvider.swift (in target 'CompositionalLayoutViewController' from project 'CompositionalLayoutViewController')
SwiftCompile normal arm64 /Users/admin/builder/spi-builder-workspace/CompositionalLayoutViewController/Classes/SectionProvider.swift (in target 'CompositionalLayoutViewController' from project 'CompositionalLayoutViewController')
    cd /Users/admin/builder/spi-builder-workspace/.swiftpm/xcode
    builtin-SwiftPerFileCompile SectionProvider.swift
PruneExplicitPrecompiledModules /Users/admin/builder/spi-builder-workspace/.derivedData/Build/Intermediates.noindex/SwiftExplicitPrecompiledModules
PruneExplicitPrecompiledModules /Users/admin/builder/spi-builder-workspace/.derivedData/SDKExplicitPrecompiledModules
PruneExplicitPrecompiledModules /Users/admin/builder/spi-builder-workspace/.derivedData/Build/Intermediates.noindex/ExplicitPrecompiledModules
2026-09-19 02:19:42.394 xcodebuild[748:4768] [MT] IDERunDestination: Supported platforms for the buildables in the current scheme is empty.
** BUILD FAILED **
The following build commands failed:
	SwiftCompile normal arm64 /Users/admin/builder/spi-builder-workspace/CompositionalLayoutViewController/Classes/CompositionalLayoutViewController.swift (in target 'CompositionalLayoutViewController' from project 'CompositionalLayoutViewController')
	SwiftCompile normal arm64 Compiling\ CompositionalLayoutViewController.swift /Users/admin/builder/spi-builder-workspace/CompositionalLayoutViewController/Classes/CompositionalLayoutViewController.swift (in target 'CompositionalLayoutViewController' from project 'CompositionalLayoutViewController')
	Building workspace CompositionalLayoutViewController with scheme CompositionalLayoutViewController
(3 failures)
BUILD FAILURE 6.4 tvOS