Build Information
Failed to build TWCoreFHIRModels, reference 1.0.0 (87b831), with Swift 6.1 for watchOS using Xcode 16.3 on 30 Jun 2026 11:59:28 UTC.
Build Command
No build command. This typically means the build failed at an early stage where we determine the build command.Build Log
========================================
RunAll
========================================
Builder version: undefined version: run 'make version' to update
Interrupt handler set up.
========================================
Checkout
========================================
Clone URL: https://github.com/shinrenpan/TWCoreFHIRModels.git
Reference: 1.0.0
Initialized empty Git repository in /Users/admin/builder/spi-builder-workspace/.git/
From https://github.com/shinrenpan/TWCoreFHIRModels
* tag 1.0.0 -> FETCH_HEAD
HEAD is now at 87b831c chore: upgrade actions/checkout to v5 for Node.js 24 compatibility
Cloned https://github.com/shinrenpan/TWCoreFHIRModels.git
Revision (git rev-parse @):
87b831c0e7ee022b0ed35007376321c5798fec27
SUCCESS checkout https://github.com/shinrenpan/TWCoreFHIRModels.git at 1.0.0
========================================
Build
========================================
Selected platform: watchOS
Swift version: 6.1
Building package at path: $PWD
https://github.com/shinrenpan/TWCoreFHIRModels.git
https://github.com/shinrenpan/TWCoreFHIRModels.git
{
"dependencies" : [
{
"identity" : "fhirmodels",
"requirement" : {
"range" : [
{
"lower_bound" : "0.9.2",
"upper_bound" : "1.0.0"
}
]
},
"type" : "sourceControl",
"url" : "https://github.com/apple/FHIRModels.git"
}
],
"manifest_display_name" : "TWCoreFHIRModels",
"name" : "TWCoreFHIRModels",
"path" : "/Users/admin/builder/spi-builder-workspace",
"platforms" : [
{
"name" : "ios",
"version" : "16.0"
},
{
"name" : "macos",
"version" : "13.0"
},
{
"name" : "watchos",
"version" : "9.0"
},
{
"name" : "tvos",
"version" : "16.0"
}
],
"products" : [
{
"name" : "TWCoreFHIRModels",
"targets" : [
"TWCoreFHIRModels"
],
"type" : {
"library" : [
"automatic"
]
}
}
],
"targets" : [
{
"c99name" : "TWCoreFHIRModelsTests",
"module_type" : "SwiftTarget",
"name" : "TWCoreFHIRModelsTests",
"path" : "Tests/TWCoreFHIRModelsTests",
"sources" : [
"ClinicalResourceTests.swift",
"DocumentProcessTests.swift",
"MedicationTests.swift",
"ObservationSubtypeTests.swift",
"PatientTests.swift",
"ResourceTests.swift",
"SupportResourceTests.swift"
],
"target_dependencies" : [
"TWCoreFHIRModels"
],
"type" : "test"
},
{
"c99name" : "TWCoreFHIRModels",
"module_type" : "SwiftTarget",
"name" : "TWCoreFHIRModels",
"path" : "Sources/TWCoreFHIRModels",
"product_dependencies" : [
"ModelsR4"
],
"product_memberships" : [
"TWCoreFHIRModels"
],
"sources" : [
"Constants/TWCoreURL.swift",
"Extensions/Primitives/String+FHIR.swift",
"Extensions/Resources/Address+TWCore.swift",
"Extensions/Resources/AllergyIntolerance+TWCore.swift",
"Extensions/Resources/Bundle+TWCore.swift",
"Extensions/Resources/CarePlan+TWCore.swift",
"Extensions/Resources/CareTeam+TWCore.swift",
"Extensions/Resources/Composition+TWCore.swift",
"Extensions/Resources/Condition+TWCore.swift",
"Extensions/Resources/Coverage+TWCore.swift",
"Extensions/Resources/Device+TWCore.swift",
"Extensions/Resources/DiagnosticReport+TWCore.swift",
"Extensions/Resources/DocumentReference+TWCore.swift",
"Extensions/Resources/Encounter+TWCore.swift",
"Extensions/Resources/Goal+TWCore.swift",
"Extensions/Resources/ImagingStudy+TWCore.swift",
"Extensions/Resources/Immunization+TWCore.swift",
"Extensions/Resources/Location+TWCore.swift",
"Extensions/Resources/Media+TWCore.swift",
"Extensions/Resources/Medication+TWCore.swift",
"Extensions/Resources/MedicationDispense+TWCore.swift",
"Extensions/Resources/MedicationRequest+TWCore.swift",
"Extensions/Resources/MedicationStatement+TWCore.swift",
"Extensions/Resources/MessageHeader+TWCore.swift",
"Extensions/Resources/Observation+TWCore.swift",
"Extensions/Resources/Organization+TWCore.swift",
"Extensions/Resources/Patient+TWCore.swift",
"Extensions/Resources/Practitioner+TWCore.swift",
"Extensions/Resources/PractitionerRole+TWCore.swift",
"Extensions/Resources/Procedure+TWCore.swift",
"Extensions/Resources/Provenance+TWCore.swift",
"Extensions/Resources/QuestionnaireResponse+TWCore.swift",
"Extensions/Resources/RelatedPerson+TWCore.swift",
"Extensions/Resources/ServiceRequest+TWCore.swift",
"Extensions/Resources/Specimen+TWCore.swift",
"Internal/FHIRHelpers.swift",
"Validators/TWCoreValidationError.swift"
],
"type" : "library"
}
],
"tools_version" : "6.0"
}
Command line invocation:
/Applications/Xcode-16.3.0.app/Contents/Developer/usr/bin/xcodebuild -IDEClonedSourcePackagesDirPathOverride=/Users/admin/builder/spi-builder-workspace/.dependencies -resolvePackageDependencies
Resolve Package Graph
Fetching from https://github.com/apple/FHIRModels.git (cached)
Resolve Package Graph
Updating from https://github.com/apple/FHIRModels.git
Resolve Package Graph
Updating from https://github.com/apple/FHIRModels.git
Resolved source packages:
spi-builder-workspace: (null)
2026-06-30 04:59:27.526 xcodebuild[527:2971] Writing error result bundle to /var/folders/5k/5yc19ymj0jqd5v0zvgfqz0xw0000gn/T/ResultBundle_2026-30-06_04-59-0027.xcresult
xcodebuild: error: Could not resolve package dependencies:
Failed to resolve dependencies Dependencies could not be resolved because 'fhirmodels' >= 0.9.0 contains incompatible tools version (6.2.0) and root depends on 'fhirmodels' 0.9.2..<1.0.0.
Command line invocation:
/Applications/Xcode-16.3.0.app/Contents/Developer/usr/bin/xcodebuild -IDEClonedSourcePackagesDirPathOverride=/Users/admin/builder/spi-builder-workspace/.dependencies -resolvePackageDependencies
Resolve Package Graph
Updating from https://github.com/apple/FHIRModels.git
Resolved source packages:
spi-builder-workspace: (null)
2026-06-30 04:59:28.666 xcodebuild[728:4016] Writing error result bundle to /var/folders/5k/5yc19ymj0jqd5v0zvgfqz0xw0000gn/T/ResultBundle_2026-30-06_04-59-0028.xcresult
xcodebuild: error: Could not resolve package dependencies:
Failed to resolve dependencies Dependencies could not be resolved because 'fhirmodels' >= 0.9.0 contains incompatible tools version (6.2.0) and root depends on 'fhirmodels' 0.9.2..<1.0.0.
BUILD FAILURE 6.1 watchOS