Build Information
Failed to build XCollectionData, reference master (8c99bb), with Swift 6.4 for watchOS using Xcode 27.0 on 16 Sep 2026 17:51:03 UTC.
Build Command
env DEVELOPER_DIR=/Applications/Xcode-27.0.0-Release.Candidate.app xcrun xcodebuild -IDEClonedSourcePackagesDirPathOverride=$PWD/.dependencies -skipMacroValidation -skipPackagePluginValidation -derivedDataPath $PWD/.derivedData build -scheme XCollectionData-Package -destination generic/platform=watchOSBuild Log
========================================
RunAll
========================================
Builder version: 5.1.0
Interrupt handler set up.
========================================
Checkout
========================================
Clone URL: https://github.com/brutella/xcollectiondata.git
Reference: master
Initialized empty Git repository in /Users/admin/builder/spi-builder-workspace/.git/
From https://github.com/brutella/xcollectiondata
* branch master -> FETCH_HEAD
* [new branch] master -> origin/master
HEAD is now at 8c99bbe Update documentation on how to build the xcframework
Cloned https://github.com/brutella/xcollectiondata.git
Revision (git rev-parse @):
8c99bbe1c2cea2bbf55c49d2135bc6cbb5de15c2
SUCCESS checkout https://github.com/brutella/xcollectiondata.git at master
========================================
Build
========================================
Selected platform: watchOS
Swift version: 6.4
Building package at path: $PWD
https://github.com/brutella/xcollectiondata.git
Command line invocation:
/Applications/Xcode-27.0.0-Release.Candidate.app/Contents/Developer/usr/bin/xcodebuild -IDEClonedSourcePackagesDirPathOverride=/Users/admin/builder/spi-builder-workspace/.dependencies -resolvePackageDependencies
resolved source packages:
{
"dependencies" : [
],
"manifest_display_name" : "XCollectionData",
"name" : "XCollectionData",
"path" : "/Users/admin/builder/spi-builder-workspace",
"platforms" : [
],
"products" : [
{
"name" : "XCollectionData",
"targets" : [
"XCollectionData"
],
"type" : {
"library" : [
"automatic"
]
}
}
],
"targets" : [
{
"c99name" : "XCollectionDataTests",
"module_type" : "SwiftTarget",
"name" : "XCollectionDataTests",
"path" : "Tests/XCollectionDataTests",
"sources" : [
"XCTestManifests.swift",
"XCollectionDataTests.swift"
],
"target_dependencies" : [
"XCollectionData"
],
"type" : "test"
},
{
"c99name" : "XCollectionData",
"module_type" : "SwiftTarget",
"name" : "XCollectionData",
"path" : "Sources/XCollectionData",
"product_memberships" : [
"XCollectionData"
],
"sources" : [
"NSCollectionView.swift",
"UICollectionView.swift",
"UITableView.swift",
"XCollectionData+simplediff.swift",
"XCollectionData.swift",
"XCollectionRow+Hashable.swift",
"XCollectionRow.swift",
"XCollectionSection+Hashable.swift",
"XCollectionSection.swift",
"XTableSection.swift",
"simplediff.swift"
],
"type" : "library"
}
],
"tools_version" : "4.2"
}
{
"project" : {
"configurations" : [
"Debug",
"Release"
],
"name" : "XCollectionData",
"schemes" : [
"XCData",
"XCollectionData-Package",
"XCollectionDataPackageDescription",
"XCollectionDataPackageTests"
],
"targets" : [
"XCollectionData",
"XCollectionDataPackageDescription",
"XCollectionDataPackageTests",
"XCollectionDataTests"
]
}
}
Running build ...
env DEVELOPER_DIR=/Applications/Xcode-27.0.0-Release.Candidate.app xcrun xcodebuild -IDEClonedSourcePackagesDirPathOverride=$PWD/.dependencies -skipMacroValidation -skipPackagePluginValidation -derivedDataPath $PWD/.derivedData build -scheme XCollectionData-Package -destination generic/platform=watchOS
Command line invocation:
/Applications/Xcode-27.0.0-Release.Candidate.app/Contents/Developer/usr/bin/xcodebuild -IDEClonedSourcePackagesDirPathOverride=/Users/admin/builder/spi-builder-workspace/.dependencies -skipMacroValidation -skipPackagePluginValidation -derivedDataPath /Users/admin/builder/spi-builder-workspace/.derivedData build -scheme XCollectionData-Package -destination generic/platform=watchOS
ComputePackagePrebuildTargetDependencyGraph
Prepare packages
CreateBuildRequest
SendProjectDescription
CreateBuildOperation
ComputeTargetDependencyGraph
note: Building targets in dependency order
note: Target dependency graph (1 target)
Target 'XCollectionData' in project 'XCollectionData' (no dependencies)
GatherProvisioningInputs
CreateBuildDescription
ExecuteExternalTool /Applications/Xcode-27.0.0-Release.Candidate.app/Contents/Developer/Toolchains/XcodeDefault.xctoolchain/usr/bin/clang -v -E -dM -isysroot /Applications/Xcode-27.0.0-Release.Candidate.app/Contents/Developer/Platforms/WatchOS.platform/Developer/SDKs/WatchOS27.0.sdk -x c -c /dev/null
ExecuteExternalTool /Applications/Xcode-27.0.0-Release.Candidate.app/Contents/Developer/Toolchains/XcodeDefault.xctoolchain/usr/bin/swiftc --version
ExecuteExternalTool /Applications/Xcode-27.0.0-Release.Candidate.app/Contents/Developer/Toolchains/XcodeDefault.xctoolchain/usr/bin/ld -version_details
Build description signature: fe1c8655cc2959fd0ac0bdd02c48531d
Build description path: /Users/admin/builder/spi-builder-workspace/.derivedData/Build/Intermediates.noindex/XCBuildData/fe1c8655cc2959fd0ac0bdd02c48531d.xcbuilddata
/Users/admin/builder/spi-builder-workspace/XCollectionData.xcodeproj: error: The watchOS deployment target 'WATCHOS_DEPLOYMENT_TARGET' is set to 3.0, but the range of supported deployment target versions is 9.0 to 27.0.x. (in target 'XCollectionData' from project 'XCollectionData')
error: The armv7k architecture is deprecated. You should update your ARCHS build setting to remove the armv7k architecture. (in target 'XCollectionData' from project 'XCollectionData')
** BUILD FAILED **
The following build commands failed:
Building project XCollectionData with scheme XCollectionData-Package
(1 failure)
Command line invocation:
/Applications/Xcode-27.0.0-Release.Candidate.app/Contents/Developer/usr/bin/xcodebuild -IDEClonedSourcePackagesDirPathOverride=/Users/admin/builder/spi-builder-workspace/.dependencies -resolvePackageDependencies
resolved source packages:
{
"dependencies" : [
],
"manifest_display_name" : "XCollectionData",
"name" : "XCollectionData",
"path" : "/Users/admin/builder/spi-builder-workspace",
"platforms" : [
],
"products" : [
{
"name" : "XCollectionData",
"targets" : [
"XCollectionData"
],
"type" : {
"library" : [
"automatic"
]
}
}
],
"targets" : [
{
"c99name" : "XCollectionDataTests",
"module_type" : "SwiftTarget",
"name" : "XCollectionDataTests",
"path" : "Tests/XCollectionDataTests",
"sources" : [
"XCTestManifests.swift",
"XCollectionDataTests.swift"
],
"target_dependencies" : [
"XCollectionData"
],
"type" : "test"
},
{
"c99name" : "XCollectionData",
"module_type" : "SwiftTarget",
"name" : "XCollectionData",
"path" : "Sources/XCollectionData",
"product_memberships" : [
"XCollectionData"
],
"sources" : [
"NSCollectionView.swift",
"UICollectionView.swift",
"UITableView.swift",
"XCollectionData+simplediff.swift",
"XCollectionData.swift",
"XCollectionRow+Hashable.swift",
"XCollectionRow.swift",
"XCollectionSection+Hashable.swift",
"XCollectionSection.swift",
"XTableSection.swift",
"simplediff.swift"
],
"type" : "library"
}
],
"tools_version" : "4.2"
}
{
"project" : {
"configurations" : [
"Debug",
"Release"
],
"name" : "XCollectionData",
"schemes" : [
"XCData",
"XCollectionData-Package",
"XCollectionDataPackageDescription",
"XCollectionDataPackageTests"
],
"targets" : [
"XCollectionData",
"XCollectionDataPackageDescription",
"XCollectionDataPackageTests",
"XCollectionDataTests"
]
}
}
Running build ...
env DEVELOPER_DIR=/Applications/Xcode-27.0.0-Release.Candidate.app xcrun xcodebuild -IDEClonedSourcePackagesDirPathOverride=$PWD/.dependencies -skipMacroValidation -skipPackagePluginValidation -derivedDataPath $PWD/.derivedData build -scheme XCollectionData-Package -destination generic/platform=watchOS
Command line invocation:
/Applications/Xcode-27.0.0-Release.Candidate.app/Contents/Developer/usr/bin/xcodebuild -IDEClonedSourcePackagesDirPathOverride=/Users/admin/builder/spi-builder-workspace/.dependencies -skipMacroValidation -skipPackagePluginValidation -derivedDataPath /Users/admin/builder/spi-builder-workspace/.derivedData build -scheme XCollectionData-Package -destination generic/platform=watchOS
ComputePackagePrebuildTargetDependencyGraph
Prepare packages
CreateBuildRequest
SendProjectDescription
CreateBuildOperation
ComputeTargetDependencyGraph
note: Building targets in dependency order
note: Target dependency graph (1 target)
Target 'XCollectionData' in project 'XCollectionData' (no dependencies)
GatherProvisioningInputs
CreateBuildDescription
error: The armv7k architecture is deprecated. You should update your ARCHS build setting to remove the armv7k architecture. (in target 'XCollectionData' from project 'XCollectionData')
/Users/admin/builder/spi-builder-workspace/XCollectionData.xcodeproj: error: The watchOS deployment target 'WATCHOS_DEPLOYMENT_TARGET' is set to 3.0, but the range of supported deployment target versions is 9.0 to 27.0.x. (in target 'XCollectionData' from project 'XCollectionData')
** BUILD FAILED **
The following build commands failed:
Building project XCollectionData with scheme XCollectionData-Package
(1 failure)
BUILD FAILURE 6.4 watchOS