The Swift Package Index logo.Swift Package Index

Track the adoption of Swift 6 strict concurrency checks for data race safety. How many packages are Ready for Swift 6?

Build Information

Failed to build MOCloner with Swift 5.9 for visionOS using Xcode 15.2 at main.

Build Command

env DEVELOPER_DIR="/Applications/Xcode-15.0.0-Beta.2.app" xcrun xcodebuild -IDEClonedSourcePackagesDirPathOverride="$PWD/.dependencies" -derivedDataPath "$PWD/.derivedData" build -scheme MOCloner -destination "generic/platform=xros"

Build Log

SwiftDriverJobDiscovery normal arm64 Compiling Note+CoreDataProperties.swift, NoteDescription+CoreDataClass.swift (in target 'MOClonerTests' from project 'MOCloner')
Ld /Users/builder/builds/TDmZkXJm/3/finestructure/swiftpackageindex-builder/spi-builder-workspace/.derivedData/Build/Products/Debug-xros/MOCloner.o normal (in target 'MOCloner' from project 'MOCloner')
    cd /Users/builder/builds/TDmZkXJm/3/finestructure/swiftpackageindex-builder/spi-builder-workspace
    /Applications/Xcode-15.0.0-Beta.2.app/Contents/Developer/Toolchains/XcodeDefault.xctoolchain/usr/bin/clang -Xlinker -reproducible -target arm64-apple-xros1.0 -r -isysroot /Applications/Xcode-15.0.0-Beta.2.app/Contents/Developer/Platforms/XROS.platform/Developer/SDKs/XROS1.0.sdk -O0 -L/Users/builder/builds/TDmZkXJm/3/finestructure/swiftpackageindex-builder/spi-builder-workspace/.derivedData/Build/Intermediates.noindex/EagerLinkingTBDs/Debug-xros -L/Users/builder/builds/TDmZkXJm/3/finestructure/swiftpackageindex-builder/spi-builder-workspace/.derivedData/Build/Products/Debug-xros -L/Applications/Xcode-15.0.0-Beta.2.app/Contents/Developer/Platforms/XROS.platform/Developer/usr/lib -F/Users/builder/builds/TDmZkXJm/3/finestructure/swiftpackageindex-builder/spi-builder-workspace/.derivedData/Build/Intermediates.noindex/EagerLinkingTBDs/Debug-xros -F/Users/builder/builds/TDmZkXJm/3/finestructure/swiftpackageindex-builder/spi-builder-workspace/.derivedData/Build/Products/Debug-xros -iframework /Applications/Xcode-15.0.0-Beta.2.app/Contents/Developer/Platforms/XROS.platform/Developer/Library/Frameworks -iframework /Applications/Xcode-15.0.0-Beta.2.app/Contents/Developer/Platforms/XROS.platform/Developer/SDKs/XROS1.0.sdk/Developer/Library/Frameworks -filelist /Users/builder/builds/TDmZkXJm/3/finestructure/swiftpackageindex-builder/spi-builder-workspace/.derivedData/Build/Intermediates.noindex/MOCloner.build/Debug-xros/MOCloner.build/Objects-normal/arm64/MOCloner.LinkFileList -nostdlib -Xlinker -object_path_lto -Xlinker /Users/builder/builds/TDmZkXJm/3/finestructure/swiftpackageindex-builder/spi-builder-workspace/.derivedData/Build/Intermediates.noindex/MOCloner.build/Debug-xros/MOCloner.build/Objects-normal/arm64/MOCloner_lto.o -Xlinker -export_dynamic -Xlinker -no_deduplicate -fobjc-link-runtime -L/Applications/Xcode-15.0.0-Beta.2.app/Contents/Developer/Toolchains/XcodeDefault.xctoolchain/usr/lib/swift/xros -L/usr/lib/swift -Xlinker -add_ast_path -Xlinker /Users/builder/builds/TDmZkXJm/3/finestructure/swiftpackageindex-builder/spi-builder-workspace/.derivedData/Build/Intermediates.noindex/MOCloner.build/Debug-xros/MOCloner.build/Objects-normal/arm64/MOCloner.swiftmodule -Xlinker -dependency_info -Xlinker /Users/builder/builds/TDmZkXJm/3/finestructure/swiftpackageindex-builder/spi-builder-workspace/.derivedData/Build/Intermediates.noindex/MOCloner.build/Debug-xros/MOCloner.build/Objects-normal/arm64/MOCloner_dependency_info.dat -o /Users/builder/builds/TDmZkXJm/3/finestructure/swiftpackageindex-builder/spi-builder-workspace/.derivedData/Build/Products/Debug-xros/MOCloner.o

SwiftDriverJobDiscovery normal arm64 Compiling Memo+CoreDataProperties.swift, Note+CoreDataClass.swift (in target 'MOClonerTests' from project 'MOCloner')
RegisterExecutionPolicyException /Users/builder/builds/TDmZkXJm/3/finestructure/swiftpackageindex-builder/spi-builder-workspace/.derivedData/Build/Products/Debug-xros/MOCloner.o (in target 'MOCloner' from project 'MOCloner')
    cd /Users/builder/builds/TDmZkXJm/3/finestructure/swiftpackageindex-builder/spi-builder-workspace
    builtin-RegisterExecutionPolicyException /Users/builder/builds/TDmZkXJm/3/finestructure/swiftpackageindex-builder/spi-builder-workspace/.derivedData/Build/Products/Debug-xros/MOCloner.o
WriteAuxiliaryFile /Users/builder/builds/TDmZkXJm/3/finestructure/swiftpackageindex-builder/spi-builder-workspace/.derivedData/Build/Intermediates.noindex/MOCloner.build/Debug-xros/MOClonerTests.build/Objects-normal/arm64/MOClonerTests.LinkFileList (in target 'MOClonerTests' from project 'MOCloner')
    cd /Users/builder/builds/TDmZkXJm/3/finestructure/swiftpackageindex-builder/spi-builder-workspace
    write-file /Users/builder/builds/TDmZkXJm/3/finestructure/swiftpackageindex-builder/spi-builder-workspace/.derivedData/Build/Intermediates.noindex/MOCloner.build/Debug-xros/MOClonerTests.build/Objects-normal/arm64/MOClonerTests.LinkFileList
WriteAuxiliaryFile /Users/builder/builds/TDmZkXJm/3/finestructure/swiftpackageindex-builder/spi-builder-workspace/.derivedData/Build/Intermediates.noindex/MOCloner.build/Debug-xros/MOClonerTests.build/empty-MOClonerTests.plist (in target 'MOClonerTests' from project 'MOCloner')
    cd /Users/builder/builds/TDmZkXJm/3/finestructure/swiftpackageindex-builder/spi-builder-workspace
    write-file /Users/builder/builds/TDmZkXJm/3/finestructure/swiftpackageindex-builder/spi-builder-workspace/.derivedData/Build/Intermediates.noindex/MOCloner.build/Debug-xros/MOClonerTests.build/empty-MOClonerTests.plist
CpResource /Users/builder/builds/TDmZkXJm/3/finestructure/swiftpackageindex-builder/spi-builder-workspace/.derivedData/Build/Products/Debug-xros/MOClonerTests.xctest/MOCloner_MOClonerTests.bundle /Users/builder/builds/TDmZkXJm/3/finestructure/swiftpackageindex-builder/spi-builder-workspace/.derivedData/Build/Products/Debug-xros/MOCloner_MOClonerTests.bundle (in target 'MOClonerTests' from project 'MOCloner')
    cd /Users/builder/builds/TDmZkXJm/3/finestructure/swiftpackageindex-builder/spi-builder-workspace
    builtin-copy -exclude .DS_Store -exclude CVS -exclude .svn -exclude .git -exclude .hg -resolve-src-symlinks /Users/builder/builds/TDmZkXJm/3/finestructure/swiftpackageindex-builder/spi-builder-workspace/.derivedData/Build/Products/Debug-xros/MOCloner_MOClonerTests.bundle /Users/builder/builds/TDmZkXJm/3/finestructure/swiftpackageindex-builder/spi-builder-workspace/.derivedData/Build/Products/Debug-xros/MOClonerTests.xctest

ProcessInfoPlistFile /Users/builder/builds/TDmZkXJm/3/finestructure/swiftpackageindex-builder/spi-builder-workspace/.derivedData/Build/Products/Debug-xros/MOClonerTests.xctest/Info.plist /Users/builder/builds/TDmZkXJm/3/finestructure/swiftpackageindex-builder/spi-builder-workspace/.derivedData/Build/Intermediates.noindex/MOCloner.build/Debug-xros/MOClonerTests.build/empty-MOClonerTests.plist (in target 'MOClonerTests' from project 'MOCloner')
    cd /Users/builder/builds/TDmZkXJm/3/finestructure/swiftpackageindex-builder/spi-builder-workspace
    builtin-infoPlistUtility /Users/builder/builds/TDmZkXJm/3/finestructure/swiftpackageindex-builder/spi-builder-workspace/.derivedData/Build/Intermediates.noindex/MOCloner.build/Debug-xros/MOClonerTests.build/empty-MOClonerTests.plist -producttype com.apple.product-type.bundle.unit-test -expandbuildsettings -format binary -platform xros -o /Users/builder/builds/TDmZkXJm/3/finestructure/swiftpackageindex-builder/spi-builder-workspace/.derivedData/Build/Products/Debug-xros/MOClonerTests.xctest/Info.plist

SwiftDriver\ Compilation\ Requirements MOClonerTests normal arm64 com.apple.xcode.tools.swift.compiler (in target 'MOClonerTests' from project 'MOCloner')
    cd /Users/builder/builds/TDmZkXJm/3/finestructure/swiftpackageindex-builder/spi-builder-workspace
    builtin-Swift-Compilation-Requirements -- /Applications/Xcode-15.0.0-Beta.2.app/Contents/Developer/Toolchains/XcodeDefault.xctoolchain/usr/bin/swiftc -module-name MOClonerTests -Onone -enforce-exclusivity\=checked @/Users/builder/builds/TDmZkXJm/3/finestructure/swiftpackageindex-builder/spi-builder-workspace/.derivedData/Build/Intermediates.noindex/MOCloner.build/Debug-xros/MOClonerTests.build/Objects-normal/arm64/MOClonerTests.SwiftFileList -DSWIFT_PACKAGE -DDEBUG -DXcode -sdk /Applications/Xcode-15.0.0-Beta.2.app/Contents/Developer/Platforms/XROS.platform/Developer/SDKs/XROS1.0.sdk -target arm64-apple-xros1.0 -g -module-cache-path /Users/builder/builds/TDmZkXJm/3/finestructure/swiftpackageindex-builder/spi-builder-workspace/.derivedData/ModuleCache.noindex -Xfrontend -serialize-debugging-options -enable-testing -index-store-path /Users/builder/builds/TDmZkXJm/3/finestructure/swiftpackageindex-builder/spi-builder-workspace/.derivedData/Index.noindex/DataStore -swift-version 5 -I /Users/builder/builds/TDmZkXJm/3/finestructure/swiftpackageindex-builder/spi-builder-workspace/.derivedData/Build/Products/Debug-xros -I /Applications/Xcode-15.0.0-Beta.2.app/Contents/Developer/Platforms/XROS.platform/Developer/usr/lib -F /Users/builder/builds/TDmZkXJm/3/finestructure/swiftpackageindex-builder/spi-builder-workspace/.derivedData/Build/Products/Debug-xros/PackageFrameworks -F /Users/builder/builds/TDmZkXJm/3/finestructure/swiftpackageindex-builder/spi-builder-workspace/.derivedData/Build/Products/Debug-xros -F /Applications/Xcode-15.0.0-Beta.2.app/Contents/Developer/Platforms/XROS.platform/Developer/Library/Frameworks -F /Applications/Xcode-15.0.0-Beta.2.app/Contents/Developer/Platforms/XROS.platform/Developer/SDKs/XROS1.0.sdk/Developer/Library/Frameworks -c -j8 -enable-batch-mode -incremental -Xcc -ivfsstatcache -Xcc /Users/builder/builds/TDmZkXJm/3/finestructure/swiftpackageindex-builder/spi-builder-workspace/.derivedData/SDKStatCaches.noindex/xros1.0-21N5165f-50a81fd5751d5bee8ff6d6ea12214339.sdkstatcache -output-file-map /Users/builder/builds/TDmZkXJm/3/finestructure/swiftpackageindex-builder/spi-builder-workspace/.derivedData/Build/Intermediates.noindex/MOCloner.build/Debug-xros/MOClonerTests.build/Objects-normal/arm64/MOClonerTests-OutputFileMap.json -use-frontend-parseable-output -save-temps -no-color-diagnostics -serialize-diagnostics -emit-dependencies -emit-module -emit-module-path /Users/builder/builds/TDmZkXJm/3/finestructure/swiftpackageindex-builder/spi-builder-workspace/.derivedData/Build/Intermediates.noindex/MOCloner.build/Debug-xros/MOClonerTests.build/Objects-normal/arm64/MOClonerTests.swiftmodule -validate-clang-modules-once -clang-build-session-file /Users/builder/builds/TDmZkXJm/3/finestructure/swiftpackageindex-builder/spi-builder-workspace/.derivedData/ModuleCache.noindex/Session.modulevalidation -emit-const-values -Xfrontend -const-gather-protocols-file -Xfrontend /Users/builder/builds/TDmZkXJm/3/finestructure/swiftpackageindex-builder/spi-builder-workspace/.derivedData/Build/Intermediates.noindex/MOCloner.build/Debug-xros/MOClonerTests.build/Objects-normal/arm64/MOClonerTests_const_extract_protocols.json -Xcc -I/Users/builder/builds/TDmZkXJm/3/finestructure/swiftpackageindex-builder/spi-builder-workspace/.derivedData/Build/Products/Debug-xros/include -Xcc -I/Users/builder/builds/TDmZkXJm/3/finestructure/swiftpackageindex-builder/spi-builder-workspace/.derivedData/Build/Intermediates.noindex/MOCloner.build/Debug-xros/MOClonerTests.build/DerivedSources-normal/arm64 -Xcc -I/Users/builder/builds/TDmZkXJm/3/finestructure/swiftpackageindex-builder/spi-builder-workspace/.derivedData/Build/Intermediates.noindex/MOCloner.build/Debug-xros/MOClonerTests.build/DerivedSources/arm64 -Xcc -I/Users/builder/builds/TDmZkXJm/3/finestructure/swiftpackageindex-builder/spi-builder-workspace/.derivedData/Build/Intermediates.noindex/MOCloner.build/Debug-xros/MOClonerTests.build/DerivedSources -Xcc -DSWIFT_PACKAGE -Xcc -DDEBUG\=1 -working-directory /Users/builder/builds/TDmZkXJm/3/finestructure/swiftpackageindex-builder/spi-builder-workspace -experimental-emit-module-separately -disable-cmo
Resolve Package Graph
** BUILD FAILED **


The following build commands failed:
	SwiftEmitModule normal arm64 Emitting\ module\ for\ MOClonerTests (in target 'MOClonerTests' from project 'MOCloner')
(1 failure)
Command line invocation:
    /Applications/Xcode-15.0.0-Beta.2.app/Contents/Developer/usr/bin/xcodebuild -IDEClonedSourcePackagesDirPathOverride=/Users/builder/builds/TDmZkXJm/3/finestructure/swiftpackageindex-builder/spi-builder-workspace/.dependencies -derivedDataPath /Users/builder/builds/TDmZkXJm/3/finestructure/swiftpackageindex-builder/spi-builder-workspace/.derivedData build -scheme MOCloner -destination generic/platform=xros

User defaults from command line:
    IDEClonedSourcePackagesDirPathOverride = /Users/builder/builds/TDmZkXJm/3/finestructure/swiftpackageindex-builder/spi-builder-workspace/.dependencies
    IDEDerivedDataPathOverride = /Users/builder/builds/TDmZkXJm/3/finestructure/swiftpackageindex-builder/spi-builder-workspace/.derivedData
    IDEPackageSupportUseBuiltinSCM = YES
Resolve Package Graph


Resolved source packages:
  MOCloner: /Users/builder/builds/TDmZkXJm/3/finestructure/swiftpackageindex-builder/spi-builder-workspace
Prepare packages

Computing target dependency graph and provisioning inputs

Create build description

note: Building targets in dependency order
note: Target dependency graph (4 targets)
    Target 'MOClonerTests' in project 'MOCloner'
        ➜ Explicit dependency on target 'MOCloner_MOClonerTests' in project 'MOCloner'
        ➜ Explicit dependency on target 'MOCloner' in project 'MOCloner'
    Target 'MOCloner_MOClonerTests' in project 'MOCloner' (no dependencies)
    Target 'MOCloner' in project 'MOCloner'
        ➜ Explicit dependency on target 'MOCloner' in project 'MOCloner'
    Target 'MOCloner' in project 'MOCloner' (no dependencies)
ClangStatCache /Applications/Xcode-15.0.0-Beta.2.app/Contents/Developer/Toolchains/XcodeDefault.xctoolchain/usr/bin/clang-stat-cache /Applications/Xcode-15.0.0-Beta.2.app/Contents/Developer/Platforms/XROS.platform/Developer/SDKs/XROS1.0.sdk /Users/builder/builds/TDmZkXJm/3/finestructure/swiftpackageindex-builder/spi-builder-workspace/.derivedData/SDKStatCaches.noindex/xros1.0-21N5165f-50a81fd5751d5bee8ff6d6ea12214339.sdkstatcache
    cd /Users/builder/builds/TDmZkXJm/3/finestructure/swiftpackageindex-builder/spi-builder-workspace/.swiftpm/xcode
    /Applications/Xcode-15.0.0-Beta.2.app/Contents/Developer/Toolchains/XcodeDefault.xctoolchain/usr/bin/clang-stat-cache /Applications/Xcode-15.0.0-Beta.2.app/Contents/Developer/Platforms/XROS.platform/Developer/SDKs/XROS1.0.sdk -o /Users/builder/builds/TDmZkXJm/3/finestructure/swiftpackageindex-builder/spi-builder-workspace/.derivedData/SDKStatCaches.noindex/xros1.0-21N5165f-50a81fd5751d5bee8ff6d6ea12214339.sdkstatcache

ProcessInfoPlistFile /Users/builder/builds/TDmZkXJm/3/finestructure/swiftpackageindex-builder/spi-builder-workspace/.derivedData/Build/Products/Debug-xros/MOClonerTests.xctest/Info.plist /Users/builder/builds/TDmZkXJm/3/finestructure/swiftpackageindex-builder/spi-builder-workspace/.derivedData/Build/Intermediates.noindex/MOCloner.build/Debug-xros/MOClonerTests.build/empty-MOClonerTests.plist (in target 'MOClonerTests' from project 'MOCloner')
    cd /Users/builder/builds/TDmZkXJm/3/finestructure/swiftpackageindex-builder/spi-builder-workspace
    builtin-infoPlistUtility /Users/builder/builds/TDmZkXJm/3/finestructure/swiftpackageindex-builder/spi-builder-workspace/.derivedData/Build/Intermediates.noindex/MOCloner.build/Debug-xros/MOClonerTests.build/empty-MOClonerTests.plist -producttype com.apple.product-type.bundle.unit-test -expandbuildsettings -format binary -platform xros -o /Users/builder/builds/TDmZkXJm/3/finestructure/swiftpackageindex-builder/spi-builder-workspace/.derivedData/Build/Products/Debug-xros/MOClonerTests.xctest/Info.plist

CpResource /Users/builder/builds/TDmZkXJm/3/finestructure/swiftpackageindex-builder/spi-builder-workspace/.derivedData/Build/Products/Debug-xros/MOClonerTests.xctest/MOCloner_MOClonerTests.bundle /Users/builder/builds/TDmZkXJm/3/finestructure/swiftpackageindex-builder/spi-builder-workspace/.derivedData/Build/Products/Debug-xros/MOCloner_MOClonerTests.bundle (in target 'MOClonerTests' from project 'MOCloner')
    cd /Users/builder/builds/TDmZkXJm/3/finestructure/swiftpackageindex-builder/spi-builder-workspace
    builtin-copy -exclude .DS_Store -exclude CVS -exclude .svn -exclude .git -exclude .hg -resolve-src-symlinks /Users/builder/builds/TDmZkXJm/3/finestructure/swiftpackageindex-builder/spi-builder-workspace/.derivedData/Build/Products/Debug-xros/MOCloner_MOClonerTests.bundle /Users/builder/builds/TDmZkXJm/3/finestructure/swiftpackageindex-builder/spi-builder-workspace/.derivedData/Build/Products/Debug-xros/MOClonerTests.xctest

SwiftDriver MOClonerTests normal arm64 com.apple.xcode.tools.swift.compiler (in target 'MOClonerTests' from project 'MOCloner')
    cd /Users/builder/builds/TDmZkXJm/3/finestructure/swiftpackageindex-builder/spi-builder-workspace
    builtin-SwiftDriver -- /Applications/Xcode-15.0.0-Beta.2.app/Contents/Developer/Toolchains/XcodeDefault.xctoolchain/usr/bin/swiftc -module-name MOClonerTests -Onone -enforce-exclusivity\=checked @/Users/builder/builds/TDmZkXJm/3/finestructure/swiftpackageindex-builder/spi-builder-workspace/.derivedData/Build/Intermediates.noindex/MOCloner.build/Debug-xros/MOClonerTests.build/Objects-normal/arm64/MOClonerTests.SwiftFileList -DSWIFT_PACKAGE -DDEBUG -DXcode -sdk /Applications/Xcode-15.0.0-Beta.2.app/Contents/Developer/Platforms/XROS.platform/Developer/SDKs/XROS1.0.sdk -target arm64-apple-xros1.0 -g -module-cache-path /Users/builder/builds/TDmZkXJm/3/finestructure/swiftpackageindex-builder/spi-builder-workspace/.derivedData/ModuleCache.noindex -Xfrontend -serialize-debugging-options -enable-testing -index-store-path /Users/builder/builds/TDmZkXJm/3/finestructure/swiftpackageindex-builder/spi-builder-workspace/.derivedData/Index.noindex/DataStore -swift-version 5 -I /Users/builder/builds/TDmZkXJm/3/finestructure/swiftpackageindex-builder/spi-builder-workspace/.derivedData/Build/Products/Debug-xros -I /Applications/Xcode-15.0.0-Beta.2.app/Contents/Developer/Platforms/XROS.platform/Developer/usr/lib -F /Users/builder/builds/TDmZkXJm/3/finestructure/swiftpackageindex-builder/spi-builder-workspace/.derivedData/Build/Products/Debug-xros/PackageFrameworks -F /Users/builder/builds/TDmZkXJm/3/finestructure/swiftpackageindex-builder/spi-builder-workspace/.derivedData/Build/Products/Debug-xros -F /Applications/Xcode-15.0.0-Beta.2.app/Contents/Developer/Platforms/XROS.platform/Developer/Library/Frameworks -F /Applications/Xcode-15.0.0-Beta.2.app/Contents/Developer/Platforms/XROS.platform/Developer/SDKs/XROS1.0.sdk/Developer/Library/Frameworks -c -j8 -enable-batch-mode -incremental -Xcc -ivfsstatcache -Xcc /Users/builder/builds/TDmZkXJm/3/finestructure/swiftpackageindex-builder/spi-builder-workspace/.derivedData/SDKStatCaches.noindex/xros1.0-21N5165f-50a81fd5751d5bee8ff6d6ea12214339.sdkstatcache -output-file-map /Users/builder/builds/TDmZkXJm/3/finestructure/swiftpackageindex-builder/spi-builder-workspace/.derivedData/Build/Intermediates.noindex/MOCloner.build/Debug-xros/MOClonerTests.build/Objects-normal/arm64/MOClonerTests-OutputFileMap.json -use-frontend-parseable-output -save-temps -no-color-diagnostics -serialize-diagnostics -emit-dependencies -emit-module -emit-module-path /Users/builder/builds/TDmZkXJm/3/finestructure/swiftpackageindex-builder/spi-builder-workspace/.derivedData/Build/Intermediates.noindex/MOCloner.build/Debug-xros/MOClonerTests.build/Objects-normal/arm64/MOClonerTests.swiftmodule -validate-clang-modules-once -clang-build-session-file /Users/builder/builds/TDmZkXJm/3/finestructure/swiftpackageindex-builder/spi-builder-workspace/.derivedData/ModuleCache.noindex/Session.modulevalidation -emit-const-values -Xfrontend -const-gather-protocols-file -Xfrontend /Users/builder/builds/TDmZkXJm/3/finestructure/swiftpackageindex-builder/spi-builder-workspace/.derivedData/Build/Intermediates.noindex/MOCloner.build/Debug-xros/MOClonerTests.build/Objects-normal/arm64/MOClonerTests_const_extract_protocols.json -Xcc -I/Users/builder/builds/TDmZkXJm/3/finestructure/swiftpackageindex-builder/spi-builder-workspace/.derivedData/Build/Products/Debug-xros/include -Xcc -I/Users/builder/builds/TDmZkXJm/3/finestructure/swiftpackageindex-builder/spi-builder-workspace/.derivedData/Build/Intermediates.noindex/MOCloner.build/Debug-xros/MOClonerTests.build/DerivedSources-normal/arm64 -Xcc -I/Users/builder/builds/TDmZkXJm/3/finestructure/swiftpackageindex-builder/spi-builder-workspace/.derivedData/Build/Intermediates.noindex/MOCloner.build/Debug-xros/MOClonerTests.build/DerivedSources/arm64 -Xcc -I/Users/builder/builds/TDmZkXJm/3/finestructure/swiftpackageindex-builder/spi-builder-workspace/.derivedData/Build/Intermediates.noindex/MOCloner.build/Debug-xros/MOClonerTests.build/DerivedSources -Xcc -DSWIFT_PACKAGE -Xcc -DDEBUG\=1 -working-directory /Users/builder/builds/TDmZkXJm/3/finestructure/swiftpackageindex-builder/spi-builder-workspace -experimental-emit-module-separately -disable-cmo

SwiftEmitModule normal arm64 Emitting\ module\ for\ MOClonerTests (in target 'MOClonerTests' from project 'MOCloner')
    cd /Users/builder/builds/TDmZkXJm/3/finestructure/swiftpackageindex-builder/spi-builder-workspace
    builtin-swiftTaskExecution -- /Applications/Xcode-15.0.0-Beta.2.app/Contents/Developer/Toolchains/XcodeDefault.xctoolchain/usr/bin/swift-frontend -frontend -emit-module -experimental-skip-non-inlinable-function-bodies-without-types /Users/builder/builds/TDmZkXJm/3/finestructure/swiftpackageindex-builder/spi-builder-workspace/.derivedData/Build/Intermediates.noindex/MOCloner.build/Debug-xros/MOClonerTests.build/DerivedSources/resource_bundle_accessor.swift /Users/builder/builds/TDmZkXJm/3/finestructure/swiftpackageindex-builder/spi-builder-workspace/Tests/MOClonerTests/MOClonerTests.swift /Users/builder/builds/TDmZkXJm/3/finestructure/swiftpackageindex-builder/spi-builder-workspace/Tests/MOClonerTests/MOClonterTestExtension.swift /Users/builder/builds/TDmZkXJm/3/finestructure/swiftpackageindex-builder/spi-builder-workspace/.derivedData/Build/Intermediates.noindex/MOCloner.build/Debug-xros/MOClonerTests.build/DerivedSources/CoreDataGenerated/Model/Item+CoreDataClass.swift /Users/builder/builds/TDmZkXJm/3/finestructure/swiftpackageindex-builder/spi-builder-workspace/.derivedData/Build/Intermediates.noindex/MOCloner.build/Debug-xros/MOClonerTests.build/DerivedSources/CoreDataGenerated/Model/Item+CoreDataProperties.swift /Users/builder/builds/TDmZkXJm/3/finestructure/swiftpackageindex-builder/spi-builder-workspace/.derivedData/Build/Intermediates.noindex/MOCloner.build/Debug-xros/MOClonerTests.build/DerivedSources/CoreDataGenerated/Model/Memo+CoreDataClass.swift /Users/builder/builds/TDmZkXJm/3/finestructure/swiftpackageindex-builder/spi-builder-workspace/.derivedData/Build/Intermediates.noindex/MOCloner.build/Debug-xros/MOClonerTests.build/DerivedSources/CoreDataGenerated/Model/Memo+CoreDataProperties.swift /Users/builder/builds/TDmZkXJm/3/finestructure/swiftpackageindex-builder/spi-builder-workspace/.derivedData/Build/Intermediates.noindex/MOCloner.build/Debug-xros/MOClonerTests.build/DerivedSources/CoreDataGenerated/Model/Note+CoreDataClass.swift /Users/builder/builds/TDmZkXJm/3/finestructure/swiftpackageindex-builder/spi-builder-workspace/.derivedData/Build/Intermediates.noindex/MOCloner.build/Debug-xros/MOClonerTests.build/DerivedSources/CoreDataGenerated/Model/Note+CoreDataProperties.swift /Users/builder/builds/TDmZkXJm/3/finestructure/swiftpackageindex-builder/spi-builder-workspace/.derivedData/Build/Intermediates.noindex/MOCloner.build/Debug-xros/MOClonerTests.build/DerivedSources/CoreDataGenerated/Model/NoteDescription+CoreDataClass.swift /Users/builder/builds/TDmZkXJm/3/finestructure/swiftpackageindex-builder/spi-builder-workspace/.derivedData/Build/Intermediates.noindex/MOCloner.build/Debug-xros/MOClonerTests.build/DerivedSources/CoreDataGenerated/Model/NoteDescription+CoreDataProperties.swift /Users/builder/builds/TDmZkXJm/3/finestructure/swiftpackageindex-builder/spi-builder-workspace/.derivedData/Build/Intermediates.noindex/MOCloner.build/Debug-xros/MOClonerTests.build/DerivedSources/CoreDataGenerated/Model/ToManyTag+CoreDataClass.swift /Users/builder/builds/TDmZkXJm/3/finestructure/swiftpackageindex-builder/spi-builder-workspace/.derivedData/Build/Intermediates.noindex/MOCloner.build/Debug-xros/MOClonerTests.build/DerivedSources/CoreDataGenerated/Model/ToManyTag+CoreDataProperties.swift /Users/builder/builds/TDmZkXJm/3/finestructure/swiftpackageindex-builder/spi-builder-workspace/.derivedData/Build/Intermediates.noindex/MOCloner.build/Debug-xros/MOClonerTests.build/DerivedSources/CoreDataGenerated/Model/ToOneTag+CoreDataClass.swift /Users/builder/builds/TDmZkXJm/3/finestructure/swiftpackageindex-builder/spi-builder-workspace/.derivedData/Build/Intermediates.noindex/MOCloner.build/Debug-xros/MOClonerTests.build/DerivedSources/CoreDataGenerated/Model/ToOneTag+CoreDataProperties.swift /Users/builder/builds/TDmZkXJm/3/finestructure/swiftpackageindex-builder/spi-builder-workspace/.derivedData/Build/Intermediates.noindex/MOCloner.build/Debug-xros/MOClonerTests.build/DerivedSources/CoreDataGenerated/Model/Model+CoreDataModel.swift -target arm64-apple-xros1.0 -Xllvm -aarch64-use-tbi -enable-objc-interop -stack-check -sdk /Applications/Xcode-15.0.0-Beta.2.app/Contents/Developer/Platforms/XROS.platform/Developer/SDKs/XROS1.0.sdk -I /Users/builder/builds/TDmZkXJm/3/finestructure/swiftpackageindex-builder/spi-builder-workspace/.derivedData/Build/Products/Debug-xros -I /Applications/Xcode-15.0.0-Beta.2.app/Contents/Developer/Platforms/XROS.platform/Developer/usr/lib -F /Users/builder/builds/TDmZkXJm/3/finestructure/swiftpackageindex-builder/spi-builder-workspace/.derivedData/Build/Products/Debug-xros/PackageFrameworks -F /Users/builder/builds/TDmZkXJm/3/finestructure/swiftpackageindex-builder/spi-builder-workspace/.derivedData/Build/Products/Debug-xros -F /Applications/Xcode-15.0.0-Beta.2.app/Contents/Developer/Platforms/XROS.platform/Developer/Library/Frameworks -F /Applications/Xcode-15.0.0-Beta.2.app/Contents/Developer/Platforms/XROS.platform/Developer/SDKs/XROS1.0.sdk/Developer/Library/Frameworks -no-color-diagnostics -enable-testing -g -module-cache-path /Users/builder/builds/TDmZkXJm/3/finestructure/swiftpackageindex-builder/spi-builder-workspace/.derivedData/ModuleCache.noindex -swift-version 5 -enforce-exclusivity\=checked -Onone -D SWIFT_PACKAGE -D DEBUG -D Xcode -serialize-debugging-options -const-gather-protocols-file /Users/builder/builds/TDmZkXJm/3/finestructure/swiftpackageindex-builder/spi-builder-workspace/.derivedData/Build/Intermediates.noindex/MOCloner.build/Debug-xros/MOClonerTests.build/Objects-normal/arm64/MOClonerTests_const_extract_protocols.json -empty-abi-descriptor -plugin-path /Applications/Xcode-15.0.0-Beta.2.app/Contents/Developer/Toolchains/XcodeDefault.xctoolchain/usr/lib/swift/host/plugins -plugin-path /Applications/Xcode-15.0.0-Beta.2.app/Contents/Developer/Toolchains/XcodeDefault.xctoolchain/usr/local/lib/swift/host/plugins -validate-clang-modules-once -clang-build-session-file /Users/builder/builds/TDmZkXJm/3/finestructure/swiftpackageindex-builder/spi-builder-workspace/.derivedData/ModuleCache.noindex/Session.modulevalidation -Xcc -working-directory -Xcc /Users/builder/builds/TDmZkXJm/3/finestructure/swiftpackageindex-builder/spi-builder-workspace -resource-dir /Applications/Xcode-15.0.0-Beta.2.app/Contents/Developer/Toolchains/XcodeDefault.xctoolchain/usr/lib/swift -enable-anonymous-context-mangled-names -Xcc -ivfsstatcache -Xcc /Users/builder/builds/TDmZkXJm/3/finestructure/swiftpackageindex-builder/spi-builder-workspace/.derivedData/SDKStatCaches.noindex/xros1.0-21N5165f-50a81fd5751d5bee8ff6d6ea12214339.sdkstatcache -Xcc -I/Users/builder/builds/TDmZkXJm/3/finestructure/swiftpackageindex-builder/spi-builder-workspace/.derivedData/Build/Products/Debug-xros/include -Xcc -I/Users/builder/builds/TDmZkXJm/3/finestructure/swiftpackageindex-builder/spi-builder-workspace/.derivedData/Build/Intermediates.noindex/MOCloner.build/Debug-xros/MOClonerTests.build/DerivedSources-normal/arm64 -Xcc -I/Users/builder/builds/TDmZkXJm/3/finestructure/swiftpackageindex-builder/spi-builder-workspace/.derivedData/Build/Intermediates.noindex/MOCloner.build/Debug-xros/MOClonerTests.build/DerivedSources/arm64 -Xcc -I/Users/builder/builds/TDmZkXJm/3/finestructure/swiftpackageindex-builder/spi-builder-workspace/.derivedData/Build/Intermediates.noindex/MOCloner.build/Debug-xros/MOClonerTests.build/DerivedSources -Xcc -DSWIFT_PACKAGE -Xcc -DDEBUG\=1 -module-name MOClonerTests -disable-clang-spi -target-sdk-version 1.0 -target-sdk-name xros1.0 -emit-module-doc-path /Users/builder/builds/TDmZkXJm/3/finestructure/swiftpackageindex-builder/spi-builder-workspace/.derivedData/Build/Intermediates.noindex/MOCloner.build/Debug-xros/MOClonerTests.build/Objects-normal/arm64/MOClonerTests.swiftdoc -emit-module-source-info-path /Users/builder/builds/TDmZkXJm/3/finestructure/swiftpackageindex-builder/spi-builder-workspace/.derivedData/Build/Intermediates.noindex/MOCloner.build/Debug-xros/MOClonerTests.build/Objects-normal/arm64/MOClonerTests.swiftsourceinfo -serialize-diagnostics-path /Users/builder/builds/TDmZkXJm/3/finestructure/swiftpackageindex-builder/spi-builder-workspace/.derivedData/Build/Intermediates.noindex/MOCloner.build/Debug-xros/MOClonerTests.build/Objects-normal/arm64/MOClonerTests-master-emit-module.dia -emit-dependencies-path /Users/builder/builds/TDmZkXJm/3/finestructure/swiftpackageindex-builder/spi-builder-workspace/.derivedData/Build/Intermediates.noindex/MOCloner.build/Debug-xros/MOClonerTests.build/Objects-normal/arm64/MOClonerTests-master-emit-module.d -o /Users/builder/builds/TDmZkXJm/3/finestructure/swiftpackageindex-builder/spi-builder-workspace/.derivedData/Build/Intermediates.noindex/MOCloner.build/Debug-xros/MOClonerTests.build/Objects-normal/arm64/MOClonerTests.swiftmodule -emit-abi-descriptor-path /Users/builder/builds/TDmZkXJm/3/finestructure/swiftpackageindex-builder/spi-builder-workspace/.derivedData/Build/Intermediates.noindex/MOCloner.build/Debug-xros/MOClonerTests.build/Objects-normal/arm64/MOClonerTests.abi.json
/Users/builder/builds/TDmZkXJm/3/finestructure/swiftpackageindex-builder/spi-builder-workspace/Tests/MOClonerTests/MOClonterTestExtension.swift:119:11: error: cannot find type 'NSManagedObjectContext' in scope
extension NSManagedObjectContext {
          ^~~~~~~~~~~~~~~~~~~~~~
/Users/builder/builds/TDmZkXJm/3/finestructure/swiftpackageindex-builder/spi-builder-workspace/Tests/MOClonerTests/MOClonterTestExtension.swift:17:20: error: cannot find type 'NSPersistentContainer' in scope
    var container: NSPersistentContainer {
                   ^~~~~~~~~~~~~~~~~~~~~
/Users/builder/builds/TDmZkXJm/3/finestructure/swiftpackageindex-builder/spi-builder-workspace/Tests/MOClonerTests/MOClonterTestExtension.swift:40:27: error: cannot find type 'NSManagedObjectContext' in scope
    func newNote(context: NSManagedObjectContext) -> Note {
                          ^~~~~~~~~~~~~~~~~~~~~~
/Users/builder/builds/TDmZkXJm/3/finestructure/swiftpackageindex-builder/spi-builder-workspace/Tests/MOClonerTests/MOClonterTestExtension.swift:52:29: error: cannot find type 'NSManagedObjectContext' in scope
    func notesCount(context:NSManagedObjectContext) -> Int{
                            ^~~~~~~~~~~~~~~~~~~~~~
/Users/builder/builds/TDmZkXJm/3/finestructure/swiftpackageindex-builder/spi-builder-workspace/Tests/MOClonerTests/MOClonterTestExtension.swift:63:29: error: cannot find type 'NSManagedObjectContext' in scope
    func itemsCount(context:NSManagedObjectContext) -> Int {
                            ^~~~~~~~~~~~~~~~~~~~~~
/Users/builder/builds/TDmZkXJm/3/finestructure/swiftpackageindex-builder/spi-builder-workspace/Tests/MOClonerTests/MOClonterTestExtension.swift:74:40: error: cannot find type 'NSManagedObjectContext' in scope
    func noteDescriptionsCount(context:NSManagedObjectContext) -> Int {
                                       ^~~~~~~~~~~~~~~~~~~~~~
/Users/builder/builds/TDmZkXJm/3/finestructure/swiftpackageindex-builder/spi-builder-workspace/Tests/MOClonerTests/MOClonterTestExtension.swift:85:33: error: cannot find type 'NSManagedObjectContext' in scope
    func toOneTagsCount(context:NSManagedObjectContext) -> Int {
                                ^~~~~~~~~~~~~~~~~~~~~~
/Users/builder/builds/TDmZkXJm/3/finestructure/swiftpackageindex-builder/spi-builder-workspace/Tests/MOClonerTests/MOClonterTestExtension.swift:96:34: error: cannot find type 'NSManagedObjectContext' in scope
    func toManyTagsCount(context:NSManagedObjectContext) -> Int {
                                 ^~~~~~~~~~~~~~~~~~~~~~
/Users/builder/builds/TDmZkXJm/3/finestructure/swiftpackageindex-builder/spi-builder-workspace/Tests/MOClonerTests/MOClonterTestExtension.swift:107:29: error: cannot find type 'NSManagedObjectContext' in scope
    func memosCount(context:NSManagedObjectContext) -> Int {
                            ^~~~~~~~~~~~~~~~~~~~~~

SwiftCompile normal arm64 Compiling\ ToManyTag+CoreDataClass.swift /Users/builder/builds/TDmZkXJm/3/finestructure/swiftpackageindex-builder/spi-builder-workspace/.derivedData/Build/Intermediates.noindex/MOCloner.build/Debug-xros/MOClonerTests.build/DerivedSources/CoreDataGenerated/Model/ToManyTag+CoreDataClass.swift (in target 'MOClonerTests' from project 'MOCloner')
    cd /Users/builder/builds/TDmZkXJm/3/finestructure/swiftpackageindex-builder/spi-builder-workspace
    builtin-swiftTaskExecution -- /Applications/Xcode-15.0.0-Beta.2.app/Contents/Developer/Toolchains/XcodeDefault.xctoolchain/usr/bin/swift-frontend -frontend -c /Users/builder/builds/TDmZkXJm/3/finestructure/swiftpackageindex-builder/spi-builder-workspace/.derivedData/Build/Intermediates.noindex/MOCloner.build/Debug-xros/MOClonerTests.build/DerivedSources/resource_bundle_accessor.swift /Users/builder/builds/TDmZkXJm/3/finestructure/swiftpackageindex-builder/spi-builder-workspace/Tests/MOClonerTests/MOClonerTests.swift /Users/builder/builds/TDmZkXJm/3/finestructure/swiftpackageindex-builder/spi-builder-workspace/Tests/MOClonerTests/MOClonterTestExtension.swift /Users/builder/builds/TDmZkXJm/3/finestructure/swiftpackageindex-builder/spi-builder-workspace/.derivedData/Build/Intermediates.noindex/MOCloner.build/Debug-xros/MOClonerTests.build/DerivedSources/CoreDataGenerated/Model/Item+CoreDataClass.swift /Users/builder/builds/TDmZkXJm/3/finestructure/swiftpackageindex-builder/spi-builder-workspace/.derivedData/Build/Intermediates.noindex/MOCloner.build/Debug-xros/MOClonerTests.build/DerivedSources/CoreDataGenerated/Model/Item+CoreDataProperties.swift /Users/builder/builds/TDmZkXJm/3/finestructure/swiftpackageindex-builder/spi-builder-workspace/.derivedData/Build/Intermediates.noindex/MOCloner.build/Debug-xros/MOClonerTests.build/DerivedSources/CoreDataGenerated/Model/Memo+CoreDataClass.swift /Users/builder/builds/TDmZkXJm/3/finestructure/swiftpackageindex-builder/spi-builder-workspace/.derivedData/Build/Intermediates.noindex/MOCloner.build/Debug-xros/MOClonerTests.build/DerivedSources/CoreDataGenerated/Model/Memo+CoreDataProperties.swift /Users/builder/builds/TDmZkXJm/3/finestructure/swiftpackageindex-builder/spi-builder-workspace/.derivedData/Build/Intermediates.noindex/MOCloner.build/Debug-xros/MOClonerTests.build/DerivedSources/CoreDataGenerated/Model/Note+CoreDataClass.swift /Users/builder/builds/TDmZkXJm/3/finestructure/swiftpackageindex-builder/spi-builder-workspace/.derivedData/Build/Intermediates.noindex/MOCloner.build/Debug-xros/MOClonerTests.build/DerivedSources/CoreDataGenerated/Model/Note+CoreDataProperties.swift /Users/builder/builds/TDmZkXJm/3/finestructure/swiftpackageindex-builder/spi-builder-workspace/.derivedData/Build/Intermediates.noindex/MOCloner.build/Debug-xros/MOClonerTests.build/DerivedSources/CoreDataGenerated/Model/NoteDescription+CoreDataClass.swift /Users/builder/builds/TDmZkXJm/3/finestructure/swiftpackageindex-builder/spi-builder-workspace/.derivedData/Build/Intermediates.noindex/MOCloner.build/Debug-xros/MOClonerTests.build/DerivedSources/CoreDataGenerated/Model/NoteDescription+CoreDataProperties.swift -primary-file /Users/builder/builds/TDmZkXJm/3/finestructure/swiftpackageindex-builder/spi-builder-workspace/.derivedData/Build/Intermediates.noindex/MOCloner.build/Debug-xros/MOClonerTests.build/DerivedSources/CoreDataGenerated/Model/ToManyTag+CoreDataClass.swift /Users/builder/builds/TDmZkXJm/3/finestructure/swiftpackageindex-builder/spi-builder-workspace/.derivedData/Build/Intermediates.noindex/MOCloner.build/Debug-xros/MOClonerTests.build/DerivedSources/CoreDataGenerated/Model/ToManyTag+CoreDataProperties.swift /Users/builder/builds/TDmZkXJm/3/finestructure/swiftpackageindex-builder/spi-builder-workspace/.derivedData/Build/Intermediates.noindex/MOCloner.build/Debug-xros/MOClonerTests.build/DerivedSources/CoreDataGenerated/Model/ToOneTag+CoreDataClass.swift /Users/builder/builds/TDmZkXJm/3/finestructure/swiftpackageindex-builder/spi-builder-workspace/.derivedData/Build/Intermediates.noindex/MOCloner.build/Debug-xros/MOClonerTests.build/DerivedSources/CoreDataGenerated/Model/ToOneTag+CoreDataProperties.swift /Users/builder/builds/TDmZkXJm/3/finestructure/swiftpackageindex-builder/spi-builder-workspace/.derivedData/Build/Intermediates.noindex/MOCloner.build/Debug-xros/MOClonerTests.build/DerivedSources/CoreDataGenerated/Model/Model+CoreDataModel.swift -emit-dependencies-path /Users/builder/builds/TDmZkXJm/3/finestructure/swiftpackageindex-builder/spi-builder-workspace/.derivedData/Build/Intermediates.noindex/MOCloner.build/Debug-xros/MOClonerTests.build/Objects-normal/arm64/ToManyTag+CoreDataClass.d -emit-const-values-path /Users/builder/builds/TDmZkXJm/3/finestructure/swiftpackageindex-builder/spi-builder-workspace/.derivedData/Build/Intermediates.noindex/MOCloner.build/Debug-xros/MOClonerTests.build/Objects-normal/arm64/ToManyTag+CoreDataClass.swiftconstvalues -emit-reference-dependencies-path /Users/builder/builds/TDmZkXJm/3/finestructure/swiftpackageindex-builder/spi-builder-workspace/.derivedData/Build/Intermediates.noindex/MOCloner.build/Debug-xros/MOClonerTests.build/Objects-normal/arm64/ToManyTag+CoreDataClass.swiftdeps -serialize-diagnostics-path /Users/builder/builds/TDmZkXJm/3/finestructure/swiftpackageindex-builder/spi-builder-workspace/.derivedData/Build/Intermediates.noindex/MOCloner.build/Debug-xros/MOClonerTests.build/Objects-normal/arm64/ToManyTag+CoreDataClass.dia -target arm64-apple-xros1.0 -Xllvm -aarch64-use-tbi -enable-objc-interop -stack-check -sdk /Applications/Xcode-15.0.0-Beta.2.app/Contents/Developer/Platforms/XROS.platform/Developer/SDKs/XROS1.0.sdk -I /Users/builder/builds/TDmZkXJm/3/finestructure/swiftpackageindex-builder/spi-builder-workspace/.derivedData/Build/Products/Debug-xros -I /Applications/Xcode-15.0.0-Beta.2.app/Contents/Developer/Platforms/XROS.platform/Developer/usr/lib -F /Users/builder/builds/TDmZkXJm/3/finestructure/swiftpackageindex-builder/spi-builder-workspace/.derivedData/Build/Products/Debug-xros/PackageFrameworks -F /Users/builder/builds/TDmZkXJm/3/finestructure/swiftpackageindex-builder/spi-builder-workspace/.derivedData/Build/Products/Debug-xros -F /Applications/Xcode-15.0.0-Beta.2.app/Contents/Developer/Platforms/XROS.platform/Developer/Library/Frameworks -F /Applications/Xcode-15.0.0-Beta.2.app/Contents/Developer/Platforms/XROS.platform/Developer/SDKs/XROS1.0.sdk/Developer/Library/Frameworks -no-color-diagnostics -enable-testing -g -module-cache-path /Users/builder/builds/TDmZkXJm/3/finestructure/swiftpackageindex-builder/spi-builder-workspace/.derivedData/ModuleCache.noindex -swift-version 5 -enforce-exclusivity\=checked -Onone -D SWIFT_PACKAGE -D DEBUG -D Xcode -serialize-debugging-options -const-gather-protocols-file /Users/builder/builds/TDmZkXJm/3/finestructure/swiftpackageindex-builder/spi-builder-workspace/.derivedData/Build/Intermediates.noindex/MOCloner.build/Debug-xros/MOClonerTests.build/Objects-normal/arm64/MOClonerTests_const_extract_protocols.json -empty-abi-descriptor -plugin-path /Applications/Xcode-15.0.0-Beta.2.app/Contents/Developer/Toolchains/XcodeDefault.xctoolchain/usr/lib/swift/host/plugins -plugin-path /Applications/Xcode-15.0.0-Beta.2.app/Contents/Developer/Toolchains/XcodeDefault.xctoolchain/usr/local/lib/swift/host/plugins -validate-clang-modules-once -clang-build-session-file /Users/builder/builds/TDmZkXJm/3/finestructure/swiftpackageindex-builder/spi-builder-workspace/.derivedData/ModuleCache.noindex/Session.modulevalidation -Xcc -working-directory -Xcc /Users/builder/builds/TDmZkXJm/3/finestructure/swiftpackageindex-builder/spi-builder-workspace -resource-dir /Applications/Xcode-15.0.0-Beta.2.app/Contents/Developer/Toolchains/XcodeDefault.xctoolchain/usr/lib/swift -enable-anonymous-context-mangled-names -Xcc -ivfsstatcache -Xcc /Users/builder/builds/TDmZkXJm/3/finestructure/swiftpackageindex-builder/spi-builder-workspace/.derivedData/SDKStatCaches.noindex/xros1.0-21N5165f-50a81fd5751d5bee8ff6d6ea12214339.sdkstatcache -Xcc -I/Users/builder/builds/TDmZkXJm/3/finestructure/swiftpackageindex-builder/spi-builder-workspace/.derivedData/Build/Products/Debug-xros/include -Xcc -I/Users/builder/builds/TDmZkXJm/3/finestructure/swiftpackageindex-builder/spi-builder-workspace/.derivedData/Build/Intermediates.noindex/MOCloner.build/Debug-xros/MOClonerTests.build/DerivedSources-normal/arm64 -Xcc -I/Users/builder/builds/TDmZkXJm/3/finestructure/swiftpackageindex-builder/spi-builder-workspace/.derivedData/Build/Intermediates.noindex/MOCloner.build/Debug-xros/MOClonerTests.build/DerivedSources/arm64 -Xcc -I/Users/builder/builds/TDmZkXJm/3/finestructure/swiftpackageindex-builder/spi-builder-workspace/.derivedData/Build/Intermediates.noindex/MOCloner.build/Debug-xros/MOClonerTests.build/DerivedSources -Xcc -DSWIFT_PACKAGE -Xcc -DDEBUG\=1 -module-name MOClonerTests -frontend-parseable-output -disable-clang-spi -target-sdk-version 1.0 -target-sdk-name xros1.0 -o /Users/builder/builds/TDmZkXJm/3/finestructure/swiftpackageindex-builder/spi-builder-workspace/.derivedData/Build/Intermediates.noindex/MOCloner.build/Debug-xros/MOClonerTests.build/Objects-normal/arm64/ToManyTag+CoreDataClass.o -index-unit-output-path /MOCloner.build/Debug-xros/MOClonerTests.build/Objects-normal/arm64/ToManyTag+CoreDataClass.o -index-store-path /Users/builder/builds/TDmZkXJm/3/finestructure/swiftpackageindex-builder/spi-builder-workspace/.derivedData/Index.noindex/DataStore -index-system-modules
SwiftCompile normal arm64 /Users/builder/builds/TDmZkXJm/3/finestructure/swiftpackageindex-builder/spi-builder-workspace/.derivedData/Build/Intermediates.noindex/MOCloner.build/Debug-xros/MOClonerTests.build/DerivedSources/CoreDataGenerated/Model/ToManyTag+CoreDataClass.swift (in target 'MOClonerTests' from project 'MOCloner')
    cd /Users/builder/builds/TDmZkXJm/3/finestructure/swiftpackageindex-builder/spi-builder-workspace
    /Applications/Xcode-15.0.0-Beta.2.app/Contents/Developer/Toolchains/XcodeDefault.xctoolchain/usr/bin/swift-frontend -c /Users/builder/builds/TDmZkXJm/3/finestructure/swiftpackageindex-builder/spi-builder-workspace/.derivedData/Build/Intermediates.noindex/MOCloner.build/Debug-xros/MOClonerTests.build/DerivedSources/resource_bundle_accessor.swift /Users/builder/builds/TDmZkXJm/3/finestructure/swiftpackageindex-builder/spi-builder-workspace/Tests/MOClonerTests/MOClonerTests.swift /Users/builder/builds/TDmZkXJm/3/finestructure/swiftpackageindex-builder/spi-builder-workspace/Tests/MOClonerTests/MOClonterTestExtension.swift /Users/builder/builds/TDmZkXJm/3/finestructure/swiftpackageindex-builder/spi-builder-workspace/.derivedData/Build/Intermediates.noindex/MOCloner.build/Debug-xros/MOClonerTests.build/DerivedSources/CoreDataGenerated/Model/Item+CoreDataClass.swift /Users/builder/builds/TDmZkXJm/3/finestructure/swiftpackageindex-builder/spi-builder-workspace/.derivedData/Build/Intermediates.noindex/MOCloner.build/Debug-xros/MOClonerTests.build/DerivedSources/CoreDataGenerated/Model/Item+CoreDataProperties.swift /Users/builder/builds/TDmZkXJm/3/finestructure/swiftpackageindex-builder/spi-builder-workspace/.derivedData/Build/Intermediates.noindex/MOCloner.build/Debug-xros/MOClonerTests.build/DerivedSources/CoreDataGenerated/Model/Memo+CoreDataClass.swift /Users/builder/builds/TDmZkXJm/3/finestructure/swiftpackageindex-builder/spi-builder-workspace/.derivedData/Build/Intermediates.noindex/MOCloner.build/Debug-xros/MOClonerTests.build/DerivedSources/CoreDataGenerated/Model/Memo+CoreDataProperties.swift /Users/builder/builds/TDmZkXJm/3/finestructure/swiftpackageindex-builder/spi-builder-workspace/.derivedData/Build/Intermediates.noindex/MOCloner.build/Debug-xros/MOClonerTests.build/DerivedSources/CoreDataGenerated/Model/Note+CoreDataClass.swift /Users/builder/builds/TDmZkXJm/3/finestructure/swiftpackageindex-builder/spi-builder-workspace/.derivedData/Build/Intermediates.noindex/MOCloner.build/Debug-xros/MOClonerTests.build/DerivedSources/CoreDataGenerated/Model/Note+CoreDataProperties.swift /Users/builder/builds/TDmZkXJm/3/finestructure/swiftpackageindex-builder/spi-builder-workspace/.derivedData/Build/Intermediates.noindex/MOCloner.build/Debug-xros/MOClonerTests.build/DerivedSources/CoreDataGenerated/Model/NoteDescription+CoreDataClass.swift /Users/builder/builds/TDmZkXJm/3/finestructure/swiftpackageindex-builder/spi-builder-workspace/.derivedData/Build/Intermediates.noindex/MOCloner.build/Debug-xros/MOClonerTests.build/DerivedSources/CoreDataGenerated/Model/NoteDescription+CoreDataProperties.swift -primary-file /Users/builder/builds/TDmZkXJm/3/finestructure/swiftpackageindex-builder/spi-builder-workspace/.derivedData/Build/Intermediates.noindex/MOCloner.build/Debug-xros/MOClonerTests.build/DerivedSources/CoreDataGenerated/Model/ToManyTag+CoreDataClass.swift /Users/builder/builds/TDmZkXJm/3/finestructure/swiftpackageindex-builder/spi-builder-workspace/.derivedData/Build/Intermediates.noindex/MOCloner.build/Debug-xros/MOClonerTests.build/DerivedSources/CoreDataGenerated/Model/ToManyTag+CoreDataProperties.swift /Users/builder/builds/TDmZkXJm/3/finestructure/swiftpackageindex-builder/spi-builder-workspace/.derivedData/Build/Intermediates.noindex/MOCloner.build/Debug-xros/MOClonerTests.build/DerivedSources/CoreDataGenerated/Model/ToOneTag+CoreDataClass.swift /Users/builder/builds/TDmZkXJm/3/finestructure/swiftpackageindex-builder/spi-builder-workspace/.derivedData/Build/Intermediates.noindex/MOCloner.build/Debug-xros/MOClonerTests.build/DerivedSources/CoreDataGenerated/Model/ToOneTag+CoreDataProperties.swift /Users/builder/builds/TDmZkXJm/3/finestructure/swiftpackageindex-builder/spi-builder-workspace/.derivedData/Build/Intermediates.noindex/MOCloner.build/Debug-xros/MOClonerTests.build/DerivedSources/CoreDataGenerated/Model/Model+CoreDataModel.swift -emit-dependencies-path /Users/builder/builds/TDmZkXJm/3/finestructure/swiftpackageindex-builder/spi-builder-workspace/.derivedData/Build/Intermediates.noindex/MOCloner.build/Debug-xros/MOClonerTests.build/Objects-normal/arm64/ToManyTag+CoreDataClass.d -emit-const-values-path /Users/builder/builds/TDmZkXJm/3/finestructure/swiftpackageindex-builder/spi-builder-workspace/.derivedData/Build/Intermediates.noindex/MOCloner.build/Debug-xros/MOClonerTests.build/Objects-normal/arm64/ToManyTag+CoreDataClass.swiftconstvalues -emit-reference-dependencies-path /Users/builder/builds/TDmZkXJm/3/finestructure/swiftpackageindex-builder/spi-builder-workspace/.derivedData/Build/Intermediates.noindex/MOCloner.build/Debug-xros/MOClonerTests.build/Objects-normal/arm64/ToManyTag+CoreDataClass.swiftdeps -serialize-diagnostics-path /Users/builder/builds/TDmZkXJm/3/finestructure/swiftpackageindex-builder/spi-builder-workspace/.derivedData/Build/Intermediates.noindex/MOCloner.build/Debug-xros/MOClonerTests.build/Objects-normal/arm64/ToManyTag+CoreDataClass.dia -target arm64-apple-xros1.0 -Xllvm -aarch64-use-tbi -enable-objc-interop -stack-check -sdk /Applications/Xcode-15.0.0-Beta.2.app/Contents/Developer/Platforms/XROS.platform/Developer/SDKs/XROS1.0.sdk -I /Users/builder/builds/TDmZkXJm/3/finestructure/swiftpackageindex-builder/spi-builder-workspace/.derivedData/Build/Products/Debug-xros -I /Applications/Xcode-15.0.0-Beta.2.app/Contents/Developer/Platforms/XROS.platform/Developer/usr/lib -F /Users/builder/builds/TDmZkXJm/3/finestructure/swiftpackageindex-builder/spi-builder-workspace/.derivedData/Build/Products/Debug-xros/PackageFrameworks -F /Users/builder/builds/TDmZkXJm/3/finestructure/swiftpackageindex-builder/spi-builder-workspace/.derivedData/Build/Products/Debug-xros -F /Applications/Xcode-15.0.0-Beta.2.app/Contents/Developer/Platforms/XROS.platform/Developer/Library/Frameworks -F /Applications/Xcode-15.0.0-Beta.2.app/Contents/Developer/Platforms/XROS.platform/Developer/SDKs/XROS1.0.sdk/Developer/Library/Frameworks -no-color-diagnostics -enable-testing -g -module-cache-path /Users/builder/builds/TDmZkXJm/3/finestructure/swiftpackageindex-builder/spi-builder-workspace/.derivedData/ModuleCache.noindex -swift-version 5 -enforce-exclusivity\=checked -Onone -D SWIFT_PACKAGE -D DEBUG -D Xcode -serialize-debugging-options -const-gather-protocols-file /Users/builder/builds/TDmZkXJm/3/finestructure/swiftpackageindex-builder/spi-builder-workspace/.derivedData/Build/Intermediates.noindex/MOCloner.build/Debug-xros/MOC
lonerTests.build/Objects-normal/arm64/MOClonerTests_const_extract_protocols.json -empty-abi-descriptor -plugin-path /Applications/Xcode-15.0.0-Beta.2.app/Contents/Developer/Toolchains/XcodeDefault.xctoolchain/usr/lib/swift/host/plugins -plugin-path /Applications/Xcode-15.0.0-Beta.2.app/Contents/Developer/Toolchains/XcodeDefault.xctoolchain/usr/local/lib/swift/host/plugins -validate-clang-modules-once -clang-build-session-file /Users/builder/builds/TDmZkXJm/3/finestructure/swiftpackageindex-builder/spi-builder-workspace/.derivedData/ModuleCache.noindex/Session.modulevalidation -Xcc -working-directory -Xcc /Users/builder/builds/TDmZkXJm/3/finestructure/swiftpackageindex-builder/spi-builder-workspace -resource-dir /Applications/Xcode-15.0.0-Beta.2.app/Contents/Developer/Toolchains/XcodeDefault.xctoolchain/usr/lib/swift -enable-anonymous-context-mangled-names -Xcc -ivfsstatcache -Xcc /Users/builder/builds/TDmZkXJm/3/finestructure/swiftpackageindex-builder/spi-builder-workspace/.derivedData/SDKStatCaches.noindex/xros1.0-21N5165f-50a81fd5751d5bee8ff6d6ea12214339.sdkstatcache -Xcc -I/Users/builder/builds/TDmZkXJm/3/finestructure/swiftpackageindex-builder/spi-builder-workspace/.derivedData/Build/Products/Debug-xros/include -Xcc -I/Users/builder/builds/TDmZkXJm/3/finestructure/swiftpackageindex-builder/spi-builder-workspace/.derivedData/Build/Intermediates.noindex/MOCloner.build/Debug-xros/MOClonerTests.build/DerivedSources-normal/arm64 -Xcc -I/Users/builder/builds/TDmZkXJm/3/finestructure/swiftpackageindex-builder/spi-builder-workspace/.derivedData/Build/Intermediates.noindex/MOCloner.build/Debug-xros/MOClonerTests.build/DerivedSources/arm64 -Xcc -I/Users/builder/builds/TDmZkXJm/3/finestructure/swiftpackageindex-builder/spi-builder-workspace/.derivedData/Build/Intermediates.noindex/MOCloner.build/Debug-xros/MOClonerTests.build/DerivedSources -Xcc -DSWIFT_PACKAGE -Xcc -DDEBUG\=1 -module-name MOClonerTests -frontend-parseable-output -disable-clang-spi -target-sdk-version 1.0 -target-sdk-name xros1.0 -o /Users/builder/builds/TDmZkXJm/3/finestructure/swiftpackageindex-builder/spi-builder-workspace/.derivedData/Build/Intermediates.noindex/MOCloner.build/Debug-xros/MOClonerTests.build/Objects-normal/arm64/ToManyTag+CoreDataClass.o -index-unit-output-path /MOCloner.build/Debug-xros/MOClonerTests.build/Objects-normal/arm64/ToManyTag+CoreDataClass.o -index-store-path /Users/builder/builds/TDmZkXJm/3/finestructure/swiftpackageindex-builder/spi-builder-workspace/.derivedData/Index.noindex/DataStore -index-system-modules

SwiftCompile normal arm64 Compiling\ ToOneTag+CoreDataProperties.swift /Users/builder/builds/TDmZkXJm/3/finestructure/swiftpackageindex-builder/spi-builder-workspace/.derivedData/Build/Intermediates.noindex/MOCloner.build/Debug-xros/MOClonerTests.build/DerivedSources/CoreDataGenerated/Model/ToOneTag+CoreDataProperties.swift (in target 'MOClonerTests' from project 'MOCloner')
    cd /Users/builder/builds/TDmZkXJm/3/finestructure/swiftpackageindex-builder/spi-builder-workspace
    builtin-swiftTaskExecution -- /Applications/Xcode-15.0.0-Beta.2.app/Contents/Developer/Toolchains/XcodeDefault.xctoolchain/usr/bin/swift-frontend -frontend -c /Users/builder/builds/TDmZkXJm/3/finestructure/swiftpackageindex-builder/spi-builder-workspace/.derivedData/Build/Intermediates.noindex/MOCloner.build/Debug-xros/MOClonerTests.build/DerivedSources/resource_bundle_accessor.swift /Users/builder/builds/TDmZkXJm/3/finestructure/swiftpackageindex-builder/spi-builder-workspace/Tests/MOClonerTests/MOClonerTests.swift /Users/builder/builds/TDmZkXJm/3/finestructure/swiftpackageindex-builder/spi-builder-workspace/Tests/MOClonerTests/MOClonterTestExtension.swift /Users/builder/builds/TDmZkXJm/3/finestructure/swiftpackageindex-builder/spi-builder-workspace/.derivedData/Build/Intermediates.noindex/MOCloner.build/Debug-xros/MOClonerTests.build/DerivedSources/CoreDataGenerated/Model/Item+CoreDataClass.swift /Users/builder/builds/TDmZkXJm/3/finestructure/swiftpackageindex-builder/spi-builder-workspace/.derivedData/Build/Intermediates.noindex/MOCloner.build/Debug-xros/MOClonerTests.build/DerivedSources/CoreDataGenerated/Model/Item+CoreDataProperties.swift /Users/builder/builds/TDmZkXJm/3/finestructure/swiftpackageindex-builder/spi-builder-workspace/.derivedData/Build/Intermediates.noindex/MOCloner.build/Debug-xros/MOClonerTests.build/DerivedSources/CoreDataGenerated/Model/Memo+CoreDataClass.swift /Users/builder/builds/TDmZkXJm/3/finestructure/swiftpackageindex-builder/spi-builder-workspace/.derivedData/Build/Intermediates.noindex/MOCloner.build/Debug-xros/MOClonerTests.build/DerivedSources/CoreDataGenerated/Model/Memo+CoreDataProperties.swift /Users/builder/builds/TDmZkXJm/3/finestructure/swiftpackageindex-builder/spi-builder-workspace/.derivedData/Build/Intermediates.noindex/MOCloner.build/Debug-xros/MOClonerTests.build/DerivedSources/CoreDataGenerated/Model/Note+CoreDataClass.swift /Users/builder/builds/TDmZkXJm/3/finestructure/swiftpackageindex-builder/spi-builder-workspace/.derivedData/Build/Intermediates.noindex/MOCloner.build/Debug-xros/MOClonerTests.build/DerivedSources/CoreDataGenerated/Model/Note+CoreDataProperties.swift /Users/builder/builds/TDmZkXJm/3/finestructure/swiftpackageindex-builder/spi-builder-workspace/.derivedData/Build/Intermediates.noindex/MOCloner.build/Debug-xros/MOClonerTests.build/DerivedSources/CoreDataGenerated/Model/NoteDescription+CoreDataClass.swift /Users/builder/builds/TDmZkXJm/3/finestructure/swiftpackageindex-builder/spi-builder-workspace/.derivedData/Build/Intermediates.noindex/MOCloner.build/Debug-xros/MOClonerTests.build/DerivedSources/CoreDataGenerated/Model/NoteDescription+CoreDataProperties.swift /Users/builder/builds/TDmZkXJm/3/finestructure/swiftpackageindex-builder/spi-builder-workspace/.derivedData/Build/Intermediates.noindex/MOCloner.build/Debug-xros/MOClonerTests.build/DerivedSources/CoreDataGenerated/Model/ToManyTag+CoreDataClass.swift /Users/builder/builds/TDmZkXJm/3/finestructure/swiftpackageindex-builder/spi-builder-workspace/.derivedData/Build/Intermediates.noindex/MOCloner.build/Debug-xros/MOClonerTests.build/DerivedSources/CoreDataGenerated/Model/ToManyTag+CoreDataProperties.swift /Users/builder/builds/TDmZkXJm/3/finestructure/swiftpackageindex-builder/spi-builder-workspace/.derivedData/Build/Intermediates.noindex/MOCloner.build/Debug-xros/MOClonerTests.build/DerivedSources/CoreDataGenerated/Model/ToOneTag+CoreDataClass.swift -primary-file /Users/builder/builds/TDmZkXJm/3/finestructure/swiftpackageindex-builder/spi-builder-workspace/.derivedData/Build/Intermediates.noindex/MOCloner.build/Debug-xros/MOClonerTests.build/DerivedSources/CoreDataGenerated/Model/ToOneTag+CoreDataProperties.swift /Users/builder/builds/TDmZkXJm/3/finestructure/swiftpackageindex-builder/spi-builder-workspace/.derivedData/Build/Intermediates.noindex/MOCloner.build/Debug-xros/MOClonerTests.build/DerivedSources/CoreDataGenerated/Model/Model+CoreDataModel.swift -emit-dependencies-path /Users/builder/builds/TDmZkXJm/3/finestructure/swiftpackageindex-builder/spi-builder-workspace/.derivedData/Build/Intermediates.noindex/MOCloner.build/Debug-xros/MOClonerTests.build/Objects-normal/arm64/ToOneTag+CoreDataProperties.d -emit-const-values-path /Users/builder/builds/TDmZkXJm/3/finestructure/swiftpackageindex-builder/spi-builder-workspace/.derivedData/Build/Intermediates.noindex/MOCloner.build/Debug-xros/MOClonerTests.build/Objects-normal/arm64/ToOneTag+CoreDataProperties.swiftconstvalues -emit-reference-dependencies-path /Users/builder/builds/TDmZkXJm/3/finestructure/swiftpackageindex-builder/spi-builder-workspace/.derivedData/Build/Intermediates.noindex/MOCloner.build/Debug-xros/MOClonerTests.build/Objects-normal/arm64/ToOneTag+CoreDataProperties.swiftdeps -serialize-diagnostics-path /Users/builder/builds/TDmZkXJm/3/finestructure/swiftpackageindex-builder/spi-builder-workspace/.derivedData/Build/Intermediates.noindex/MOCloner.build/Debug-xros/MOClonerTests.build/Objects-normal/arm64/ToOneTag+CoreDataProperties.dia -target arm64-apple-xros1.0 -Xllvm -aarch64-use-tbi -enable-objc-interop -stack-check -sdk /Applications/Xcode-15.0.0-Beta.2.app/Contents/Developer/Platforms/XROS.platform/Developer/SDKs/XROS1.0.sdk -I /Users/builder/builds/TDmZkXJm/3/finestructure/swiftpackageindex-builder/spi-builder-workspace/.derivedData/Build/Products/Debug-xros -I /Applications/Xcode-15.0.0-Beta.2.app/Contents/Developer/Platforms/XROS.platform/Developer/usr/lib -F /Users/builder/builds/TDmZkXJm/3/finestructure/swiftpackageindex-builder/spi-builder-workspace/.derivedData/Build/Products/Debug-xros/PackageFrameworks -F /Users/builder/builds/TDmZkXJm/3/finestructure/swiftpackageindex-builder/spi-builder-workspace/.derivedData/Build/Products/Debug-xros -F /Applications/Xcode-15.0.0-Beta.2.app/Contents/Developer/Platforms/XROS.platform/Developer/Library/Frameworks -F /Applications/Xcode-15.0.0-Beta.2.app/Contents/Developer/Platforms/XROS.platform/Developer/SDKs/XROS1.0.sdk/Developer/Library/Frameworks -no-color-diagnostics -enable-testing -g -module-cache-path /Users/builder/builds/TDmZkXJm/3/finestructure/swiftpackageindex-builder/spi-builder-workspace/.derivedData/ModuleCache.noindex -swift-version 5 -enforce-exclusivity\=checked -Onone -D SWIFT_PACKAGE -D DEBUG -D Xcode -serialize-debugging-options -const-gather-protocols-file /Users/builder/builds/TDmZkXJm/3/finestructure/swiftpackageindex-builder/spi-builder-workspace/.derivedData/Build/Intermediates.noindex/MOCloner.build/Debug-xros/MOClonerTests.build/Objects-normal/arm64/MOClonerTests_const_extract_protocols.json -empty-abi-descriptor -plugin-path /Applications/Xcode-15.0.0-Beta.2.app/Contents/Developer/Toolchains/XcodeDefault.xctoolchain/usr/lib/swift/host/plugins -plugin-path /Applications/Xcode-15.0.0-Beta.2.app/Contents/Developer/Toolchains/XcodeDefault.xctoolchain/usr/local/lib/swift/host/plugins -validate-clang-modules-once -clang-build-session-file /Users/builder/builds/TDmZkXJm/3/finestructure/swiftpackageindex-builder/spi-builder-workspace/.derivedData/ModuleCache.noindex/Session.modulevalidation -Xcc -working-directory -Xcc /Users/builder/builds/TDmZkXJm/3/finestructure/swiftpackageindex-builder/spi-builder-workspace -resource-dir /Applications/Xcode-15.0.0-Beta.2.app/Contents/Developer/Toolchains/XcodeDefault.xctoolchain/usr/lib/swift -enable-anonymous-context-mangled-names -Xcc -ivfsstatcache -Xcc /Users/builder/builds/TDmZkXJm/3/finestructure/swiftpackageindex-builder/spi-builder-workspace/.derivedData/SDKStatCaches.noindex/xros1.0-21N5165f-50a81fd5751d5bee8ff6d6ea12214339.sdkstatcache -Xcc -I/Users/builder/builds/TDmZkXJm/3/finestructure/swiftpackageindex-builder/spi-builder-workspace/.derivedData/Build/Products/Debug-xros/include -Xcc -I/Users/builder/builds/TDmZkXJm/3/finestructure/swiftpackageindex-builder/spi-builder-workspace/.derivedData/Build/Intermediates.noindex/MOCloner.build/Debug-xros/MOClonerTests.build/DerivedSources-normal/arm64 -Xcc -I/Users/builder/builds/TDmZkXJm/3/finestructure/swiftpackageindex-builder/spi-builder-workspace/.derivedData/Build/Intermediates.noindex/MOCloner.build/Debug-xros/MOClonerTests.build/DerivedSources/arm64 -Xcc -I/Users/builder/builds/TDmZkXJm/3/finestructure/swiftpackageindex-builder/spi-builder-workspace/.derivedData/Build/Intermediates.noindex/MOCloner.build/Debug-xros/MOClonerTests.build/DerivedSources -Xcc -DSWIFT_PACKAGE -Xcc -DDEBUG\=1 -module-name MOClonerTests -frontend-parseable-output -disable-clang-spi -target-sdk-version 1.0 -target-sdk-name xros1.0 -o /Users/builder/builds/TDmZkXJm/3/finestructure/swiftpackageindex-builder/spi-builder-workspace/.derivedData/Build/Intermediates.noindex/MOCloner.build/Debug-xros/MOClonerTests.build/Objects-normal/arm64/ToOneTag+CoreDataProperties.o -index-unit-output-path /MOCloner.build/Debug-xros/MOClonerTests.build/Objects-normal/arm64/ToOneTag+CoreDataProperties.o -index-store-path /Users/builder/builds/TDmZkXJm/3/finestructure/swiftpackageindex-builder/spi-builder-workspace/.derivedData/Index.noindex/DataStore -index-system-modules
SwiftCompile normal arm64 /Users/builder/builds/TDmZkXJm/3/finestructure/swiftpackageindex-builder/spi-builder-workspace/.derivedData/Build/Intermediates.noindex/MOCloner.build/Debug-xros/MOClonerTests.build/DerivedSources/CoreDataGenerated/Model/ToOneTag+CoreDataProperties.swift (in target 'MOClonerTests' from project 'MOCloner')
    cd /Users/builder/builds/TDmZkXJm/3/finestructure/swiftpackageindex-builder/spi-builder-workspace
    /Applications/Xcode-15.0.0-Beta.2.app/Contents/Developer/Toolchains/XcodeDefault.xctoolchain/usr/bin/swift-frontend -c /Users/builder/builds/TDmZkXJm/3/finestructure/swiftpackageindex-builder/spi-builder-workspace/.derivedData/Build/Intermediates.noindex/MOCloner.build/Debug-xros/MOClonerTests.build/DerivedSources/resource_bundle_accessor.swift /Users/builder/builds/TDmZkXJm/3/finestructure/swiftpackageindex-builder/spi-builder-workspace/Tests/MOClonerTests/MOClonerTests.swift /Users/builder/builds/TDmZkXJm/3/finestructure/swiftpackageindex-builder/spi-builder-workspace/Tests/MOClonerTests/MOClonterTestExtension.swift /Users/builder/builds/TDmZkXJm/3/finestructure/swiftpackageindex-builder/spi-builder-workspace/.derivedData/Build/Intermediates.noindex/MOCloner.build/Debug-xros/MOClonerTests.build/DerivedSources/CoreDataGenerated/Model/Item+CoreDataClass.swift /Users/builder/builds/TDmZkXJm/3/finestructure/swiftpackageindex-builder/spi-builder-workspace/.derivedData/Build/Intermediates.noindex/MOCloner.build/Debug-xros/MOClonerTests.build/DerivedSources/CoreDataGenerated/Model/Item+CoreDataProperties.swift /Users/builder/builds/TDmZkXJm/3/finestructure/swiftpackageindex-builder/spi-builder-workspace/.derivedData/Build/Intermediates.noindex/MOCloner.build/Debug-xros/MOClonerTests.build/DerivedSources/CoreDataGenerated/Model/Memo+CoreDataClass.swift /Users/builder/builds/TDmZkXJm/3/finestructure/swiftpackageindex-builder/spi-builder-workspace/.derivedData/Build/Intermediates.noindex/MOCloner.build/Debug-xros/MOClonerTests.build/DerivedSources/CoreDataGenerated/Model/Memo+CoreDataProperties.swift /Users/builder/builds/TDmZkXJm/3/finestructure/swiftpackageindex-builder/spi-builder-workspace/.derivedData/Build/Intermediates.noindex/MOCloner.build/Debug-xros/MOClonerTests.build/DerivedSources/CoreDataGenerated/Model/Note+CoreDataClass.swift /Users/builder/builds/TDmZkXJm/3/finestructure/swiftpackageindex-builder/spi-builder-workspace/.derivedData/Build/Intermediates.noindex/MOCloner.build/Debug-xros/MOClonerTests.build/DerivedSources/CoreDataGenerated/Model/Note+CoreDataProperties.swift /Users/builder/builds/TDmZkXJm/3/finestructure/swiftpackageindex-builder/spi-builder-workspace/.derivedData/Build/Intermediates.noindex/MOCloner.build/Debug-xros/MOClonerTests.build/DerivedSources/CoreDataGenerated/Model/NoteDescription+CoreDataClass.swift /Users/builder/builds/TDmZkXJm/3/finestructure/swiftpackageindex-builder/spi-builder-workspace/.derivedData/Build/Intermediates.noindex/MOCloner.build/Debug-xros/MOClonerTests.build/DerivedSources/CoreDataGenerated/Model/NoteDescription+CoreDataProperties.swift /Users/builder/builds/TDmZkXJm/3/finestructure/swiftpackageindex-builder/spi-builder-workspace/.derivedData/Build/Intermediates.noindex/MOCloner.build/Debug-xros/MOClonerTests.build/DerivedSources/CoreDataGenerated/Model/ToManyTag+CoreDataClass.swift /Users/builder/builds/TDmZkXJm/3/finestructure/swiftpackageindex-builder/spi-builder-workspace/.derivedData/Build/Intermediates.noindex/MOCloner.build/Debug-xros/MOClonerTests.build/DerivedSources/CoreDataGenerated/Model/ToManyTag+CoreDataProperties.swift /Users/builder/builds/TDmZkXJm/3/finestructure/swiftpackageindex-builder/spi-builder-workspace/.derivedData/Build/Intermediates.noindex/MOCloner.build/Debug-xros/MOClonerTests.build/DerivedSources/CoreDataGenerated/Model/ToOneTag+CoreDataClass.swift -primary-file /Users/builder/builds/TDmZkXJm/3/finestructure/swiftpackageindex-builder/spi-builder-workspace/.derivedData/Build/Intermediates.noindex/MOCloner.build/Debug-xros/MOClonerTests.build/DerivedSources/CoreDataGenerated/Model/ToOneTag+CoreDataProperties.swift /Users/builder/builds/TDmZkXJm/3/finestructure/swiftpackageindex-builder/spi-builder-workspace/.derivedData/Build/Intermediates.noindex/MOCloner.build/Debug-xros/MOClonerTests.build/DerivedSources/CoreDataGenerated/Model/Model+CoreDataModel.swift -emit-dependencies-path /Users/builder/builds/TDmZkXJm/3/finestructure/swiftpackageindex-builder/spi-builder-workspace/.derivedData/Build/Intermediates.noindex/MOCloner.build/Debug-xros/MOClonerTests.build/Objects-normal/arm64/ToOneTag+CoreDataProperties.d -emit-const-values-path /Users/builder/builds/TDmZkXJm/3/finestructure/swiftpackageindex-builder/spi-builder-workspace/.derivedData/Build/Intermediates.noindex/MOCloner.build/Debug-xros/MOClonerTests.build/Objects-normal/arm64/ToOneTag+CoreDataProperties.swiftconstvalues -emit-reference-dependencies-path /Users/builder/builds/TDmZkXJm/3/finestructure/swiftpackageindex-builder/spi-builder-workspace/.derivedData/Build/Intermediates.noindex/MOCloner.build/Debug-xros/MOClonerTests.build/Objects-normal/arm64/ToOneTag+CoreDataProperties.swiftdeps -serialize-diagnostics-path /Users/builder/builds/TDmZkXJm/3/finestructure/swiftpackageindex-builder/spi-builder-workspace/.derivedData/Build/Intermediates.noindex/MOCloner.build/Debug-xros/MOClonerTests.build/Objects-normal/arm64/ToOneTag+CoreDataProperties.dia -target arm64-apple-xros1.0 -Xllvm -aarch64-use-tbi -enable-objc-interop -stack-check -sdk /Applications/Xcode-15.0.0-Beta.2.app/Contents/Developer/Platforms/XROS.platform/Developer/SDKs/XROS1.0.sdk -I /Users/builder/builds/TDmZkXJm/3/finestructure/swiftpackageindex-builder/spi-builder-workspace/.derivedData/Build/Products/Debug-xros -I /Applications/Xcode-15.0.0-Beta.2.app/Contents/Developer/Platforms/XROS.platform/Developer/usr/lib -F /Users/builder/builds/TDmZkXJm/3/finestructure/swiftpackageindex-builder/spi-builder-workspace/.derivedData/Build/Products/Debug-xros/PackageFrameworks -F /Users/builder/builds/TDmZkXJm/3/finestructure/swiftpackageindex-builder/spi-builder-workspace/.derivedData/Build/Products/Debug-xros -F /Applications/Xcode-15.0.0-Beta.2.app/Contents/Developer/Platforms/XROS.platform/Developer/Library/Frameworks -F /Applications/Xcode-15.0.0-Beta.2.app/Contents/Developer/Platforms/XROS.platform/Developer/SDKs/XROS1.0.sdk/Developer/Library/Frameworks -no-color-diagnostics -enable-testing -g -module-cache-path /Users/builder/builds/TDmZkXJm/3/finestructure/swiftpackageindex-builder/spi-builder-workspace/.derivedData/ModuleCache.noindex -swift-version 5 -enforce-exclusivity\=checked -Onone -D SWIFT_PACKAGE -D DEBUG -D Xcode -serialize-debugging-options -const-gather-protocols-file /Users/builder/builds/TDmZkXJm/3/finestructure/swiftpackageindex-builder/spi-builder-workspace/.derivedData/Build/Intermediates.noindex/MOCloner.build/Debug-xros/MOClonerTests.build/Objects-normal/arm64/MOClonerTests_const_extract_protocols.json -empty-abi-descriptor -plugin-path /Applications/Xcode-15.0.0-Beta.2.app/Contents/Developer/Toolchains/XcodeDefault.xctoolchain/usr/lib/swift/host/plugins -plugin-path /Applications/Xcode-15.0.0-Beta.2.app/Contents/Developer/Toolchains/XcodeDefault.xctoolchain/usr/local/lib/swift/host/plugins -validate-clang-modules-once -clang-build-session-file /Users/builder/builds/TDmZkXJm/3/finestructure/swiftpackageindex-builder/spi-builder-workspace/.derivedData/ModuleCache.noindex/Session.modulevalidation -Xcc -working-directory -Xcc /Users/builder/builds/TDmZkXJm/3/finestructure/swiftpackageindex-builder/spi-builder-workspace -resource-dir /Applications/Xcode-15.0.0-Beta.2.app/Contents/Developer/Toolchains/XcodeDefault.xctoolchain/usr/lib/swift -enable-anonymous-context-mangled-names -Xcc -ivfsstatcache -Xcc /Users/builder/builds/TDmZkXJm/3/finestructure/swiftpackageindex-builder/spi-builder-workspace/.derivedData/SDKStatCaches.noindex/xros1.0-21N5165f-50a81fd5751d5bee8ff6d6ea12214339.sdkstatcache -Xcc -I/Users/builder/builds/TDmZkXJm/3/finestructure/swiftpackageindex-builder/spi-builder-workspace/.derivedData/Build/Products/Debug-xros/include -Xcc -I/Users/builder/builds/TDmZkXJm/3/finestructure/swiftpackageindex-builder/spi-builder-workspace/.derivedData/Build/Intermediates.noindex/MOCloner.build/Debug-xros/MOClonerTests.build/DerivedSources-normal/arm64 -Xcc -I/Users/builder/builds/TDmZkXJm/3/finestructure/swiftpackageindex-builder/spi-builder-workspace/.derivedData/Build/Intermediates.noindex/MOCloner.build/Debug-xros/MOClonerTests.build/DerivedSources/arm64 -Xcc -I/Users/builder/builds/TDmZkXJm/3/finestructure/swiftpackageindex-builder/spi-builder-workspace/.derivedData/Build/Intermediates.noindex/MOCloner.build/Debug-xros/MOClonerTests.build/DerivedSources -Xcc -DSWIFT_PACKAGE -Xcc -DDEBUG\=1 -module-name MOClonerTests -frontend-parseable-output -disable-clang-spi -target-sdk-version 1.0 -target-sdk-name xros1.0 -o /Users/builder/builds/TDmZkXJm/3/finestructure/swiftpackageindex-builder/spi-builder-workspace/.derivedData/Build/Intermediates.noindex/MOCloner.build/Debug-xros/MOClonerTests.build/Objects-normal/arm64/ToOneTag+CoreDataProperties.o -index-unit-output-path /MOCloner.build/Debug-xros/MOClonerTests.build/Objects-normal/arm64/ToOneTag+CoreDataProperties.o -index-store-path /Users/builder/builds/TDmZkXJm/3/finestructure/swiftpackageindex-builder/spi-builder-workspace/.derivedData/Index.noindex/DataStore -index-system-modules
SwiftCompile normal arm64 Compiling\ MOClonterTestExtension.swift,\ Item+CoreDataClass.swift /Users/builder/builds/TDmZkXJm/3/finestructure/swiftpackageindex-builder/spi-builder-workspace/Tests/MOClonerTests/MOClonterTestExtension.swift /Users/builder/builds/TDmZkXJm/3/finestructure/swiftpackageindex-builder/spi-builder-workspace/.derivedData/Build/Intermediates.noindex/MOCloner.build/Debug-xros/MOClonerTests.build/DerivedSources/CoreDataGenerated/Model/Item+CoreDataClass.swift (in target 'MOClonerTests' from project 'MOCloner')
    cd /Users/builder/builds/TDmZkXJm/3/finestructure/swiftpackageindex-builder/spi-builder-workspace
    builtin-swiftTaskExecution -- /Applications/Xcode-15.0.0-Beta.2.app/Contents/Developer/Toolchains/XcodeDefault.xctoolchain/usr/bin/swift-frontend -frontend -c /Users/builder/builds/TDmZkXJm/3/finestructure/swiftpackageindex-builder/spi-builder-workspace/.derivedData/Build/Intermediates.noindex/MOCloner.build/Debug-xros/MOClonerTests.build/DerivedSources/resource_bundle_accessor.swift /Users/builder/builds/TDmZkXJm/3/finestructure/swiftpackageindex-builder/spi-builder-workspace/Tests/MOClonerTests/MOClonerTests.swift -primary-file /Users/builder/builds/TDmZkXJm/3/finestructure/swiftpackageindex-builder/spi-builder-workspace/Tests/MOClonerTests/MOClonterTestExtension.swift -primary-file /Users/builder/builds/TDmZkXJm/3/finestructure/swiftpackageindex-builder/spi-builder-workspace/.derivedData/Build/Intermediates.noindex/MOCloner.build/Debug-xros/MOClonerTests.build/DerivedSources/CoreDataGenerated/Model/Item+CoreDataClass.swift /Users/builder/builds/TDmZkXJm/3/finestructure/swiftpackageindex-builder/spi-builder-workspace/.derivedData/Build/Intermediates.noindex/MOCloner.build/Debug-xros/MOClonerTests.build/DerivedSources/CoreDataGenerated/Model/Item+CoreDataProperties.swift /Users/builder/builds/TDmZkXJm/3/finestructure/swiftpackageindex-builder/spi-builder-workspace/.derivedData/Build/Intermediates.noindex/MOCloner.build/Debug-xros/MOClonerTests.build/DerivedSources/CoreDataGenerated/Model/Memo+CoreDataClass.swift /Users/builder/builds/TDmZkXJm/3/finestructure/swiftpackageindex-builder/spi-builder-workspace/.derivedData/Build/Intermediates.noindex/MOCloner.build/Debug-xros/MOClonerTests.build/DerivedSources/CoreDataGenerated/Model/Memo+CoreDataProperties.swift /Users/builder/builds/TDmZkXJm/3/finestructure/swiftpackageindex-builder/spi-builder-workspace/.derivedData/Build/Intermediates.noindex/MOCloner.build/Debug-xros/MOClonerTests.build/DerivedSources/CoreDataGenerated/Model/Note+CoreDataClass.swift /Users/builder/builds/TDmZkXJm/3/finestructure/swiftpackageindex-builder/spi-builder-workspace/.derivedData/Build/Intermediates.noindex/MOCloner.build/Debug-xros/MOClonerTests.build/DerivedSources/CoreDataGenerated/Model/Note+CoreDataProperties.swift /Users/builder/builds/TDmZkXJm/3/finestructure/swiftpackageindex-builder/spi-builder-workspace/.derivedData/Build/Intermediates.noindex/MOCloner.build/Debug-xros/MOClonerTests.build/DerivedSources/CoreDataGenerated/Model/NoteDescription+CoreDataClass.swift /Users/builder/builds/TDmZkXJm/3/finestructure/swiftpackageindex-builder/spi-builder-workspace/.derivedData/Build/Intermediates.noindex/MOCloner.build/Debug-xros/MOClonerTests.build/DerivedSources/CoreDataGenerated/Model/NoteDescription+CoreDataProperties.swift /Users/builder/builds/TDmZkXJm/3/finestructure/swiftpackageindex-builder/spi-builder-workspace/.derivedData/Build/Intermediates.noindex/MOCloner.build/Debug-xros/MOClonerTests.build/DerivedSources/CoreDataGenerated/Model/ToManyTag+CoreDataClass.swift /Users/builder/builds/TDmZkXJm/3/finestructure/swiftpackageindex-builder/spi-builder-workspace/.derivedData/Build/Intermediates.noindex/MOCloner.build/Debug-xros/MOClonerTests.build/DerivedSources/CoreDataGenerated/Model/ToManyTag+CoreDataProperties.swift /Users/builder/builds/TDmZkXJm/3/finestructure/swiftpackageindex-builder/spi-builder-workspace/.derivedData/Build/Intermediates.noindex/MOCloner.build/Debug-xros/MOClonerTests.build/DerivedSources/CoreDataGenerated/Model/ToOneTag+CoreDataClass.swift /Users/builder/builds/TDmZkXJm/3/finestructure/swiftpackageindex-builder/spi-builder-workspace/.derivedData/Build/Intermediates.noindex/MOCloner.build/Debug-xros/MOClonerTests.build/DerivedSources/CoreDataGenerated/Model/ToOneTag+CoreDataProperties.swift /Users/builder/builds/TDmZkXJm/3/finestructure/swiftpackageindex-builder/spi-builder-workspace/.derivedData/Build/Intermediates.noindex/MOCloner.build/Debug-xros/MOClonerTests.build/DerivedSources/CoreDataGenerated/Model/Model+CoreDataModel.swift -emit-dependencies-path /Users/builder/builds/TDmZkXJm/3/finestructure/swiftpackageindex-builder/spi-builder-workspace/.derivedData/Build/Intermediates.noindex/MOCloner.build/Debug-xros/MOClonerTests.build/Objects-normal/arm64/MOClonterTestExtension.d -emit-const-values-path /Users/builder/builds/TDmZkXJm/3/finestructure/swiftpackageindex-builder/spi-builder-workspace/.derivedData/Build/Intermediates.noindex/MOCloner.build/Debug-xros/MOClonerTests.build/Objects-normal/arm64/MOClonterTestExtension.swiftconstvalues -emit-reference-dependencies-path /Users/builder/builds/TDmZkXJm/3/finestructure/swiftpackageindex-builder/spi-builder-workspace/.derivedData/Build/Intermediates.noindex/MOCloner.build/Debug-xros/MOClonerTests.build/Objects-normal/arm64/MOClonterTestExtension.swiftdeps -serialize-diagnostics-path /Users/builder/builds/TDmZkXJm/3/finestructure/swiftpackageindex-builder/spi-builder-workspace/.derivedData/Build/Intermediates.noindex/MOCloner.build/Debug-xros/MOClonerTests.build/Objects-normal/arm64/MOClonterTestExtension.dia -emit-dependencies-path /Users/builder/builds/TDmZkXJm/3/finestructure/swiftpackageindex-builder/spi-builder-workspace/.derivedData/Build/Intermediates.noindex/MOCloner.build/Debug-xros/MOClonerTests.build/Objects-normal/arm64/Item+CoreDataClass.d -emit-const-values-path /Users/builder/builds/TDmZkXJm/3/finestructure/swiftpackageindex-builder/spi-builder-workspace/.derivedData/Build/Intermediates.noindex/MOCloner.build/Debug-xros/MOClonerTests.build/Objects-normal/arm64/Item+CoreDataClass.swiftconstvalues -emit-reference-dependencies-path /Users/builder/builds/TDmZkXJm/3/finestructure/swiftpackageindex-builder/spi-builder-workspace/.derivedData/Build/Intermediates.noindex/MOCloner.build/Debug-xros/MOClonerTests.build/Objects-normal/arm64/Item+CoreDataClass.swiftdeps -serialize-diagnostics-path /Users/builder/builds/TDmZkXJm/3/finestructure/swiftpackageindex-builder/spi-builder-workspace/.derivedData/Build/Intermediates.noindex/MOCloner.build/Debug-xros/MOClonerTests.build/Objects-normal/arm64/Item+CoreDataClass.dia -target arm64-apple-xros1.0 -Xllvm -aarch64-use-tbi -enable-objc-interop -stack-check -sdk /Applications/Xcode-15.0.0-Beta.2.app/Contents/Developer/Platforms/XROS.platform/Developer/SDKs/XROS1.0.sdk -I /Users/builder/builds/TDmZkXJm/3/finestructure/swiftpackageindex-builder/spi-builder-workspace/.derivedData/Build/Products/Debug-xros -I /Applications/Xcode-15.0.0-Beta.2.app/Contents/Developer/Platforms/XROS.platform/Developer/usr/lib -F /Users/builder/builds/TDmZkXJm/3/finestructure/swiftpackageindex-builder/spi-builder-workspace/.derivedData/Build/Products/Debug-xros/PackageFrameworks -F /Users/builder/builds/TDmZkXJm/3/finestructure/swiftpackageindex-builder/spi-builder-workspace/.derivedData/Build/Products/Debug-xros -F /Applications/Xcode-15.0.0-Beta.2.app/Contents/Developer/Platforms/XROS.platform/Developer/Library/Frameworks -F /Applications/Xcode-15.0.0-Beta.2.app/Contents/Developer/Platforms/XROS.platform/Developer/SDKs/XROS1.0.sdk/Developer/Library/Frameworks -no-color-diagnostics -enable-testing -g -module-cache-path /Users/builder/builds/TDmZkXJm/3/finestructure/swiftpackageindex-builder/spi-builder-workspace/.derivedData/ModuleCache.noindex -swift-version 5 -enforce-exclusivity\=checked -Onone -D SWIFT_PACKAGE -D DEBUG -D Xcode -serialize-debugging-options -const-gather-protocols-file /Users/builder/builds/TDmZkXJm/3/finestructure/swiftpackageindex-builder/spi-builder-workspace/.derivedData/Build/Intermediates.noindex/MOCloner.build/Debug-xros/MOClonerTests.build/Objects-normal/arm64/MOClonerTests_const_extract_protocols.json -empty-abi-descriptor -plugin-path /Applications/Xcode-15.0.0-Beta.2.app/Contents/Developer/Toolchains/XcodeDefault.xctoolchain/usr/lib/swift/host/plugins -plugin-path /Applications/Xcode-15.0.0-Beta.2.app/Contents/Developer/Toolchains/XcodeDefault.xctoolchain/usr/local/lib/swift/host/plugins -validate-clang-modules-once -clang-build-session-file /Users/builder/builds/TDmZkXJm/3/finestructure/swiftpackageindex-builder/spi-builder-workspace/.derivedData/ModuleCache.noindex/Session.modulevalidation -Xcc -working-directory -Xcc /Users/builder/builds/TDmZkXJm/3/finestructure/swiftpackageindex-builder/spi-builder-workspace -resource-dir /Applications/Xcode-15.0.0-Beta.2.app/Contents/Developer/Toolchains/XcodeDefault.xctoolchain/usr/lib/swift -enable-anonymous-context-mangled-names -Xcc -ivfsstatcache -Xcc /Users/builder/builds/TDmZkXJm/3/finestructure/swiftpackageindex-builder/spi-builder-workspace/.derivedData/SDKStatCaches.noindex/xros1.0-21N5165f-50a81fd5751d5bee8ff6d6ea12214339.sdkstatcache -Xcc -I/Users/builder/builds/TDmZkXJm/3/finestructure/swiftpackageindex-builder/spi-builder-workspace/.derivedData/Build/Products/Debug-xros/include -Xcc -I/Users/builder/builds/TDmZkXJm/3/finestructure/swiftpackageindex-builder/spi-builder-workspace/.derivedData/Build/Intermediates.noindex/MOCloner.build/Debug-xros/MOClonerTests.build/DerivedSources-normal/arm64 -Xcc -I/Users/builder/builds/TDmZkXJm/3/finestructure/swiftpackageindex-builder/spi-builder-workspace/.derivedData/Build/Intermediates.noindex/MOCloner.build/Debug-xros/MOClonerTests.build/DerivedSources/arm64 -Xcc -I/Users/builder/builds/TDmZkXJm/3/finestructure/swiftpackageindex-builder/spi-builder-workspace/.derivedData/Build/Intermediates.noindex/MOCloner.build/Debug-xros/MOClonerTests.build/DerivedSources -Xcc -DSWIFT_PACKAGE -Xcc -DDEBUG\=1 -module-name MOClonerTests -frontend-parseable-output -disable-clang-spi -target-sdk-version 1.0 -target-sdk-name xros1.0 -o /Users/builder/builds/TDmZkXJm/3/finestructure/swiftpackageindex-builder/spi-builder-workspace/.derivedData/Build/Intermediates.noindex/MOCloner.build/Debug-xros/MOClonerTests.build/Objects-normal/arm64/MOClonterTestExtension.o -o /Users/builder/builds/TDmZkXJm/3/finestructure/swiftpackageindex-builder/spi-builder-workspace/.derivedData/Build/Intermediates.noindex/MOCloner.build/Debug-xros/MOClonerTests.build/Objects-normal/arm64/Item+CoreDataClass.o -index-unit-output-path /MOCloner.build/Debug-xros/MOClonerTests.build/Objects-normal/arm64/MOClonterTestExtension.o -index-unit-output-path /MOCloner.build/Debug-xros/MOClonerTests.build/Objects-normal/arm64/Item+CoreDataClass.o -index-store-path /Users/builder/builds/TDmZkXJm/3/finestructure/swiftpackageindex-builder/spi-builder-workspace/.derivedData/Index.noindex/DataStore -index-system-modules
SwiftCompile normal arm64 /Users/builder/builds/TDmZkXJm/3/finestructure/swiftpackageindex-builder/spi-builder-workspace/Tests/MOClonerTests/MOClonterTestExtension.swift (in target 'MOClonerTests' from project 'MOCloner')
    cd /Users/builder/builds/TDmZkXJm/3/finestructure/swiftpackageindex-builder/spi-builder-workspace
    /Applications/Xcode-15.0.0-Beta.2.app/Contents/Developer/Toolchains/XcodeDefault.xctoolchain/usr/bin/swift-frontend -c /Users/builder/builds/TDmZkXJm/3/finestructure/swiftpackageindex-builder/spi-builder-workspace/.derivedData/Build/Intermediates.noindex/MOCloner.build/Debug-xros/MOClonerTests.build/DerivedSources/resource_bundle_accessor.swift /Users/builder/builds/TDmZkXJm/3/finestructure/swiftpackageindex-builder/spi-builder-workspace/Tests/MOClonerTests/MOClonerTests.swift -primary-file /Users/builder/builds/TDmZkXJm/3/finestructure/swiftpackageindex-builder/spi-builder-workspace/Tests/MOClonerTests/MOClonterTestExtension.swift -primary-file /Users/builder/builds/TDmZkXJm/3/finestructure/swiftpackageindex-builder/spi-builder-workspace/.derivedData/Build/Intermediates.noindex/MOCloner.build/Debug-xros/MOClonerTests.build/DerivedSources/CoreDataGenerated/Model/Item+CoreDataClass.swift /Users/builder/builds/TDmZkXJm/3/finestructure/swiftpackageindex-builder/spi-builder-workspace/.derivedData/Build/Intermediates.noindex/MOCloner.build/Debug-xros/MOClonerTests.build/DerivedSources/CoreDataGenerated/Model/Item+CoreDataProperties.swift /Users/builder/builds/TDmZkXJm/3/finestructure/swiftpackageindex-builder/spi-builder-workspace/.derivedData/Build/Intermediates.noindex/MOCloner.build/Debug-xros/MOClonerTests.build/DerivedSources/CoreDataGenerated/Model/Memo+CoreDataClass.swift /Users/builder/builds/TDmZkXJm/3/finestructure/swiftpackageindex-builder/spi-builder-workspace/.derivedData/Build/Intermediates.noindex/MOCloner.build/Debug-xros/MOClonerTests.build/DerivedSources/CoreDataGenerated/Model/Memo+CoreDataProperties.swift /Users/builder/builds/TDmZkXJm/3/finestructure/swiftpackageindex-builder/spi-builder-workspace/.derivedData/Build/Intermediates.noindex/MOCloner.build/Debug-xros/MOClonerTests.build/DerivedSources/CoreDataGenerated/Model/Note+CoreDataClass.swift /Users/builder/builds/TDmZkXJm/3/finestructure/swiftpackageindex-builder/spi-builder-workspace/.derivedData/Build/Intermediates.noindex/MOCloner.build/Debug-xros/MOClonerTests.build/DerivedSources/CoreDataGenerated/Model/Note+CoreDataProperties.swift /Users/builder/builds/TDmZkXJm/3/finestructure/swiftpackageindex-builder/spi-builder-workspace/.derivedData/Build/Intermediates.noindex/MOCloner.build/Debug-xros/MOClonerTests.build/DerivedSources/CoreDataGenerated/Model/NoteDescription+CoreDataClass.swift /Users/builder/builds/TDmZkXJm/3/finestructure/swiftpackageindex-builder/spi-builder-workspace/.derivedData/Build/Intermediates.noindex/MOCloner.build/Debug-xros/MOClonerTests.build/DerivedSources/CoreDataGenerated/Model/NoteDescription+CoreDataProperties.swift /Users/builder/builds/TDmZkXJm/3/finestructure/swiftpackageindex-builder/spi-builder-workspace/.derivedData/Build/Intermediates.noindex/MOCloner.build/Debug-xros/MOClonerTests.build/DerivedSources/CoreDataGenerated/Model/ToManyTag+CoreDataClass.swift /Users/builder/builds/TDmZkXJm/3/finestructure/swiftpackageindex-builder/spi-builder-workspace/.derivedData/Build/Intermediates.noindex/MOCloner.build/Debug-xros/MOClonerTests.build/DerivedSources/CoreDataGenerated/Model/ToManyTag+CoreDataProperties.swift /Users/builder/builds/TDmZkXJm/3/finestructure/swiftpackageindex-builder/spi-builder-workspace/.derivedData/Build/Intermediates.noindex/MOCloner.build/Debug-xros/MOClonerTests.build/DerivedSources/CoreDataGenerated/Model/ToOneTag+CoreDataClass.swift /Users/builder/builds/TDmZkXJm/3/finestructure/swiftpackageindex-builder/spi-builder-workspace/.derivedData/Build/Intermediates.noindex/MOCloner.build/Debug-xros/MOClonerTests.build/DerivedSources/CoreDataGenerated/Model/ToOneTag+CoreDataProperties.swift /Users/builder/builds/TDmZkXJm/3/finestructure/swiftpackageindex-builder/spi-builder-workspace/.derivedData/Build/Intermediates.noindex/MOCloner.build/Debug-xros/MOClonerTests.build/DerivedSources/CoreDataGenerated/Model/Model+CoreDataModel.swift -emit-dependencies-path /Users/builder/builds/TDmZkXJm/3/finestructure/swiftpackageindex-builder/spi-builder-workspace/.derivedData/Build/Intermediates.noindex/MOCloner.build/Debug-xros/MOClonerTests.build/Objects-normal/arm64/MOClonterTestExtension.d -emit-const-values-path /Users/builder/builds/TDmZkXJm/3/finestructure/swiftpackageindex-builder/spi-builder-workspace/.derivedData/Build/Intermediates.noindex/MOCloner.build/Debug-xros/MOClonerTests.build/Objects-normal/arm64/MOClonterTestExtension.swiftconstvalues -emit-reference-dependencies-path /Users/builder/builds/TDmZkXJm/3/finestructure/swiftpackageindex-builder/spi-builder-workspace/.derivedData/Build/Intermediates.noindex/MOCloner.build/Debug-xros/MOClonerTests.build/Objects-normal/arm64/MOClonterTestExtension.swiftdeps -serialize-diagnostics-path /Users/builder/builds/TDmZkXJm/3/finestructure/swiftpackageindex-builder/spi-builder-workspace/.derivedData/Build/Intermediates.noindex/MOCloner.build/Debug-xros/MOClonerTests.build/Objects-normal/arm64/MOClonterTestExtension.dia -emit-dependencies-path /Users/builder/builds/TDmZkXJm/3/finestructure/swiftpackageindex-builder/spi-builder-workspace/.derivedData/Build/Intermediates.noindex/MOCloner.build/Debug-xros/MOClonerTests.build/Objects-normal/arm64/Item+CoreDataClass.d -emit-const-values-path /Users/builder/builds/TDmZkXJm/3/finestructure/swiftpackageindex-builder/spi-builder-workspace/.derivedData/Build/Intermediates.noindex/MOCloner.build/Debug-xros/MOClonerTests.build/Objects-normal/arm64/Item+CoreDataClass.swiftconstvalues -emit-reference-dependencies-path /Users/builder/builds/TDmZkXJm/3/finestructure/swiftpackageindex-builder/spi-builder-workspace/.derivedData/Build/Intermediates.noindex/MOCloner.build/Debug-xros/MOClonerTests.build/Objects-normal/arm64/Item+CoreDataClass.swiftdeps -serialize-diagnostics-path /Users/builder/builds/TDmZkXJm/3/finestructure/swiftpackageindex-builder/spi-builder-workspace/.derivedData/Build/Intermediates.noindex/MOCloner.build/Debug-xros/MOClonerTests.build/Objects-normal/arm64/Item+CoreDataClass.dia -target arm64-apple-xros1.0 -Xllvm -aarch64-use-tbi -enable-objc-interop -stack-check -sdk /Applications/Xcode-15.0.0-Beta.2.app/Contents/Developer/Platforms/XROS.platform/Developer/SDKs/XROS1.0.sdk -I /Users/builder/builds/TDmZkXJm/3/finestructure/swiftpackageindex-builder/spi-builder-workspace/.derivedData/Build/Products/Debug-xros -I /Applications/Xcode-15.0.0-Beta.2.app/Contents/Developer/Platforms/XROS.platform/Developer/usr/lib -F /Users/builder/builds/TDmZkXJm/3/finestructure/swiftpackageindex-builder/spi-builder-workspace/.derivedData/Build/Products/Debug-xros/PackageFrameworks -F /Users/builder/builds/TDmZkXJm/3/finestructure/swiftpackageindex-builder/spi-builder-workspace/.derivedData/Build/Products/Debug-xros -F /Applications/Xcode-15.0.0-Beta.2.app/Contents/Developer/Platforms/XROS.platform/Developer/Library/Frameworks -F /Applications/Xcode-15.0.0-Beta.2.app/Contents/Developer/Platforms/XROS.platform/Developer/SDKs/XROS1.0.sdk/Developer/Library/Frameworks -no-color-diagnostics -enable-testing -g -module-cache-path /Users/builder/builds/TDmZkXJm/3/finestructure/swiftpackageindex-builder/spi-builder-workspace/.derivedData/ModuleCache.noindex -swift-version 5 -enforce-exclusivity\=checked -Onone -D SWIFT_PACKAGE -D DEBUG -D Xcode -serialize-debugging-options -const-gather-protocols-file /Users/builder/builds/TDmZkXJm/3/finestructure/swiftpackageindex-builder/spi-builder-workspace/.derivedData/Build/Intermediates.noindex/MOCloner.build/Debug-xros/MOClonerTests.build/Objects-normal/arm64/MOClonerTests_const_extract_protocols.json -empty-abi-descriptor -plugin-path /Applications/Xcode-15.0.0-Beta.2.app/Contents/Developer/Toolchains/XcodeDefault.xctoolchain/usr/lib/swift/host/plugins -plugin-path /Applications/Xcode-15.0.0-Beta.2.app/Contents/Developer/Toolchains/XcodeDefault.xctoolchain/usr/local/lib/swift/host/plugins -validate-clang-modules-once -clang-build-session-file /Users/builder/builds/TDmZkXJm/3/finestructure/swiftpackageindex-builder/spi-builder-workspace/.derivedData/ModuleCache.noindex/Session.modulevalidation -Xcc -working-directory -Xcc /Users/builder/builds/TDmZkXJm/3/finestructure/swiftpackageindex-builder/spi-builder-workspace -resource-dir /Applications/Xcode-15.0.0-Beta.2.app/Contents/Developer/Toolchains/XcodeDefault.xctoolchain/usr/lib/swift -enable-anonymous-context-mangled-names -Xcc -ivfsstatcache -Xcc /Users/builder/builds/TDmZkXJm/3/finestructure/swiftpackageindex-builder/spi-builder-workspace/.derivedData/SDKStatCaches.noindex/xros1.0-21N5165f-50a81fd5751d5bee8ff6d6ea12214339.sdkstatcache -Xcc -I/Users/builder/builds/TDmZkXJm/3/finestructure/swiftpackageindex-builder/spi-builder-workspace/.derivedData/Build/Products/Debug-xros/include -Xcc -I/Users/builder/builds/TDmZkXJm/3/finestructure/swiftpackageindex-builder/spi-builder-workspace/.derivedData/Build/Intermediates.noindex/MOCloner.build/Debug-xros/MOClonerTests.build/DerivedSources-normal/arm64 -Xcc -I/Users/builder/builds/TDmZkXJm/3/finestructure/swiftpackageindex-builder/spi-builder-workspace/.derivedData/Build/Intermediates.noindex/MOCloner.build/Debug-xros/MOClonerTests.build/DerivedSources/arm64 -Xcc -I/Users/builder/builds/TDmZkXJm/3/finestructure/swiftpackageindex-builder/spi-builder-workspace/.derivedData/Build/Intermediates.noindex/MOCloner.build/Debug-xros/MOClonerTests.build/DerivedSources -Xcc -DSWIFT_PACKAGE -Xcc -DDEBUG\=1 -module-name MOClonerTests -frontend-parseable-output -disable-clang-spi -target-sdk-version 1.0 -target-sdk-name xros1.0 -o /Users/builder/builds/TDmZkXJm/3/finestructure/swiftpackageindex-builder/spi-builder-workspace/.derivedData/Build/Intermediates.noindex/MOCloner.build/Debug-xros/MOClonerTests.build/Objects-normal/arm64/MOClonterTestExtension.o -o /Users/builder/builds/TDmZkXJm/3/finestructure/swiftpackageindex-builder/spi-builder-workspace/.derivedData/Build/Intermediates.noindex/MOCloner.build/Debug-xros/MOClonerTests.build/Objects-normal/arm64/Item+CoreDataClass.o -index-unit-output-path /MOCloner.build/Debug-xros/MOClonerTests.build/Objects-normal/arm64/MOClonterTestExtension.o -index-unit-output-path /MOCloner.build/Debug-xros/MOClonerTests.build/Objects-normal/arm64/Item+CoreDataClass.o -index-store-path /Users/builder/builds/TDmZkXJm/3/finestructure/swiftpackageindex-builder/spi-builder-workspace/.derivedData/Index.noindex/DataStore -index-system-modules
/Users/builder/builds/TDmZkXJm/3/finestructure/swiftpackageindex-builder/spi-builder-workspace/Tests/MOClonerTests/MOClonterTestExtension.swift:119:11: error: cannot find type 'NSManagedObjectContext' in scope
extension NSManagedObjectContext {
          ^~~~~~~~~~~~~~~~~~~~~~
/Users/builder/builds/TDmZkXJm/3/finestructure/swiftpackageindex-builder/spi-builder-workspace/Tests/MOClonerTests/MOClonterTestExtension.swift:17:20: error: cannot find type 'NSPersistentContainer' in scope
    var container: NSPersistentContainer {
                   ^~~~~~~~~~~~~~~~~~~~~
/Users/builder/builds/TDmZkXJm/3/finestructure/swiftpackageindex-builder/spi-builder-workspace/Tests/MOClonerTests/MOClonterTestExtension.swift:40:27: error: cannot find type 'NSManagedObjectContext' in scope
    func newNote(context: NSManagedObjectContext) -> Note {
                          ^~~~~~~~~~~~~~~~~~~~~~
/Users/builder/builds/TDmZkXJm/3/finestructure/swiftpackageindex-builder/spi-builder-workspace/Tests/MOClonerTests/MOClonterTestExtension.swift:52:29: error: cannot find type 'NSManagedObjectContext' in scope
    func notesCount(context:NSManagedObjectContext) -> Int{
                            ^~~~~~~~~~~~~~~~~~~~~~
/Users/builder/builds/TDmZkXJm/3/finestructure/swiftpackageindex-builder/spi-builder-workspace/Tests/MOClonerTests/MOClonterTestExtension.swift:63:29: error: cannot find type 'NSManagedObjectContext' in scope
    func itemsCount(context:NSManagedObjectContext) -> Int {
                            ^~~~~~~~~~~~~~~~~~~~~~
/Users/builder/builds/TDmZkXJm/3/finestructure/swiftpackageindex-builder/spi-builder-workspace/Tests/MOClonerTests/MOClonterTestExtension.swift:74:40: error: cannot find type 'NSManagedObjectContext' in scope
    func noteDescriptionsCount(context:NSManagedObjectContext) -> Int {
                                       ^~~~~~~~~~~~~~~~~~~~~~
/Users/builder/builds/TDmZkXJm/3/finestructure/swiftpackageindex-builder/spi-builder-workspace/Tests/MOClonerTests/MOClonterTestExtension.swift:85:33: error: cannot find type 'NSManagedObjectContext' in scope
    func toOneTagsCount(context:NSManagedObjectContext) -> Int {
                                ^~~~~~~~~~~~~~~~~~~~~~
/Users/builder/builds/TDmZkXJm/3/finestructure/swiftpackageindex-builder/spi-builder-workspace/Tests/MOClonerTests/MOClonterTestExtension.swift:96:34: error: cannot find type 'NSManagedObjectContext' in scope
    func toManyTagsCount(context:NSManagedObjectContext) -> Int {
                                 ^~~~~~~~~~~~~~~~~~~~~~
/Users/builder/builds/TDmZkXJm/3/finestructure/swiftpackageindex-builder/spi-builder-workspace/Tests/MOClonerTests/MOClonterTestExtension.swift:107:29: error: cannot find type 'NSManagedObjectContext' in scope
    func memosCount(context:NSManagedObjectContext) -> Int {
                            ^~~~~~~~~~~~~~~~~~~~~~
/Users/builder/builds/TDmZkXJm/3/finestructure/swiftpackageindex-builder/spi-builder-workspace/Tests/MOClonerTests/MOClonterTestExtension.swift:19:40: error: cannot find 'NSManagedObjectModel' in scope
              let managedObjectModel = NSManagedObjectModel(contentsOf: url)
                                       ^~~~~~~~~~~~~~~~~~~~
/Users/builder/builds/TDmZkXJm/3/finestructure/swiftpackageindex-builder/spi-builder-workspace/Tests/MOClonerTests/MOClonterTestExtension.swift:24:25: error: cannot find 'NSPersistentContainer' in scope
        let container = NSPersistentContainer(name: "Model", managedObjectModel: managedObjectModel)
                        ^~~~~~~~~~~~~~~~~~~~~
/Users/builder/builds/TDmZkXJm/3/finestructure/swiftpackageindex-builder/spi-builder-workspace/Tests/MOClonerTests/MOClonterTestExtension.swift:55:27: error: cannot find 'NSFetchRequest' in scope
            let request = NSFetchRequest<NSNumber>(entityName: Note.name)
                          ^~~~~~~~~~~~~~
/Users/builder/builds/TDmZkXJm/3/finestructure/swiftpackageindex-builder/spi-builder-workspace/Tests/MOClonerTests/MOClonterTestExtension.swift:66:27: error: cannot find 'NSFetchRequest' in scope
            let request = NSFetchRequest<NSNumber>(entityName: Item.name)
                          ^~~~~~~~~~~~~~
/Users/builder/builds/TDmZkXJm/3/finestructure/swiftpackageindex-builder/spi-builder-workspace/Tests/MOClonerTests/MOClonterTestExtension.swift:77:27: error: cannot find 'NSFetchRequest' in scope
            let request = NSFetchRequest<NSNumber>(entityName: NoteDescription.name)
                          ^~~~~~~~~~~~~~
/Users/builder/builds/TDmZkXJm/3/finestructure/swiftpackageindex-builder/spi-builder-workspace/Tests/MOClonerTests/MOClonterTestExtension.swift:88:27: error: cannot find 'NSFetchRequest' in scope
            let request = NSFetchRequest<NSNumber>(entityName: ToOneTag.name)
                          ^~~~~~~~~~~~~~
/Users/builder/builds/TDmZkXJm/3/finestructure/swiftpackageindex-builder/spi-builder-workspace/Tests/MOClonerTests/MOClonterTestExtension.swift:99:27: error: cannot find 'NSFetchRequest' in scope
            let request = NSFetchRequest<NSNumber>(entityName: ToManyTag.name)
                          ^~~~~~~~~~~~~~
/Users/builder/builds/TDmZkXJm/3/finestructure/swiftpackageindex-builder/spi-builder-workspace/Tests/MOClonerTests/MOClonterTestExtension.swift:110:27: error: cannot find 'NSFetchRequest' in scope
            let request = NSFetchRequest<NSNumber>(entityName: Memo.name)
                          ^~~~~~~~~~~~~~

SwiftCompile normal arm64 /Users/builder/builds/TDmZkXJm/3/finestructure/swiftpackageindex-builder/spi-builder-workspace/.derivedData/Build/Intermediates.noindex/MOCloner.build/Debug-xros/MOClonerTests.build/DerivedSources/CoreDataGenerated/Model/Item+CoreDataClass.swift (in target 'MOClonerTests' from project 'MOCloner')
    cd /Users/builder/builds/TDmZkXJm/3/finestructure/swiftpackageindex-builder/spi-builder-workspace
    /Applications/Xcode-15.0.0-Beta.2.app/Contents/Developer/Toolchains/XcodeDefault.xctoolchain/usr/bin/swift-frontend -c /Users/builder/builds/TDmZkXJm/3/finestructure/swiftpackageindex-builder/spi-builder-workspace/.derivedData/Build/Intermediates.noindex/MOCloner.build/Debug-xros/MOClonerTests.build/DerivedSources/resource_bundle_accessor.swift /Users/builder/builds/TDmZkXJm/3/finestructure/swiftpackageindex-builder/spi-builder-workspace/Tests/MOClonerTests/MOClonerTests.swift -primary-file /Users/builder/builds/TDmZkXJm/3/finestructure/swiftpackageindex-builder/spi-builder-workspace/Tests/MOClonerTests/MOClonterTestExtension.swift -primary-file /Users/builder/builds/TDmZkXJm/3/finestructure/swiftpackageindex-builder/spi-builder-workspace/.derivedData/Build/Intermediates.noindex/MOCloner.build/Debug-xros/MOClonerTests.build/DerivedSources/CoreDataGenerated/Model/Item+CoreDataClass.swift /Users/builder/builds/TDmZkXJm/3/finestructure/swiftpackageindex-builder/spi-builder-workspace/.derivedData/Build/Intermediates.noindex/MOCloner.build/Debug-xros/MOClonerTests.build/DerivedSources/CoreDataGenerated/Model/Item+CoreDataProperties.swift /Users/builder/builds/TDmZkXJm/3/finestructure/swiftpackageindex-builder/spi-builder-workspace/.derivedData/Build/Intermediates.noindex/MOCloner.build/Debug-xros/MOClonerTests.build/DerivedSources/CoreDataGenerated/Model/Memo+CoreDataClass.swift /Users/builder/builds/TDmZkXJm/3/finestructure/swiftpackageindex-builder/spi-builder-workspace/.derivedData/Build/Intermediates.noindex/MOCloner.build/Debug-xros/MOClonerTests.build/DerivedSources/CoreDataGenerated/Model/Memo+CoreDataProperties.swift /Users/builder/builds/TDmZkXJm/3/finestructure/swiftpackageindex-builder/spi-builder-workspace/.derivedData/Build/Intermediates.noindex/MOCloner.build/Debug-xros/MOClonerTests.build/DerivedSources/CoreDataGenerated/Model/Note+CoreDataClass.swift /Users/builder/builds/TDmZkXJm/3/finestructure/swiftpackageindex-builder/spi-builder-workspace/.derivedData/Build/Intermediates.noindex/MOCloner.build/Debug-xros/MOClonerTests.build/DerivedSources/CoreDataGenerated/Model/Note+CoreDataProperties.swift /Users/builder/builds/TDmZkXJm/3/finestructure/swiftpackageindex-builder/spi-builder-workspace/.derivedData/Build/Intermediates.noindex/MOCloner.build/Debug-xros/MOClonerTests.build/DerivedSources/CoreDataGenerated/Model/NoteDescription+CoreDataClass.swift /Users/builder/builds/TDmZkXJm/3/finestructure/swiftpackageindex-builder/spi-builder-workspace/.derivedData/Build/Intermediates.noindex/MOCloner.build/Debug-xros/MOClonerTests.build/DerivedSources/CoreDataGenerated/Model/NoteDescription+CoreDataProperties.swift /Users/builder/builds/TDmZkXJm/3/finestructure/swiftpackageindex-builder/spi-builder-workspace/.derivedData/Build/Intermediates.noindex/MOCloner.build/Debug-xros/MOClonerTests.build/DerivedSources/CoreDataGenerated/Model/ToManyTag+CoreDataClass.swift /Users/builder/builds/TDmZkXJm/3/finestructure/swiftpackageindex-builder/spi-builder-workspace/.derivedData/Build/Intermediates.noindex/MOCloner.build/Debug-xros/MOClonerTests.build/DerivedSources/CoreDataGenerated/Model/ToManyTag+CoreDataProperties.swift /Users/builder/builds/TDmZkXJm/3/finestructure/swiftpackageindex-builder/spi-builder-workspace/.derivedData/Build/Intermediates.noindex/MOCloner.build/Debug-xros/MOClonerTests.build/DerivedSources/CoreDataGenerated/Model/ToOneTag+CoreDataClass.swift /Users/builder/builds/TDmZkXJm/3/finestructure/swiftpackageindex-builder/spi-builder-workspace/.derivedData/Build/Intermediates.noindex/MOCloner.build/Debug-xros/MOClonerTests.build/DerivedSources/CoreDataGenerated/Model/ToOneTag+CoreDataProperties.swift /Users/builder/builds/TDmZkXJm/3/finestructure/swiftpackageindex-builder/spi-builder-workspace/.derivedData/Build/Intermediates.noindex/MOCloner.build/Debug-xros/MOClonerTests.build/DerivedSources/CoreDataGenerated/Model/Model+CoreDataModel.swift -emit-dependencies-path /Users/builder/builds/TDmZkXJm/3/finestructure/swiftpackageindex-builder/spi-builder-workspace/.derivedData/Build/Intermediates.noindex/MOCloner.build/Debug-xros/MOClonerTests.build/Objects-normal/arm64/MOClonterTestExtension.d -emit-const-values-path /Users/builder/builds/TDmZkXJm/3/finestructure/swiftpackageindex-builder/spi-builder-workspace/.derivedData/Build/Intermediates.noindex/MOCloner.build/Debug-xros/MOClonerTests.build/Objects-normal/arm64/MOClonterTestExtension.swiftconstvalues -emit-reference-dependencies-path /Users/builder/builds/TDmZkXJm/3/finestructure/swiftpackageindex-builder/spi-builder-workspace/.derivedData/Build/Intermediates.noindex/MOCloner.build/Debug-xros/MOClonerTests.build/Objects-normal/arm64/MOClonterTestExtension.swiftdeps -serialize-diagnostics-path /Users/builder/builds/TDmZkXJm/3/finestructure/swiftpackageindex-builder/spi-builder-workspace/.derivedData/Build/Intermediates.noindex/MOCloner.build/Debug-xros/MOClonerTests.build/Objects-normal/arm64/MOClonterTestExtension.dia -emit-dependencies-path /Users/builder/builds/TDmZkXJm/3/finestructure/swiftpackageindex-builder/spi-builder-workspace/.derivedData/Build/Intermediates.noindex/MOCloner.build/Debug-xros/MOClonerTests.build/Objects-normal/arm64/Item+CoreDataClass.d -emit-const-values-path /Users/builder/builds/TDmZkXJm/3/finestructure/swiftpackageindex-builder/spi-builder-workspace/.derivedData/Build/Intermediates.noindex/MOCloner.build/Debug-xros/MOClonerTests.build/Objects-normal/arm64/Item+CoreDataClass.swiftconstvalues -emit-reference-dependencies-path /Users/builder/builds/TDmZkXJm/3/finestructure/swiftpackageindex-builder/spi-builder-workspace/.derivedData/Build/Intermediates.noindex/MOCloner.build/Debug-xros/MOClonerTests.build/Objects-normal/arm64/Item+CoreDataClass.swiftdeps -serialize-diagnostics-path /Users/builder/builds/TDmZkXJm/3/finestructure/swiftpackageindex-builder/spi-builder-workspace/.derivedData/Build/Intermediates.noindex/MOCloner.build/Debug-xros/MOClonerTests.build/Objects-normal/arm64/Item+CoreDataClass.dia -target arm64-apple-xros1.0 -Xllvm -aarch64-use-tbi -enable-objc-interop -stack-check -sdk /Applications/Xcode-15.0.0-Beta.2.app/Contents/Developer/Platforms/XROS.platform/Developer/SDKs/XROS1.0.sdk -I /Users/builder/builds/TDmZkXJm/3/finestructure/swiftpackageindex-builder/spi-builder-workspace/.derivedData/Build/Products/Debug-xros -I /Applications/Xcode-15.0.0-Beta.2.app/Contents/Developer/Platforms/XROS.platform/Developer/usr/lib -F /Users/builder/builds/TDmZkXJm/3/finestructure/swiftpackageindex-builder/spi-builder-workspace/.derivedData/Build/Products/Debug-xros/PackageFrameworks -F /Users/builder/builds/TDmZkXJm/3/finestructure/swiftpackageindex-builder/spi-builder-workspace/.derivedData/Build/Products/Debug-xros -F /Applications/Xcode-15.0.0-Beta.2.app/Contents/Developer/Platforms/XROS.platform/Developer/Library/Frameworks -F /Applications/Xcode-15.0.0-Beta.2.app/Contents/Developer/Platforms/XROS.platform/Developer/SDKs/XROS1.0.sdk/Developer/Library/Frameworks -no-color-diagnostics -enable-testing -g -module-cache-path /Users/builder/builds/TDmZkXJm/3/finestructure/swiftpackageindex-builder/spi-builder-workspace/.derivedData/ModuleCache.noindex -swift-version 5 -enforce-exclusivity\=checked -Onone -D SWIFT_PACKAGE -D DEBUG -D Xcode -serialize-debugging-options -const-gather-protocols-file /Users/builder/builds/TDmZkXJm/3/finestructure/swiftpackageindex-builder/spi-builder-workspace/.derivedData/Build/Intermediates.noindex/MOCloner.build/Debug-xros/MOClonerTests.build/Objects-normal/arm64/MOClonerTests_const_extract_protocols.json -empty-abi-descriptor -plugin-path /Applications/Xcode-15.0.0-Beta.2.app/Contents/Developer/Toolchains/XcodeDefault.xctoolchain/usr/lib/swift/host/plugins -plugin-path /Applications/Xcode-15.0.0-Beta.2.app/Contents/Developer/Toolchains/XcodeDefault.xctoolchain/usr/local/lib/swift/host/plugins -validate-clang-modules-once -clang-build-session-file /Users/builder/builds/TDmZkXJm/3/finestructure/swiftpackageindex-builder/spi-builder-workspace/.derivedData/ModuleCache.noindex/Session.modulevalidation -Xcc -working-directory -Xcc /Users/builder/builds/TDmZkXJm/3/finestructure/swiftpackageindex-builder/spi-builder-workspace -resource-dir /Applications/Xcode-15.0.0-Beta.2.app/Contents/Developer/Toolchains/XcodeDefault.xctoolchain/usr/lib/swift -enable-anonymous-context-mangled-names -Xcc -ivfsstatcache -Xcc /Users/builder/builds/TDmZkXJm/3/finestructure/swiftpackageindex-builder/spi-builder-workspace/.derivedData/SDKStatCaches.noindex/xros1.0-21N5165f-50a81fd5751d5bee8ff6d6ea12214339.sdkstatcache -Xcc -I/Users/builder/builds/TDmZkXJm/3/finestructure/swiftpackageindex-builder/spi-builder-workspace/.derivedData/Build/Products/Debug-xros/include -Xcc -I/Users/builder/builds/TDmZkXJm/3/finestructure/swiftpackageindex-builder/spi-builder-workspace/.derivedData/Build/Intermediates.noindex/MOCloner.build/Debug-xros/MOClonerTests.build/DerivedSources-normal/arm64 -Xcc -I/Users/builder/builds/TDmZkXJm/3/finestructure/swiftpackageindex-builder/spi-builder-workspace/.derivedData/Build/Intermediates.noindex/MOCloner.build/Debug-xros/MOClonerTests.build/DerivedSources/arm64 -Xcc -I/Users/builder/builds/TDmZkXJm/3/finestructure/swiftpackageindex-builder/spi-builder-workspace/.derivedData/Build/Intermediates.noindex/MOCloner.build/Debug-xros/MOClonerTests.build/DerivedSources -Xcc -DSWIFT_PACKAGE -Xcc -DDEBUG\=1 -module-name MOClonerTests -frontend-parseable-output -disable-clang-spi -target-sdk-version 1.0 -target-sdk-name xros1.0 -o /Users/builder/builds/TDmZkXJm/3/finestructure/swiftpackageindex-builder/spi-builder-workspace/.derivedData/Build/Intermediates.noindex/MOCloner.build/Debug-xros/MOClonerTests.build/Objects-normal/arm64/MOClonterTestExtension.o -o /Users/builder/builds/TDmZkXJm/3/finestructure/swiftpackageindex-builder/spi-builder-workspace/.derivedData/Build/Intermediates.noindex/MOCloner.build/Debug-xros/MOClonerTests.build/Objects-normal/arm64/Item+CoreDataClass.o -index-unit-output-path /MOCloner.build/Debug-xros/MOClonerTests.build/Objects-normal/arm64/MOClonterTestExtension.o -index-unit-output-path /MOCloner.build/Debug-xros/MOClonerTests.build/Objects-normal/arm64/Item+CoreDataClass.o -index-store-path /Users/builder/builds/TDmZkXJm/3/finestructure/swiftpackageindex-builder/spi-builder-workspace/.derivedData/Index.noindex/DataStore -index-system-modules

SwiftCompile normal arm64 Compiling\ ToOneTag+CoreDataClass.swift /Users/builder/builds/TDmZkXJm/3/finestructure/swiftpackageindex-builder/spi-builder-workspace/.derivedData/Build/Intermediates.noindex/MOCloner.build/Debug-xros/MOClonerTests.build/DerivedSources/CoreDataGenerated/Model/ToOneTag+CoreDataClass.swift (in target 'MOClonerTests' from project 'MOCloner')
    cd /Users/builder/builds/TDmZkXJm/3/finestructure/swiftpackageindex-builder/spi-builder-workspace
    builtin-swiftTaskExecution -- /Applications/Xcode-15.0.0-Beta.2.app/Contents/Developer/Toolchains/XcodeDefault.xctoolchain/usr/bin/swift-frontend -frontend -c /Users/builder/builds/TDmZkXJm/3/finestructure/swiftpackageindex-builder/spi-builder-workspace/.derivedData/Build/Intermediates.noindex/MOCloner.build/Debug-xros/MOClonerTests.build/DerivedSources/resource_bundle_accessor.swift /Users/builder/builds/TDmZkXJm/3/finestructure/swiftpackageindex-builder/spi-builder-workspace/Tests/MOClonerTests/MOClonerTests.swift /Users/builder/builds/TDmZkXJm/3/finestructure/swiftpackageindex-builder/spi-builder-workspace/Tests/MOClonerTests/MOClonterTestExtension.swift /Users/builder/builds/TDmZkXJm/3/finestructure/swiftpackageindex-builder/spi-builder-workspace/.derivedData/Build/Intermediates.noindex/MOCloner.build/Debug-xros/MOClonerTests.build/DerivedSources/CoreDataGenerated/Model/Item+CoreDataClass.swift /Users/builder/builds/TDmZkXJm/3/finestructure/swiftpackageindex-builder/spi-builder-workspace/.derivedData/Build/Intermediates.noindex/MOCloner.build/Debug-xros/MOClonerTests.build/DerivedSources/CoreDataGenerated/Model/Item+CoreDataProperties.swift /Users/builder/builds/TDmZkXJm/3/finestructure/swiftpackageindex-builder/spi-builder-workspace/.derivedData/Build/Intermediates.noindex/MOCloner.build/Debug-xros/MOClonerTests.build/DerivedSources/CoreDataGenerated/Model/Memo+CoreDataClass.swift /Users/builder/builds/TDmZkXJm/3/finestructure/swiftpackageindex-builder/spi-builder-workspace/.derivedData/Build/Intermediates.noindex/MOCloner.build/Debug-xros/MOClonerTests.build/DerivedSources/CoreDataGenerated/Model/Memo+CoreDataProperties.swift /Users/builder/builds/TDmZkXJm/3/finestructure/swiftpackageindex-builder/spi-builder-workspace/.derivedData/Build/Intermediates.noindex/MOCloner.build/Debug-xros/MOClonerTests.build/DerivedSources/CoreDataGenerated/Model/Note+CoreDataClass.swift /Users/builder/builds/TDmZkXJm/3/finestructure/swiftpackageindex-builder/spi-builder-workspace/.derivedData/Build/Intermediates.noindex/MOCloner.build/Debug-xros/MOClonerTests.build/DerivedSources/CoreDataGenerated/Model/Note+CoreDataProperties.swift /Users/builder/builds/TDmZkXJm/3/finestructure/swiftpackageindex-builder/spi-builder-workspace/.derivedData/Build/Intermediates.noindex/MOCloner.build/Debug-xros/MOClonerTests.build/DerivedSources/CoreDataGenerated/Model/NoteDescription+CoreDataClass.swift /Users/builder/builds/TDmZkXJm/3/finestructure/swiftpackageindex-builder/spi-builder-workspace/.derivedData/Build/Intermediates.noindex/MOCloner.build/Debug-xros/MOClonerTests.build/DerivedSources/CoreDataGenerated/Model/NoteDescription+CoreDataProperties.swift /Users/builder/builds/TDmZkXJm/3/finestructure/swiftpackageindex-builder/spi-builder-workspace/.derivedData/Build/Intermediates.noindex/MOCloner.build/Debug-xros/MOClonerTests.build/DerivedSources/CoreDataGenerated/Model/ToManyTag+CoreDataClass.swift /Users/builder/builds/TDmZkXJm/3/finestructure/swiftpackageindex-builder/spi-builder-workspace/.derivedData/Build/Intermediates.noindex/MOCloner.build/Debug-xros/MOClonerTests.build/DerivedSources/CoreDataGenerated/Model/ToManyTag+CoreDataProperties.swift -primary-file /Users/builder/builds/TDmZkXJm/3/finestructure/swiftpackageindex-builder/spi-builder-workspace/.derivedData/Build/Intermediates.noindex/MOCloner.build/Debug-xros/MOClonerTests.build/DerivedSources/CoreDataGenerated/Model/ToOneTag+CoreDataClass.swift /Users/builder/builds/TDmZkXJm/3/finestructure/swiftpackageindex-builder/spi-builder-workspace/.derivedData/Build/Intermediates.noindex/MOCloner.build/Debug-xros/MOClonerTests.build/DerivedSources/CoreDataGenerated/Model/ToOneTag+CoreDataProperties.swift /Users/builder/builds/TDmZkXJm/3/finestructure/swiftpackageindex-builder/spi-builder-workspace/.derivedData/Build/Intermediates.noindex/MOCloner.build/Debug-xros/MOClonerTests.build/DerivedSources/CoreDataGenerated/Model/Model+CoreDataModel.swift -emit-dependencies-path /Users/builder/builds/TDmZkXJm/3/finestructure/swiftpackageindex-builder/spi-builder-workspace/.derivedData/Build/Intermediates.noindex/MOCloner.build/Debug-xros/MOClonerTests.build/Objects-normal/arm64/ToOneTag+CoreDataClass.d -emit-const-values-path /Users/builder/builds/TDmZkXJm/3/finestructure/swiftpackageindex-builder/spi-builder-workspace/.derivedData/Build/Intermediates.noindex/MOCloner.build/Debug-xros/MOClonerTests.build/Objects-normal/arm64/ToOneTag+CoreDataClass.swiftconstvalues -emit-reference-dependencies-path /Users/builder/builds/TDmZkXJm/3/finestructure/swiftpackageindex-builder/spi-builder-workspace/.derivedData/Build/Intermediates.noindex/MOCloner.build/Debug-xros/MOClonerTests.build/Objects-normal/arm64/ToOneTag+CoreDataClass.swiftdeps -serialize-diagnostics-path /Users/builder/builds/TDmZkXJm/3/finestructure/swiftpackageindex-builder/spi-builder-workspace/.derivedData/Build/Intermediates.noindex/MOCloner.build/Debug-xros/MOClonerTests.build/Objects-normal/arm64/ToOneTag+CoreDataClass.dia -target arm64-apple-xros1.0 -Xllvm -aarch64-use-tbi -enable-objc-interop -stack-check -sdk /Applications/Xcode-15.0.0-Beta.2.app/Contents/Developer/Platforms/XROS.platform/Developer/SDKs/XROS1.0.sdk -I /Users/builder/builds/TDmZkXJm/3/finestructure/swiftpackageindex-builder/spi-builder-workspace/.derivedData/Build/Products/Debug-xros -I /Applications/Xcode-15.0.0-Beta.2.app/Contents/Developer/Platforms/XROS.platform/Developer/usr/lib -F /Users/builder/builds/TDmZkXJm/3/finestructure/swiftpackageindex-builder/spi-builder-workspace/.derivedData/Build/Products/Debug-xros/PackageFrameworks -F /Users/builder/builds/TDmZkXJm/3/finestructure/swiftpackageindex-builder/spi-builder-workspace/.derivedData/Build/Products/Debug-xros -F /Applications/Xcode-15.0.0-Beta.2.app/Contents/Developer/Platforms/XROS.platform/Developer/Library/Frameworks -F /Applications/Xcode-15.0.0-Beta.2.app/Contents/Developer/Platforms/XROS.platform/Developer/SDKs/XROS1.0.sdk/Developer/Library/Frameworks -no-color-diagnostics -enable-testing -g -module-cache-path /Users/builder/builds/TDmZkXJm/3/finestructure/swiftpackageindex-builder/spi-builder-workspace/.derivedData/ModuleCache.noindex -swift-version 5 -enforce-exclusivity\=checked -Onone -D SWIFT_PACKAGE -D DEBUG -D Xcode -serialize-debugging-options -const-gather-protocols-file /Users/builder/builds/TDmZkXJm/3/finestructure/swiftpackageindex-builder/spi-builder-workspace/.derivedData/Build/Intermediates.noindex/MOCloner.build/Debug-xros/MOClonerTests.build/Objects-normal/arm64/MOClonerTests_const_extract_protocols.json -empty-abi-descriptor -plugin-path /Applications/Xcode-15.0.0-Beta.2.app/Contents/Developer/Toolchains/XcodeDefault.xctoolchain/usr/lib/swift/host/plugins -plugin-path /Applications/Xcode-15.0.0-Beta.2.app/Contents/Developer/Toolchains/XcodeDefault.xctoolchain/usr/local/lib/swift/host/plugins -validate-clang-modules-once -clang-build-session-file /Users/builder/builds/TDmZkXJm/3/finestructure/swiftpackageindex-builder/spi-builder-workspace/.derivedData/ModuleCache.noindex/Session.modulevalidation -Xcc -working-directory -Xcc /Users/builder/builds/TDmZkXJm/3/finestructure/swiftpackageindex-builder/spi-builder-workspace -resource-dir /Applications/Xcode-15.0.0-Beta.2.app/Contents/Developer/Toolchains/XcodeDefault.xctoolchain/usr/lib/swift -enable-anonymous-context-mangled-names -Xcc -ivfsstatcache -Xcc /Users/builder/builds/TDmZkXJm/3/finestructure/swiftpackageindex-builder/spi-builder-workspace/.derivedData/SDKStatCaches.noindex/xros1.0-21N5165f-50a81fd5751d5bee8ff6d6ea12214339.sdkstatcache -Xcc -I/Users/builder/builds/TDmZkXJm/3/finestructure/swiftpackageindex-builder/spi-builder-workspace/.derivedData/Build/Products/Debug-xros/include -Xcc -I/Users/builder/builds/TDmZkXJm/3/finestructure/swiftpackageindex-builder/spi-builder-workspace/.derivedData/Build/Intermediates.noindex/MOCloner.build/Debug-xros/MOClonerTests.build/DerivedSources-normal/arm64 -Xcc -I/Users/builder/builds/TDmZkXJm/3/finestructure/swiftpackageindex-builder/spi-builder-workspace/.derivedData/Build/Intermediates.noindex/MOCloner.build/Debug-xros/MOClonerTests.build/DerivedSources/arm64 -Xcc -I/Users/builder/builds/TDmZkXJm/3/finestructure/swiftpackageindex-builder/spi-builder-workspace/.derivedData/Build/Intermediates.noindex/MOCloner.build/Debug-xros/MOClonerTests.build/DerivedSources -Xcc -DSWIFT_PACKAGE -Xcc -DDEBUG\=1 -module-name MOClonerTests -frontend-parseable-output -disable-clang-spi -target-sdk-version 1.0 -target-sdk-name xros1.0 -o /Users/builder/builds/TDmZkXJm/3/finestructure/swiftpackageindex-builder/spi-builder-workspace/.derivedData/Build/Intermediates.noindex/MOCloner.build/Debug-xros/MOClonerTests.build/Objects-normal/arm64/ToOneTag+CoreDataClass.o -index-unit-output-path /MOCloner.build/Debug-xros/MOClonerTests.build/Objects-normal/arm64/ToOneTag+CoreDataClass.o -index-store-path /Users/builder/builds/TDmZkXJm/3/finestructure/swiftpackageindex-builder/spi-builder-workspace/.derivedData/Index.noindex/DataStore -index-system-modules
SwiftCompile normal arm64 /Users/builder/builds/TDmZkXJm/3/finestructure/swiftpackageindex-builder/spi-builder-workspace/.derivedData/Build/Intermediates.noindex/MOCloner.build/Debug-xros/MOClonerTests.build/DerivedSources/CoreDataGenerated/Model/ToOneTag+CoreDataClass.swift (in target 'MOClonerTests' from project 'MOCloner')
    cd /Users/builder/builds/TDmZkXJm/3/finestructure/swiftpackageindex-builder/spi-builder-workspace
    /Applications/Xcode-15.0.0-Beta.2.app/Contents/Developer/Toolchains/XcodeDefault.xctoolchain/usr/bin/swift-frontend -c /Users/builder/builds/TDmZkXJm/3/finestructure/swiftpackageindex-builder/spi-builder-workspace/.derivedData/Build/Intermediates.noindex/MOCloner.build/Debug-xros/MOClonerTests.build/DerivedSources/resource_bundle_accessor.swift /Users/builder/builds/TDmZkXJm/3/finestructure/swiftpackageindex-builder/spi-builder-workspace/Tests/MOClonerTests/MOClonerTests.swift /Users/builder/builds/TDmZkXJm/3/finestructure/swiftpackageindex-builder/spi-builder-workspace/Tests/MOClonerTests/MOClonterTestExtension.swift /Users/builder/builds/TDmZkXJm/3/finestructure/swiftpackageindex-builder/spi-builder-workspace/.derivedData/Build/Intermediates.noindex/MOCloner.build/Debug-xros/MOClonerTests.build/DerivedSources/CoreDataGenerated/Model/Item+CoreDataClass.swift /Users/builder/builds/TDmZkXJm/3/finestructure/swiftpackageindex-builder/spi-builder-workspace/.derivedData/Build/Intermediates.noindex/MOCloner.build/Debug-xros/MOClonerTests.build/DerivedSources/CoreDataGenerated/Model/Item+CoreDataProperties.swift /Users/builder/builds/TDmZkXJm/3/finestructure/swiftpackageindex-builder/spi-builder-workspace/.derivedData/Build/Intermediates.noindex/MOCloner.build/Debug-xros/MOClonerTests.build/DerivedSources/CoreDataGenerated/Model/Memo+CoreDataClass.swift /Users/builder/builds/TDmZkXJm/3/finestructure/swiftpackageindex-builder/spi-builder-workspace/.derivedData/Build/Intermediates.noindex/MOCloner.build/Debug-xros/MOClonerTests.build/DerivedSources/CoreDataGenerated/Model/Memo+CoreDataProperties.swift /Users/builder/builds/TDmZkXJm/3/finestructure/swiftpackageindex-builder/spi-builder-workspace/.derivedData/Build/Intermediates.noindex/MOCloner.build/Debug-xros/MOClonerTests.build/DerivedSources/CoreDataGenerated/Model/Note+CoreDataClass.swift /Users/builder/builds/TDmZkXJm/3/finestructure/swiftpackageindex-builder/spi-builder-workspace/.derivedData/Build/Intermediates.noindex/MOCloner.build/Debug-xros/MOClonerTests.build/DerivedSources/CoreDataGenerated/Model/Note+CoreDataProperties.swift /Users/builder/builds/TDmZkXJm/3/finestructure/swiftpackageindex-builder/spi-builder-workspace/.derivedData/Build/Intermediates.noindex/MOCloner.build/Debug-xros/MOClonerTests.build/DerivedSources/CoreDataGenerated/Model/NoteDescription+CoreDataClass.swift /Users/builder/builds/TDmZkXJm/3/finestructure/swiftpackageindex-builder/spi-builder-workspace/.derivedData/Build/Intermediates.noindex/MOCloner.build/Debug-xros/MOClonerTests.build/DerivedSources/CoreDataGenerated/Model/NoteDescription+CoreDataProperties.swift /Users/builder/builds/TDmZkXJm/3/finestructure/swiftpackageindex-builder/spi-builder-workspace/.derivedData/Build/Intermediates.noindex/MOCloner.build/Debug-xros/MOClonerTests.build/DerivedSources/CoreDataGenerated/Model/ToManyTag+CoreDataClass.swift /Users/builder/builds/TDmZkXJm/3/finestructure/swiftpackageindex-builder/spi-builder-workspace/.derivedData/Build/Intermediates.noindex/MOCloner.build/Debug-xros/MOClonerTests.build/DerivedSources/CoreDataGenerated/Model/ToManyTag+CoreDataProperties.swift -primary-file /Users/builder/builds/TDmZkXJm/3/finestructure/swiftpackageindex-builder/spi-builder-workspace/.derivedData/Build/Intermediates.noindex/MOCloner.build/Debug-xros/MOClonerTests.build/DerivedSources/CoreDataGenerated/Model/ToOneTag+CoreDataClass.swift /Users/builder/builds/TDmZkXJm/3/finestructure/swiftpackageindex-builder/spi-builder-workspace/.derivedData/Build/Intermediates.noindex/MOCloner.build/Debug-xros/MOClonerTests.build/DerivedSources/CoreDataGenerated/Model/ToOneTag+CoreDataProperties.swift /Users/builder/builds/TDmZkXJm/3/finestructure/swiftpackageindex-builder/spi-builder-workspace/.derivedData/Build/Intermediates.noindex/MOCloner.build/Debug-xros/MOClonerTests.build/DerivedSources/CoreDataGenerated/Model/Model+CoreDataModel.swift -emit-dependencies-path /Users/builder/builds/TDmZkXJm/3/finestructure/swiftpackageindex-builder/spi-builder-workspace/.derivedData/Build/Intermediates.noindex/MOCloner.build/Debug-xros/MOClonerTests.build/Objects-normal/arm64/ToOneTag+CoreDataClass.d -emit-const-values-path /Users/builder/builds/TDmZkXJm/3/finestructure/swiftpackageindex-builder/spi-builder-workspace/.derivedData/Build/Intermediates.noindex/MOCloner.build/Debug-xros/MOClonerTests.build/Objects-normal/arm64/ToOneTag+CoreDataClass.swiftconstvalues -emit-reference-dependencies-path /Users/builder/builds/TDmZkXJm/3/finestructure/swiftpackageindex-builder/spi-builder-workspace/.derivedData/Build/Intermediates.noindex/MOCloner.build/Debug-xros/MOClonerTests.build/Objects-normal/arm64/ToOneTag+CoreDataClass.swiftdeps -serialize-diagnostics-path /Users/builder/builds/TDmZkXJm/3/finestructure/swiftpackageindex-builder/spi-builder-workspace/.derivedData/Build/Intermediates.noindex/MOCloner.build/Debug-xros/MOClonerTests.build/Objects-normal/arm64/ToOneTag+CoreDataClass.dia -target arm64-apple-xros1.0 -Xllvm -aarch64-use-tbi -enable-objc-interop -stack-check -sdk /Applications/Xcode-15.0.0-Beta.2.app/Contents/Developer/Platforms/XROS.platform/Developer/SDKs/XROS1.0.sdk -I /Users/builder/builds/TDmZkXJm/3/finestructure/swiftpackageindex-builder/spi-builder-workspace/.derivedData/Build/Products/Debug-xros -I /Applications/Xcode-15.0.0-Beta.2.app/Contents/Developer/Platforms/XROS.platform/Developer/usr/lib -F /Users/builder/builds/TDmZkXJm/3/finestructure/swiftpackageindex-builder/spi-builder-workspace/.derivedData/Build/Products/Debug-xros/PackageFrameworks -F /Users/builder/builds/TDmZkXJm/3/finestructure/swiftpackageindex-builder/spi-builder-workspace/.derivedData/Build/Products/Debug-xros -F /Applications/Xcode-15.0.0-Beta.2.app/Contents/Developer/Platforms/XROS.platform/Developer/Library/Frameworks -F /Applications/Xcode-15.0.0-Beta.2.app/Contents/Developer/Platforms/XROS.platform/Developer/SDKs/XROS1.0.sdk/Developer/Library/Frameworks -no-color-diagnostics -enable-testing -g -module-cache-path /Users/builder/builds/TDmZkXJm/3/finestructure/swiftpackageindex-builder/spi-builder-workspace/.derivedData/ModuleCache.noindex -swift-version 5 -enforce-exclusivity\=checked -Onone -D SWIFT_PACKAGE -D DEBUG -D Xcode -serialize-debugging-options -const-gather-protocols-file /Users/builder/builds/TDmZkXJm/3/finestructure/swiftpackageindex-builder/spi-builder-workspace/.derivedData/Build/Intermediates.noindex/MOCloner.build/Debug-xros/MOClonerTests.build/Objects-normal/arm64/MOClonerTests_const_extract_protocols.json -empty-abi-descriptor -plugin-path /Applications/Xcode-15.0.0-Beta.2.app/Contents/Developer/Toolchains/XcodeDefault.xctoolchain/usr/lib/swift/host/plugins -plugin-path /Applications/Xcode-15.0.0-Beta.2.app/Contents/Developer/Toolchains/XcodeDefault.xctoolchain/usr/local/lib/swift/host/plugins -validate-clang-modules-once -clang-build-session-file /Users/builder/builds/TDmZkXJm/3/finestructure/swiftpackageindex-builder/spi-builder-workspace/.derivedData/ModuleCache.noindex/Session.modulevalidation -Xcc -working-directory -Xcc /Users/builder/builds/TDmZkXJm/3/finestructure/swiftpackageindex-builder/spi-builder-workspace -resource-dir /Applications/Xcode-15.0.0-Beta.2.app/Contents/Developer/Toolchains/XcodeDefault.xctoolchain/usr/lib/swift -enable-anonymous-context-mangled-names -Xcc -ivfsstatcache -Xcc /Users/builder/builds/TDmZkXJm/3/finestructure/swiftpackageindex-builder/spi-builder-workspace/.derivedData/SDKStatCaches.noindex/xros1.0-21N5165f-50a81fd5751d5bee8ff6d6ea12214339.sdkstatcache -Xcc -I/Users/builder/builds/TDmZkXJm/3/finestructure/swiftpackageindex-builder/spi-builder-workspace/.derivedData/Build/Products/Debug-xros/include -Xcc -I/Users/builder/builds/TDmZkXJm/3/finestructure/swiftpackageindex-builder/spi-builder-workspace/.derivedData/Build/Intermediates.noindex/MOCloner.build/Debug-xros/MOClonerTests.build/DerivedSources-normal/arm64 -Xcc -I/Users/builder/builds/TDmZkXJm/3/finestructure/swiftpackageindex-builder/spi-builder-workspace/.derivedData/Build/Intermediates.noindex/MOCloner.build/Debug-xros/MOClonerTests.build/DerivedSources/arm64 -Xcc -I/Users/builder/builds/TDmZkXJm/3/finestructure/swiftpackageindex-builder/spi-builder-workspace/.derivedData/Build/Intermediates.noindex/MOCloner.build/Debug-xros/MOClonerTests.build/DerivedSources -Xcc -DSWIFT_PACKAGE -Xcc -DDEBUG\=1 -module-name MOClonerTests -frontend-parseable-output -disable-clang-spi -target-sdk-version 1.0 -target-sdk-name xros1.0 -o /Users/builder/builds/TDmZkXJm/3/finestructure/swiftpackageindex-builder/spi-builder-workspace/.derivedData/Build/Intermediates.noindex/MOCloner.build/Debug-xros/MOClonerTests.build/Objects-normal/arm64/ToOneTag+CoreDataClass.o -index-unit-output-path /MOCloner.build/Debug-xros/MOClonerTests.build/Objects-normal/arm64/ToOneTag+CoreDataClass.o -index-store-path /Users/builder/builds/TDmZkXJm/3/finestructure/swiftpackageindex-builder/spi-builder-workspace/.derivedData/Index.noindex/DataStore -index-system-modules
SwiftCompile normal arm64 Compiling\ resource_bundle_accessor.swift,\ MOClonerTests.swift /Users/builder/builds/TDmZkXJm/3/finestructure/swiftpackageindex-builder/spi-builder-workspace/.derivedData/Build/Intermediates.noindex/MOCloner.build/Debug-xros/MOClonerTests.build/DerivedSources/resource_bundle_accessor.swift /Users/builder/builds/TDmZkXJm/3/finestructure/swiftpackageindex-builder/spi-builder-workspace/Tests/MOClonerTests/MOClonerTests.swift (in target 'MOClonerTests' from project 'MOCloner')
    cd /Users/builder/builds/TDmZkXJm/3/finestructure/swiftpackageindex-builder/spi-builder-workspace
    builtin-swiftTaskExecution -- /Applications/Xcode-15.0.0-Beta.2.app/Contents/Developer/Toolchains/XcodeDefault.xctoolchain/usr/bin/swift-frontend -frontend -c -primary-file /Users/builder/builds/TDmZkXJm/3/finestructure/swiftpackageindex-builder/spi-builder-workspace/.derivedData/Build/Intermediates.noindex/MOCloner.build/Debug-xros/MOClonerTests.build/DerivedSources/resource_bundle_accessor.swift -primary-file /Users/builder/builds/TDmZkXJm/3/finestructure/swiftpackageindex-builder/spi-builder-workspace/Tests/MOClonerTests/MOClonerTests.swift /Users/builder/builds/TDmZkXJm/3/finestructure/swiftpackageindex-builder/spi-builder-workspace/Tests/MOClonerTests/MOClonterTestExtension.swift /Users/builder/builds/TDmZkXJm/3/finestructure/swiftpackageindex-builder/spi-builder-workspace/.derivedData/Build/Intermediates.noindex/MOCloner.build/Debug-xros/MOClonerTests.build/DerivedSources/CoreDataGenerated/Model/Item+CoreDataClass.swift /Users/builder/builds/TDmZkXJm/3/finestructure/swiftpackageindex-builder/spi-builder-workspace/.derivedData/Build/Intermediates.noindex/MOCloner.build/Debug-xros/MOClonerTests.build/DerivedSources/CoreDataGenerated/Model/Item+CoreDataProperties.swift /Users/builder/builds/TDmZkXJm/3/finestructure/swiftpackageindex-builder/spi-builder-workspace/.derivedData/Build/Intermediates.noindex/MOCloner.build/Debug-xros/MOClonerTests.build/DerivedSources/CoreDataGenerated/Model/Memo+CoreDataClass.swift /Users/builder/builds/TDmZkXJm/3/finestructure/swiftpackageindex-builder/spi-builder-workspace/.derivedData/Build/Intermediates.noindex/MOCloner.build/Debug-xros/MOClonerTests.build/DerivedSources/CoreDataGenerated/Model/Memo+CoreDataProperties.swift /Users/builder/builds/TDmZkXJm/3/finestructure/swiftpackageindex-builder/spi-builder-workspace/.derivedData/Build/Intermediates.noindex/MOCloner.build/Debug-xros/MOClonerTests.build/DerivedSources/CoreDataGenerated/Model/Note+CoreDataClass.swift /Users/builder/builds/TDmZkXJm/3/finestructure/swiftpackageindex-builder/spi-builder-workspace/.derivedData/Build/Intermediates.noindex/MOCloner.build/Debug-xros/MOClonerTests.build/DerivedSources/CoreDataGenerated/Model/Note+CoreDataProperties.swift /Users/builder/builds/TDmZkXJm/3/finestructure/swiftpackageindex-builder/spi-builder-workspace/.derivedData/Build/Intermediates.noindex/MOCloner.build/Debug-xros/MOClonerTests.build/DerivedSources/CoreDataGenerated/Model/NoteDescription+CoreDataClass.swift /Users/builder/builds/TDmZkXJm/3/finestructure/swiftpackageindex-builder/spi-builder-workspace/.derivedData/Build/Intermediates.noindex/MOCloner.build/Debug-xros/MOClonerTests.build/DerivedSources/CoreDataGenerated/Model/NoteDescription+CoreDataProperties.swift /Users/builder/builds/TDmZkXJm/3/finestructure/swiftpackageindex-builder/spi-builder-workspace/.derivedData/Build/Intermediates.noindex/MOCloner.build/Debug-xros/MOClonerTests.build/DerivedSources/CoreDataGenerated/Model/ToManyTag+CoreDataClass.swift /Users/builder/builds/TDmZkXJm/3/finestructure/swiftpackageindex-builder/spi-builder-workspace/.derivedData/Build/Intermediates.noindex/MOCloner.build/Debug-xros/MOClonerTests.build/DerivedSources/CoreDataGenerated/Model/ToManyTag+CoreDataProperties.swift /Users/builder/builds/TDmZkXJm/3/finestructure/swiftpackageindex-builder/spi-builder-workspace/.derivedData/Build/Intermediates.noindex/MOCloner.build/Debug-xros/MOClonerTests.build/DerivedSources/CoreDataGenerated/Model/ToOneTag+CoreDataClass.swift /Users/builder/builds/TDmZkXJm/3/finestructure/swiftpackageindex-builder/spi-builder-workspace/.derivedData/Build/Intermediates.noindex/MOCloner.build/Debug-xros/MOClonerTests.build/DerivedSources/CoreDataGenerated/Model/ToOneTag+CoreDataProperties.swift /Users/builder/builds/TDmZkXJm/3/finestructure/swiftpackageindex-builder/spi-builder-workspace/.derivedData/Build/Intermediates.noindex/MOCloner.build/Debug-xros/MOClonerTests.build/DerivedSources/CoreDataGenerated/Model/Model+CoreDataModel.swift -emit-dependencies-path /Users/builder/builds/TDmZkXJm/3/finestructure/swiftpackageindex-builder/spi-builder-workspace/.derivedData/Build/Intermediates.noindex/MOCloner.build/Debug-xros/MOClonerTests.build/Objects-normal/arm64/resource_bundle_accessor.d -emit-const-values-path /Users/builder/builds/TDmZkXJm/3/finestructure/swiftpackageindex-builder/spi-builder-workspace/.derivedData/Build/Intermediates.noindex/MOCloner.build/Debug-xros/MOClonerTests.build/Objects-normal/arm64/resource_bundle_accessor.swiftconstvalues -emit-reference-dependencies-path /Users/builder/builds/TDmZkXJm/3/finestructure/swiftpackageindex-builder/spi-builder-workspace/.derivedData/Build/Intermediates.noindex/MOCloner.build/Debug-xros/MOClonerTests.build/Objects-normal/arm64/resource_bundle_accessor.swiftdeps -serialize-diagnostics-path /Users/builder/builds/TDmZkXJm/3/finestructure/swiftpackageindex-builder/spi-builder-workspace/.derivedData/Build/Intermediates.noindex/MOCloner.build/Debug-xros/MOClonerTests.build/Objects-normal/arm64/resource_bundle_accessor.dia -emit-dependencies-path /Users/builder/builds/TDmZkXJm/3/finestructure/swiftpackageindex-builder/spi-builder-workspace/.derivedData/Build/Intermediates.noindex/MOCloner.build/Debug-xros/MOClonerTests.build/Objects-normal/arm64/MOClonerTests.d -emit-const-values-path /Users/builder/builds/TDmZkXJm/3/finestructure/swiftpackageindex-builder/spi-builder-workspace/.derivedData/Build/Intermediates.noindex/MOCloner.build/Debug-xros/MOClonerTests.build/Objects-normal/arm64/MOClonerTests.swiftconstvalues -emit-reference-dependencies-path /Users/builder/builds/TDmZkXJm/3/finestructure/swiftpackageindex-builder/spi-builder-workspace/.derivedData/Build/Intermediates.noindex/MOCloner.build/Debug-xros/MOClonerTests.build/Objects-normal/arm64/MOClonerTests.swiftdeps -serialize-diagnostics-path /Users/builder/builds/TDmZkXJm/3/finestructure/swiftpackageindex-builder/spi-builder-workspace/.derivedData/Build/Intermediates.noindex/MOCloner.build/Debug-xros/MOClonerTests.build/Objects-normal/arm64/MOClonerTests.dia -target arm64-apple-xros1.0 -Xllvm -aarch64-use-tbi -enable-objc-interop -stack-check -sdk /Applications/Xcode-15.0.0-Beta.2.app/Contents/Developer/Platforms/XROS.platform/Developer/SDKs/XROS1.0.sdk -I /Users/builder/builds/TDmZkXJm/3/finestructure/swiftpackageindex-builder/spi-builder-workspace/.derivedData/Build/Products/Debug-xros -I /Applications/Xcode-15.0.0-Beta.2.app/Contents/Developer/Platforms/XROS.platform/Developer/usr/lib -F /Users/builder/builds/TDmZkXJm/3/finestructure/swiftpackageindex-builder/spi-builder-workspace/.derivedData/Build/Products/Debug-xros/PackageFrameworks -F /Users/builder/builds/TDmZkXJm/3/finestructure/swiftpackageindex-builder/spi-builder-workspace/.derivedData/Build/Products/Debug-xros -F /Applications/Xcode-15.0.0-Beta.2.app/Contents/Developer/Platforms/XROS.platform/Developer/Library/Frameworks -F /Applications/Xcode-15.0.0-Beta.2.app/Contents/Developer/Platforms/XROS.platform/Developer/SDKs/XROS1.0.sdk/Developer/Library/Frameworks -no-color-diagnostics -enable-testing -g -module-cache-path /Users/builder/builds/TDmZkXJm/3/finestructure/swiftpackageindex-builder/spi-builder-workspace/.derivedData/ModuleCache.noindex -swift-version 5 -enforce-exclusivity\=checked -Onone -D SWIFT_PACKAGE -D DEBUG -D Xcode -serialize-debugging-options -const-gather-protocols-file /Users/builder/builds/TDmZkXJm/3/finestructure/swiftpackageindex-builder/spi-builder-workspace/.derivedData/Build/Intermediates.noindex/MOCloner.build/Debug-xros/MOClonerTests.build/Objects-normal/arm64/MOClonerTests_const_extract_protocols.json -empty-abi-descriptor -plugin-path /Applications/Xcode-15.0.0-Beta.2.app/Contents/Developer/Toolchains/XcodeDefault.xctoolchain/usr/lib/swift/host/plugins -plugin-path /Applications/Xcode-15.0.0-Beta.2.app/Contents/Developer/Toolchains/XcodeDefault.xctoolchain/usr/local/lib/swift/host/plugins -validate-clang-modules-once -clang-build-session-file /Users/builder/builds/TDmZkXJm/3/finestructure/swiftpackageindex-builder/spi-builder-workspace/.derivedData/ModuleCache.noindex/Session.modulevalidation -Xcc -working-directory -Xcc /Users/builder/builds/TDmZkXJm/3/finestructure/swiftpackageindex-builder/spi-builder-workspace -resource-dir /Applications/Xcode-15.0.0-Beta.2.app/Contents/Developer/Toolchains/XcodeDefault.xctoolchain/usr/lib/swift -enable-anonymous-context-mangled-names -Xcc -ivfsstatcache -Xcc /Users/builder/builds/TDmZkXJm/3/finestructure/swiftpackageindex-builder/spi-builder-workspace/.derivedData/SDKStatCaches.noindex/xros1.0-21N5165f-50a81fd5751d5bee8ff6d6ea12214339.sdkstatcache -Xcc -I/Users/builder/builds/TDmZkXJm/3/finestructure/swiftpackageindex-builder/spi-builder-workspace/.derivedData/Build/Products/Debug-xros/include -Xcc -I/Users/builder/builds/TDmZkXJm/3/finestructure/swiftpackageindex-builder/spi-builder-workspace/.derivedData/Build/Intermediates.noindex/MOCloner.build/Debug-xros/MOClonerTests.build/DerivedSources-normal/arm64 -Xcc -I/Users/builder/builds/TDmZkXJm/3/finestructure/swiftpackageindex-builder/spi-builder-workspace/.derivedData/Build/Intermediates.noindex/MOCloner.build/Debug-xros/MOClonerTests.build/DerivedSources/arm64 -Xcc -I/Users/builder/builds/TDmZkXJm/3/finestructure/swiftpackageindex-builder/spi-builder-workspace/.derivedData/Build/Intermediates.noindex/MOCloner.build/Debug-xros/MOClonerTests.build/DerivedSources -Xcc -DSWIFT_PACKAGE -Xcc -DDEBUG\=1 -module-name MOClonerTests -frontend-parseable-output -disable-clang-spi -target-sdk-version 1.0 -target-sdk-name xros1.0 -o /Users/builder/builds/TDmZkXJm/3/finestructure/swiftpackageindex-builder/spi-builder-workspace/.derivedData/Build/Intermediates.noindex/MOCloner.build/Debug-xros/MOClonerTests.build/Objects-normal/arm64/resource_bundle_accessor.o -o /Users/builder/builds/TDmZkXJm/3/finestructure/swiftpackageindex-builder/spi-builder-workspace/.derivedData/Build/Intermediates.noindex/MOCloner.build/Debug-xros/MOClonerTests.build/Objects-normal/arm64/MOClonerTests.o -index-unit-output-path /MOCloner.build/Debug-xros/MOClonerTests.build/Objects-normal/arm64/resource_bundle_accessor.o -index-unit-output-path /MOCloner.build/Debug-xros/MOClonerTests.build/Objects-normal/arm64/MOClonerTests.o -index-store-path /Users/builder/builds/TDmZkXJm/3/finestructure/swiftpackageindex-builder/spi-builder-workspace/.derivedData/Index.noindex/DataStore -index-system-modules
SwiftCompile normal arm64 /Users/builder/builds/TDmZkXJm/3/finestructure/swiftpackageindex-builder/spi-builder-workspace/.derivedData/Build/Intermediates.noindex/MOCloner.build/Debug-xros/MOClonerTests.build/DerivedSources/resource_bundle_accessor.swift (in target 'MOClonerTests' from project 'MOCloner')
    cd /Users/builder/builds/TDmZkXJm/3/finestructure/swiftpackageindex-builder/spi-builder-workspace
    /Applications/Xcode-15.0.0-Beta.2.app/Contents/Developer/Toolchains/XcodeDefault.xctoolchain/usr/bin/swift-frontend -c -primary-file /Users/builder/builds/TDmZkXJm/3/finestructure/swiftpackageindex-builder/spi-builder-workspace/.derivedData/Build/Intermediates.noindex/MOCloner.build/Debug-xros/MOClonerTests.build/DerivedSources/resource_bundle_accessor.swift -primary-file /Users/builder/builds/TDmZkXJm/3/finestructure/swiftpackageindex-builder/spi-builder-workspace/Tests/MOClonerTests/MOClonerTests.swift /Users/builder/builds/TDmZkXJm/3/finestructure/swiftpackageindex-builder/spi-builder-workspace/Tests/MOClonerTests/MOClonterTestExtension.swift /Users/builder/builds/TDmZkXJm/3/finestructure/swiftpackageindex-builder/spi-builder-workspace/.derivedData/Build/Intermediates.noindex/MOCloner.build/Debug-xros/MOClonerTests.build/DerivedSources/CoreDataGenerated/Model/Item+CoreDataClass.swift /Users/builder/builds/TDmZkXJm/3/finestructure/swiftpackageindex-builder/spi-builder-workspace/.derivedData/Build/Intermediates.noindex/MOCloner.build/Debug-xros/MOClonerTests.build/DerivedSources/CoreDataGenerated/Model/Item+CoreDataProperties.swift /Users/builder/builds/TDmZkXJm/3/finestructure/swiftpackageindex-builder/spi-builder-workspace/.derivedData/Build/Intermediates.noindex/MOCloner.build/Debug-xros/MOClonerTests.build/DerivedSources/CoreDataGenerated/Model/Memo+CoreDataClass.swift /Users/builder/builds/TDmZkXJm/3/finestructure/swiftpackageindex-builder/spi-builder-workspace/.derivedData/Build/Intermediates.noindex/MOCloner.build/Debug-xros/MOClonerTests.build/DerivedSources/CoreDataGenerated/Model/Memo+CoreDataProperties.swift /Users/builder/builds/TDmZkXJm/3/finestructure/swiftpackageindex-builder/spi-builder-workspace/.derivedData/Build/Intermediates.noindex/MOCloner.build/Debug-xros/MOClonerTests.build/DerivedSources/CoreDataGenerated/Model/Note+CoreDataClass.swift /Users/builder/builds/TDmZkXJm/3/finestructure/swiftpackageindex-builder/spi-builder-workspace/.derivedData/Build/Intermediates.noindex/MOCloner.build/Debug-xros/MOClonerTests.build/DerivedSources/CoreDataGenerated/Model/Note+CoreDataProperties.swift /Users/builder/builds/TDmZkXJm/3/finestructure/swiftpackageindex-builder/spi-builder-workspace/.derivedData/Build/Intermediates.noindex/MOCloner.build/Debug-xros/MOClonerTests.build/DerivedSources/CoreDataGenerated/Model/NoteDescription+CoreDataClass.swift /Users/builder/builds/TDmZkXJm/3/finestructure/swiftpackageindex-builder/spi-builder-workspace/.derivedData/Build/Intermediates.noindex/MOCloner.build/Debug-xros/MOClonerTests.build/DerivedSources/CoreDataGenerated/Model/NoteDescription+CoreDataProperties.swift /Users/builder/builds/TDmZkXJm/3/finestructure/swiftpackageindex-builder/spi-builder-workspace/.derivedData/Build/Intermediates.noindex/MOCloner.build/Debug-xros/MOClonerTests.build/DerivedSources/CoreDataGenerated/Model/ToManyTag+CoreDataClass.swift /Users/builder/builds/TDmZkXJm/3/finestructure/swiftpackageindex-builder/spi-builder-workspace/.derivedData/Build/Intermediates.noindex/MOCloner.build/Debug-xros/MOClonerTests.build/DerivedSources/CoreDataGenerated/Model/ToManyTag+CoreDataProperties.swift /Users/builder/builds/TDmZkXJm/3/finestructure/swiftpackageindex-builder/spi-builder-workspace/.derivedData/Build/Intermediates.noindex/MOCloner.build/Debug-xros/MOClonerTests.build/DerivedSources/CoreDataGenerated/Model/ToOneTag+CoreDataClass.swift /Users/builder/builds/TDmZkXJm/3/finestructure/swiftpackageindex-builder/spi-builder-workspace/.derivedData/Build/Intermediates.noindex/MOCloner.build/Debug-xros/MOClonerTests.build/DerivedSources/CoreDataGenerated/Model/ToOneTag+CoreDataProperties.swift /Users/builder/builds/TDmZkXJm/3/finestructure/swiftpackageindex-builder/spi-builder-workspace/.derivedData/Build/Intermediates.noindex/MOCloner.build/Debug-xros/MOClonerTests.build/DerivedSources/CoreDataGenerated/Model/Model+CoreDataModel.swift -emit-dependencies-path /Users/builder/builds/TDmZkXJm/3/finestructure/swiftpackageindex-builder/spi-builder-workspace/.derivedData/Build/Intermediates.noindex/MOCloner.build/Debug-xros/MOClonerTests.build/Objects-normal/arm64/resource_bundle_accessor.d -emit-const-values-path /Users/builder/builds/TDmZkXJm/3/finestructure/swiftpackageindex-builder/spi-builder-workspace/.derivedData/Build/Intermediates.noindex/MOCloner.build/Debug-xros/MOClonerTests.build/Objects-normal/arm64/resource_bundle_accessor.swiftconstvalues -emit-reference-dependencies-path /Users/builder/builds/TDmZkXJm/3/finestructure/swiftpackageindex-builder/spi-builder-workspace/.derivedData/Build/Intermediates.noindex/MOCloner.build/Debug-xros/MOClonerTests.build/Objects-normal/arm64/resource_bundle_accessor.swiftdeps -serialize-diagnostics-path /Users/builder/builds/TDmZkXJm/3/finestructure/swiftpackageindex-builder/spi-builder-workspace/.derivedData/Build/Intermediates.noindex/MOCloner.build/Debug-xros/MOClonerTests.build/Objects-normal/arm64/resource_bundle_accessor.dia -emit-dependencies-path /Users/builder/builds/TDmZkXJm/3/finestructure/swiftpackageindex-builder/spi-builder-workspace/.derivedData/Build/Intermediates.noindex/MOCloner.build/Debug-xros/MOClonerTests.build/Objects-normal/arm64/MOClonerTests.d -emit-const-values-path /Users/builder/builds/TDmZkXJm/3/finestructure/swiftpackageindex-builder/spi-builder-workspace/.derivedData/Build/Intermediates.noindex/MOCloner.build/Debug-xros/MOClonerTests.build/Objects-normal/arm64/MOClonerTests.swiftconstvalues -emit-reference-dependencies-path /Users/builder/builds/TDmZkXJm/3/finestructure/swiftpackageindex-builder/spi-builder-workspace/.derivedData/Build/Intermediates.noindex/MOCloner.build/Debug-xros/MOClonerTests.build/Objects-normal/arm64/MOClonerTests.swiftdeps -serialize-diagnostics-path /Users/builder/builds/TDmZkXJm/3/finestructure/swiftpackageindex-builder/spi-builder-workspace/.derivedData/Build/Intermediates.noindex/MOCloner.build/Debug-xros/MOClonerTests.build/Objects-normal/arm64/MOClonerTests.dia -target arm64-apple-xros1.0 -Xllvm -aarch64-use-tbi -enable-objc-interop -stack-check -sdk /Applications/Xcode-15.0.0-Beta.2.app/Contents/Developer/Platforms/XROS.platform/Developer/SDKs/XROS1.0.sdk -I /Users/builder/builds/TDmZkXJm/3/finestructure/swiftpackageindex-builder/spi-builder-workspace/.derivedData/Build/Products/Debug-xros -I /Applications/Xcode-15.0.0-Beta.2.app/Contents/Developer/Platforms/XROS.platform/Developer/usr/lib -F /Users/builder/builds/TDmZkXJm/3/finestructure/swiftpackageindex-builder/spi-builder-workspace/.derivedData/Build/Products/Debug-xros/PackageFrameworks -F /Users/builder/builds/TDmZkXJm/3/finestructure/swiftpackageindex-builder/spi-builder-workspace/.derivedData/Build/Products/Debug-xros -F /Applications/Xcode-15.0.0-Beta.2.app/Contents/Developer/Platforms/XROS.platform/Developer/Library/Frameworks -F /Applications/Xcode-15.0.0-Beta.2.app/Contents/Developer/Platforms/XROS.platform/Developer/SDKs/XROS1.0.sdk/Developer/Library/Frameworks -no-color-diagnostics -enable-testing -g -module-cache-path /Users/builder/builds/TDmZkXJm/3/finestructure/swiftpackageindex-builder/spi-builder-workspace/.derivedData/ModuleCache.noindex -swift-version 5 -enforce-exclusivity\=checked -Onone -D SWIFT_PACKAGE -D DEBUG -D Xcode -serialize-debugging-options -const-gather-protocols-file /Users/builder/builds/TDmZkXJm/3/finestructure/swiftpackageindex-builder/spi-builder-workspace/.derivedData/Build/Intermediates.noindex/MOCloner.build/Debug-xros/MOClonerTests.build/Objects-normal/arm64/MOClonerTests_const_extract_protocols.json -empty-abi-descriptor -plugin-path /Applications/Xcode-15.0.0-Beta.2.app/Contents/Developer/Toolchains/XcodeDefault.xctoolchain/usr/lib/swift/host/plugins -plugin-path /Applications/Xcode-15.0.0-Beta.2.app/Contents/Developer/Toolchains/XcodeDefault.xctoolchain/usr/local/lib/swift/host/plugins -validate-clang-modules-once -clang-build-session-file /Users/builder/builds/TDmZkXJm/3/finestructure/swiftpackageindex-builder/spi-builder-workspace/.derivedData/ModuleCache.noindex/Session.modulevalidation -Xcc -working-directory -Xcc /Users/builder/builds/TDmZkXJm/3/finestructure/swiftpackageindex-builder/spi-builder-workspace -resource-dir /Applications/Xcode-15.0.0-Beta.2.app/Contents/Developer/Toolchains/XcodeDefault.xctoolchain/usr/lib/swift -enable-anonymous-context-mangled-names -Xcc -ivfsstatcache -Xcc /Users/builder/builds/TDmZkXJm/3/finestructure/swiftpackageindex-builder/spi-builder-workspace/.derivedData/SDKStatCaches.noindex/xros1.0-21N5165f-50a81fd5751d5bee8ff6d6ea12214339.sdkstatcache -Xcc -I/Users/builder/builds/TDmZkXJm/3/finestructure/swiftpackageindex-builder/spi-builder-workspace/.derivedData/Build/Products/Debug-xros/include -Xcc -I/Users/builder/builds/TDmZkXJm/3/finestructure/swiftpackageindex-builder/spi-builder-workspace/.derivedData/Build/Intermediates.noindex/MOCloner.build/Debug-xros/MOClonerTests.build/DerivedSources-normal/arm64 -Xcc -I/Users/builder/builds/TDmZkXJm/3/finestructure/swiftpackageindex-builder/spi-builder-workspace/.derivedData/Build/Intermediates.noindex/MOCloner.build/Debug-xros/MOClonerTests.build/DerivedSources/arm64 -Xcc -I/Users/builder/builds/TDmZkXJm/3/finestructure/swiftpackageindex-builder/spi-builder-workspace/.derivedData/Build/Intermediates.noindex/MOCloner.build/Debug-xros/MOClonerTests.build/DerivedSources -Xcc -DSWIFT_PACKAGE -Xcc -DDEBUG\=1 -module-name MOClonerTests -frontend-parseable-output -disable-clang-spi -target-sdk-version 1.0 -target-sdk-name xros1.0 -o /Users/builder/builds/TDmZkXJm/3/finestructure/swiftpackageindex-builder/spi-builder-workspace/.derivedData/Build/Intermediates.noindex/MOCloner.build/Debug-xros/MOClonerTests.build/Objects-normal/arm64/resource_bundle_accessor.o -o /Users/builder/builds/TDmZkXJm/3/finestructure/swiftpackageindex-builder/spi-builder-workspace/.derivedData/Build/Intermediates.noindex/MOCloner.build/Debug-xros/MOClonerTests.build/Objects-normal/arm64/MOClonerTests.o -index-unit-output-path /MOCloner.build/Debug-xros/MOClonerTests.build/Objects-normal/arm64/resource_bundle_accessor.o -index-unit-output-path /MOCloner.build/Debug-xros/MOClonerTests.build/Objects-normal/arm64/MOClonerTests.o -index-store-path /Users/builder/builds/TDmZkXJm/3/finestructure/swiftpackageindex-builder/spi-builder-workspace/.derivedData/Index.noindex/DataStore -index-system-modules

SwiftCompile normal arm64 /Users/builder/builds/TDmZkXJm/3/finestructure/swiftpackageindex-builder/spi-builder-workspace/Tests/MOClonerTests/MOClonerTests.swift (in target 'MOClonerTests' from project 'MOCloner')
    cd /Users/builder/builds/TDmZkXJm/3/finestructure/swiftpackageindex-builder/spi-builder-workspace
    /Applications/Xcode-15.0.0-Beta.2.app/Contents/Developer/Toolchains/XcodeDefault.xctoolchain/usr/bin/swift-frontend -c -primary-file /Users/builder/builds/TDmZkXJm/3/finestructure/swiftpackageindex-builder/spi-builder-workspace/.derivedData/Build/Intermediates.noindex/MOCloner.build/Debug-xros/MOClonerTests.build/DerivedSources/resource_bundle_accessor.swift -primary-file /Users/builder/builds/TDmZkXJm/3/finestructure/swiftpackageindex-builder/spi-builder-workspace/Tests/MOClonerTests/MOClonerTests.swift /Users/builder/builds/TDmZkXJm/3/finestructure/swiftpackageindex-builder/spi-builder-workspace/Tests/MOClonerTests/MOClonterTestExtension.swift /Users/builder/builds/TDmZkXJm/3/finestructure/swiftpackageindex-builder/spi-builder-workspace/.derivedData/Build/Intermediates.noindex/MOCloner.build/Debug-xros/MOClonerTests.build/DerivedSources/CoreDataGenerated/Model/Item+CoreDataClass.swift /Users/builder/builds/TDmZkXJm/3/finestructure/swiftpackageindex-builder/spi-builder-workspace/.derivedData/Build/Intermediates.noindex/MOCloner.build/Debug-xros/MOClonerTests.build/DerivedSources/CoreDataGenerated/Model/Item+CoreDataProperties.swift /Users/builder/builds/TDmZkXJm/3/finestructure/swiftpackageindex-builder/spi-builder-workspace/.derivedData/Build/Intermediates.noindex/MOCloner.build/Debug-xros/MOClonerTests.build/DerivedSources/CoreDataGenerated/Model/Memo+CoreDataClass.swift /Users/builder/builds/TDmZkXJm/3/finestructure/swiftpackageindex-builder/spi-builder-workspace/.derivedData/Build/Intermediates.noindex/MOCloner.build/Debug-xros/MOClonerTests.build/DerivedSources/CoreDataGenerated/Model/Memo+CoreDataProperties.swift /Users/builder/builds/TDmZkXJm/3/finestructure/swiftpackageindex-builder/spi-builder-workspace/.derivedData/Build/Intermediates.noindex/MOCloner.build/Debug-xros/MOClonerTests.build/DerivedSources/CoreDataGenerated/Model/Note+CoreDataClass.swift /Users/builder/builds/TDmZkXJm/3/finestructure/swiftpackageindex-builder/spi-builder-workspace/.derivedData/Build/Intermediates.noindex/MOCloner.build/Debug-xros/MOClonerTests.build/DerivedSources/CoreDataGenerated/Model/Note+CoreDataProperties.swift /Users/builder/builds/TDmZkXJm/3/finestructure/swiftpackageindex-builder/spi-builder-workspace/.derivedData/Build/Intermediates.noindex/MOCloner.build/Debug-xros/MOClonerTests.build/DerivedSources/CoreDataGenerated/Model/NoteDescription+CoreDataClass.swift /Users/builder/builds/TDmZkXJm/3/finestructure/swiftpackageindex-builder/spi-builder-workspace/.derivedData/Build/Intermediates.noindex/MOCloner.build/Debug-xros/MOClonerTests.build/DerivedSources/CoreDataGenerated/Model/NoteDescription+CoreDataProperties.swift /Users/builder/builds/TDmZkXJm/3/finestructure/swiftpackageindex-builder/spi-builder-workspace/.derivedData/Build/Intermediates.noindex/MOCloner.build/Debug-xros/MOClonerTests.build/DerivedSources/CoreDataGenerated/Model/ToManyTag+CoreDataClass.swift /Users/builder/builds/TDmZkXJm/3/finestructure/swiftpackageindex-builder/spi-builder-workspace/.derivedData/Build/Intermediates.noindex/MOCloner.build/Debug-xros/MOClonerTests.build/DerivedSources/CoreDataGenerated/Model/ToManyTag+CoreDataProperties.swift /Users/builder/builds/TDmZkXJm/3/finestructure/swiftpackageindex-builder/spi-builder-workspace/.derivedData/Build/Intermediates.noindex/MOCloner.build/Debug-xros/MOClonerTests.build/DerivedSources/CoreDataGenerated/Model/ToOneTag+CoreDataClass.swift /Users/builder/builds/TDmZkXJm/3/finestructure/swiftpackageindex-builder/spi-builder-workspace/.derivedData/Build/Intermediates.noindex/MOCloner.build/Debug-xros/MOClonerTests.build/DerivedSources/CoreDataGenerated/Model/ToOneTag+CoreDataProperties.swift /Users/builder/builds/TDmZkXJm/3/finestructure/swiftpackageindex-builder/spi-builder-workspace/.derivedData/Build/Intermediates.noindex/MOCloner.build/Debug-xros/MOClonerTests.build/DerivedSources/CoreDataGenerated/Model/Model+CoreDataModel.swift -emit-dependencies-path /Users/builder/builds/TDmZkXJm/3/finestructure/swiftpackageindex-builder/spi-builder-workspace/.derivedData/Build/Intermediates.noindex/MOCloner.build/Debug-xros/MOClonerTests.build/Objects-normal/arm64/resource_bundle_accessor.d -emit-const-values-path /Users/builder/builds/TDmZkXJm/3/finestructure/swiftpackageindex-builder/spi-builder-workspace/.derivedData/Build/Intermediates.noindex/MOCloner.build/Debug-xros/MOClonerTests.build/Objects-normal/arm64/resource_bundle_accessor.swiftconstvalues -emit-reference-dependencies-path /Users/builder/builds/TDmZkXJm/3/finestructure/swiftpackageindex-builder/spi-builder-workspace/.derivedData/Build/Intermediates.noindex/MOCloner.build/Debug-xros/MOClonerTests.build/Objects-normal/arm64/resource_bundle_accessor.swiftdeps -serialize-diagnostics-path /Users/builder/builds/TDmZkXJm/3/finestructure/swiftpackageindex-builder/spi-builder-workspace/.derivedData/Build/Intermediates.noindex/MOCloner.build/Debug-xros/MOClonerTests.build/Objects-normal/arm64/resource_bundle_accessor.dia -emit-dependencies-path /Users/builder/builds/TDmZkXJm/3/finestructure/swiftpackageindex-builder/spi-builder-workspace/.derivedData/Build/Intermediates.noindex/MOCloner.build/Debug-xros/MOClonerTests.build/Objects-normal/arm64/MOClonerTests.d -emit-const-values-path /Users/builder/builds/TDmZkXJm/3/finestructure/swiftpackageindex-builder/spi-builder-workspace/.derivedData/Build/Intermediates.noindex/MOCloner.build/Debug-xros/MOClonerTests.build/Objects-normal/arm64/MOClonerTests.swiftconstvalues -emit-reference-dependencies-path /Users/builder/builds/TDmZkXJm/3/finestructure/swiftpackageindex-builder/spi-builder-workspace/.derivedData/Build/Intermediates.noindex/MOCloner.build/Debug-xros/MOClonerTests.build/Objects-normal/arm64/MOClonerTests.swiftdeps -serialize-diagnostics-path /Users/builder/builds/TDmZkXJm/3/finestructure/swiftpackageindex-builder/spi-builder-workspace/.derivedData/Build/Intermediates.noindex/MOCloner.build/Debug-xros/MOClonerTests.build/Objects-normal/arm64/MOClonerTests.dia -target arm64-apple-xros1.0 -Xllvm -aarch64-use-tbi -enable-objc-interop -stack-check -sdk /Applications/Xcode-15.0.0-Beta.2.app/Contents/Developer/Platforms/XROS.platform/Developer/SDKs/XROS1.0.sdk -I /Users/builder/builds/TDmZkXJm/3/finestructure/swiftpackageindex-builder/spi-builder-workspace/.derivedData/Build/Products/Debug-xros -I /Applications/Xcode-15.0.0-Beta.2.app/Contents/Developer/Platforms/XROS.platform/Developer/usr/lib -F /Users/builder/builds/TDmZkXJm/3/finestructure/swiftpackageindex-builder/spi-builder-workspace/.derivedData/Build/Products/Debug-xros/PackageFrameworks -F /Users/builder/builds/TDmZkXJm/3/finestructure/swiftpackageindex-builder/spi-builder-workspace/.derivedData/Build/Products/Debug-xros -F /Applications/Xcode-15.0.0-Beta.2.app/Contents/Developer/Platforms/XROS.platform/Developer/Library/Frameworks -F /Applications/Xcode-15.0.0-Beta.2.app/Contents/Developer/Platforms/XROS.platform/Developer/SDKs/XROS1.0.sdk/Developer/Library/Frameworks -no-color-diagnostics -enable-testing -g -module-cache-path /Users/builder/builds/TDmZkXJm/3/finestructure/swiftpackageindex-builder/spi-builder-workspace/.derivedData/ModuleCache.noindex -swift-version 5 -enforce-exclusivity\=checked -Onone -D SWIFT_PACKAGE -D DEBUG -D Xcode -serialize-debugging-options -const-gather-protocols-file /Users/builder/builds/TDmZkXJm/3/finestructure/swiftpackageindex-builder/spi-builder-workspace/.derivedData/Build/Intermediates.noindex/MOCloner.build/Debug-xros/MOClonerTests.build/Objects-normal/arm64/MOClonerTests_const_extract_protocols.json -empty-abi-descriptor -plugin-path /Applications/Xcode-15.0.0-Beta.2.app/Contents/Developer/Toolchains/XcodeDefault.xctoolchain/usr/lib/swift/host/plugins -plugin-path /Applications/Xcode-15.0.0-Beta.2.app/Contents/Developer/Toolchains/XcodeDefault.xctoolchain/usr/local/lib/swift/host/plugins -validate-clang-modules-once -clang-build-session-file /Users/builder/builds/TDmZkXJm/3/finestructure/swiftpackageindex-builder/spi-builder-workspace/.derivedData/ModuleCache.noindex/Session.modulevalidation -Xcc -working-directory -Xcc /Users/builder/builds/TDmZkXJm/3/finestructure/swiftpackageindex-builder/spi-builder-workspace -resource-dir /Applications/Xcode-15.0.0-Beta.2.app/Contents/Developer/Toolchains/XcodeDefault.xctoolchain/usr/lib/swift -enable-anonymous-context-mangled-names -Xcc -ivfsstatcache -Xcc /Users/builder/builds/TDmZkXJm/3/finestructure/swiftpackageindex-builder/spi-builder-workspace/.derivedData/SDKStatCaches.noindex/xros1.0-21N5165f-50a81fd5751d5bee8ff6d6ea12214339.sdkstatcache -Xcc -I/Users/builder/builds/TDmZkXJm/3/finestructure/swiftpackageindex-builder/spi-builder-workspace/.derivedData/Build/Products/Debug-xros/include -Xcc -I/Users/builder/builds/TDmZkXJm/3/finestructure/swiftpackageindex-builder/spi-builder-workspace/.derivedData/Build/Intermediates.noindex/MOCloner.build/Debug-xros/MOClonerTests.build/DerivedSources-normal/arm64 -Xcc -I/Users/builder/builds/TDmZkXJm/3/finestructure/swiftpackageindex-builder/spi-builder-workspace/.derivedData/Build/Intermediates.noindex/MOCloner.build/Debug-xros/MOClonerTests.build/DerivedSources/arm64 -Xcc -I/Users/builder/builds/TDmZkXJm/3/finestructure/swiftpackageindex-builder/spi-builder-workspace/.derivedData/Build/Intermediates.noindex/MOCloner.build/Debug-xros/MOClonerTests.build/DerivedSources -Xcc -DSWIFT_PACKAGE -Xcc -DDEBUG\=1 -module-name MOClonerTests -frontend-parseable-output -disable-clang-spi -target-sdk-version 1.0 -target-sdk-name xros1.0 -o /Users/builder/builds/TDmZkXJm/3/finestructure/swiftpackageindex-builder/spi-builder-workspace/.derivedData/Build/Intermediates.noindex/MOCloner.build/Debug-xros/MOClonerTests.build/Objects-normal/arm64/resource_bundle_accessor.o -o /Users/builder/builds/TDmZkXJm/3/finestructure/swiftpackageindex-builder/spi-builder-workspace/.derivedData/Build/Intermediates.noindex/MOCloner.build/Debug-xros/MOClonerTests.build/Objects-normal/arm64/MOClonerTests.o -index-unit-output-path /MOCloner.build/Debug-xros/MOClonerTests.build/Objects-normal/arm64/resource_bundle_accessor.o -index-unit-output-path /MOCloner.build/Debug-xros/MOClonerTests.build/Objects-normal/arm64/MOClonerTests.o -index-store-path /Users/builder/builds/TDmZkXJm/3/finestructure/swiftpackageindex-builder/spi-builder-workspace/.derivedData/Index.noindex/DataStore -index-system-modules

SwiftCompile normal arm64 Compiling\ Model+CoreDataModel.swift /Users/builder/builds/TDmZkXJm/3/finestructure/swiftpackageindex-builder/spi-builder-workspace/.derivedData/Build/Intermediates.noindex/MOCloner.build/Debug-xros/MOClonerTests.build/DerivedSources/CoreDataGenerated/Model/Model+CoreDataModel.swift (in target 'MOClonerTests' from project 'MOCloner')
    cd /Users/builder/builds/TDmZkXJm/3/finestructure/swiftpackageindex-builder/spi-builder-workspace
    builtin-swiftTaskExecution -- /Applications/Xcode-15.0.0-Beta.2.app/Contents/Developer/Toolchains/XcodeDefault.xctoolchain/usr/bin/swift-frontend -frontend -c /Users/builder/builds/TDmZkXJm/3/finestructure/swiftpackageindex-builder/spi-builder-workspace/.derivedData/Build/Intermediates.noindex/MOCloner.build/Debug-xros/MOClonerTests.build/DerivedSources/resource_bundle_accessor.swift /Users/builder/builds/TDmZkXJm/3/finestructure/swiftpackageindex-builder/spi-builder-workspace/Tests/MOClonerTests/MOClonerTests.swift /Users/builder/builds/TDmZkXJm/3/finestructure/swiftpackageindex-builder/spi-builder-workspace/Tests/MOClonerTests/MOClonterTestExtension.swift /Users/builder/builds/TDmZkXJm/3/finestructure/swiftpackageindex-builder/spi-builder-workspace/.derivedData/Build/Intermediates.noindex/MOCloner.build/Debug-xros/MOClonerTests.build/DerivedSources/CoreDataGenerated/Model/Item+CoreDataClass.swift /Users/builder/builds/TDmZkXJm/3/finestructure/swiftpackageindex-builder/spi-builder-workspace/.derivedData/Build/Intermediates.noindex/MOCloner.build/Debug-xros/MOClonerTests.build/DerivedSources/CoreDataGenerated/Model/Item+CoreDataProperties.swift /Users/builder/builds/TDmZkXJm/3/finestructure/swiftpackageindex-builder/spi-builder-workspace/.derivedData/Build/Intermediates.noindex/MOCloner.build/Debug-xros/MOClonerTests.build/DerivedSources/CoreDataGenerated/Model/Memo+CoreDataClass.swift /Users/builder/builds/TDmZkXJm/3/finestructure/swiftpackageindex-builder/spi-builder-workspace/.derivedData/Build/Intermediates.noindex/MOCloner.build/Debug-xros/MOClonerTests.build/DerivedSources/CoreDataGenerated/Model/Memo+CoreDataProperties.swift /Users/builder/builds/TDmZkXJm/3/finestructure/swiftpackageindex-builder/spi-builder-workspace/.derivedData/Build/Intermediates.noindex/MOCloner.build/Debug-xros/MOClonerTests.build/DerivedSources/CoreDataGenerated/Model/Note+CoreDataClass.swift /Users/builder/builds/TDmZkXJm/3/finestructure/swiftpackageindex-builder/spi-builder-workspace/.derivedData/Build/Intermediates.noindex/MOCloner.build/Debug-xros/MOClonerTests.build/DerivedSources/CoreDataGenerated/Model/Note+CoreDataProperties.swift /Users/builder/builds/TDmZkXJm/3/finestructure/swiftpackageindex-builder/spi-builder-workspace/.derivedData/Build/Intermediates.noindex/MOCloner.build/Debug-xros/MOClonerTests.build/DerivedSources/CoreDataGenerated/Model/NoteDescription+CoreDataClass.swift /Users/builder/builds/TDmZkXJm/3/finestructure/swiftpackageindex-builder/spi-builder-workspace/.derivedData/Build/Intermediates.noindex/MOCloner.build/Debug-xros/MOClonerTests.build/DerivedSources/CoreDataGenerated/Model/NoteDescription+CoreDataProperties.swift /Users/builder/builds/TDmZkXJm/3/finestructure/swiftpackageindex-builder/spi-builder-workspace/.derivedData/Build/Intermediates.noindex/MOCloner.build/Debug-xros/MOClonerTests.build/DerivedSources/CoreDataGenerated/Model/ToManyTag+CoreDataClass.swift /Users/builder/builds/TDmZkXJm/3/finestructure/swiftpackageindex-builder/spi-builder-workspace/.derivedData/Build/Intermediates.noindex/MOCloner.build/Debug-xros/MOClonerTests.build/DerivedSources/CoreDataGenerated/Model/ToManyTag+CoreDataProperties.swift /Users/builder/builds/TDmZkXJm/3/finestructure/swiftpackageindex-builder/spi-builder-workspace/.derivedData/Build/Intermediates.noindex/MOCloner.build/Debug-xros/MOClonerTests.build/DerivedSources/CoreDataGenerated/Model/ToOneTag+CoreDataClass.swift /Users/builder/builds/TDmZkXJm/3/finestructure/swiftpackageindex-builder/spi-builder-workspace/.derivedData/Build/Intermediates.noindex/MOCloner.build/Debug-xros/MOClonerTests.build/DerivedSources/CoreDataGenerated/Model/ToOneTag+CoreDataProperties.swift -primary-file /Users/builder/builds/TDmZkXJm/3/finestructure/swiftpackageindex-builder/spi-builder-workspace/.derivedData/Build/Intermediates.noindex/MOCloner.build/Debug-xros/MOClonerTests.build/DerivedSources/CoreDataGenerated/Model/Model+CoreDataModel.swift -emit-dependencies-path /Users/builder/builds/TDmZkXJm/3/finestructure/swiftpackageindex-builder/spi-builder-workspace/.derivedData/Build/Intermediates.noindex/MOCloner.build/Debug-xros/MOClonerTests.build/Objects-normal/arm64/Model+CoreDataModel.d -emit-const-values-path /Users/builder/builds/TDmZkXJm/3/finestructure/swiftpackageindex-builder/spi-builder-workspace/.derivedData/Build/Intermediates.noindex/MOCloner.build/Debug-xros/MOClonerTests.build/Objects-normal/arm64/Model+CoreDataModel.swiftconstvalues -emit-reference-dependencies-path /Users/builder/builds/TDmZkXJm/3/finestructure/swiftpackageindex-builder/spi-builder-workspace/.derivedData/Build/Intermediates.noindex/MOCloner.build/Debug-xros/MOClonerTests.build/Objects-normal/arm64/Model+CoreDataModel.swiftdeps -serialize-diagnostics-path /Users/builder/builds/TDmZkXJm/3/finestructure/swiftpackageindex-builder/spi-builder-workspace/.derivedData/Build/Intermediates.noindex/MOCloner.build/Debug-xros/MOClonerTests.build/Objects-normal/arm64/Model+CoreDataModel.dia -target arm64-apple-xros1.0 -Xllvm -aarch64-use-tbi -enable-objc-interop -stack-check -sdk /Applications/Xcode-15.0.0-Beta.2.app/Contents/Developer/Platforms/XROS.platform/Developer/SDKs/XROS1.0.sdk -I /Users/builder/builds/TDmZkXJm/3/finestructure/swiftpackageindex-builder/spi-builder-workspace/.derivedData/Build/Products/Debug-xros -I /Applications/Xcode-15.0.0-Beta.2.app/Contents/Developer/Platforms/XROS.platform/Developer/usr/lib -F /Users/builder/builds/TDmZkXJm/3/finestructure/swiftpackageindex-builder/spi-builder-workspace/.derivedData/Build/Products/Debug-xros/PackageFrameworks -F /Users/builder/builds/TDmZkXJm/3/finestructure/swiftpackageindex-builder/spi-builder-workspace/.derivedData/Build/Products/Debug-xros -F /Applications/Xcode-15.0.0-Beta.2.app/Contents/Developer/Platforms/XROS.platform/Developer/Library/Frameworks -F /Applications/Xcode-15.0.0-Beta.2.app/Contents/Developer/Platforms/XROS.platform/Developer/SDKs/XROS1.0.sdk/Developer/Library/Frameworks -no-color-diagnostics -enable-testing -g -module-cache-path /Users/builder/builds/TDmZkXJm/3/finestructure/swiftpackageindex-builder/spi-builder-workspace/.derivedData/ModuleCache.noindex -swift-version 5 -enforce-exclusivity\=checked -Onone -D SWIFT_PACKAGE -D DEBUG -D Xcode -serialize-debugging-options -const-gather-protocols-file /Users/builder/builds/TDmZkXJm/3/finestructure/swiftpackageindex-builder/spi-builder-workspace/.derivedData/Build/Intermediates.noindex/MOCloner.build/Debug-xros/MOClonerTests.build/Objects-normal/arm64/MOClonerTests_const_extract_protocols.json -empty-abi-descriptor -plugin-path /Applications/Xcode-15.0.0-Beta.2.app/Contents/Developer/Toolchains/XcodeDefault.xctoolchain/usr/lib/swift/host/plugins -plugin-path /Applications/Xcode-15.0.0-Beta.2.app/Contents/Developer/Toolchains/XcodeDefault.xctoolchain/usr/local/lib/swift/host/plugins -validate-clang-modules-once -clang-build-session-file /Users/builder/builds/TDmZkXJm/3/finestructure/swiftpackageindex-builder/spi-builder-workspace/.derivedData/ModuleCache.noindex/Session.modulevalidation -Xcc -working-directory -Xcc /Users/builder/builds/TDmZkXJm/3/finestructure/swiftpackageindex-builder/spi-builder-workspace -resource-dir /Applications/Xcode-15.0.0-Beta.2.app/Contents/Developer/Toolchains/XcodeDefault.xctoolchain/usr/lib/swift -enable-anonymous-context-mangled-names -Xcc -ivfsstatcache -Xcc /Users/builder/builds/TDmZkXJm/3/finestructure/swiftpackageindex-builder/spi-builder-workspace/.derivedData/SDKStatCaches.noindex/xros1.0-21N5165f-50a81fd5751d5bee8ff6d6ea12214339.sdkstatcache -Xcc -I/Users/builder/builds/TDmZkXJm/3/finestructure/swiftpackageindex-builder/spi-builder-workspace/.derivedData/Build/Products/Debug-xros/include -Xcc -I/Users/builder/builds/TDmZkXJm/3/finestructure/swiftpackageindex-builder/spi-builder-workspace/.derivedData/Build/Intermediates.noindex/MOCloner.build/Debug-xros/MOClonerTests.build/DerivedSources-normal/arm64 -Xcc -I/Users/builder/builds/TDmZkXJm/3/finestructure/swiftpackageindex-builder/spi-builder-workspace/.derivedData/Build/Intermediates.noindex/MOCloner.build/Debug-xros/MOClonerTests.build/DerivedSources/arm64 -Xcc -I/Users/builder/builds/TDmZkXJm/3/finestructure/swiftpackageindex-builder/spi-builder-workspace/.derivedData/Build/Intermediates.noindex/MOCloner.build/Debug-xros/MOClonerTests.build/DerivedSources -Xcc -DSWIFT_PACKAGE -Xcc -DDEBUG\=1 -module-name MOClonerTests -frontend-parseable-output -disable-clang-spi -target-sdk-version 1.0 -target-sdk-name xros1.0 -o /Users/builder/builds/TDmZkXJm/3/finestructure/swiftpackageindex-builder/spi-builder-workspace/.derivedData/Build/Intermediates.noindex/MOCloner.build/Debug-xros/MOClonerTests.build/Objects-normal/arm64/Model+CoreDataModel.o -index-unit-output-path /MOCloner.build/Debug-xros/MOClonerTests.build/Objects-normal/arm64/Model+CoreDataModel.o -index-store-path /Users/builder/builds/TDmZkXJm/3/finestructure/swiftpackageindex-builder/spi-builder-workspace/.derivedData/Index.noindex/DataStore -index-system-modules
SwiftCompile normal arm64 /Users/builder/builds/TDmZkXJm/3/finestructure/swiftpackageindex-builder/spi-builder-workspace/.derivedData/Build/Intermediates.noindex/MOCloner.build/Debug-xros/MOClonerTests.build/DerivedSources/CoreDataGenerated/Model/Model+CoreDataModel.swift (in target 'MOClonerTests' from project 'MOCloner')
    cd /Users/builder/builds/TDmZkXJm/3/finestructure/swiftpackageindex-builder/spi-builder-workspace
    /Applications/Xcode-15.0.0-Beta.2.app/Contents/Developer/Toolchains/XcodeDefault.xctoolchain/usr/bin/swift-frontend -c /Users/builder/builds/TDmZkXJm/3/finestructure/swiftpackageindex-builder/spi-builder-workspace/.derivedData/Build/Intermediates.noindex/MOCloner.build/Debug-xros/MOClonerTests.build/DerivedSources/resource_bundle_accessor.swift /Users/builder/builds/TDmZkXJm/3/finestructure/swiftpackageindex-builder/spi-builder-workspace/Tests/MOClonerTests/MOClonerTests.swift /Users/builder/builds/TDmZkXJm/3/finestructure/swiftpackageindex-builder/spi-builder-workspace/Tests/MOClonerTests/MOClonterTestExtension.swift /Users/builder/builds/TDmZkXJm/3/finestructure/swiftpackageindex-builder/spi-builder-workspace/.derivedData/Build/Intermediates.noindex/MOCloner.build/Debug-xros/MOClonerTests.build/DerivedSources/CoreDataGenerated/Model/Item+CoreDataClass.swift /Users/builder/builds/TDmZkXJm/3/finestructure/swiftpackageindex-builder/spi-builder-workspace/.derivedData/Build/Intermediates.noindex/MOCloner.build/Debug-xros/MOClonerTests.build/DerivedSources/CoreDataGenerated/Model/Item+CoreDataProperties.swift /Users/builder/builds/TDmZkXJm/3/finestructure/swiftpackageindex-builder/spi-builder-workspace/.derivedData/Build/Intermediates.noindex/MOCloner.build/Debug-xros/MOClonerTests.build/DerivedSources/CoreDataGenerated/Model/Memo+CoreDataClass.swift /Users/builder/builds/TDmZkXJm/3/finestructure/swiftpackageindex-builder/spi-builder-workspace/.derivedData/Build/Intermediates.noindex/MOCloner.build/Debug-xros/MOClonerTests.build/DerivedSources/CoreDataGenerated/Model/Memo+CoreDataProperties.swift /Users/builder/builds/TDmZkXJm/3/finestructure/swiftpackageindex-builder/spi-builder-workspace/.derivedData/Build/Intermediates.noindex/MOCloner.build/Debug-xros/MOClonerTests.build/DerivedSources/CoreDataGenerated/Model/Note+CoreDataClass.swift /Users/builder/builds/TDmZkXJm/3/finestructure/swiftpackageindex-builder/spi-builder-workspace/.derivedData/Build/Intermediates.noindex/MOCloner.build/Debug-xros/MOClonerTests.build/DerivedSources/CoreDataGenerated/Model/Note+CoreDataProperties.swift /Users/builder/builds/TDmZkXJm/3/finestructure/swiftpackageindex-builder/spi-builder-workspace/.derivedData/Build/Intermediates.noindex/MOCloner.build/Debug-xros/MOClonerTests.build/DerivedSources/CoreDataGenerated/Model/NoteDescription+CoreDataClass.swift /Users/builder/builds/TDmZkXJm/3/finestructure/swiftpackageindex-builder/spi-builder-workspace/.derivedData/Build/Intermediates.noindex/MOCloner.build/Debug-xros/MOClonerTests.build/DerivedSources/CoreDataGenerated/Model/NoteDescription+CoreDataProperties.swift /Users/builder/builds/TDmZkXJm/3/finestructure/swiftpackageindex-builder/spi-builder-workspace/.derivedData/Build/Intermediates.noindex/MOCloner.build/Debug-xros/MOClonerTests.build/DerivedSources/CoreDataGenerated/Model/ToManyTag+CoreDataClass.swift /Users/builder/builds/TDmZkXJm/3/finestructure/swiftpackageindex-builder/spi-builder-workspace/.derivedData/Build/Intermediates.noindex/MOCloner.build/Debug-xros/MOClonerTests.build/DerivedSources/CoreDataGenerated/Model/ToManyTag+CoreDataProperties.swift /Users/builder/builds/TDmZkXJm/3/finestructure/swiftpackageindex-builder/spi-builder-workspace/.derivedData/Build/Intermediates.noindex/MOCloner.build/Debug-xros/MOClonerTests.build/DerivedSources/CoreDataGenerated/Model/ToOneTag+CoreDataClass.swift /Users/builder/builds/TDmZkXJm/3/finestructure/swiftpackageindex-builder/spi-builder-workspace/.derivedData/Build/Intermediates.noindex/MOCloner.build/Debug-xros/MOClonerTests.build/DerivedSources/CoreDataGenerated/Model/ToOneTag+CoreDataProperties.swift -primary-file /Users/builder/builds/TDmZkXJm/3/finestructure/swiftpackageindex-builder/spi-builder-workspace/.derivedData/Build/Intermediates.noindex/MOCloner.build/Debug-xros/MOClonerTests.build/DerivedSources/CoreDataGenerated/Model/Model+CoreDataModel.swift -emit-dependencies-path /Users/builder/builds/TDmZkXJm/3/finestructure/swiftpackageindex-builder/spi-builder-workspace/.derivedData/Build/Intermediates.noindex/MOCloner.build/Debug-xros/MOClonerTests.build/Objects-normal/arm64/Model+CoreDataModel.d -emit-const-values-path /Users/builder/builds/TDmZkXJm/3/finestructure/swiftpackageindex-builder/spi-builder-workspace/.derivedData/Build/Intermediates.noindex/MOCloner.build/Debug-xros/MOClonerTests.build/Objects-normal/arm64/Model+CoreDataModel.swiftconstvalues -emit-reference-dependencies-path /Users/builder/builds/TDmZkXJm/3/finestructure/swiftpackageindex-builder/spi-builder-workspace/.derivedData/Build/Intermediates.noindex/MOCloner.build/Debug-xros/MOClonerTests.build/Objects-normal/arm64/Model+CoreDataModel.swiftdeps -serialize-diagnostics-path /Users/builder/builds/TDmZkXJm/3/finestructure/swiftpackageindex-builder/spi-builder-workspace/.derivedData/Build/Intermediates.noindex/MOCloner.build/Debug-xros/MOClonerTests.build/Objects-normal/arm64/Model+CoreDataModel.dia -target arm64-apple-xros1.0 -Xllvm -aarch64-use-tbi -enable-objc-interop -stack-check -sdk /Applications/Xcode-15.0.0-Beta.2.app/Contents/Developer/Platforms/XROS.platform/Developer/SDKs/XROS1.0.sdk -I /Users/builder/builds/TDmZkXJm/3/finestructure/swiftpackageindex-builder/spi-builder-workspace/.derivedData/Build/Products/Debug-xros -I /Applications/Xcode-15.0.0-Beta.2.app/Contents/Developer/Platforms/XROS.platform/Developer/usr/lib -F /Users/builder/builds/TDmZkXJm/3/finestructure/swiftpackageindex-builder/spi-builder-workspace/.derivedData/Build/Products/Debug-xros/PackageFrameworks -F /Users/builder/builds/TDmZkXJm/3/finestructure/swiftpackageindex-builder/spi-builder-workspace/.derivedData/Build/Products/Debug-xros -F /Applications/Xcode-15.0.0-Beta.2.app/Contents/Developer/Platforms/XROS.platform/Developer/Library/Frameworks -F /Applications/Xcode-15.0.0-Beta.2.app/Contents/Developer/Platforms/XROS.platform/Developer/SDKs/XROS1.0.sdk/Developer/Library/Frameworks -no-color-diagnostics -enable-testing -g -module-cache-path /Users/builder/builds/TDmZkXJm/3/finestructure/swiftpackageindex-builder/spi-builder-workspace/.derivedData/ModuleCache.noindex -swift-version 5 -enforce-exclusivity\=checked -Onone -D SWIFT_PACKAGE -D DEBUG -D Xcode -serialize-debugging-options -const-gather-protocols-file /Users/builder/builds/TDmZkXJm/3/finestructure/swiftpackageindex-builder/spi-builder-workspace/.derivedData/Build/Intermediates.noindex/MOCloner.build/Debug-xros/MOClonerTests.build/Objects-normal/arm64/MOClonerTests_const_extract_protocols.json -empty-abi-descriptor -plugin-path /Applications/Xcode-15.0.0-Beta.2.app/Contents/Developer/Toolchains/XcodeDefault.xctoolchain/usr/lib/swift/host/plugins -plugin-path /Applications/Xcode-15.0.0-Beta.2.app/Contents/Developer/Toolchains/XcodeDefault.xctoolchain/usr/local/lib/swift/host/plugins -validate-clang-modules-once -clang-build-session-file /Users/builder/builds/TDmZkXJm/3/finestructure/swiftpackageindex-builder/spi-builder-workspace/.derivedData/ModuleCache.noindex/Session.modulevalidation -Xcc -working-directory -Xcc /Users/builder/builds/TDmZkXJm/3/finestructure/swiftpackageindex-builder/spi-builder-workspace -resource-dir /Applications/Xcode-15.0.0-Beta.2.app/Contents/Developer/Toolchains/XcodeDefault.xctoolchain/usr/lib/swift -enable-anonymous-context-mangled-names -Xcc -ivfsstatcache -Xcc /Users/builder/builds/TDmZkXJm/3/finestructure/swiftpackageindex-builder/spi-builder-workspace/.derivedData/SDKStatCaches.noindex/xros1.0-21N5165f-50a81fd5751d5bee8ff6d6ea12214339.sdkstatcache -Xcc -I/Users/builder/builds/TDmZkXJm/3/finestructure/swiftpackageindex-builder/spi-builder-workspace/.derivedData/Build/Products/Debug-xros/include -Xcc -I/Users/builder/builds/TDmZkXJm/3/finestructure/swiftpackageindex-builder/spi-builder-workspace/.derivedData/Build/Intermediates.noindex/MOCloner.build/Debug-xros/MOClonerTests.build/DerivedSources-normal/arm64 -Xcc -I/Users/builder/builds/TDmZkXJm/3/finestructure/swiftpackageindex-builder/spi-builder-workspace/.derivedData/Build/Intermediates.noindex/MOCloner.build/Debug-xros/MOClonerTests.build/DerivedSources/arm64 -Xcc -I/Users/builder/builds/TDmZkXJm/3/finestructure/swiftpackageindex-builder/spi-builder-workspace/.derivedData/Build/Intermediates.noindex/MOCloner.build/Debug-xros/MOClonerTests.build/DerivedSources -Xcc -DSWIFT_PACKAGE -Xcc -DDEBUG\=1 -module-name MOClonerTests -frontend-parseable-output -disable-clang-spi -target-sdk-version 1.0 -target-sdk-name xros1.0 -o /Users/builder/builds/TDmZkXJm/3/finestructure/swiftpackageindex-builder/spi-builder-workspace/.derivedData/Build/Intermediates.noindex/MOCloner.build/Debug-xros/MOClonerTests.build/Objects-normal/arm64/Model+CoreDataModel.o -index-unit-output-path /MOCloner.build/Debug-xros/MOClonerTests.build/Objects-normal/arm64/Model+CoreDataModel.o -index-store-path /Users/builder/builds/TDmZkXJm/3/finestructure/swiftpackageindex-builder/spi-builder-workspace/.derivedData/Index.noindex/DataStore -index-system-modules
SwiftCompile normal arm64 Compiling\ NoteDescription+CoreDataProperties.swift /Users/builder/builds/TDmZkXJm/3/finestructure/swiftpackageindex-builder/spi-builder-workspace/.derivedData/Build/Intermediates.noindex/MOCloner.build/Debug-xros/MOClonerTests.build/DerivedSources/CoreDataGenerated/Model/NoteDescription+CoreDataProperties.swift (in target 'MOClonerTests' from project 'MOCloner')
    cd /Users/builder/builds/TDmZkXJm/3/finestructure/swiftpackageindex-builder/spi-builder-workspace
    builtin-swiftTaskExecution -- /Applications/Xcode-15.0.0-Beta.2.app/Contents/Developer/Toolchains/XcodeDefault.xctoolchain/usr/bin/swift-frontend -frontend -c /Users/builder/builds/TDmZkXJm/3/finestructure/swiftpackageindex-builder/spi-builder-workspace/.derivedData/Build/Intermediates.noindex/MOCloner.build/Debug-xros/MOClonerTests.build/DerivedSources/resource_bundle_accessor.swift /Users/builder/builds/TDmZkXJm/3/finestructure/swiftpackageindex-builder/spi-builder-workspace/Tests/MOClonerTests/MOClonerTests.swift /Users/builder/builds/TDmZkXJm/3/finestructure/swiftpackageindex-builder/spi-builder-workspace/Tests/MOClonerTests/MOClonterTestExtension.swift /Users/builder/builds/TDmZkXJm/3/finestructure/swiftpackageindex-builder/spi-builder-workspace/.derivedData/Build/Intermediates.noindex/MOCloner.build/Debug-xros/MOClonerTests.build/DerivedSources/CoreDataGenerated/Model/Item+CoreDataClass.swift /Users/builder/builds/TDmZkXJm/3/finestructure/swiftpackageindex-builder/spi-builder-workspace/.derivedData/Build/Intermediates.noindex/MOCloner.build/Debug-xros/MOClonerTests.build/DerivedSources/CoreDataGenerated/Model/Item+CoreDataProperties.swift /Users/builder/builds/TDmZkXJm/3/finestructure/swiftpackageindex-builder/spi-builder-workspace/.derivedData/Build/Intermediates.noindex/MOCloner.build/Debug-xros/MOClonerTests.build/DerivedSources/CoreDataGenerated/Model/Memo+CoreDataClass.swift /Users/builder/builds/TDmZkXJm/3/finestructure/swiftpackageindex-builder/spi-builder-workspace/.derivedData/Build/Intermediates.noindex/MOCloner.build/Debug-xros/MOClonerTests.build/DerivedSources/CoreDataGenerated/Model/Memo+CoreDataProperties.swift /Users/builder/builds/TDmZkXJm/3/finestructure/swiftpackageindex-builder/spi-builder-workspace/.derivedData/Build/Intermediates.noindex/MOCloner.build/Debug-xros/MOClonerTests.build/DerivedSources/CoreDataGenerated/Model/Note+CoreDataClass.swift /Users/builder/builds/TDmZkXJm/3/finestructure/swiftpackageindex-builder/spi-builder-workspace/.derivedData/Build/Intermediates.noindex/MOCloner.build/Debug-xros/MOClonerTests.build/DerivedSources/CoreDataGenerated/Model/Note+CoreDataProperties.swift /Users/builder/builds/TDmZkXJm/3/finestructure/swiftpackageindex-builder/spi-builder-workspace/.derivedData/Build/Intermediates.noindex/MOCloner.build/Debug-xros/MOClonerTests.build/DerivedSources/CoreDataGenerated/Model/NoteDescription+CoreDataClass.swift -primary-file /Users/builder/builds/TDmZkXJm/3/finestructure/swiftpackageindex-builder/spi-builder-workspace/.derivedData/Build/Intermediates.noindex/MOCloner.build/Debug-xros/MOClonerTests.build/DerivedSources/CoreDataGenerated/Model/NoteDescription+CoreDataProperties.swift /Users/builder/builds/TDmZkXJm/3/finestructure/swiftpackageindex-builder/spi-builder-workspace/.derivedData/Build/Intermediates.noindex/MOCloner.build/Debug-xros/MOClonerTests.build/DerivedSources/CoreDataGenerated/Model/ToManyTag+CoreDataClass.swift /Users/builder/builds/TDmZkXJm/3/finestructure/swiftpackageindex-builder/spi-builder-workspace/.derivedData/Build/Intermediates.noindex/MOCloner.build/Debug-xros/MOClonerTests.build/DerivedSources/CoreDataGenerated/Model/ToManyTag+CoreDataProperties.swift /Users/builder/builds/TDmZkXJm/3/finestructure/swiftpackageindex-builder/spi-builder-workspace/.derivedData/Build/Intermediates.noindex/MOCloner.build/Debug-xros/MOClonerTests.build/DerivedSources/CoreDataGenerated/Model/ToOneTag+CoreDataClass.swift /Users/builder/builds/TDmZkXJm/3/finestructure/swiftpackageindex-builder/spi-builder-workspace/.derivedData/Build/Intermediates.noindex/MOCloner.build/Debug-xros/MOClonerTests.build/DerivedSources/CoreDataGenerated/Model/ToOneTag+CoreDataProperties.swift /Users/builder/builds/TDmZkXJm/3/finestructure/swiftpackageindex-builder/spi-builder-workspace/.derivedData/Build/Intermediates.noindex/MOCloner.build/Debug-xros/MOClonerTests.build/DerivedSources/CoreDataGenerated/Model/Model+CoreDataModel.swift -emit-dependencies-path /Users/builder/builds/TDmZkXJm/3/finestructure/swiftpackageindex-builder/spi-builder-workspace/.derivedData/Build/Intermediates.noindex/MOCloner.build/Debug-xros/MOClonerTests.build/Objects-normal/arm64/NoteDescription+CoreDataProperties.d -emit-const-values-path /Users/builder/builds/TDmZkXJm/3/finestructure/swiftpackageindex-builder/spi-builder-workspace/.derivedData/Build/Intermediates.noindex/MOCloner.build/Debug-xros/MOClonerTests.build/Objects-normal/arm64/NoteDescription+CoreDataProperties.swiftconstvalues -emit-reference-dependencies-path /Users/builder/builds/TDmZkXJm/3/finestructure/swiftpackageindex-builder/spi-builder-workspace/.derivedData/Build/Intermediates.noindex/MOCloner.build/Debug-xros/MOClonerTests.build/Objects-normal/arm64/NoteDescription+CoreDataProperties.swiftdeps -serialize-diagnostics-path /Users/builder/builds/TDmZkXJm/3/finestructure/swiftpackageindex-builder/spi-builder-workspace/.derivedData/Build/Intermediates.noindex/MOCloner.build/Debug-xros/MOClonerTests.build/Objects-normal/arm64/NoteDescription+CoreDataProperties.dia -target arm64-apple-xros1.0 -Xllvm -aarch64-use-tbi -enable-objc-interop -stack-check -sdk /Applications/Xcode-15.0.0-Beta.2.app/Contents/Developer/Platforms/XROS.platform/Developer/SDKs/XROS1.0.sdk -I /Users/builder/builds/TDmZkXJm/3/finestructure/swiftpackageindex-builder/spi-builder-workspace/.derivedData/Build/Products/Debug-xros -I /Applications/Xcode-15.0.0-Beta.2.app/Contents/Developer/Platforms/XROS.platform/Developer/usr/lib -F /Users/builder/builds/TDmZkXJm/3/finestructure/swiftpackageindex-builder/spi-builder-workspace/.derivedData/Build/Products/Debug-xros/PackageFrameworks -F /Users/builder/builds/TDmZkXJm/3/finestructure/swiftpackageindex-builder/spi-builder-workspace/.derivedData/Build/Products/Debug-xros -F /Applications/Xcode-15.0.0-Beta.2.app/Contents/Developer/Platforms/XROS.platform/Developer/Library/Frameworks -F /Applications/Xcode-15.0.0-Beta.2.app/Contents/Developer/Platforms/XROS.platform/Developer/SDKs/XROS1.0.sdk/Developer/Library/Frameworks -no-color-diagnostics -enable-testing -g -module-cache-path /Users/builder/builds/TDmZkXJm/3/finestructure/swiftpackageindex-builder/spi-builder-workspace/.derivedData/ModuleCache.noindex -swift-version 5 -enforce-exclusivity\=checked -Onone -D SWIFT_PACKAGE -D DEBUG -D Xcode -serialize-debugging-options -const-gather-protocols-file /Users/builder/builds/TDmZkXJm/3/finestructure/swiftpackageindex-builder/spi-builder-workspace/.derivedData/Build/Intermediates.noindex/MOCloner.build/Debug-xros/MOClonerTests.build/Objects-normal/arm64/MOClonerTests_const_extract_protocols.json -empty-abi-descriptor -plugin-path /Applications/Xcode-15.0.0-Beta.2.app/Contents/Developer/Toolchains/XcodeDefault.xctoolchain/usr/lib/swift/host/plugins -plugin-path /Applications/Xcode-15.0.0-Beta.2.app/Contents/Developer/Toolchains/XcodeDefault.xctoolchain/usr/local/lib/swift/host/plugins -validate-clang-modules-once -clang-build-session-file /Users/builder/builds/TDmZkXJm/3/finestructure/swiftpackageindex-builder/spi-builder-workspace/.derivedData/ModuleCache.noindex/Session.modulevalidation -Xcc -working-directory -Xcc /Users/builder/builds/TDmZkXJm/3/finestructure/swiftpackageindex-builder/spi-builder-workspace -resource-dir /Applications/Xcode-15.0.0-Beta.2.app/Contents/Developer/Toolchains/XcodeDefault.xctoolchain/usr/lib/swift -enable-anonymous-context-mangled-names -Xcc -ivfsstatcache -Xcc /Users/builder/builds/TDmZkXJm/3/finestructure/swiftpackageindex-builder/spi-builder-workspace/.derivedData/SDKStatCaches.noindex/xros1.0-21N5165f-50a81fd5751d5bee8ff6d6ea12214339.sdkstatcache -Xcc -I/Users/builder/builds/TDmZkXJm/3/finestructure/swiftpackageindex-builder/spi-builder-workspace/.derivedData/Build/Products/Debug-xros/include -Xcc -I/Users/builder/builds/TDmZkXJm/3/finestructure/swiftpackageindex-builder/spi-builder-workspace/.derivedData/Build/Intermediates.noindex/MOCloner.build/Debug-xros/MOClonerTests.build/DerivedSources-normal/arm64 -Xcc -I/Users/builder/builds/TDmZkXJm/3/finestructure/swiftpackageindex-builder/spi-builder-workspace/.derivedData/Build/Intermediates.noindex/MOCloner.build/Debug-xros/MOClonerTests.build/DerivedSources/arm64 -Xcc -I/Users/builder/builds/TDmZkXJm/3/finestructure/swiftpackageindex-builder/spi-builder-workspace/.derivedData/Build/Intermediates.noindex/MOCloner.build/Debug-xros/MOClonerTests.build/DerivedSources -Xcc -DSWIFT_PACKAGE -Xcc -DDEBUG\=1 -module-name MOClonerTests -frontend-parseable-output -disable-clang-spi -target-sdk-version 1.0 -target-sdk-name xros1.0 -o /Users/builder/builds/TDmZkXJm/3/finestructure/swiftpackageindex-builder/spi-builder-workspace/.derivedData/Build/Intermediates.noindex/MOCloner.build/Debug-xros/MOClonerTests.build/Objects-normal/arm64/NoteDescription+CoreDataProperties.o -index-unit-output-path /MOCloner.build/Debug-xros/MOClonerTests.build/Objects-normal/arm64/NoteDescription+CoreDataProperties.o -index-store-path /Users/builder/builds/TDmZkXJm/3/finestructure/swiftpackageindex-builder/spi-builder-workspace/.derivedData/Index.noindex/DataStore -index-system-modules
SwiftCompile normal arm64 Compiling\ ToManyTag+CoreDataProperties.swift /Users/builder/builds/TDmZkXJm/3/finestructure/swiftpackageindex-builder/spi-builder-workspace/.derivedData/Build/Intermediates.noindex/MOCloner.build/Debug-xros/MOClonerTests.build/DerivedSources/CoreDataGenerated/Model/ToManyTag+CoreDataProperties.swift (in target 'MOClonerTests' from project 'MOCloner')
    cd /Users/builder/builds/TDmZkXJm/3/finestructure/swiftpackageindex-builder/spi-builder-workspace
    builtin-swiftTaskExecution -- /Applications/Xcode-15.0.0-Beta.2.app/Contents/Developer/Toolchains/XcodeDefault.xctoolchain/usr/bin/swift-frontend -frontend -c /Users/builder/builds/TDmZkXJm/3/finestructure/swiftpackageindex-builder/spi-builder-workspace/.derivedData/Build/Intermediates.noindex/MOCloner.build/Debug-xros/MOClonerTests.build/DerivedSources/resource_bundle_accessor.swift /Users/builder/builds/TDmZkXJm/3/finestructure/swiftpackageindex-builder/spi-builder-workspace/Tests/MOClonerTests/MOClonerTests.swift /Users/builder/builds/TDmZkXJm/3/finestructure/swiftpackageindex-builder/spi-builder-workspace/Tests/MOClonerTests/MOClonterTestExtension.swift /Users/builder/builds/TDmZkXJm/3/finestructure/swiftpackageindex-builder/spi-builder-workspace/.derivedData/Build/Intermediates.noindex/MOCloner.build/Debug-xros/MOClonerTests.build/DerivedSources/CoreDataGenerated/Model/Item+CoreDataClass.swift /Users/builder/builds/TDmZkXJm/3/finestructure/swiftpackageindex-builder/spi-builder-workspace/.derivedData/Build/Intermediates.noindex/MOCloner.build/Debug-xros/MOClonerTests.build/DerivedSources/CoreDataGenerated/Model/Item+CoreDataProperties.swift /Users/builder/builds/TDmZkXJm/3/finestructure/swiftpackageindex-builder/spi-builder-workspace/.derivedData/Build/Intermediates.noindex/MOCloner.build/Debug-xros/MOClonerTests.build/DerivedSources/CoreDataGenerated/Model/Memo+CoreDataClass.swift /Users/builder/builds/TDmZkXJm/3/finestructure/swiftpackageindex-builder/spi-builder-workspace/.derivedData/Build/Intermediates.noindex/MOCloner.build/Debug-xros/MOClonerTests.build/DerivedSources/CoreDataGenerated/Model/Memo+CoreDataProperties.swift /Users/builder/builds/TDmZkXJm/3/finestructure/swiftpackageindex-builder/spi-builder-workspace/.derivedData/Build/Intermediates.noindex/MOCloner.build/Debug-xros/MOClonerTests.build/DerivedSources/CoreDataGenerated/Model/Note+CoreDataClass.swift /Users/builder/builds/TDmZkXJm/3/finestructure/swiftpackageindex-builder/spi-builder-workspace/.derivedData/Build/Intermediates.noindex/MOCloner.build/Debug-xros/MOClonerTests.build/DerivedSources/CoreDataGenerated/Model/Note+CoreDataProperties.swift /Users/builder/builds/TDmZkXJm/3/finestructure/swiftpackageindex-builder/spi-builder-workspace/.derivedData/Build/Intermediates.noindex/MOCloner.build/Debug-xros/MOClonerTests.build/DerivedSources/CoreDataGenerated/Model/NoteDescription+CoreDataClass.swift /Users/builder/builds/TDmZkXJm/3/finestructure/swiftpackageindex-builder/spi-builder-workspace/.derivedData/Build/Intermediates.noindex/MOCloner.build/Debug-xros/MOClonerTests.build/DerivedSources/CoreDataGenerated/Model/NoteDescription+CoreDataProperties.swift /Users/builder/builds/TDmZkXJm/3/finestructure/swiftpackageindex-builder/spi-builder-workspace/.derivedData/Build/Intermediates.noindex/MOCloner.build/Debug-xros/MOClonerTests.build/DerivedSources/CoreDataGenerated/Model/ToManyTag+CoreDataClass.swift -primary-file /Users/builder/builds/TDmZkXJm/3/finestructure/swiftpackageindex-builder/spi-builder-workspace/.derivedData/Build/Intermediates.noindex/MOCloner.build/Debug-xros/MOClonerTests.build/DerivedSources/CoreDataGenerated/Model/ToManyTag+CoreDataProperties.swift /Users/builder/builds/TDmZkXJm/3/finestructure/swiftpackageindex-builder/spi-builder-workspace/.derivedData/Build/Intermediates.noindex/MOCloner.build/Debug-xros/MOClonerTests.build/DerivedSources/CoreDataGenerated/Model/ToOneTag+CoreDataClass.swift /Users/builder/builds/TDmZkXJm/3/finestructure/swiftpackageindex-builder/spi-builder-workspace/.derivedData/Build/Intermediates.noindex/MOCloner.build/Debug-xros/MOClonerTests.build/DerivedSources/CoreDataGenerated/Model/ToOneTag+CoreDataProperties.swift /Users/builder/builds/TDmZkXJm/3/finestructure/swiftpackageindex-builder/spi-builder-workspace/.derivedData/Build/Intermediates.noindex/MOCloner.build/Debug-xros/MOClonerTests.build/DerivedSources/CoreDataGenerated/Model/Model+CoreDataModel.swift -emit-dependencies-path /Users/builder/builds/TDmZkXJm/3/finestructure/swiftpackageindex-builder/spi-builder-workspace/.derivedData/Build/Intermediates.noindex/MOCloner.build/Debug-xros/MOClonerTests.build/Objects-normal/arm64/ToManyTag+CoreDataProperties.d -emit-const-values-path /Users/builder/builds/TDmZkXJm/3/finestructure/swiftpackageindex-builder/spi-builder-workspace/.derivedData/Build/Intermediates.noindex/MOCloner.build/Debug-xros/MOClonerTests.build/Objects-normal/arm64/ToManyTag+CoreDataProperties.swiftconstvalues -emit-reference-dependencies-path /Users/builder/builds/TDmZkXJm/3/finestructure/swiftpackageindex-builder/spi-builder-workspace/.derivedData/Build/Intermediates.noindex/MOCloner.build/Debug-xros/MOClonerTests.build/Objects-normal/arm64/ToManyTag+CoreDataProperties.swiftdeps -serialize-diagnostics-path /Users/builder/builds/TDmZkXJm/3/finestructure/swiftpackageindex-builder/spi-builder-workspace/.derivedData/Build/Intermediates.noindex/MOCloner.build/Debug-xros/MOClonerTests.build/Objects-normal/arm64/ToManyTag+CoreDataProperties.dia -target arm64-apple-xros1.0 -Xllvm -aarch64-use-tbi -enable-objc-interop -stack-check -sdk /Applications/Xcode-15.0.0-Beta.2.app/Contents/Developer/Platforms/XROS.platform/Developer/SDKs/XROS1.0.sdk -I /Users/builder/builds/TDmZkXJm/3/finestructure/swiftpackageindex-builder/spi-builder-workspace/.derivedData/Build/Products/Debug-xros -I /Applications/Xcode-15.0.0-Beta.2.app/Contents/Developer/Platforms/XROS.platform/Developer/usr/lib -F /Users/builder/builds/TDmZkXJm/3/finestructure/swiftpackageindex-builder/spi-builder-workspace/.derivedData/Build/Products/Debug-xros/PackageFrameworks -F /Users/builder/builds/TDmZkXJm/3/finestructure/swiftpackageindex-builder/spi-builder-workspace/.derivedData/Build/Products/Debug-xros -F /Applications/Xcode-15.0.0-Beta.2.app/Contents/Developer/Platforms/XROS.platform/Developer/Library/Frameworks -F /Applications/Xcode-15.0.0-Beta.2.app/Contents/Developer/Platforms/XROS.platform/Developer/SDKs/XROS1.0.sdk/Developer/Library/Frameworks -no-color-diagnostics -enable-testing -g -module-cache-path /Users/builder/builds/TDmZkXJm/3/finestructure/swiftpackageindex-builder/spi-builder-workspace/.derivedData/ModuleCache.noindex -swift-version 5 -enforce-exclusivity\=checked -Onone -D SWIFT_PACKAGE -D DEBUG -D Xcode -serialize-debugging-options -const-gather-protocols-file /Users/builder/builds/TDmZkXJm/3/finestructure/swiftpackageindex-builder/spi-builder-workspace/.derivedData/Build/Intermediates.noindex/MOCloner.build/Debug-xros/MOClonerTests.build/Objects-normal/arm64/MOClonerTests_const_extract_protocols.json -empty-abi-descriptor -plugin-path /Applications/Xcode-15.0.0-Beta.2.app/Contents/Developer/Toolchains/XcodeDefault.xctoolchain/usr/lib/swift/host/plugins -plugin-path /Applications/Xcode-15.0.0-Beta.2.app/Contents/Developer/Toolchains/XcodeDefault.xctoolchain/usr/local/lib/swift/host/plugins -validate-clang-modules-once -clang-build-session-file /Users/builder/builds/TDmZkXJm/3/finestructure/swiftpackageindex-builder/spi-builder-workspace/.derivedData/ModuleCache.noindex/Session.modulevalidation -Xcc -working-directory -Xcc /Users/builder/builds/TDmZkXJm/3/finestructure/swiftpackageindex-builder/spi-builder-workspace -resource-dir /Applications/Xcode-15.0.0-Beta.2.app/Contents/Developer/Toolchains/XcodeDefault.xctoolchain/usr/lib/swift -enable-anonymous-context-mangled-names -Xcc -ivfsstatcache -Xcc /Users/builder/builds/TDmZkXJm/3/finestructure/swiftpackageindex-builder/spi-builder-workspace/.derivedData/SDKStatCaches.noindex/xros1.0-21N5165f-50a81fd5751d5bee8ff6d6ea12214339.sdkstatcache -Xcc -I/Users/builder/builds/TDmZkXJm/3/finestructure/swiftpackageindex-builder/spi-builder-workspace/.derivedData/Build/Products/Debug-xros/include -Xcc -I/Users/builder/builds/TDmZkXJm/3/finestructure/swiftpackageindex-builder/spi-builder-workspace/.derivedData/Build/Intermediates.noindex/MOCloner.build/Debug-xros/MOClonerTests.build/DerivedSources-normal/arm64 -Xcc -I/Users/builder/builds/TDmZkXJm/3/finestructure/swiftpackageindex-builder/spi-builder-workspace/.derivedData/Build/Intermediates.noindex/MOCloner.build/Debug-xros/MOClonerTests.build/DerivedSources/arm64 -Xcc -I/Users/builder/builds/TDmZkXJm/3/finestructure/swiftpackageindex-builder/spi-builder-workspace/.derivedData/Build/Intermediates.noindex/MOCloner.build/Debug-xros/MOClonerTests.build/DerivedSources -Xcc -DSWIFT_PACKAGE -Xcc -DDEBUG\=1 -module-name MOClonerTests -frontend-parseable-output -disable-clang-spi -target-sdk-version 1.0 -target-sdk-name xros1.0 -o /Users/builder/builds/TDmZkXJm/3/finestructure/swiftpackageindex-builder/spi-builder-workspace/.derivedData/Build/Intermediates.noindex/MOCloner.build/Debug-xros/MOClonerTests.build/Objects-normal/arm64/ToManyTag+CoreDataProperties.o -index-unit-output-path /MOCloner.build/Debug-xros/MOClonerTests.build/Objects-normal/arm64/ToManyTag+CoreDataProperties.o -index-store-path /Users/builder/builds/TDmZkXJm/3/finestructure/swiftpackageindex-builder/spi-builder-workspace/.derivedData/Index.noindex/DataStore -index-system-modules
Command SwiftCompile failed with a nonzero exit code
** BUILD FAILED **


The following build commands failed:
	SwiftEmitModule normal arm64 Emitting\ module\ for\ MOClonerTests (in target 'MOClonerTests' from project 'MOCloner')
	SwiftCompile normal arm64 /Users/builder/builds/TDmZkXJm/3/finestructure/swiftpackageindex-builder/spi-builder-workspace/Tests/MOClonerTests/MOClonterTestExtension.swift (in target 'MOClonerTests' from project 'MOCloner')
	SwiftCompile normal arm64 Compiling\ MOClonterTestExtension.swift,\ Item+CoreDataClass.swift /Users/builder/builds/TDmZkXJm/3/finestructure/swiftpackageindex-builder/spi-builder-workspace/Tests/MOClonerTests/MOClonterTestExtension.swift /Users/builder/builds/TDmZkXJm/3/finestructure/swiftpackageindex-builder/spi-builder-workspace/.derivedData/Build/Intermediates.noindex/MOCloner.build/Debug-xros/MOClonerTests.build/DerivedSources/CoreDataGenerated/Model/Item+CoreDataClass.swift (in target 'MOClonerTests' from project 'MOCloner')
	SwiftCompile normal arm64 Compiling\ ToManyTag+CoreDataProperties.swift /Users/builder/builds/TDmZkXJm/3/finestructure/swiftpackageindex-builder/spi-builder-workspace/.derivedData/Build/Intermediates.noindex/MOCloner.build/Debug-xros/MOClonerTests.build/DerivedSources/CoreDataGenerated/Model/ToManyTag+CoreDataProperties.swift (in target 'MOClonerTests' from project 'MOCloner')
(4 failures)
Retrying in 0 seconds ...
BUILD FAILURE 5.9 visionOS