Build Information
Failed to build snap-core, reference 0.1.0 (4c6c24), with Swift 6.4 for watchOS using Xcode 27.0 on 20 Sep 2026 15:35:25 UTC.
Build Command
env DEVELOPER_DIR=/Applications/Xcode-27.0.0-Release.Candidate.app xcrun xcodebuild -IDEClonedSourcePackagesDirPathOverride=$PWD/.dependencies -skipMacroValidation -skipPackagePluginValidation -derivedDataPath $PWD/.derivedData build -scheme snap-core -destination generic/platform=watchOSBuild Log
========================================
RunAll
========================================
Builder version: 5.1.0
Interrupt handler set up.
========================================
Checkout
========================================
Clone URL: https://github.com/simonnickel/snap-core.git
Reference: 0.1.0
Initialized empty Git repository in /Users/admin/builder/spi-builder-workspace/.git/
From https://github.com/simonnickel/snap-core
* tag 0.1.0 -> FETCH_HEAD
HEAD is now at 4c6c245 Update README.md
Cloned https://github.com/simonnickel/snap-core.git
Revision (git rev-parse @):
4c6c2451a96a893e68385148b8f72d41c6df7996
SUCCESS checkout https://github.com/simonnickel/snap-core.git at 0.1.0
========================================
Build
========================================
Selected platform: watchOS
Swift version: 6.4
Building package at path: $PWD
https://github.com/simonnickel/snap-core.git
Command line invocation:
/Applications/Xcode-27.0.0-Release.Candidate.app/Contents/Developer/usr/bin/xcodebuild -IDEClonedSourcePackagesDirPathOverride=/Users/admin/builder/spi-builder-workspace/.dependencies -resolvePackageDependencies
Resolve Package Graph
Resolve Package Graph
Resolved source packages:
snap-core: /Users/admin/builder/spi-builder-workspace
resolved source packages: snap-core
2026-09-20 11:34:37.649 xcodebuild[529:3030] [MT] IDERunDestination: Supported platforms for the buildables in the current scheme is empty.
{
"dependencies" : [
],
"manifest_display_name" : "snap-core",
"name" : "snap-core",
"path" : "/Users/admin/builder/spi-builder-workspace",
"platforms" : [
{
"name" : "ios",
"version" : "17.0"
},
{
"name" : "macos",
"version" : "14.0"
}
],
"products" : [
{
"name" : "SnapCore",
"targets" : [
"SnapCore"
],
"type" : {
"library" : [
"automatic"
]
}
}
],
"targets" : [
{
"c99name" : "SnapCoreTests",
"module_type" : "SwiftTarget",
"name" : "SnapCoreTests",
"path" : "Tests/SnapCoreTests",
"sources" : [
"Codable/AngleCodableTests.swift",
"Codable/UnitPointCodableTests.swift",
"Swift/ArrayUniquedTests.swift",
"Swift/CGFloatRoundTests.swift",
"Swift/CollectionCheckingTests.swift",
"Swift/SemanticVersionTests.swift",
"Swift/SetInsertedTests.swift",
"SwiftUI/ColorAdjustTests.swift"
],
"target_dependencies" : [
"SnapCore"
],
"type" : "test"
},
{
"c99name" : "SnapCore",
"module_type" : "SwiftTarget",
"name" : "SnapCore",
"path" : "Sources/SnapCore",
"product_memberships" : [
"SnapCore"
],
"sources" : [
"Others/SemanticVersion.swift",
"Swift/CGFloat+Rounding.swift",
"Swift/Collections/Array+Unique.swift",
"Swift/Collections/Collection+Helper.swift",
"Swift/Collections/Set+Insert.swift",
"Swift/OSLog+Logger.swift",
"Swift/Publisher+withWeak.swift",
"Swift/String+Helper.swift",
"Swift/WeakRef.swift",
"SwiftUI/AnyLabelStyle.swift",
"SwiftUI/Codable/Angle+Codable.swift",
"SwiftUI/Codable/UnitPoint+Codable.swift",
"SwiftUI/Color+Adjust.swift",
"SwiftUI/EdgeInsets+Helper.swift",
"SwiftUI/GeometryReader+PreferenceKey.swift",
"SwiftUI/SystemTypeWrapper/SystemColorScheme.swift",
"SwiftUI/View+KeyboardPublisher.swift",
"SwiftUI/ViewModifier/ModalPresentation.swift",
"SwiftUI/ViewModifier/View+FrameFill.swift",
"SwiftUI/ViewModifier/ViewModifierConditional.swift",
"SwiftUI/Views/EmptyNoSpaceView.swift",
"SwiftUI/Views/PickerTapable.swift",
"SwiftUI/Views/ScrollViewWith.swift",
"SwiftUI/Views/ScrollViewWithBottomView.swift",
"SwiftUI/Views/ToggleTapable.swift"
],
"type" : "library"
}
],
"tools_version" : "5.10"
}
{
"workspace" : {
"name" : "snap-core",
"schemes" : [
"snap-core"
]
}
}
2026-09-20 11:35:09.815 xcodebuild[626:3844] [MT] IDERunDestination: Supported platforms for the buildables in the current scheme is empty.
Running build ...
env DEVELOPER_DIR=/Applications/Xcode-27.0.0-Release.Candidate.app xcrun xcodebuild -IDEClonedSourcePackagesDirPathOverride=$PWD/.dependencies -skipMacroValidation -skipPackagePluginValidation -derivedDataPath $PWD/.derivedData build -scheme snap-core -destination generic/platform=watchOS
Command line invocation:
/Applications/Xcode-27.0.0-Release.Candidate.app/Contents/Developer/usr/bin/xcodebuild -IDEClonedSourcePackagesDirPathOverride=/Users/admin/builder/spi-builder-workspace/.dependencies -skipMacroValidation -skipPackagePluginValidation -derivedDataPath /Users/admin/builder/spi-builder-workspace/.derivedData build -scheme snap-core -destination generic/platform=watchOS
Resolve Package Graph
Resolved source packages:
snap-core: /Users/admin/builder/spi-builder-workspace
ComputePackagePrebuildTargetDependencyGraph
Prepare packages
CreateBuildRequest
SendProjectDescription
CreateBuildOperation
ComputeTargetDependencyGraph
note: Building targets in dependency order
note: Target dependency graph (2 targets)
Target 'SnapCore-product' in project 'snap-core'
➜ Explicit dependency on target 'SnapCore' in project 'snap-core'
Target 'SnapCore' in project 'snap-core' (no dependencies)
GatherProvisioningInputs
CreateBuildDescription
ExecuteExternalTool /Applications/Xcode-27.0.0-Release.Candidate.app/Contents/Developer/Toolchains/XcodeDefault.xctoolchain/usr/bin/clang -v -E -dM -isysroot /Applications/Xcode-27.0.0-Release.Candidate.app/Contents/Developer/Platforms/WatchOS.platform/Developer/SDKs/WatchOS27.0.sdk -x c -c /dev/null
ExecuteExternalTool /Applications/Xcode-27.0.0-Release.Candidate.app/Contents/Developer/Toolchains/XcodeDefault.xctoolchain/usr/bin/swiftc --version
ExecuteExternalTool /Applications/Xcode-27.0.0-Release.Candidate.app/Contents/Developer/Toolchains/XcodeDefault.xctoolchain/usr/bin/ld -version_details
Build description signature: 3188aab15bf89e88620e23962cafbbe6
Build description path: /Users/admin/builder/spi-builder-workspace/.derivedData/Build/Intermediates.noindex/XCBuildData/3188aab15bf89e88620e23962cafbbe6.xcbuilddata
CreateBuildDirectory /Users/admin/builder/spi-builder-workspace/.derivedData/SDKExplicitPrecompiledModules
cd /Users/admin/builder/spi-builder-workspace/.swiftpm/xcode
builtin-create-build-directory /Users/admin/builder/spi-builder-workspace/.derivedData/SDKExplicitPrecompiledModules
CreateBuildDirectory /Users/admin/builder/spi-builder-workspace/.derivedData/CompilationCache.noindex
cd /Users/admin/builder/spi-builder-workspace/.swiftpm/xcode
builtin-create-build-directory /Users/admin/builder/spi-builder-workspace/.derivedData/CompilationCache.noindex
CreateBuildDirectory /Users/admin/builder/spi-builder-workspace/.derivedData/Build/Intermediates.noindex
cd /Users/admin/builder/spi-builder-workspace/.swiftpm/xcode
builtin-create-build-directory /Users/admin/builder/spi-builder-workspace/.derivedData/Build/Intermediates.noindex
CreateBuildDirectory /Users/admin/builder/spi-builder-workspace/.derivedData/ModuleCache.noindex
cd /Users/admin/builder/spi-builder-workspace/.swiftpm/xcode
builtin-create-build-directory /Users/admin/builder/spi-builder-workspace/.derivedData/ModuleCache.noindex
ClangStatCache /Applications/Xcode-27.0.0-Release.Candidate.app/Contents/Developer/Toolchains/XcodeDefault.xctoolchain/usr/bin/clang-stat-cache /Applications/Xcode-27.0.0-Release.Candidate.app/Contents/Developer/Platforms/WatchOS.platform/Developer/SDKs/WatchOS27.0.sdk /Users/admin/builder/spi-builder-workspace/.derivedData/SDKStatCaches.noindex/watchos27.0-24R360-e829b21a6f8c9b70876ba0858053c04477534ef55a1706bf4c1112bbb242f0a2.sdkstatcache
cd /Users/admin/builder/spi-builder-workspace/.swiftpm/xcode
/Applications/Xcode-27.0.0-Release.Candidate.app/Contents/Developer/Toolchains/XcodeDefault.xctoolchain/usr/bin/clang-stat-cache /Applications/Xcode-27.0.0-Release.Candidate.app/Contents/Developer/Platforms/WatchOS.platform/Developer/SDKs/WatchOS27.0.sdk -o /Users/admin/builder/spi-builder-workspace/.derivedData/SDKStatCaches.noindex/watchos27.0-24R360-e829b21a6f8c9b70876ba0858053c04477534ef55a1706bf4c1112bbb242f0a2.sdkstatcache
CreateBuildDirectory /Users/admin/builder/spi-builder-workspace/.derivedData/Build/Products
cd /Users/admin/builder/spi-builder-workspace/.swiftpm/xcode
builtin-create-build-directory /Users/admin/builder/spi-builder-workspace/.derivedData/Build/Products
CreateBuildDirectory /Users/admin/builder/spi-builder-workspace/.derivedData/Build/Intermediates.noindex/ExplicitPrecompiledModules
cd /Users/admin/builder/spi-builder-workspace/.swiftpm/xcode
builtin-create-build-directory /Users/admin/builder/spi-builder-workspace/.derivedData/Build/Intermediates.noindex/ExplicitPrecompiledModules
CreateBuildDirectory /Users/admin/builder/spi-builder-workspace/.derivedData/Build/Intermediates.noindex/PrecompiledHeaders
cd /Users/admin/builder/spi-builder-workspace/.swiftpm/xcode
builtin-create-build-directory /Users/admin/builder/spi-builder-workspace/.derivedData/Build/Intermediates.noindex/PrecompiledHeaders
CreateBuildDirectory /Users/admin/builder/spi-builder-workspace/.derivedData/Build/Intermediates.noindex/SwiftExplicitPrecompiledModules
cd /Users/admin/builder/spi-builder-workspace/.swiftpm/xcode
builtin-create-build-directory /Users/admin/builder/spi-builder-workspace/.derivedData/Build/Intermediates.noindex/SwiftExplicitPrecompiledModules
CreateBuildDirectory /Users/admin/builder/spi-builder-workspace/.derivedData/Build/Intermediates.noindex/EagerLinkingTBDs/Debug-watchos
cd /Users/admin/builder/spi-builder-workspace/.swiftpm/xcode
builtin-create-build-directory /Users/admin/builder/spi-builder-workspace/.derivedData/Build/Intermediates.noindex/EagerLinkingTBDs/Debug-watchos
CreateBuildDirectory /Users/admin/builder/spi-builder-workspace/.derivedData/Build/Products/Debug-watchos
cd /Users/admin/builder/spi-builder-workspace/.swiftpm/xcode
builtin-create-build-directory /Users/admin/builder/spi-builder-workspace/.derivedData/Build/Products/Debug-watchos
CreateBuildDirectory /Users/admin/builder/spi-builder-workspace/.derivedData/Build/Products/Debug-watchos/PackageFrameworks
cd /Users/admin/builder/spi-builder-workspace/.swiftpm/xcode
builtin-create-build-directory /Users/admin/builder/spi-builder-workspace/.derivedData/Build/Products/Debug-watchos/PackageFrameworks
WriteAuxiliaryFile /Users/admin/builder/spi-builder-workspace/.derivedData/Build/Intermediates.noindex/snap-core.build/Debug-watchos/SnapCore-t.build/SnapCore.DependencyMetadataFileList (in target 'SnapCore' from project 'snap-core')
cd /Users/admin/builder/spi-builder-workspace
write-file /Users/admin/builder/spi-builder-workspace/.derivedData/Build/Intermediates.noindex/snap-core.build/Debug-watchos/SnapCore-t.build/SnapCore.DependencyMetadataFileList
WriteAuxiliaryFile /Users/admin/builder/spi-builder-workspace/.derivedData/Build/Intermediates.noindex/snap-core.build/Debug-watchos/SnapCore-t.build/SnapCore.modulemap (in target 'SnapCore' from project 'snap-core')
cd /Users/admin/builder/spi-builder-workspace
write-file /Users/admin/builder/spi-builder-workspace/.derivedData/Build/Intermediates.noindex/snap-core.build/Debug-watchos/SnapCore-t.build/SnapCore.modulemap
WriteAuxiliaryFile /Users/admin/builder/spi-builder-workspace/.derivedData/Build/Intermediates.noindex/snap-core.build/Debug-watchos/SnapCore-t.build/SnapCore.DependencyStaticMetadataFileList (in target 'SnapCore' from project 'snap-core')
cd /Users/admin/builder/spi-builder-workspace
write-file /Users/admin/builder/spi-builder-workspace/.derivedData/Build/Intermediates.noindex/snap-core.build/Debug-watchos/SnapCore-t.build/SnapCore.DependencyStaticMetadataFileList
WriteAuxiliaryFile /Users/admin/builder/spi-builder-workspace/.derivedData/Build/Intermediates.noindex/snap-core.build/Debug-watchos/SnapCore-t.build/Objects-normal/arm64_32/SnapCore.SwiftFileList (in target 'SnapCore' from project 'snap-core')
cd /Users/admin/builder/spi-builder-workspace
write-file /Users/admin/builder/spi-builder-workspace/.derivedData/Build/Intermediates.noindex/snap-core.build/Debug-watchos/SnapCore-t.build/Objects-normal/arm64_32/SnapCore.SwiftFileList
WriteAuxiliaryFile /Users/admin/builder/spi-builder-workspace/.derivedData/Build/Intermediates.noindex/snap-core.build/Debug-watchos/SnapCore-t.build/Objects-normal/arm64_32/SnapCore.SwiftConstValuesFileList (in target 'SnapCore' from project 'snap-core')
cd /Users/admin/builder/spi-builder-workspace
write-file /Users/admin/builder/spi-builder-workspace/.derivedData/Build/Intermediates.noindex/snap-core.build/Debug-watchos/SnapCore-t.build/Objects-normal/arm64_32/SnapCore.SwiftConstValuesFileList
WriteAuxiliaryFile /Users/admin/builder/spi-builder-workspace/.derivedData/Build/Intermediates.noindex/snap-core.build/Debug-watchos/SnapCore-t.build/Objects-normal/arm64_32/SnapCore_const_extract_protocols.json (in target 'SnapCore' from project 'snap-core')
cd /Users/admin/builder/spi-builder-workspace
write-file /Users/admin/builder/spi-builder-workspace/.derivedData/Build/Intermediates.noindex/snap-core.build/Debug-watchos/SnapCore-t.build/Objects-normal/arm64_32/SnapCore_const_extract_protocols.json
WriteAuxiliaryFile /Users/admin/builder/spi-builder-workspace/.derivedData/Build/Intermediates.noindex/snap-core.build/Debug-watchos/SnapCore-t.build/Objects-normal/arm64_32/SnapCore-OutputFileMap.json (in target 'SnapCore' from project 'snap-core')
cd /Users/admin/builder/spi-builder-workspace
write-file /Users/admin/builder/spi-builder-workspace/.derivedData/Build/Intermediates.noindex/snap-core.build/Debug-watchos/SnapCore-t.build/Objects-normal/arm64_32/SnapCore-OutputFileMap.json
WriteAuxiliaryFile /Users/admin/builder/spi-builder-workspace/.derivedData/Build/Intermediates.noindex/snap-core.build/Debug-watchos/SnapCore-t.build/Objects-normal/arm64/SnapCore_const_extract_protocols.json (in target 'SnapCore' from project 'snap-core')
cd /Users/admin/builder/spi-builder-workspace
write-file /Users/admin/builder/spi-builder-workspace/.derivedData/Build/Intermediates.noindex/snap-core.build/Debug-watchos/SnapCore-t.build/Objects-normal/arm64/SnapCore_const_extract_protocols.json
WriteAuxiliaryFile /Users/admin/builder/spi-builder-workspace/.derivedData/Build/Intermediates.noindex/snap-core.build/Debug-watchos/SnapCore-t.build/Objects-normal/arm64_32/SnapCore.LinkFileList (in target 'SnapCore' from project 'snap-core')
cd /Users/admin/builder/spi-builder-workspace
write-file /Users/admin/builder/spi-builder-workspace/.derivedData/Build/Intermediates.noindex/snap-core.build/Debug-watchos/SnapCore-t.build/Objects-normal/arm64_32/SnapCore.LinkFileList
WriteAuxiliaryFile /Users/admin/builder/spi-builder-workspace/.derivedData/Build/Intermediates.noindex/snap-core.build/Debug-watchos/SnapCore-t.build/Objects-normal/arm64/SnapCore.SwiftFileList (in target 'SnapCore' from project 'snap-core')
cd /Users/admin/builder/spi-builder-workspace
write-file /Users/admin/builder/spi-builder-workspace/.derivedData/Build/Intermediates.noindex/snap-core.build/Debug-watchos/SnapCore-t.build/Objects-normal/arm64/SnapCore.SwiftFileList
WriteAuxiliaryFile /Users/admin/builder/spi-builder-workspace/.derivedData/Build/Intermediates.noindex/snap-core.build/Debug-watchos/SnapCore-t.build/Objects-normal/arm64/SnapCore.SwiftConstValuesFileList (in target 'SnapCore' from project 'snap-core')
cd /Users/admin/builder/spi-builder-workspace
write-file /Users/admin/builder/spi-builder-workspace/.derivedData/Build/Intermediates.noindex/snap-core.build/Debug-watchos/SnapCore-t.build/Objects-normal/arm64/SnapCore.SwiftConstValuesFileList
WriteAuxiliaryFile /Users/admin/builder/spi-builder-workspace/.derivedData/Build/Intermediates.noindex/snap-core.build/Debug-watchos/SnapCore-t.build/Objects-normal/arm64/SnapCore.LinkFileList (in target 'SnapCore' from project 'snap-core')
cd /Users/admin/builder/spi-builder-workspace
write-file /Users/admin/builder/spi-builder-workspace/.derivedData/Build/Intermediates.noindex/snap-core.build/Debug-watchos/SnapCore-t.build/Objects-normal/arm64/SnapCore.LinkFileList
WriteAuxiliaryFile /Users/admin/builder/spi-builder-workspace/.derivedData/Build/Intermediates.noindex/snap-core.build/Debug-watchos/SnapCore-t.build/Objects-normal/arm64/SnapCore-OutputFileMap.json (in target 'SnapCore' from project 'snap-core')
cd /Users/admin/builder/spi-builder-workspace
write-file /Users/admin/builder/spi-builder-workspace/.derivedData/Build/Intermediates.noindex/snap-core.build/Debug-watchos/SnapCore-t.build/Objects-normal/arm64/SnapCore-OutputFileMap.json
Copy /Users/admin/builder/spi-builder-workspace/.derivedData/Build/Intermediates.noindex/GeneratedModuleMaps-watchos/SnapCore.modulemap /Users/admin/builder/spi-builder-workspace/.derivedData/Build/Intermediates.noindex/snap-core.build/Debug-watchos/SnapCore-t.build/SnapCore.modulemap (in target 'SnapCore' from project 'snap-core')
cd /Users/admin/builder/spi-builder-workspace
builtin-copy -exclude .DS_Store -exclude CVS -exclude .svn -exclude .git -exclude .hg -resolve-src-symlinks /Users/admin/builder/spi-builder-workspace/.derivedData/Build/Intermediates.noindex/snap-core.build/Debug-watchos/SnapCore-t.build/SnapCore.modulemap /Users/admin/builder/spi-builder-workspace/.derivedData/Build/Intermediates.noindex/GeneratedModuleMaps-watchos
SwiftDriver SnapCore normal arm64 com.apple.xcode.tools.swift.compiler (in target 'SnapCore' from project 'snap-core')
cd /Users/admin/builder/spi-builder-workspace/.swiftpm/xcode
builtin-SwiftDriver -- /Applications/Xcode-27.0.0-Release.Candidate.app/Contents/Developer/Toolchains/XcodeDefault.xctoolchain/usr/bin/swiftc -parse-as-library -module-name SnapCore -Onone @/Users/admin/builder/spi-builder-workspace/.derivedData/Build/Intermediates.noindex/snap-core.build/Debug-watchos/SnapCore-t.build/Objects-normal/arm64/SnapCore.SwiftFileList -DSWIFT_PACKAGE -DDEBUG -DSWIFT_MODULE_RESOURCE_BUNDLE_UNAVAILABLE -DXcode -enable-experimental-feature StrictConcurrency -plugin-path /Applications/Xcode-27.0.0-Release.Candidate.app/Contents/Developer/Toolchains/XcodeDefault.xctoolchain/usr/lib/swift/host/plugins/testing -enable-experimental-feature DebugDescriptionMacro -sdk /Applications/Xcode-27.0.0-Release.Candidate.app/Contents/Developer/Platforms/WatchOS.platform/Developer/SDKs/WatchOS27.0.sdk -target arm64-apple-watchos10.0 -g -module-cache-path /Users/admin/builder/spi-builder-workspace/.derivedData/ModuleCache.noindex -Xfrontend -serialize-debugging-options -profile-coverage-mapping -profile-generate -enable-testing -index-store-path /Users/admin/builder/spi-builder-workspace/.derivedData/Index.noindex/DataStore -Xcc -D_LIBCPP_HARDENING_MODE\=_LIBCPP_HARDENING_MODE_DEBUG -swift-version 5 -I /Users/admin/builder/spi-builder-workspace/.derivedData/Build/Products/Debug-watchos -Isystem /Applications/Xcode-27.0.0-Release.Candidate.app/Contents/Developer/Platforms/WatchOS.platform/Developer/usr/lib -F /Users/admin/builder/spi-builder-workspace/.derivedData/Build/Products/Debug-watchos -F /Applications/Xcode-27.0.0-Release.Candidate.app/Contents/Developer/Platforms/WatchOS.platform/Developer/Library/Frameworks -F /Applications/Xcode-27.0.0-Release.Candidate.app/Contents/Developer/Platforms/WatchOS.platform/Developer/SDKs/WatchOS27.0.sdk/Developer/Library/Frameworks -c -j10 -enable-batch-mode -incremental -Xcc -ivfsstatcache -Xcc /Users/admin/builder/spi-builder-workspace/.derivedData/SDKStatCaches.noindex/watchos27.0-24R360-e829b21a6f8c9b70876ba0858053c04477534ef55a1706bf4c1112bbb242f0a2.sdkstatcache -output-file-map /Users/admin/builder/spi-builder-workspace/.derivedData/Build/Intermediates.noindex/snap-core.build/Debug-watchos/SnapCore-t.build/Objects-normal/arm64/SnapCore-OutputFileMap.json -save-temps -no-color-diagnostics -explicit-module-build -module-cache-path /Users/admin/builder/spi-builder-workspace/.derivedData/Build/Intermediates.noindex/SwiftExplicitPrecompiledModules -clang-scanner-module-cache-path /Users/admin/builder/spi-builder-workspace/.derivedData/ModuleCache.noindex -sdk-module-cache-path /Users/admin/builder/spi-builder-workspace/.derivedData/SDKExplicitPrecompiledModules -emit-dependencies -emit-module -emit-module-path /Users/admin/builder/spi-builder-workspace/.derivedData/Build/Intermediates.noindex/snap-core.build/Debug-watchos/SnapCore-t.build/Objects-normal/arm64/SnapCore.swiftmodule -serialize-diagnostics -dependency-scan-serialize-diagnostics-path /Users/admin/builder/spi-builder-workspace/.derivedData/Build/Intermediates.noindex/snap-core.build/Debug-watchos/SnapCore-t.build/Objects-normal/arm64/SnapCore-dependency-scan.dia -validate-clang-modules-once -clang-build-session-file /Users/admin/builder/spi-builder-workspace/.derivedData/ModuleCache.noindex/Session.modulevalidation -Xcc -fmodules-prune-interval\=86400 -Xcc -fmodules-prune-after\=345600 -package-name spi_builder_workspace -emit-const-values -const-gather-protocols-list /Users/admin/builder/spi-builder-workspace/.derivedData/Build/Intermediates.noindex/snap-core.build/Debug-watchos/SnapCore-t.build/Objects-normal/arm64/SnapCore_const_extract_protocols.json -Xcc -I/Users/admin/builder/spi-builder-workspace/.derivedData/Build/Products/Debug-watchos/include -Xcc -I/Users/admin/builder/spi-builder-workspace/.derivedData/Build/Intermediates.noindex/snap-core.build/Debug-watchos/SnapCore-t.build/DerivedSources-normal/arm64 -Xcc -I/Users/admin/builder/spi-builder-workspace/.derivedData/Build/Intermediates.noindex/snap-core.build/Debug-watchos/SnapCore-t.build/DerivedSources/arm64 -Xcc -I/Users/admin/builder/spi-builder-workspace/.derivedData/Build/Intermediates.noindex/snap-core.build/Debug-watchos/SnapCore-t.build/DerivedSources -Xcc -DSWIFT_PACKAGE -Xcc -DDEBUG\=1 -emit-objc-header -emit-objc-header-path /Users/admin/builder/spi-builder-workspace/.derivedData/Build/Intermediates.noindex/snap-core.build/Debug-watchos/SnapCore-t.build/Objects-normal/arm64/SnapCore-Swift.h -working-directory /Users/admin/builder/spi-builder-workspace/.swiftpm/xcode -experimental-emit-module-separately -disable-cmo
SwiftDriver SnapCore normal arm64_32 com.apple.xcode.tools.swift.compiler (in target 'SnapCore' from project 'snap-core')
cd /Users/admin/builder/spi-builder-workspace/.swiftpm/xcode
builtin-SwiftDriver -- /Applications/Xcode-27.0.0-Release.Candidate.app/Contents/Developer/Toolchains/XcodeDefault.xctoolchain/usr/bin/swiftc -parse-as-library -module-name SnapCore -Onone @/Users/admin/builder/spi-builder-workspace/.derivedData/Build/Intermediates.noindex/snap-core.build/Debug-watchos/SnapCore-t.build/Objects-normal/arm64_32/SnapCore.SwiftFileList -DSWIFT_PACKAGE -DDEBUG -DSWIFT_MODULE_RESOURCE_BUNDLE_UNAVAILABLE -DXcode -enable-experimental-feature StrictConcurrency -plugin-path /Applications/Xcode-27.0.0-Release.Candidate.app/Contents/Developer/Toolchains/XcodeDefault.xctoolchain/usr/lib/swift/host/plugins/testing -enable-experimental-feature DebugDescriptionMacro -sdk /Applications/Xcode-27.0.0-Release.Candidate.app/Contents/Developer/Platforms/WatchOS.platform/Developer/SDKs/WatchOS27.0.sdk -target arm64_32-apple-watchos10.0 -g -module-cache-path /Users/admin/builder/spi-builder-workspace/.derivedData/ModuleCache.noindex -Xfrontend -serialize-debugging-options -profile-coverage-mapping -profile-generate -enable-testing -index-store-path /Users/admin/builder/spi-builder-workspace/.derivedData/Index.noindex/DataStore -Xcc -D_LIBCPP_HARDENING_MODE\=_LIBCPP_HARDENING_MODE_DEBUG -swift-version 5 -I /Users/admin/builder/spi-builder-workspace/.derivedData/Build/Products/Debug-watchos -Isystem /Applications/Xcode-27.0.0-Release.Candidate.app/Contents/Developer/Platforms/WatchOS.platform/Developer/usr/lib -F /Users/admin/builder/spi-builder-workspace/.derivedData/Build/Products/Debug-watchos -F /Applications/Xcode-27.0.0-Release.Candidate.app/Contents/Developer/Platforms/WatchOS.platform/Developer/Library/Frameworks -F /Applications/Xcode-27.0.0-Release.Candidate.app/Contents/Developer/Platforms/WatchOS.platform/Developer/SDKs/WatchOS27.0.sdk/Developer/Library/Frameworks -c -j10 -enable-batch-mode -incremental -Xcc -ivfsstatcache -Xcc /Users/admin/builder/spi-builder-workspace/.derivedData/SDKStatCaches.noindex/watchos27.0-24R360-e829b21a6f8c9b70876ba0858053c04477534ef55a1706bf4c1112bbb242f0a2.sdkstatcache -output-file-map /Users/admin/builder/spi-builder-workspace/.derivedData/Build/Intermediates.noindex/snap-core.build/Debug-watchos/SnapCore-t.build/Objects-normal/arm64_32/SnapCore-OutputFileMap.json -save-temps -no-color-diagnostics -explicit-module-build -module-cache-path /Users/admin/builder/spi-builder-workspace/.derivedData/Build/Intermediates.noindex/SwiftExplicitPrecompiledModules -clang-scanner-module-cache-path /Users/admin/builder/spi-builder-workspace/.derivedData/ModuleCache.noindex -sdk-module-cache-path /Users/admin/builder/spi-builder-workspace/.derivedData/SDKExplicitPrecompiledModules -emit-dependencies -emit-module -emit-module-path /Users/admin/builder/spi-builder-workspace/.derivedData/Build/Intermediates.noindex/snap-core.build/Debug-watchos/SnapCore-t.build/Objects-normal/arm64_32/SnapCore.swiftmodule -serialize-diagnostics -dependency-scan-serialize-diagnostics-path /Users/admin/builder/spi-builder-workspace/.derivedData/Build/Intermediates.noindex/snap-core.build/Debug-watchos/SnapCore-t.build/Objects-normal/arm64_32/SnapCore-dependency-scan.dia -validate-clang-modules-once -clang-build-session-file /Users/admin/builder/spi-builder-workspace/.derivedData/ModuleCache.noindex/Session.modulevalidation -Xcc -fmodules-prune-interval\=86400 -Xcc -fmodules-prune-after\=345600 -package-name spi_builder_workspace -emit-const-values -const-gather-protocols-list /Users/admin/builder/spi-builder-workspace/.derivedData/Build/Intermediates.noindex/snap-core.build/Debug-watchos/SnapCore-t.build/Objects-normal/arm64_32/SnapCore_const_extract_protocols.json -Xcc -I/Users/admin/builder/spi-builder-workspace/.derivedData/Build/Products/Debug-watchos/include -Xcc -I/Users/admin/builder/spi-builder-workspace/.derivedData/Build/Intermediates.noindex/snap-core.build/Debug-watchos/SnapCore-t.build/DerivedSources-normal/arm64_32 -Xcc -I/Users/admin/builder/spi-builder-workspace/.derivedData/Build/Intermediates.noindex/snap-core.build/Debug-watchos/SnapCore-t.build/DerivedSources/arm64_32 -Xcc -I/Users/admin/builder/spi-builder-workspace/.derivedData/Build/Intermediates.noindex/snap-core.build/Debug-watchos/SnapCore-t.build/DerivedSources -Xcc -DSWIFT_PACKAGE -Xcc -DDEBUG\=1 -emit-objc-header -emit-objc-header-path /Users/admin/builder/spi-builder-workspace/.derivedData/Build/Intermediates.noindex/snap-core.build/Debug-watchos/SnapCore-t.build/Objects-normal/arm64_32/SnapCore-Swift.h -working-directory /Users/admin/builder/spi-builder-workspace/.swiftpm/xcode -experimental-emit-module-separately -disable-cmo
SwiftExplicitDependencyGeneratePcm arm64_32 /Users/admin/builder/spi-builder-workspace/.derivedData/SDKExplicitPrecompiledModules/SwiftShims-9CQQGWTSNTN9EB5NSHDWUJICH.pcm
SwiftExplicitDependencyGeneratePcm arm64_32 /Users/admin/builder/spi-builder-workspace/.derivedData/SDKExplicitPrecompiledModules/_Builtin_stddef-H44EFHQX6XSS5MZ7QP6YJZ76.pcm
SwiftExplicitDependencyGeneratePcm arm64_32 /Users/admin/builder/spi-builder-workspace/.derivedData/SDKExplicitPrecompiledModules/ptrcheck-7ELIH9BTIGVKX3UBITM9N72WD.pcm
SwiftExplicitDependencyGeneratePcm arm64_32 /Users/admin/builder/spi-builder-workspace/.derivedData/SDKExplicitPrecompiledModules/_Builtin_stdbool-A967K8W8YUYEC9SN52KJ7OO88.pcm
SwiftExplicitDependencyGeneratePcm arm64_32 /Users/admin/builder/spi-builder-workspace/.derivedData/SDKExplicitPrecompiledModules/_Builtin_float-6KO8O3PEWRCA4WC6PPLOYO6WJ.pcm
SwiftExplicitDependencyGeneratePcm arm64_32 /Users/admin/builder/spi-builder-workspace/.derivedData/SDKExplicitPrecompiledModules/_Builtin_stdarg-D305JG44A2WPI6CJY37X3QJE8.pcm
SwiftExplicitDependencyGeneratePcm arm64 /Users/admin/builder/spi-builder-workspace/.derivedData/SDKExplicitPrecompiledModules/_AvailabilityInternal-BUNV3UXM65NT37THI4W1AM0SF.pcm
SwiftExplicitDependencyGeneratePcm arm64 /Users/admin/builder/spi-builder-workspace/.derivedData/SDKExplicitPrecompiledModules/SwiftShims-4MXFZPV6FEB0XBYXCGPWAMQGL.pcm
SwiftExplicitDependencyGeneratePcm arm64 /Users/admin/builder/spi-builder-workspace/.derivedData/SDKExplicitPrecompiledModules/ptrauth-3TZ9WJCGLYD25HQPWH4968ONX.pcm
SwiftExplicitDependencyGeneratePcm arm64 /Users/admin/builder/spi-builder-workspace/.derivedData/SDKExplicitPrecompiledModules/_Builtin_stdarg-A7UU8LE6MP85SM26YO7PBZNUQ.pcm
SwiftExplicitDependencyGeneratePcm arm64 /Users/admin/builder/spi-builder-workspace/.derivedData/SDKExplicitPrecompiledModules/_SwiftConcurrencyShims-659N52XSKR5F0QSB880BH2FJR.pcm
SwiftExplicitDependencyGeneratePcm arm64_32 /Users/admin/builder/spi-builder-workspace/.derivedData/SDKExplicitPrecompiledModules/DeveloperToolsSupport-DZU5G1OCMNWU0AQRULIFHUJ1Z.pcm
SwiftExplicitDependencyGeneratePcm arm64_32 /Users/admin/builder/spi-builder-workspace/.derivedData/SDKExplicitPrecompiledModules/ptrauth-BFXF358ME5AK535N5A9Z766WU.pcm
SwiftExplicitDependencyGeneratePcm arm64 /Users/admin/builder/spi-builder-workspace/.derivedData/SDKExplicitPrecompiledModules/_Builtin_float-C0CW5Q4HGBQYKE77TC42IAFB5.pcm
SwiftExplicitDependencyGeneratePcm arm64 /Users/admin/builder/spi-builder-workspace/.derivedData/SDKExplicitPrecompiledModules/ptrcheck-AIF0NDOYZ8ORBNHQAQR5NNB8M.pcm
SwiftExplicitDependencyGeneratePcm arm64 /Users/admin/builder/spi-builder-workspace/.derivedData/SDKExplicitPrecompiledModules/DeveloperToolsSupport-E7CNISCB36UE8XQ9IOHK9XDX1.pcm
SwiftExplicitDependencyGeneratePcm arm64_32 /Users/admin/builder/spi-builder-workspace/.derivedData/SDKExplicitPrecompiledModules/_AvailabilityInternal-244WAN3Z1QBT7PIA64EZEFY1R.pcm
SwiftExplicitDependencyGeneratePcm arm64 /Users/admin/builder/spi-builder-workspace/.derivedData/SDKExplicitPrecompiledModules/_Builtin_stddef-1FU30Y8SWFB7OUUHMJQH5J6FM.pcm
SwiftExplicitDependencyGeneratePcm arm64 /Users/admin/builder/spi-builder-workspace/.derivedData/SDKExplicitPrecompiledModules/_Builtin_stdbool-83J96QSOFE9VX04AAS6310UAE.pcm
SwiftExplicitDependencyGeneratePcm arm64_32 /Users/admin/builder/spi-builder-workspace/.derivedData/SDKExplicitPrecompiledModules/_SwiftConcurrencyShims-6RTBPQ03V7BM9SPRK8SUE055H.pcm
SwiftExplicitDependencyGeneratePcm arm64 /Users/admin/builder/spi-builder-workspace/.derivedData/SDKExplicitPrecompiledModules/_DarwinFoundation1-7SPX3MD0HMP55E4OLNCPNDQ53.pcm
SwiftExplicitDependencyGeneratePcm arm64_32 /Users/admin/builder/spi-builder-workspace/.derivedData/SDKExplicitPrecompiledModules/_DarwinFoundation1-2GWF9RFMPLQW4PDHS3NARVI3G.pcm
SwiftExplicitDependencyGeneratePcm arm64 /Users/admin/builder/spi-builder-workspace/.derivedData/SDKExplicitPrecompiledModules/_Builtin_limits-9GWPA2B0H20DYUNYHYCWKABJG.pcm
SwiftExplicitDependencyGeneratePcm arm64 /Users/admin/builder/spi-builder-workspace/.derivedData/SDKExplicitPrecompiledModules/_DarwinFoundation2-D0XAPJU49S5E9XMKYOFGSTB1Q.pcm
SwiftExplicitDependencyGeneratePcm arm64_32 /Users/admin/builder/spi-builder-workspace/.derivedData/SDKExplicitPrecompiledModules/_Builtin_limits-3VKBU2AFTD65PAJZ5CJ3LHFM2.pcm
SwiftExplicitDependencyGeneratePcm arm64_32 /Users/admin/builder/spi-builder-workspace/.derivedData/SDKExplicitPrecompiledModules/_DarwinFoundation2-9MY8GOSYRO0M9MKNXF6D3MBNK.pcm
SwiftExplicitDependencyGeneratePcm arm64 /Users/admin/builder/spi-builder-workspace/.derivedData/SDKExplicitPrecompiledModules/_Builtin_stdint-8XMILLJZEGRN2XG7XZUXZ5RLX.pcm
SwiftExplicitDependencyGeneratePcm arm64 /Users/admin/builder/spi-builder-workspace/.derivedData/SDKExplicitPrecompiledModules/_Builtin_tgmath-8NQ96OZ0YHXEC24JI95P01UF8.pcm
SwiftExplicitDependencyGeneratePcm arm64 /Users/admin/builder/spi-builder-workspace/.derivedData/SDKExplicitPrecompiledModules/string_h-E6PRXK75PHIPCZFWOFCQ3QBMK.pcm
SwiftExplicitDependencyGeneratePcm arm64 /Users/admin/builder/spi-builder-workspace/.derivedData/SDKExplicitPrecompiledModules/sys_types-2KXQLI78OUCDP779AE68GZJ2.pcm
SwiftExplicitDependencyGeneratePcm arm64_32 /Users/admin/builder/spi-builder-workspace/.derivedData/SDKExplicitPrecompiledModules/sys_types-8TLLMW08ZJWDGIIPKOYFGHHZW.pcm
SwiftExplicitDependencyGeneratePcm arm64_32 /Users/admin/builder/spi-builder-workspace/.derivedData/SDKExplicitPrecompiledModules/_Builtin_tgmath-23PGCKURCQILXMK0MYZRYDCOU.pcm
SwiftExplicitDependencyGeneratePcm arm64_32 /Users/admin/builder/spi-builder-workspace/.derivedData/SDKExplicitPrecompiledModules/_Builtin_stdint-1HMXWI3V0V4TXHRWZOMZGZ80Y.pcm
SwiftExplicitDependencyGeneratePcm arm64_32 /Users/admin/builder/spi-builder-workspace/.derivedData/SDKExplicitPrecompiledModules/string_h-BFVLUQUSBZWYMLCU9QI7VZALW.pcm
SwiftExplicitDependencyGeneratePcm arm64 /Users/admin/builder/spi-builder-workspace/.derivedData/SDKExplicitPrecompiledModules/_Builtin_intrinsics-75960HIPCIYA06IUW8FIIPQT.pcm
SwiftExplicitDependencyGeneratePcm arm64 /Users/admin/builder/spi-builder-workspace/.derivedData/SDKExplicitPrecompiledModules/_Builtin_stdatomic-7JEFA3KBJJJN6TKJWY3OG1VG5.pcm
SwiftExplicitDependencyGeneratePcm arm64 /Users/admin/builder/spi-builder-workspace/.derivedData/SDKExplicitPrecompiledModules/_DarwinFoundation3-B97LRG0E9GON2NUE65TVG81HU.pcm
SwiftExplicitDependencyGeneratePcm arm64_32 /Users/admin/builder/spi-builder-workspace/.derivedData/SDKExplicitPrecompiledModules/_Builtin_stdatomic-1TY035TURL76BF2U98PZPPZRX.pcm
SwiftExplicitDependencyGeneratePcm arm64_32 /Users/admin/builder/spi-builder-workspace/.derivedData/SDKExplicitPrecompiledModules/_DarwinFoundation3-3DUTYQDQSD9HUAAVY947NMWOI.pcm
SwiftExplicitDependencyGeneratePcm arm64_32 /Users/admin/builder/spi-builder-workspace/.derivedData/SDKExplicitPrecompiledModules/_Builtin_intrinsics-196IIAKDQVU42DLOZP9OQCV76.pcm
SwiftExplicitDependencyGeneratePcm arm64_32 /Users/admin/builder/spi-builder-workspace/.derivedData/SDKExplicitPrecompiledModules/_Builtin_inttypes-D2KPCR4PEX9AQA33NGLUT5SBR.pcm
SwiftExplicitDependencyGeneratePcm arm64 /Users/admin/builder/spi-builder-workspace/.derivedData/SDKExplicitPrecompiledModules/_Builtin_inttypes-3UQSCM7WNM9EK4HZML8TY5J3D.pcm
SwiftExplicitDependencyGeneratePcm arm64_32 /Users/admin/builder/spi-builder-workspace/.derivedData/SDKExplicitPrecompiledModules/Darwin-3FVT1SKLN2ZQ5RVOABMTQBB34.pcm
SwiftExplicitDependencyGeneratePcm arm64 /Users/admin/builder/spi-builder-workspace/.derivedData/SDKExplicitPrecompiledModules/Darwin-3984OXKFNSPE77NT743WK8SEX.pcm
SwiftExplicitDependencyGeneratePcm arm64_32 /Users/admin/builder/spi-builder-workspace/.derivedData/SDKExplicitPrecompiledModules/simd-21UNWYOBUZI1LVSQ99S1XBLMO.pcm
SwiftExplicitDependencyGeneratePcm arm64 /Users/admin/builder/spi-builder-workspace/.derivedData/SDKExplicitPrecompiledModules/simd-EH08NODU6574T74ZKU61VP9BW.pcm
SwiftExplicitDependencyGeneratePcm arm64_32 /Users/admin/builder/spi-builder-workspace/.derivedData/SDKExplicitPrecompiledModules/MachO-56838ZJ0NC1EBAJ0O6O8QMPDX.pcm
SwiftExplicitDependencyGeneratePcm arm64_32 /Users/admin/builder/spi-builder-workspace/.derivedData/SDKExplicitPrecompiledModules/ObjectiveC-6IJNELR2E80E7LUKESVCP2KET.pcm
SwiftExplicitDependencyGeneratePcm arm64 /Users/admin/builder/spi-builder-workspace/.derivedData/SDKExplicitPrecompiledModules/MachO-2U90NNSAQILBNBPS1SA4F8TYP.pcm
SwiftExplicitDependencyGeneratePcm arm64 /Users/admin/builder/spi-builder-workspace/.derivedData/SDKExplicitPrecompiledModules/ObjectiveC-72IVD3VS2RS8Q28D9PIMY0KQP.pcm
SwiftExplicitDependencyGeneratePcm arm64_32 /Users/admin/builder/spi-builder-workspace/.derivedData/SDKExplicitPrecompiledModules/os_object-5YWTC6L4756IWSTPGXS5NM0D0.pcm
SwiftExplicitDependencyGeneratePcm arm64 /Users/admin/builder/spi-builder-workspace/.derivedData/SDKExplicitPrecompiledModules/os_object-3SDKD7F87FTZ26OON37DRYT6O.pcm
SwiftExplicitDependencyGeneratePcm arm64_32 /Users/admin/builder/spi-builder-workspace/.derivedData/SDKExplicitPrecompiledModules/os_workgroup-5JHTPDMNBUNHLJI8LPHKQK1JK.pcm
SwiftExplicitDependencyGeneratePcm arm64 /Users/admin/builder/spi-builder-workspace/.derivedData/SDKExplicitPrecompiledModules/os_workgroup-89GG5G7YC2D0ZTK6AZXXQ20DH.pcm
SwiftExplicitDependencyGeneratePcm arm64_32 /Users/admin/builder/spi-builder-workspace/.derivedData/SDKExplicitPrecompiledModules/Spatial-CWVWNML3T0NXVHZDKVLD3X1YZ.pcm
SwiftExplicitDependencyGeneratePcm arm64 /Users/admin/builder/spi-builder-workspace/.derivedData/SDKExplicitPrecompiledModules/Spatial-44FJGYXFAT2AQAW9Z6T7YS02U.pcm
SwiftExplicitDependencyGeneratePcm arm64_32 /Users/admin/builder/spi-builder-workspace/.derivedData/SDKExplicitPrecompiledModules/Dispatch-2P62F1T4XV63S4P99TUDTOK2Q.pcm
SwiftExplicitDependencyGeneratePcm arm64 /Users/admin/builder/spi-builder-workspace/.derivedData/SDKExplicitPrecompiledModules/Dispatch-1NLJOVAK60XP0DUB05XA59EIM.pcm
SwiftExplicitDependencyGeneratePcm arm64 /Users/admin/builder/spi-builder-workspace/.derivedData/SDKExplicitPrecompiledModules/CoreFoundation-8T2L24YC5NU7WO6WQJWRY7W08.pcm
SwiftExplicitDependencyGeneratePcm arm64 /Users/admin/builder/spi-builder-workspace/.derivedData/SDKExplicitPrecompiledModules/XPC-40DR0X1DHKGCV4J1IOLFS8MOU.pcm
SwiftExplicitDependencyGeneratePcm arm64_32 /Users/admin/builder/spi-builder-workspace/.derivedData/SDKExplicitPrecompiledModules/XPC-81Y45QFY96XYYFCW2GT6FY8S4.pcm
SwiftExplicitDependencyGeneratePcm arm64_32 /Users/admin/builder/spi-builder-workspace/.derivedData/SDKExplicitPrecompiledModules/CoreFoundation-8E6Y4BA3EXYKUGJ24GT9LGV3N.pcm
SwiftExplicitDependencyGeneratePcm arm64 /Users/admin/builder/spi-builder-workspace/.derivedData/SDKExplicitPrecompiledModules/os-5DIL6Z9LFIGLMZAHM7X2T5435.pcm
SwiftExplicitDependencyGeneratePcm arm64_32 /Users/admin/builder/spi-builder-workspace/.derivedData/SDKExplicitPrecompiledModules/os-E5IGB442IA6SBB25TTCOLK2OC.pcm
SwiftExplicitDependencyGeneratePcm arm64 /Users/admin/builder/spi-builder-workspace/.derivedData/SDKExplicitPrecompiledModules/CoreGraphics-DWNZ73GEH98SBJXZ7DEXB420K.pcm
SwiftExplicitDependencyGeneratePcm arm64 /Users/admin/builder/spi-builder-workspace/.derivedData/SDKExplicitPrecompiledModules/Security-6RZ6YBRU8WCUHRFFRVUK5WKMM.pcm
SwiftExplicitDependencyGeneratePcm arm64 /Users/admin/builder/spi-builder-workspace/.derivedData/SDKExplicitPrecompiledModules/CoreAudioTypes-A9MF7N5LT63G21HNFVM6BT14B.pcm
SwiftExplicitDependencyGeneratePcm arm64_32 /Users/admin/builder/spi-builder-workspace/.derivedData/SDKExplicitPrecompiledModules/Security-D7TOWF88VWF67TB9HAFP5UWB1.pcm
SwiftExplicitDependencyGeneratePcm arm64_32 /Users/admin/builder/spi-builder-workspace/.derivedData/SDKExplicitPrecompiledModules/CoreGraphics-9FDXYX6BKBUT6TJ2VF819E7T5.pcm
SwiftExplicitDependencyGeneratePcm arm64_32 /Users/admin/builder/spi-builder-workspace/.derivedData/SDKExplicitPrecompiledModules/CoreAudioTypes-9GVB1DHA32M46R4A9NWSI3I2K.pcm
SwiftExplicitDependencyGeneratePcm arm64 /Users/admin/builder/spi-builder-workspace/.derivedData/SDKExplicitPrecompiledModules/CoreAudio-1B79RJJTP71GE6UY9WLESAN3C.pcm
SwiftExplicitDependencyGeneratePcm arm64_32 /Users/admin/builder/spi-builder-workspace/.derivedData/SDKExplicitPrecompiledModules/CoreAudio-5W6MX6OUPWBMUR8VD5LHT1PZF.pcm
SwiftExplicitDependencyGeneratePcm arm64 /Users/admin/builder/spi-builder-workspace/.derivedData/SDKExplicitPrecompiledModules/Foundation-DLBKUSGXN8QHAT8W0OARR9S8A.pcm
SwiftExplicitDependencyGeneratePcm arm64_32 /Users/admin/builder/spi-builder-workspace/.derivedData/SDKExplicitPrecompiledModules/Foundation-BJ2VQGI3OGR34500MEQ1VKHPH.pcm
SwiftExplicitDependencyGeneratePcm arm64_32 /Users/admin/builder/spi-builder-workspace/.derivedData/SDKExplicitPrecompiledModules/CoreVideo-2P8HI0403J99LBDPKNFJ5D4DL.pcm
SwiftExplicitDependencyGeneratePcm arm64_32 /Users/admin/builder/spi-builder-workspace/.derivedData/SDKExplicitPrecompiledModules/CoreText-C9X2REPZN2V5BSU4G80FCETDR.pcm
SwiftExplicitDependencyGeneratePcm arm64 /Users/admin/builder/spi-builder-workspace/.derivedData/SDKExplicitPrecompiledModules/CoreVideo-8MRR5MNWUOAW2DBPGUQ8FKK4.pcm
SwiftExplicitDependencyGeneratePcm arm64 /Users/admin/builder/spi-builder-workspace/.derivedData/SDKExplicitPrecompiledModules/CoreText-970YJN6NIYGK1316L35Z0O8QT.pcm
SwiftExplicitDependencyGeneratePcm arm64_32 /Users/admin/builder/spi-builder-workspace/.derivedData/SDKExplicitPrecompiledModules/CoreMedia-AO387T8CHWTTZODD1DGT0UAFA.pcm
SwiftExplicitDependencyGeneratePcm arm64 /Users/admin/builder/spi-builder-workspace/.derivedData/SDKExplicitPrecompiledModules/CoreMedia-1AJVCUZNAO74KIKMFVFUUHWDI.pcm
SwiftExplicitDependencyGeneratePcm arm64_32 /Users/admin/builder/spi-builder-workspace/.derivedData/SDKExplicitPrecompiledModules/UserNotifications-6TBN8TEAKO014N1T2QD926XED.pcm
SwiftExplicitDependencyGeneratePcm arm64_32 /Users/admin/builder/spi-builder-workspace/.derivedData/SDKExplicitPrecompiledModules/CoreData-7AU1AFQWUH88EAPDKVMLJPKVD.pcm
SwiftExplicitDependencyGeneratePcm arm64_32 /Users/admin/builder/spi-builder-workspace/.derivedData/SDKExplicitPrecompiledModules/DataDetection-U9BF7WHFVA6BZGFXXXP272PS.pcm
SwiftExplicitDependencyGeneratePcm arm64_32 /Users/admin/builder/spi-builder-workspace/.derivedData/SDKExplicitPrecompiledModules/CoreTransferable-5D4IR6X37682FPHJ5CBPTKQV6.pcm
SwiftExplicitDependencyGeneratePcm arm64_32 /Users/admin/builder/spi-builder-workspace/.derivedData/SDKExplicitPrecompiledModules/_LocationEssentials-AQ1OL9QKC3LQLY5CNSRM1HB53.pcm
SwiftExplicitDependencyGeneratePcm arm64_32 /Users/admin/builder/spi-builder-workspace/.derivedData/SDKExplicitPrecompiledModules/QuartzCore-6375NPYACK5NYVHPMC1QQ8MC2.pcm
SwiftExplicitDependencyGeneratePcm arm64 /Users/admin/builder/spi-builder-workspace/.derivedData/SDKExplicitPrecompiledModules/Accessibility-27QMG6ZQ1NKYTNBYFPM1XKNFC.pcm
SwiftExplicitDependencyGeneratePcm arm64_32 /Users/admin/builder/spi-builder-workspace/.derivedData/SDKExplicitPrecompiledModules/OSLog-D9AVFY0KWO7RVBIQ73CBIJVCN.pcm
SwiftExplicitDependencyGeneratePcm arm64_32 /Users/admin/builder/spi-builder-workspace/.derivedData/SDKExplicitPrecompiledModules/SceneKit-DKNLHKM5FJBQ79LSNMSSMBUBR.pcm
SwiftExplicitDependencyGeneratePcm arm64 /Users/admin/builder/spi-builder-workspace/.derivedData/SDKExplicitPrecompiledModules/CoreTransferable-9PPG3SLJ55T4LITIFYX2M0NOZ.pcm
SwiftExplicitDependencyGeneratePcm arm64_32 /Users/admin/builder/spi-builder-workspace/.derivedData/SDKExplicitPrecompiledModules/Accessibility-F385OMZ5GYBUY5O4QAJB4NRII.pcm
SwiftExplicitDependencyGeneratePcm arm64 /Users/admin/builder/spi-builder-workspace/.derivedData/SDKExplicitPrecompiledModules/OSLog-B7VGO357Y3GJG35TST7DKDSI3.pcm
SwiftExplicitDependencyGeneratePcm arm64 /Users/admin/builder/spi-builder-workspace/.derivedData/SDKExplicitPrecompiledModules/SceneKit-5HZKIL7XETTTD8TOHYPN8JKRJ.pcm
SwiftExplicitDependencyGeneratePcm arm64_32 /Users/admin/builder/spi-builder-workspace/.derivedData/SDKExplicitPrecompiledModules/Symbols-1H97WMG76HU94F5VGJR19PXFY.pcm
SwiftExplicitDependencyGeneratePcm arm64 /Users/admin/builder/spi-builder-workspace/.derivedData/SDKExplicitPrecompiledModules/QuartzCore-94KFMWNOU7ZLUZNB4T5DLZC9D.pcm
SwiftExplicitDependencyGeneratePcm arm64 /Users/admin/builder/spi-builder-workspace/.derivedData/SDKExplicitPrecompiledModules/UniformTypeIdentifiers-8L08Q8DQJV8C4AW84YVGFGTRN.pcm
SwiftExplicitDependencyGeneratePcm arm64 /Users/admin/builder/spi-builder-workspace/.derivedData/SDKExplicitPrecompiledModules/Symbols-3EFABTJ9L5PQDJ7RQCYQWEJMM.pcm
SwiftExplicitDependencyGeneratePcm arm64_32 /Users/admin/builder/spi-builder-workspace/.derivedData/SDKExplicitPrecompiledModules/UniformTypeIdentifiers-CJZ3NTHPSBH4XWX5EVOG56UZS.pcm
SwiftExplicitDependencyGeneratePcm arm64_32 /Users/admin/builder/spi-builder-workspace/.derivedData/SDKExplicitPrecompiledModules/SwiftUICore-3Q7WLRD8MR9R3NGIPUBQCP6F6.pcm
SwiftExplicitDependencyGeneratePcm arm64 /Users/admin/builder/spi-builder-workspace/.derivedData/SDKExplicitPrecompiledModules/DataDetection-7BNVI1SZW5ISQL5SX4WL2X7I5.pcm
SwiftExplicitDependencyGeneratePcm arm64 /Users/admin/builder/spi-builder-workspace/.derivedData/SDKExplicitPrecompiledModules/UserNotifications-ARAH8MEQ0C2L0FBO39HITJMAO.pcm
SwiftExplicitDependencyGeneratePcm arm64_32 /Users/admin/builder/spi-builder-workspace/.derivedData/SDKExplicitPrecompiledModules/CoreLocation-8XU5YMYM4P11RQMYCQAG65ITK.pcm
SwiftExplicitDependencyGeneratePcm arm64 /Users/admin/builder/spi-builder-workspace/.derivedData/SDKExplicitPrecompiledModules/CoreData-9JFJC4UET8BAO5IPV2JU6W9V8.pcm
SwiftExplicitDependencyGeneratePcm arm64 /Users/admin/builder/spi-builder-workspace/.derivedData/SDKExplicitPrecompiledModules/UIUtilities-IR7RNW23VAUKYI9MLCS9NL9A.pcm
SwiftExplicitDependencyGeneratePcm arm64_32 /Users/admin/builder/spi-builder-workspace/.derivedData/SDKExplicitPrecompiledModules/UIUtilities-9YFVNIMRC5HRVOIARNWHP1E3H.pcm
SwiftExplicitDependencyGeneratePcm arm64 /Users/admin/builder/spi-builder-workspace/.derivedData/SDKExplicitPrecompiledModules/_LocationEssentials-5ZZDGDXB6HLQUC72SJW7YJ7MK.pcm
SwiftExplicitDependencyGeneratePcm arm64 /Users/admin/builder/spi-builder-workspace/.derivedData/SDKExplicitPrecompiledModules/SwiftUICore-C1DST1IX2Z0PTH5SJJZ1IULRB.pcm
SwiftExplicitDependencyGeneratePcm arm64_32 /Users/admin/builder/spi-builder-workspace/.derivedData/SDKExplicitPrecompiledModules/CoreMotion-1XGTVTE5PP32UHME8AC63TL6.pcm
SwiftExplicitDependencyGeneratePcm arm64 /Users/admin/builder/spi-builder-workspace/.derivedData/SDKExplicitPrecompiledModules/CoreLocation-ACKJ9K7ABI14F97Y46Y6SRR17.pcm
SwiftExplicitDependencyGeneratePcm arm64_32 /Users/admin/builder/spi-builder-workspace/.derivedData/SDKExplicitPrecompiledModules/UIKit-6PPV7YPZ89CZPHYAP072QH8B6.pcm
SwiftExplicitDependencyGeneratePcm arm64 /Users/admin/builder/spi-builder-workspace/.derivedData/SDKExplicitPrecompiledModules/CoreMotion-6RD5K48QT1F4L9CATNFD2O7YB.pcm
SwiftExplicitDependencyGeneratePcm arm64 /Users/admin/builder/spi-builder-workspace/.derivedData/SDKExplicitPrecompiledModules/UIKit-27R3P1YMV4C6JLDT661G3MRIA.pcm
SwiftExplicitDependencyGeneratePcm arm64_32 /Users/admin/builder/spi-builder-workspace/.derivedData/SDKExplicitPrecompiledModules/HomeKit-DUDZOMSN3UK8GNTNBNMPIWJRN.pcm
SwiftExplicitDependencyGeneratePcm arm64_32 /Users/admin/builder/spi-builder-workspace/.derivedData/SDKExplicitPrecompiledModules/MapKit-CWGB4YMP1VX1NYQN5FULFD5DR.pcm
SwiftExplicitDependencyGeneratePcm arm64 /Users/admin/builder/spi-builder-workspace/.derivedData/SDKExplicitPrecompiledModules/MapKit-EJJWC7IL56MPLQMI93GJRE5OG.pcm
SwiftExplicitDependencyGeneratePcm arm64 /Users/admin/builder/spi-builder-workspace/.derivedData/SDKExplicitPrecompiledModules/HomeKit-DTS1N4AWILAL1URZ5IOXV5221.pcm
SwiftExplicitDependencyGeneratePcm arm64_32 /Users/admin/builder/spi-builder-workspace/.derivedData/SDKExplicitPrecompiledModules/WatchKit-FHF6WTKLC2APGK3LA2XJ6516.pcm
SwiftExplicitDependencyGeneratePcm arm64 /Users/admin/builder/spi-builder-workspace/.derivedData/SDKExplicitPrecompiledModules/WatchKit-3VT3K8YON6FJ6OWSUFJMFMP8J.pcm
SwiftExplicitDependencyGeneratePcm arm64_32 /Users/admin/builder/spi-builder-workspace/.derivedData/SDKExplicitPrecompiledModules/SwiftUI-9AYG9OCT5VOJK7V4MX1WYR86T.pcm
SwiftCompile normal arm64_32 Compiling\ ScrollViewWithBottomView.swift,\ ToggleTapable.swift /Users/admin/builder/spi-builder-workspace/Sources/SnapCore/SwiftUI/Views/ScrollViewWithBottomView.swift /Users/admin/builder/spi-builder-workspace/Sources/SnapCore/SwiftUI/Views/ToggleTapable.swift (in target 'SnapCore' from project 'snap-core')
SwiftCompile normal arm64_32 /Users/admin/builder/spi-builder-workspace/Sources/SnapCore/SwiftUI/Views/ScrollViewWithBottomView.swift (in target 'SnapCore' from project 'snap-core')
cd /Users/admin/builder/spi-builder-workspace/.swiftpm/xcode
builtin-SwiftPerFileCompile ScrollViewWithBottomView.swift
SwiftCompile normal arm64_32 /Users/admin/builder/spi-builder-workspace/Sources/SnapCore/SwiftUI/Views/ToggleTapable.swift (in target 'SnapCore' from project 'snap-core')
cd /Users/admin/builder/spi-builder-workspace/.swiftpm/xcode
builtin-SwiftPerFileCompile ToggleTapable.swift
SwiftCompile normal arm64_32 Compiling\ PickerTapable.swift,\ ScrollViewWith.swift /Users/admin/builder/spi-builder-workspace/Sources/SnapCore/SwiftUI/Views/PickerTapable.swift /Users/admin/builder/spi-builder-workspace/Sources/SnapCore/SwiftUI/Views/ScrollViewWith.swift (in target 'SnapCore' from project 'snap-core')
SwiftCompile normal arm64_32 /Users/admin/builder/spi-builder-workspace/Sources/SnapCore/SwiftUI/Views/PickerTapable.swift (in target 'SnapCore' from project 'snap-core')
cd /Users/admin/builder/spi-builder-workspace/.swiftpm/xcode
builtin-SwiftPerFileCompile PickerTapable.swift
SwiftCompile normal arm64_32 /Users/admin/builder/spi-builder-workspace/Sources/SnapCore/SwiftUI/Views/ScrollViewWith.swift (in target 'SnapCore' from project 'snap-core')
cd /Users/admin/builder/spi-builder-workspace/.swiftpm/xcode
builtin-SwiftPerFileCompile ScrollViewWith.swift
SwiftCompile normal arm64_32 Compiling\ ViewModifierConditional.swift,\ EmptyNoSpaceView.swift /Users/admin/builder/spi-builder-workspace/Sources/SnapCore/SwiftUI/ViewModifier/ViewModifierConditional.swift /Users/admin/builder/spi-builder-workspace/Sources/SnapCore/SwiftUI/Views/EmptyNoSpaceView.swift (in target 'SnapCore' from project 'snap-core')
/Users/admin/builder/spi-builder-workspace/Sources/SnapCore/SwiftUI/Views/EmptyNoSpaceView.swift:42:4: error: 'DisclosureGroup' is unavailable in watchOS
40 |
41 | var body: some View {
42 | DisclosureGroup(title, isExpanded: $isExpanded) {
| `- error: 'DisclosureGroup' is unavailable in watchOS
43 | AnyView(content())
44 | }
SwiftUI.DisclosureGroup:4:27: note: 'DisclosureGroup' has been explicitly marked unavailable here
2 | @available(tvOS, unavailable)
3 | @available(watchOS, unavailable)
4 | nonisolated public struct DisclosureGroup<Label, Content> : View, ~Sendable where Label : View, Content : View {
| `- note: 'DisclosureGroup' has been explicitly marked unavailable here
5 | nonisolated public init(@ContentBuilder content: @escaping () -> Content, @ContentBuilder label: () -> Label)
6 | nonisolated public init(isExpanded: Binding<Bool>, @ContentBuilder content: @escaping () -> Content, @ContentBuilder label: () -> Label)
/Users/admin/builder/spi-builder-workspace/Sources/SnapCore/SwiftUI/Views/EmptyNoSpaceView.swift:42:4: error: 'init(_:isExpanded:content:)' is unavailable in watchOS
40 |
41 | var body: some View {
42 | DisclosureGroup(title, isExpanded: $isExpanded) {
| `- error: 'init(_:isExpanded:content:)' is unavailable in watchOS
43 | AnyView(content())
44 | }
SwiftUI.DisclosureGroup.init:2:20: note: 'init(_:isExpanded:content:)' has been explicitly marked unavailable here
1 | generic struct DisclosureGroup {
2 | nonisolated public init<S>(_ label: S, isExpanded: Binding<Bool>, @ContentBuilder content: @escaping () -> Content) where S : StringProtocol}
| `- note: 'init(_:isExpanded:content:)' has been explicitly marked unavailable here
3 |
macro expansion #Preview:28:16: error: 'DisclosureGroup' is unavailable in watchOS
`- /Users/admin/builder/spi-builder-workspace/Sources/SnapCore/SwiftUI/Views/EmptyNoSpaceView.swift:75:2: note: expanded code originates here
30 | // MARK: - Previews
31 |
32 | #Preview {
| `- note: in expansion of macro 'Preview' here
33 |
34 | struct DisclosureWrapper: View {
:
73 | .scenePadding()
74 |
75 | }
+--- macro expansion #Preview ---------------------------------------
|26 |
|27 | var body: some View {
|28 | DisclosureGroup(title, isExpanded: $isExpanded) {
| | `- error: 'DisclosureGroup' is unavailable in watchOS
|29 | AnyView(content())
|30 | }
+--------------------------------------------------------------------
76 |
SwiftUI.DisclosureGroup:4:27: note: 'DisclosureGroup' has been explicitly marked unavailable here
2 | @available(tvOS, unavailable)
3 | @available(watchOS, unavailable)
4 | nonisolated public struct DisclosureGroup<Label, Content> : View, ~Sendable where Label : View, Content : View {
| `- note: 'DisclosureGroup' has been explicitly marked unavailable here
5 | nonisolated public init(@ContentBuilder content: @escaping () -> Content, @ContentBuilder label: () -> Label)
6 | nonisolated public init(isExpanded: Binding<Bool>, @ContentBuilder content: @escaping () -> Content, @ContentBuilder label: () -> Label)
macro expansion #Preview:28:16: error: 'init(_:isExpanded:content:)' is unavailable in watchOS
`- /Users/admin/builder/spi-builder-workspace/Sources/SnapCore/SwiftUI/Views/EmptyNoSpaceView.swift:75:2: note: expanded code originates here
30 | // MARK: - Previews
31 |
32 | #Preview {
| `- note: in expansion of macro 'Preview' here
33 |
34 | struct DisclosureWrapper: View {
:
73 | .scenePadding()
74 |
75 | }
+--- macro expansion #Preview ---------------------------------------
|26 |
|27 | var body: some View {
|28 | DisclosureGroup(title, isExpanded: $isExpanded) {
| | `- error: 'init(_:isExpanded:content:)' is unavailable in watchOS
|29 | AnyView(content())
|30 | }
+--------------------------------------------------------------------
76 |
SwiftUI.DisclosureGroup.init:2:20: note: 'init(_:isExpanded:content:)' has been explicitly marked unavailable here
1 | generic struct DisclosureGroup {
2 | nonisolated public init<S>(_ label: S, isExpanded: Binding<Bool>, @ContentBuilder content: @escaping () -> Content) where S : StringProtocol}
| `- note: 'init(_:isExpanded:content:)' has been explicitly marked unavailable here
3 |
SwiftCompile normal arm64_32 /Users/admin/builder/spi-builder-workspace/Sources/SnapCore/SwiftUI/ViewModifier/ViewModifierConditional.swift (in target 'SnapCore' from project 'snap-core')
cd /Users/admin/builder/spi-builder-workspace/.swiftpm/xcode
builtin-SwiftPerFileCompile ViewModifierConditional.swift
SwiftCompile normal arm64_32 /Users/admin/builder/spi-builder-workspace/Sources/SnapCore/SwiftUI/Views/EmptyNoSpaceView.swift (in target 'SnapCore' from project 'snap-core')
cd /Users/admin/builder/spi-builder-workspace/.swiftpm/xcode
builtin-SwiftPerFileCompile EmptyNoSpaceView.swift
SwiftCompile normal arm64_32 Compiling\ AnyLabelStyle.swift,\ Angle+Codable.swift,\ UnitPoint+Codable.swift /Users/admin/builder/spi-builder-workspace/Sources/SnapCore/SwiftUI/AnyLabelStyle.swift /Users/admin/builder/spi-builder-workspace/Sources/SnapCore/SwiftUI/Codable/Angle+Codable.swift /Users/admin/builder/spi-builder-workspace/Sources/SnapCore/SwiftUI/Codable/UnitPoint+Codable.swift (in target 'SnapCore' from project 'snap-core')
/Users/admin/builder/spi-builder-workspace/Sources/SnapCore/SwiftUI/Codable/Angle+Codable.swift:11:1: warning: extension declares a conformance of imported type 'Angle' to imported protocols 'Decodable', 'Encodable'; this will not behave correctly if the owners of 'SwiftUICore' introduce this conformance in the future
9 |
10 | /// Extends `Angle` to be `Codable`.
11 | extension Angle: Codable {
| |- warning: extension declares a conformance of imported type 'Angle' to imported protocols 'Decodable', 'Encodable'; this will not behave correctly if the owners of 'SwiftUICore' introduce this conformance in the future
| `- note: add '@retroactive' to silence this warning
12 |
13 | enum CodingKeys: CodingKey {
/Users/admin/builder/spi-builder-workspace/Sources/SnapCore/SwiftUI/Codable/UnitPoint+Codable.swift:11:1: warning: extension declares a conformance of imported type 'UnitPoint' to imported protocols 'Decodable', 'Encodable'; this will not behave correctly if the owners of 'SwiftUICore' introduce this conformance in the future
9 |
10 | /// Extends `UnitPoint` to be `Codable`.
11 | extension UnitPoint: Codable {
| |- warning: extension declares a conformance of imported type 'UnitPoint' to imported protocols 'Decodable', 'Encodable'; this will not behave correctly if the owners of 'SwiftUICore' introduce this conformance in the future
| `- note: add '@retroactive' to silence this warning
12 |
13 | enum CodingKeys: CodingKey {
SwiftCompile normal arm64_32 /Users/admin/builder/spi-builder-workspace/Sources/SnapCore/SwiftUI/AnyLabelStyle.swift (in target 'SnapCore' from project 'snap-core')
cd /Users/admin/builder/spi-builder-workspace/.swiftpm/xcode
builtin-SwiftPerFileCompile AnyLabelStyle.swift
SwiftCompile normal arm64_32 /Users/admin/builder/spi-builder-workspace/Sources/SnapCore/SwiftUI/Codable/Angle+Codable.swift (in target 'SnapCore' from project 'snap-core')
cd /Users/admin/builder/spi-builder-workspace/.swiftpm/xcode
builtin-SwiftPerFileCompile Angle+Codable.swift
SwiftCompile normal arm64_32 /Users/admin/builder/spi-builder-workspace/Sources/SnapCore/SwiftUI/Codable/UnitPoint+Codable.swift (in target 'SnapCore' from project 'snap-core')
cd /Users/admin/builder/spi-builder-workspace/.swiftpm/xcode
builtin-SwiftPerFileCompile UnitPoint+Codable.swift
SwiftCompile normal arm64_32 Compiling\ SystemColorScheme.swift,\ View+KeyboardPublisher.swift /Users/admin/builder/spi-builder-workspace/Sources/SnapCore/SwiftUI/SystemTypeWrapper/SystemColorScheme.swift /Users/admin/builder/spi-builder-workspace/Sources/SnapCore/SwiftUI/View+KeyboardPublisher.swift (in target 'SnapCore' from project 'snap-core')
/Users/admin/builder/spi-builder-workspace/Sources/SnapCore/SwiftUI/View+KeyboardPublisher.swift:31:22: error: 'UIResponder' is unavailable in watchOS
29 | NotificationCenter
30 | .default
31 | .publisher(for: UIResponder.keyboardWillShowNotification)
| `- error: 'UIResponder' is unavailable in watchOS
32 | .map { _ in true },
33 |
/Applications/Xcode-27.0.0-Release.Candidate.app/Contents/Developer/Platforms/WatchOS.platform/Developer/SDKs/WatchOS27.0.sdk/System/Library/Frameworks/UIKit.framework/Headers/UIResponder.h:82:12: note: 'UIResponder' has been explicitly marked unavailable here
80 |
81 | UIKIT_EXTERN API_AVAILABLE(ios(2.0)) API_UNAVAILABLE(watchos) NS_SWIFT_UI_ACTOR
82 | @interface UIResponder : NSObject <UIResponderStandardEditActions>
| `- note: 'UIResponder' has been explicitly marked unavailable here
83 |
84 | @property(nonatomic, readonly, nullable) UIResponder *nextResponder;
/Users/admin/builder/spi-builder-workspace/Sources/SnapCore/SwiftUI/View+KeyboardPublisher.swift:31:34: error: 'keyboardWillShowNotification' is unavailable in watchOS
29 | NotificationCenter
30 | .default
31 | .publisher(for: UIResponder.keyboardWillShowNotification)
| `- error: 'keyboardWillShowNotification' is unavailable in watchOS
32 | .map { _ in true },
33 |
/Applications/Xcode-27.0.0-Release.Candidate.app/Contents/Developer/Platforms/WatchOS.platform/Developer/SDKs/WatchOS27.0.sdk/System/Library/Frameworks/UIKit.framework/Headers/UIWindow.h:132:39: note: 'keyboardWillShowNotification' has been explicitly marked unavailable here
130 | // Use the various UICoordinateSpace convertRect facilities to get the frame in the desired coordinate system.
131 | // Animation key/value pairs are only available for the "will" family of notification.
132 | UIKIT_EXTERN NSNotificationName const UIKeyboardWillShowNotification API_UNAVAILABLE(tvos, watchos) NS_SWIFT_NONISOLATED;
| `- note: 'keyboardWillShowNotification' has been explicitly marked unavailable here
133 | UIKIT_EXTERN NSNotificationName const UIKeyboardDidShowNotification API_UNAVAILABLE(tvos, watchos) NS_SWIFT_NONISOLATED;
134 | UIKIT_EXTERN NSNotificationName const UIKeyboardWillHideNotification API_UNAVAILABLE(tvos, watchos) NS_SWIFT_NONISOLATED;
/Users/admin/builder/spi-builder-workspace/Sources/SnapCore/SwiftUI/View+KeyboardPublisher.swift:36:22: error: 'UIResponder' is unavailable in watchOS
34 | NotificationCenter
35 | .default
36 | .publisher(for: UIResponder.keyboardWillHideNotification)
| `- error: 'UIResponder' is unavailable in watchOS
37 | .map { _ in false }
38 | )
/Applications/Xcode-27.0.0-Release.Candidate.app/Contents/Developer/Platforms/WatchOS.platform/Developer/SDKs/WatchOS27.0.sdk/System/Library/Frameworks/UIKit.framework/Headers/UIResponder.h:82:12: note: 'UIResponder' has been explicitly marked unavailable here
80 |
81 | UIKIT_EXTERN API_AVAILABLE(ios(2.0)) API_UNAVAILABLE(watchos) NS_SWIFT_UI_ACTOR
82 | @interface UIResponder : NSObject <UIResponderStandardEditActions>
| `- note: 'UIResponder' has been explicitly marked unavailable here
83 |
84 | @property(nonatomic, readonly, nullable) UIResponder *nextResponder;
/Users/admin/builder/spi-builder-workspace/Sources/SnapCore/SwiftUI/View+KeyboardPublisher.swift:36:34: error: 'keyboardWillHideNotification' is unavailable in watchOS
34 | NotificationCenter
35 | .default
36 | .publisher(for: UIResponder.keyboardWillHideNotification)
| `- error: 'keyboardWillHideNotification' is unavailable in watchOS
37 | .map { _ in false }
38 | )
/Applications/Xcode-27.0.0-Release.Candidate.app/Contents/Developer/Platforms/WatchOS.platform/Developer/SDKs/WatchOS27.0.sdk/System/Library/Frameworks/UIKit.framework/Headers/UIWindow.h:134:39: note: 'keyboardWillHideNotification' has been explicitly marked unavailable here
132 | UIKIT_EXTERN NSNotificationName const UIKeyboardWillShowNotification API_UNAVAILABLE(tvos, watchos) NS_SWIFT_NONISOLATED;
133 | UIKIT_EXTERN NSNotificationName const UIKeyboardDidShowNotification API_UNAVAILABLE(tvos, watchos) NS_SWIFT_NONISOLATED;
134 | UIKIT_EXTERN NSNotificationName const UIKeyboardWillHideNotification API_UNAVAILABLE(tvos, watchos) NS_SWIFT_NONISOLATED;
| `- note: 'keyboardWillHideNotification' has been explicitly marked unavailable here
135 | UIKIT_EXTERN NSNotificationName const UIKeyboardDidHideNotification API_UNAVAILABLE(tvos, watchos) NS_SWIFT_NONISOLATED;
136 |
Failed frontend command:
/Applications/Xcode-27.0.0-Release.Candidate.app/Contents/Developer/Toolchains/XcodeDefault.xctoolchain/usr/bin/swift-frontend -frontend -c /Users/admin/builder/spi-builder-workspace/Sources/SnapCore/Others/SemanticVersion.swift /Users/admin/builder/spi-builder-workspace/Sources/SnapCore/Swift/CGFloat+Rounding.swift /Users/admin/builder/spi-builder-workspace/Sources/SnapCore/Swift/Collections/Array+Unique.swift /Users/admin/builder/spi-builder-workspace/Sources/SnapCore/Swift/Collections/Collection+Helper.swift /Users/admin/builder/spi-builder-workspace/Sources/SnapCore/Swift/Collections/Set+Insert.swift /Users/admin/builder/spi-builder-workspace/Sources/SnapCore/Swift/OSLog+Logger.swift /Users/admin/builder/spi-builder-workspace/Sources/SnapCore/Swift/Publisher+withWeak.swift /Users/admin/builder/spi-builder-workspace/Sources/SnapCore/Swift/String+Helper.swift /Users/admin/builder/spi-builder-workspace/Sources/SnapCore/Swift/WeakRef.swift /Users/admin/builder/spi-builder-workspace/Sources/SnapCore/SwiftUI/AnyLabelStyle.swift /Users/admin/builder/spi-builder-workspace/Sources/SnapCore/SwiftUI/Codable/Angle+Codable.swift /Users/admin/builder/spi-builder-workspace/Sources/SnapCore/SwiftUI/Codable/UnitPoint+Codable.swift /Users/admin/builder/spi-builder-workspace/Sources/SnapCore/SwiftUI/Color+Adjust.swift /Users/admin/builder/spi-builder-workspace/Sources/SnapCore/SwiftUI/EdgeInsets+Helper.swift /Users/admin/builder/spi-builder-workspace/Sources/SnapCore/SwiftUI/GeometryReader+PreferenceKey.swift -primary-file /Users/admin/builder/spi-builder-workspace/Sources/SnapCore/SwiftUI/SystemTypeWrapper/SystemColorScheme.swift -primary-file /Users/admin/builder/spi-builder-workspace/Sources/SnapCore/SwiftUI/View+KeyboardPublisher.swift /Users/admin/builder/spi-builder-workspace/Sources/SnapCore/SwiftUI/ViewModifier/ModalPresentation.swift /Users/admin/builder/spi-builder-workspace/Sources/SnapCore/SwiftUI/ViewModifier/View+FrameFill.swift /Users/admin/builder/spi-builder-workspace/Sources/SnapCore/SwiftUI/ViewModifier/ViewModifierConditional.swift /Users/admin/builder/spi-builder-workspace/Sources/SnapCore/SwiftUI/Views/EmptyNoSpaceView.swift /Users/admin/builder/spi-builder-workspace/Sources/SnapCore/SwiftUI/Views/PickerTapable.swift /Users/admin/builder/spi-builder-workspace/Sources/SnapCore/SwiftUI/Views/ScrollViewWith.swift /Users/admin/builder/spi-builder-workspace/Sources/SnapCore/SwiftUI/Views/ScrollViewWithBottomView.swift /Users/admin/builder/spi-builder-workspace/Sources/SnapCore/SwiftUI/Views/ToggleTapable.swift -emit-dependencies-path /Users/admin/builder/spi-builder-workspace/.derivedData/Build/Intermediates.noindex/snap-core.build/Debug-watchos/SnapCore-t.build/Objects-normal/arm64_32/SystemColorScheme.d -emit-const-values-path /Users/admin/builder/spi-builder-workspace/.derivedData/Build/Intermediates.noindex/snap-core.build/Debug-watchos/SnapCore-t.build/Objects-normal/arm64_32/SystemColorScheme.swiftconstvalues -emit-reference-dependencies-path /Users/admin/builder/spi-builder-workspace/.derivedData/Build/Intermediates.noindex/snap-core.build/Debug-watchos/SnapCore-t.build/Objects-normal/arm64_32/SystemColorScheme.swiftdeps -serialize-diagnostics-path /Users/admin/builder/spi-builder-workspace/.derivedData/Build/Intermediates.noindex/snap-core.build/Debug-watchos/SnapCore-t.build/Objects-normal/arm64_32/SystemColorScheme.dia -emit-dependencies-path /Users/admin/builder/spi-builder-workspace/.derivedData/Build/Intermediates.noindex/snap-core.build/Debug-watchos/SnapCore-t.build/Objects-normal/arm64_32/View+KeyboardPublisher.d -emit-const-values-path /Users/admin/builder/spi-builder-workspace/.derivedData/Build/Intermediates.noindex/snap-core.build/Debug-watchos/SnapCore-t.build/Objects-normal/arm64_32/View+KeyboardPublisher.swiftconstvalues -emit-reference-dependencies-path /Users/admin/builder/spi-builder-workspace/.derivedData/Build/Intermediates.noindex/snap-core.build/Debug-watchos/SnapCore-t.build/Objects-normal/arm64_32/View+KeyboardPublisher.swiftdeps -serialize-diagnostics-path /Users/admin/builder/spi-builder-workspace/.derivedData/Build/Intermediates.noindex/snap-core.build/Debug-watchos/SnapCore-t.build/Objects-normal/arm64_32/View+KeyboardPublisher.dia -target arm64_32-apple-watchos10.0 -module-can-import-version UIKit 9127.0.84.1 9127.0.84 -disable-cross-import-overlay-search -load-resolved-plugin /Applications/Xcode-27.0.0-Release.Candidate.app/Contents/Developer/Platforms/WatchOS.platform/Developer/usr/lib/swift/host/plugins/libFoundationMacros.dylib\#/Applications/Xcode-27.0.0-Release.Candidate.app/Contents/Developer/Platforms/WatchOS.platform/Developer/usr/bin/swift-plugin-server\#FoundationMacros -load-resolved-plugin /Applications/Xcode-27.0.0-Release.Candidate.app/Contents/Developer/Platforms/WatchOS.platform/Developer/usr/lib/swift/host/plugins/libObservationMacros.dylib\#/Applications/Xcode-27.0.0-Release.Candidate.app/Contents/Developer/Platforms/WatchOS.platform/Developer/usr/bin/swift-plugin-server\#ObservationMacros -load-resolved-plugin /Applications/Xcode-27.0.0-Release.Candidate.app/Contents/Developer/Platforms/WatchOS.platform/Developer/usr/lib/swift/host/plugins/libPreviewsMacros.dylib\#/Applications/Xcode-27.0.0-Release.Candidate.app/Contents/Developer/Platforms/WatchOS.platform/Developer/usr/bin/swift-plugin-server\#PreviewsMacros -load-resolved-plugin /Applications/Xcode-27.0.0-Release.Candidate.app/Contents/Developer/Platforms/WatchOS.platform/Developer/usr/lib/swift/host/plugins/libSwiftMacros.dylib\#/Applications/Xcode-27.0.0-Release.Candidate.app/Contents/Developer/Platforms/WatchOS.platform/Developer/usr/bin/swift-plugin-server\#SwiftMacros -load-resolved-plugin /Applications/Xcode-27.0.0-Release.Candidate.app/Contents/Developer/Platforms/WatchOS.platform/Developer/usr/lib/swift/host/plugins/libSwiftUIMacros.dylib\#/Applications/Xcode-27.0.0-Release.Candidate.app/Contents/Developer/Platforms/WatchOS.platform/Developer/usr/bin/swift-plugin-server\#SwiftUIMacros -disable-implicit-swift-modules -Xcc -fno-implicit-modules -Xcc -fno-implicit-module-maps -explicit-swift-module-map-file /Users/admin/builder/spi-builder-workspace/.derivedData/Build/Intermediates.noindex/snap-core.build/Debug-watchos/SnapCore-t.build/Objects-normal/arm64_32/SnapCore-dependencies-2.json -enable-objc-interop -sdk /Applications/Xcode-27.0.0-Release.Candidate.app/Contents/Developer/Platforms/WatchOS.platform/Developer/SDKs/WatchOS27.0.sdk -I /Users/admin/builder/spi-builder-workspace/.derivedData/Build/Products/Debug-watchos -Isystem /Applications/Xcode-27.0.0-Release.Candidate.app/Contents/Developer/Platforms/WatchOS.platform/Developer/usr/lib -F /Users/admin/builder/spi-builder-workspace/.derivedData/Build/Products/Debug-watchos -F /Applications/Xcode-27.0.0-Release.Candidate.app/Contents/Developer/Platforms/WatchOS.platform/Developer/Library/Frameworks -F /Applications/Xcode-27.0.0-Release.Candidate.app/Contents/Developer/Platforms/WatchOS.platform/Developer/SDKs/WatchOS27.0.sdk/Developer/Library/Frameworks -module-cache-path /Users/admin/builder/spi-builder-workspace/.derivedData/Build/Intermediates.noindex/SwiftExplicitPrecompiledModules -no-color-diagnostics -Xcc -fno-color-diagnostics -enable-testing -g -debug-info-format\=dwarf -dwarf-version\=4 -profile-generate -profile-coverage-mapping -swift-version 5 -Onone -D SWIFT_PACKAGE -D DEBUG -D SWIFT_MODULE_RESOURCE_BUNDLE_UNAVAILABLE -D Xcode -serialize-debugging-options -enable-experimental-feature StrictConcurrency -enable-experimental-feature DebugDescriptionMacro -empty-abi-descriptor -validate-clang-modules-once -clang-build-session-file /Users/admin/builder/spi-builder-workspace/.derivedData/ModuleCache.noindex/Session.modulevalidation -Xcc -working-directory -Xcc /Users/admin/builder/spi-builder-workspace/.swiftpm/xcode -enable-anonymous-context-mangled-names -file-compilation-dir /Users/admin/builder/spi-builder-workspace/.swiftpm/xcode -Xcc -D_LIBCPP_HARDENING_MODE\=_LIBCPP_HARDENING_MODE_DEBUG -Xcc -ivfsstatcache -Xcc /Users/admin/builder/spi-builder-workspace/.derivedData/SDKStatCaches.noindex/watchos27.0-24R360-e829b21a6f8c9b70876ba0858053c04477534ef55a1706bf4c1112bbb242f0a2.sdkstatcache -Xcc -fmodules-prune-interval\=86400 -Xcc -fmodules-prune-after\=345600 -Xcc -I/Users/admin/builder/spi-builder-workspace/.derivedData/Build/Products/Debug-watchos/include -Xcc -I/Users/admin/builder/spi-builder-workspace/.derivedData/Build/Intermediates.noindex/snap-core.build/Debug-watchos/SnapCore-t.build/DerivedSources-normal/arm64_32 -Xcc -I/Users/admin/builder/spi-builder-workspace/.derivedData/Build/Intermediates.noindex/snap-core.build/Debug-watchos/SnapCore-t.build/DerivedSources/arm64_32 -Xcc -I/Users/admin/builder/spi-builder-workspace/.derivedData/Build/Intermediates.noindex/snap-core.build/Debug-watchos/SnapCore-t.build/DerivedSources -Xcc -DSWIFT_PACKAGE -Xcc -DDEBUG\=1 -no-auto-bridging-header-chaining -module-name SnapCore -package-name spi_builder_workspace -const-gather-protocols-file /Users/admin/builder/spi-builder-workspace/.derivedData/Build/Intermediates.noindex/snap-core.build/Debug-watchos/SnapCore-t.build/Objects-normal/arm64_32/SnapCore_const_extract_protocols.json -disable-clang-spi -clang-target arm64_32-apple-watchos27.0 -target-sdk-version 27.0 -target-sdk-name watchos27.0 -in-process-plugin-server-path /Applications/Xcode-27.0.0-Release.Candidate.app/Contents/Developer/Toolchains/XcodeDefault.xctoolchain/usr/lib/swift/host/libSwiftInProcPluginServer.dylib -parse-as-library -o /Users/admin/builder/spi-builder-workspace/.derivedData/Build/Intermediates.noindex/snap-core.build/Debug-watchos/SnapCore-t.build/Objects-normal/arm64_32/SystemColorScheme.o -o /Users/admin/builder/spi-builder-workspace/.derivedData/Build/Intermediates.noindex/snap-core.build/Debug-watchos/SnapCore-t.build/Objects-normal/arm64_32/View+KeyboardPublisher.o -debug-module-path /Users/admin/builder/spi-builder-workspace/.derivedData/Build/Intermediates.noindex/snap-core.build/Debug-watchos/SnapCore-t.build/Objects-normal/arm64_32/SnapCore.swiftmodule -index-unit-output-path /snap-core.build/Debug-watchos/SnapCore-t.build/Objects-normal/arm64_32/SystemColorScheme.o -index-unit-output-path /snap-core.build/Debug-watchos/SnapCore-t.build/Objects-normal/arm64_32/View+KeyboardPublisher.o -index-store-path /Users/admin/builder/spi-builder-workspace/.derivedData/Index.noindex/DataStore -index-system-modules
SwiftCompile normal arm64_32 /Users/admin/builder/spi-builder-workspace/Sources/SnapCore/SwiftUI/SystemTypeWrapper/SystemColorScheme.swift (in target 'SnapCore' from project 'snap-core')
cd /Users/admin/builder/spi-builder-workspace/.swiftpm/xcode
builtin-SwiftPerFileCompile SystemColorScheme.swift
SwiftCompile normal arm64_32 /Users/admin/builder/spi-builder-workspace/Sources/SnapCore/SwiftUI/View+KeyboardPublisher.swift (in target 'SnapCore' from project 'snap-core')
cd /Users/admin/builder/spi-builder-workspace/.swiftpm/xcode
builtin-SwiftPerFileCompile View+KeyboardPublisher.swift
SwiftCompile normal arm64_32 Compiling\ SemanticVersion.swift,\ CGFloat+Rounding.swift,\ Array+Unique.swift /Users/admin/builder/spi-builder-workspace/Sources/SnapCore/Others/SemanticVersion.swift /Users/admin/builder/spi-builder-workspace/Sources/SnapCore/Swift/CGFloat+Rounding.swift /Users/admin/builder/spi-builder-workspace/Sources/SnapCore/Swift/Collections/Array+Unique.swift (in target 'SnapCore' from project 'snap-core')
SwiftCompile normal arm64_32 /Users/admin/builder/spi-builder-workspace/Sources/SnapCore/Others/SemanticVersion.swift (in target 'SnapCore' from project 'snap-core')
cd /Users/admin/builder/spi-builder-workspace/.swiftpm/xcode
builtin-SwiftPerFileCompile SemanticVersion.swift
SwiftCompile normal arm64_32 /Users/admin/builder/spi-builder-workspace/Sources/SnapCore/Swift/CGFloat+Rounding.swift (in target 'SnapCore' from project 'snap-core')
cd /Users/admin/builder/spi-builder-workspace/.swiftpm/xcode
builtin-SwiftPerFileCompile CGFloat+Rounding.swift
SwiftCompile normal arm64_32 /Users/admin/builder/spi-builder-workspace/Sources/SnapCore/Swift/Collections/Array+Unique.swift (in target 'SnapCore' from project 'snap-core')
cd /Users/admin/builder/spi-builder-workspace/.swiftpm/xcode
builtin-SwiftPerFileCompile Array+Unique.swift
SwiftCompile normal arm64_32 Compiling\ Color+Adjust.swift,\ EdgeInsets+Helper.swift,\ GeometryReader+PreferenceKey.swift /Users/admin/builder/spi-builder-workspace/Sources/SnapCore/SwiftUI/Color+Adjust.swift /Users/admin/builder/spi-builder-workspace/Sources/SnapCore/SwiftUI/EdgeInsets+Helper.swift /Users/admin/builder/spi-builder-workspace/Sources/SnapCore/SwiftUI/GeometryReader+PreferenceKey.swift (in target 'SnapCore' from project 'snap-core')
SwiftCompile normal arm64_32 /Users/admin/builder/spi-builder-workspace/Sources/SnapCore/SwiftUI/Color+Adjust.swift (in target 'SnapCore' from project 'snap-core')
cd /Users/admin/builder/spi-builder-workspace/.swiftpm/xcode
builtin-SwiftPerFileCompile Color+Adjust.swift
SwiftCompile normal arm64_32 /Users/admin/builder/spi-builder-workspace/Sources/SnapCore/SwiftUI/EdgeInsets+Helper.swift (in target 'SnapCore' from project 'snap-core')
cd /Users/admin/builder/spi-builder-workspace/.swiftpm/xcode
builtin-SwiftPerFileCompile EdgeInsets+Helper.swift
SwiftCompile normal arm64_32 /Users/admin/builder/spi-builder-workspace/Sources/SnapCore/SwiftUI/GeometryReader+PreferenceKey.swift (in target 'SnapCore' from project 'snap-core')
cd /Users/admin/builder/spi-builder-workspace/.swiftpm/xcode
builtin-SwiftPerFileCompile GeometryReader+PreferenceKey.swift
SwiftCompile normal arm64_32 Compiling\ Collection+Helper.swift,\ Set+Insert.swift,\ OSLog+Logger.swift /Users/admin/builder/spi-builder-workspace/Sources/SnapCore/Swift/Collections/Collection+Helper.swift /Users/admin/builder/spi-builder-workspace/Sources/SnapCore/Swift/Collections/Set+Insert.swift /Users/admin/builder/spi-builder-workspace/Sources/SnapCore/Swift/OSLog+Logger.swift (in target 'SnapCore' from project 'snap-core')
SwiftCompile normal arm64_32 /Users/admin/builder/spi-builder-workspace/Sources/SnapCore/Swift/Collections/Collection+Helper.swift (in target 'SnapCore' from project 'snap-core')
cd /Users/admin/builder/spi-builder-workspace/.swiftpm/xcode
builtin-SwiftPerFileCompile Collection+Helper.swift
SwiftCompile normal arm64_32 /Users/admin/builder/spi-builder-workspace/Sources/SnapCore/Swift/Collections/Set+Insert.swift (in target 'SnapCore' from project 'snap-core')
cd /Users/admin/builder/spi-builder-workspace/.swiftpm/xcode
builtin-SwiftPerFileCompile Set+Insert.swift
SwiftCompile normal arm64_32 /Users/admin/builder/spi-builder-workspace/Sources/SnapCore/Swift/OSLog+Logger.swift (in target 'SnapCore' from project 'snap-core')
cd /Users/admin/builder/spi-builder-workspace/.swiftpm/xcode
builtin-SwiftPerFileCompile OSLog+Logger.swift
SwiftEmitModule normal arm64_32 Emitting\ module\ for\ SnapCore (in target 'SnapCore' from project 'snap-core')
/Users/admin/builder/spi-builder-workspace/Sources/SnapCore/SwiftUI/Codable/Angle+Codable.swift:11:1: warning: extension declares a conformance of imported type 'Angle' to imported protocols 'Decodable', 'Encodable'; this will not behave correctly if the owners of 'SwiftUICore' introduce this conformance in the future
9 |
10 | /// Extends `Angle` to be `Codable`.
11 | extension Angle: Codable {
| |- warning: extension declares a conformance of imported type 'Angle' to imported protocols 'Decodable', 'Encodable'; this will not behave correctly if the owners of 'SwiftUICore' introduce this conformance in the future
| `- note: add '@retroactive' to silence this warning
12 |
13 | enum CodingKeys: CodingKey {
/Users/admin/builder/spi-builder-workspace/Sources/SnapCore/SwiftUI/Codable/UnitPoint+Codable.swift:11:1: warning: extension declares a conformance of imported type 'UnitPoint' to imported protocols 'Decodable', 'Encodable'; this will not behave correctly if the owners of 'SwiftUICore' introduce this conformance in the future
9 |
10 | /// Extends `UnitPoint` to be `Codable`.
11 | extension UnitPoint: Codable {
| |- warning: extension declares a conformance of imported type 'UnitPoint' to imported protocols 'Decodable', 'Encodable'; this will not behave correctly if the owners of 'SwiftUICore' introduce this conformance in the future
| `- note: add '@retroactive' to silence this warning
12 |
13 | enum CodingKeys: CodingKey {
SwiftCompile normal arm64_32 (in target 'SnapCore' from project 'snap-core')
cd /Users/admin/builder/spi-builder-workspace/.swiftpm/xcode
SwiftCompile normal arm64_32 Compiling\ ModalPresentation.swift,\ View+FrameFill.swift /Users/admin/builder/spi-builder-workspace/Sources/SnapCore/SwiftUI/ViewModifier/ModalPresentation.swift /Users/admin/builder/spi-builder-workspace/Sources/SnapCore/SwiftUI/ViewModifier/View+FrameFill.swift (in target 'SnapCore' from project 'snap-core')
/Users/admin/builder/spi-builder-workspace/Sources/SnapCore/SwiftUI/ViewModifier/ModalPresentation.swift:76:12: error: 'UIScreen' is unavailable in watchOS
74 | case .automaticDevice:
75 | #if canImport(UIKit)
76 | switch UIScreen.main.traitCollection.userInterfaceIdiom {
| `- error: 'UIScreen' is unavailable in watchOS
77 | case .phone: .sheet
78 | default: .inspector
/Applications/Xcode-27.0.0-Release.Candidate.app/Contents/Developer/Platforms/WatchOS.platform/Developer/SDKs/WatchOS27.0.sdk/System/Library/Frameworks/UIKit.framework/Headers/UIScreen.h:54:12: note: 'UIScreen' has been explicitly marked unavailable here
52 |
53 | UIKIT_EXTERN API_AVAILABLE(ios(2.0)) API_UNAVAILABLE(visionos, watchos) NS_SWIFT_UI_ACTOR
54 | @interface UIScreen : NSObject <UITraitEnvironment>
| `- note: 'UIScreen' has been explicitly marked unavailable here
55 |
56 | @property(class, nonatomic, readonly) NSArray<UIScreen *> *screens API_DEPRECATED("Use UIApplication.shared.openSessions to find open sessions with scenes from other screens", ios(3.2, 16.0), visionos(1.0, 1.0)) API_UNAVAILABLE(watchos); // all screens currently attached to the device
/Users/admin/builder/spi-builder-workspace/Sources/SnapCore/SwiftUI/ViewModifier/ModalPresentation.swift:76:21: error: 'main' is unavailable in watchOS
74 | case .automaticDevice:
75 | #if canImport(UIKit)
76 | switch UIScreen.main.traitCollection.userInterfaceIdiom {
| `- error: 'main' is unavailable in watchOS
77 | case .phone: .sheet
78 | default: .inspector
/Applications/Xcode-27.0.0-Release.Candidate.app/Contents/Developer/Platforms/WatchOS.platform/Developer/SDKs/WatchOS27.0.sdk/System/Library/Frameworks/UIKit.framework/Headers/UIScreen.h:57:49: note: 'main' has been explicitly marked unavailable here
55 |
56 | @property(class, nonatomic, readonly) NSArray<UIScreen *> *screens API_DEPRECATED("Use UIApplication.shared.openSessions to find open sessions with scenes from other screens", ios(3.2, 16.0), visionos(1.0, 1.0)) API_UNAVAILABLE(watchos); // all screens currently attached to the device
57 | @property(class, nonatomic, readonly) UIScreen *mainScreen API_DEPRECATED("Use a UIScreen instance found through context instead (i.e, view.window.windowScene.screen), or for properties like UIScreen.scale with trait equivalents, use a traitCollection found through context.", ios(2.0, 26.0), tvos(9.0, 26.0), visionos(1.0, 26.0)) API_UNAVAILABLE(watchos);
| `- note: 'main' has been explicitly marked unavailable here
58 |
59 | @property(nonatomic,readonly) CGRect bounds; // Bounds of entire screen in points
/Users/admin/builder/spi-builder-workspace/Sources/SnapCore/SwiftUI/ViewModifier/ModalPresentation.swift:86:12: error: 'UIScreen' is unavailable in watchOS
84 | case .automaticFixed:
85 | #if canImport(UIKit)
86 | switch UIScreen.main.traitCollection.userInterfaceIdiom {
| `- error: 'UIScreen' is unavailable in watchOS
87 | case .phone: .sheet
88 | // TODO SwiftUI-limits: .inspector does automatically switch to a sheet, but behaves different. This causes issues when switching from .regular to .compact size class.
/Applications/Xcode-27.0.0-Release.Candidate.app/Contents/Developer/Platforms/WatchOS.platform/Developer/SDKs/WatchOS27.0.sdk/System/Library/Frameworks/UIKit.framework/Headers/UIScreen.h:54:12: note: 'UIScreen' has been explicitly marked unavailable here
52 |
53 | UIKIT_EXTERN API_AVAILABLE(ios(2.0)) API_UNAVAILABLE(visionos, watchos) NS_SWIFT_UI_ACTOR
54 | @interface UIScreen : NSObject <UITraitEnvironment>
| `- note: 'UIScreen' has been explicitly marked unavailable here
55 |
56 | @property(class, nonatomic, readonly) NSArray<UIScreen *> *screens API_DEPRECATED("Use UIApplication.shared.openSessions to find open sessions with scenes from other screens", ios(3.2, 16.0), visionos(1.0, 1.0)) API_UNAVAILABLE(watchos); // all screens currently attached to the device
/Users/admin/builder/spi-builder-workspace/Sources/SnapCore/SwiftUI/ViewModifier/ModalPresentation.swift:86:21: error: 'main' is unavailable in watchOS
84 | case .automaticFixed:
85 | #if canImport(UIKit)
86 | switch UIScreen.main.traitCollection.userInterfaceIdiom {
| `- error: 'main' is unavailable in watchOS
87 | case .phone: .sheet
88 | // TODO SwiftUI-limits: .inspector does automatically switch to a sheet, but behaves different. This causes issues when switching from .regular to .compact size class.
/Applications/Xcode-27.0.0-Release.Candidate.app/Contents/Developer/Platforms/WatchOS.platform/Developer/SDKs/WatchOS27.0.sdk/System/Library/Frameworks/UIKit.framework/Headers/UIScreen.h:57:49: note: 'main' has been explicitly marked unavailable here
55 |
56 | @property(class, nonatomic, readonly) NSArray<UIScreen *> *screens API_DEPRECATED("Use UIApplication.shared.openSessions to find open sessions with scenes from other screens", ios(3.2, 16.0), visionos(1.0, 1.0)) API_UNAVAILABLE(watchos); // all screens currently attached to the device
57 | @property(class, nonatomic, readonly) UIScreen *mainScreen API_DEPRECATED("Use a UIScreen instance found through context instead (i.e, view.window.windowScene.screen), or for properties like UIScreen.scale with trait equivalents, use a traitCollection found through context.", ios(2.0, 26.0), tvos(9.0, 26.0), visionos(1.0, 26.0)) API_UNAVAILABLE(watchos);
| `- note: 'main' has been explicitly marked unavailable here
58 |
59 | @property(nonatomic,readonly) CGRect bounds; // Bounds of entire screen in points
/Users/admin/builder/spi-builder-workspace/Sources/SnapCore/SwiftUI/ViewModifier/ModalPresentation.swift:108:10: error: 'inspector(isPresented:content:)' is unavailable in watchOS
106 | })
107 | .if(styleActual == .inspector, transform: { view in
108 | view.inspector(isPresented: isPresented, content: {
| `- error: 'inspector(isPresented:content:)' is unavailable in watchOS
109 | AnyView(contentBuilder())
110 | })
SwiftUI.View.inspector:2:25: note: 'inspector(isPresented:content:)' has been explicitly marked unavailable here
1 | protocol View {
2 | nonisolated public func inspector<V>(isPresented: Binding<Bool>, @ContentBuilder content: () -> V) -> some View where V : View
| `- note: 'inspector(isPresented:content:)' has been explicitly marked unavailable here
3 | }
4 |
/Users/admin/builder/spi-builder-workspace/Sources/SnapCore/SwiftUI/ViewModifier/ModalPresentation.swift:147:19: error: 'segmented' is unavailable in watchOS
145 | Text("Label")
146 | }
147 | .pickerStyle(.segmented)
| `- error: 'segmented' is unavailable in watchOS
148 |
149 | Toggle(isOn: $isPresented) {
SwiftUI.PickerStyle.segmented:2:43: note: 'segmented' has been explicitly marked unavailable here
1 | protocol PickerStyle {
2 | @export(implementation) public static var segmented: SegmentedPickerStyle { get }}
| `- note: 'segmented' has been explicitly marked unavailable here
3 |
macro expansion #Preview:35:31: error: 'segmented' is unavailable in watchOS
`- /Users/admin/builder/spi-builder-workspace/Sources/SnapCore/SwiftUI/ViewModifier/ModalPresentation.swift:162:2: note: expanded code originates here
128 | // MARK: - Previews
129 |
130 | #Preview {
| `- note: in expansion of macro 'Preview' here
131 |
132 | struct Container: View {
:
160 |
161 | return Container()
162 | }
+--- macro expansion #Preview --------------------------------------
|33 | Text("Label")
|34 | }
|35 | .pickerStyle(.segmented)
| | `- error: 'segmented' is unavailable in watchOS
|36 |
|37 | Toggle(isOn: $isPresented) {
+-------------------------------------------------------------------
163 |
SwiftUI.PickerStyle.segmented:2:43: note: 'segmented' has been explicitly marked unavailable here
1 | protocol PickerStyle {
2 | @export(implementation) public static var segmented: SegmentedPickerStyle { get }}
| `- note: 'segmented' has been explicitly marked unavailable here
3 |
Failed frontend command:
/Applications/Xcode-27.0.0-Release.Candidate.app/Contents/Developer/Toolchains/XcodeDefault.xctoolchain/usr/bin/swift-frontend -frontend -c /Users/admin/builder/spi-builder-workspace/Sources/SnapCore/Others/SemanticVersion.swift /Users/admin/builder/spi-builder-workspace/Sources/SnapCore/Swift/CGFloat+Rounding.swift /Users/admin/builder/spi-builder-workspace/Sources/SnapCore/Swift/Collections/Array+Unique.swift /Users/admin/builder/spi-builder-workspace/Sources/SnapCore/Swift/Collections/Collection+Helper.swift /Users/admin/builder/spi-builder-workspace/Sources/SnapCore/Swift/Collections/Set+Insert.swift /Users/admin/builder/spi-builder-workspace/Sources/SnapCore/Swift/OSLog+Logger.swift /Users/admin/builder/spi-builder-workspace/Sources/SnapCore/Swift/Publisher+withWeak.swift /Users/admin/builder/spi-builder-workspace/Sources/SnapCore/Swift/String+Helper.swift /Users/admin/builder/spi-builder-workspace/Sources/SnapCore/Swift/WeakRef.swift /Users/admin/builder/spi-builder-workspace/Sources/SnapCore/SwiftUI/AnyLabelStyle.swift /Users/admin/builder/spi-builder-workspace/Sources/SnapCore/SwiftUI/Codable/Angle+Codable.swift /Users/admin/builder/spi-builder-workspace/Sources/SnapCore/SwiftUI/Codable/UnitPoint+Codable.swift /Users/admin/builder/spi-builder-workspace/Sources/SnapCore/SwiftUI/Color+Adjust.swift /Users/admin/builder/spi-builder-workspace/Sources/SnapCore/SwiftUI/EdgeInsets+Helper.swift /Users/admin/builder/spi-builder-workspace/Sources/SnapCore/SwiftUI/GeometryReader+PreferenceKey.swift /Users/admin/builder/spi-builder-workspace/Sources/SnapCore/SwiftUI/SystemTypeWrapper/SystemColorScheme.swift /Users/admin/builder/spi-builder-workspace/Sources/SnapCore/SwiftUI/View+KeyboardPublisher.swift -primary-file /Users/admin/builder/spi-builder-workspace/Sources/SnapCore/SwiftUI/ViewModifier/ModalPresentation.swift -primary-file /Users/admin/builder/spi-builder-workspace/Sources/SnapCore/SwiftUI/ViewModifier/View+FrameFill.swift /Users/admin/builder/spi-builder-workspace/Sources/SnapCore/SwiftUI/ViewModifier/ViewModifierConditional.swift /Users/admin/builder/spi-builder-workspace/Sources/SnapCore/SwiftUI/Views/EmptyNoSpaceView.swift /Users/admin/builder/spi-builder-workspace/Sources/SnapCore/SwiftUI/Views/PickerTapable.swift /Users/admin/builder/spi-builder-workspace/Sources/SnapCore/SwiftUI/Views/ScrollViewWith.swift /Users/admin/builder/spi-builder-workspace/Sources/SnapCore/SwiftUI/Views/ScrollViewWithBottomView.swift /Users/admin/builder/spi-builder-workspace/Sources/SnapCore/SwiftUI/Views/ToggleTapable.swift -emit-dependencies-path /Users/admin/builder/spi-builder-workspace/.derivedData/Build/Intermediates.noindex/snap-core.build/Debug-watchos/SnapCore-t.build/Objects-normal/arm64_32/ModalPresentation.d -emit-const-values-path /Users/admin/builder/spi-builder-workspace/.derivedData/Build/Intermediates.noindex/snap-core.build/Debug-watchos/SnapCore-t.build/Objects-normal/arm64_32/ModalPresentation.swiftconstvalues -emit-reference-dependencies-path /Users/admin/builder/spi-builder-workspace/.derivedData/Build/Intermediates.noindex/snap-core.build/Debug-watchos/SnapCore-t.build/Objects-normal/arm64_32/ModalPresentation.swiftdeps -serialize-diagnostics-path /Users/admin/builder/spi-builder-workspace/.derivedData/Build/Intermediates.noindex/snap-core.build/Debug-watchos/SnapCore-t.build/Objects-normal/arm64_32/ModalPresentation.dia -emit-dependencies-path /Users/admin/builder/spi-builder-workspace/.derivedData/Build/Intermediates.noindex/snap-core.build/Debug-watchos/SnapCore-t.build/Objects-normal/arm64_32/View+FrameFill.d -emit-const-values-path /Users/admin/builder/spi-builder-workspace/.derivedData/Build/Intermediates.noindex/snap-core.build/Debug-watchos/SnapCore-t.build/Objects-normal/arm64_32/View+FrameFill.swiftconstvalues -emit-reference-dependencies-path /Users/admin/builder/spi-builder-workspace/.derivedData/Build/Intermediates.noindex/snap-core.build/Debug-watchos/SnapCore-t.build/Objects-normal/arm64_32/View+FrameFill.swiftdeps -serialize-diagnostics-path /Users/admin/builder/spi-builder-workspace/.derivedData/Build/Intermediates.noindex/snap-core.build/Debug-watchos/SnapCore-t.build/Objects-normal/arm64_32/View+FrameFill.dia -target arm64_32-apple-watchos10.0 -module-can-import-version UIKit 9127.0.84.1 9127.0.84 -disable-cross-import-overlay-search -load-resolved-plugin /Applications/Xcode-27.0.0-Release.Candidate.app/Contents/Developer/Platforms/WatchOS.platform/Developer/usr/lib/swift/host/plugins/libFoundationMacros.dylib\#/Applications/Xcode-27.0.0-Release.Candidate.app/Contents/Developer/Platforms/WatchOS.platform/Developer/usr/bin/swift-plugin-server\#FoundationMacros -load-resolved-plugin /Applications/Xcode-27.0.0-Release.Candidate.app/Contents/Developer/Platforms/WatchOS.platform/Developer/usr/lib/swift/host/plugins/libObservationMacros.dylib\#/Applications/Xcode-27.0.0-Release.Candidate.app/Contents/Developer/Platforms/WatchOS.platform/Developer/usr/bin/swift-plugin-server\#ObservationMacros -load-resolved-plugin /Applications/Xcode-27.0.0-Release.Candidate.app/Contents/Developer/Platforms/WatchOS.platform/Developer/usr/lib/swift/host/plugins/libPreviewsMacros.dylib\#/Applications/Xcode-27.0.0-Release.Candidate.app/Contents/Developer/Platforms/WatchOS.platform/Developer/usr/bin/swift-plugin-server\#PreviewsMacros -load-resolved-plugin /Applications/Xcode-27.0.0-Release.Candidate.app/Contents/Developer/Platforms/WatchOS.platform/Developer/usr/lib/swift/host/plugins/libSwiftMacros.dylib\#/Applications/Xcode-27.0.0-Release.Candidate.app/Contents/Developer/Platforms/WatchOS.platform/Developer/usr/bin/swift-plugin-server\#SwiftMacros -load-resolved-plugin /Applications/Xcode-27.0.0-Release.Candidate.app/Contents/Developer/Platforms/WatchOS.platform/Developer/usr/lib/swift/host/plugins/libSwiftUIMacros.dylib\#/Applications/Xcode-27.0.0-Release.Candidate.app/Contents/Developer/Platforms/WatchOS.platform/Developer/usr/bin/swift-plugin-server\#SwiftUIMacros -disable-implicit-swift-modules -Xcc -fno-implicit-modules -Xcc -fno-implicit-module-maps -explicit-swift-module-map-file /Users/admin/builder/spi-builder-workspace/.derivedData/Build/Intermediates.noindex/snap-core.build/Debug-watchos/SnapCore-t.build/Objects-normal/arm64_32/SnapCore-dependencies-2.json -enable-objc-interop -sdk /Applications/Xcode-27.0.0-Release.Candidate.app/Contents/Developer/Platforms/WatchOS.platform/Developer/SDKs/WatchOS27.0.sdk -I /Users/admin/builder/spi-builder-workspace/.derivedData/Build/Products/Debug-watchos -Isystem /Applications/Xcode-27.0.0-Release.Candidate.app/Contents/Developer/Platforms/WatchOS.platform/Developer/usr/lib -F /Users/admin/builder/spi-builder-workspace/.derivedData/Build/Products/Debug-watchos -F /Applications/Xcode-27.0.0-Release.Candidate.app/Contents/Developer/Platforms/WatchOS.platform/Developer/Library/Frameworks -F /Applications/Xcode-27.0.0-Release.Candidate.app/Contents/Developer/Platforms/WatchOS.platform/Developer/SDKs/WatchOS27.0.sdk/Developer/Library/Frameworks -module-cache-path /Users/admin/builder/spi-builder-workspace/.derivedData/Build/Intermediates.noindex/SwiftExplicitPrecompiledModules -no-color-diagnostics -Xcc -fno-color-diagnostics -enable-testing -g -debug-info-format\=dwarf -dwarf-version\=4 -profile-generate -profile-coverage-mapping -swift-version 5 -Onone -D SWIFT_PACKAGE -D DEBUG -D SWIFT_MODULE_RESOURCE_BUNDLE_UNAVAILABLE -D Xcode -serialize-debugging-options -enable-experimental-feature StrictConcurrency -enable-experimental-feature DebugDescriptionMacro -empty-abi-descriptor -validate-clang-modules-once -clang-build-session-file /Users/admin/builder/spi-builder-workspace/.derivedData/ModuleCache.noindex/Session.modulevalidation -Xcc -working-directory -Xcc /Users/admin/builder/spi-builder-workspace/.swiftpm/xcode -enable-anonymous-context-mangled-names -file-compilation-dir /Users/admin/builder/spi-builder-workspace/.swiftpm/xcode -Xcc -D_LIBCPP_HARDENING_MODE\=_LIBCPP_HARDENING_MODE_DEBUG -Xcc -ivfsstatcache -Xcc /Users/admin/builder/spi-builder-workspace/.derivedData/SDKStatCaches.noindex/watchos27.0-24R360-e829b21a6f8c9b70876ba0858053c04477534ef55a1706bf4c1112bbb242f0a2.sdkstatcache -Xcc -fmodules-prune-interval\=86400 -Xcc -fmodules-prune-after\=345600 -Xcc -I/Users/admin/builder/spi-builder-workspace/.derivedData/Build/Products/Debug-watchos/include -Xcc -I/Users/admin/builder/spi-builder-workspace/.derivedData/Build/Intermediates.noindex/snap-core.build/Debug-watchos/SnapCore-t.build/DerivedSources-normal/arm64_32 -Xcc -I/Users/admin/builder/spi-builder-workspace/.derivedData/Build/Intermediates.noindex/snap-core.build/Debug-watchos/SnapCore-t.build/DerivedSources/arm64_32 -Xcc -I/Users/admin/builder/spi-builder-workspace/.derivedData/Build/Intermediates.noindex/snap-core.build/Debug-watchos/SnapCore-t.build/DerivedSources -Xcc -DSWIFT_PACKAGE -Xcc -DDEBUG\=1 -no-auto-bridging-header-chaining -module-name SnapCore -package-name spi_builder_workspace -const-gather-protocols-file /Users/admin/builder/spi-builder-workspace/.derivedData/Build/Intermediates.noindex/snap-core.build/Debug-watchos/SnapCore-t.build/Objects-normal/arm64_32/SnapCore_const_extract_protocols.json -disable-clang-spi -clang-target arm64_32-apple-watchos27.0 -target-sdk-version 27.0 -target-sdk-name watchos27.0 -in-process-plugin-server-path /Applications/Xcode-27.0.0-Release.Candidate.app/Contents/Developer/Toolchains/XcodeDefault.xctoolchain/usr/lib/swift/host/libSwiftInProcPluginServer.dylib -parse-as-library -o /Users/admin/builder/spi-builder-workspace/.derivedData/Build/Intermediates.noindex/snap-core.build/Debug-watchos/SnapCore-t.build/Objects-normal/arm64_32/ModalPresentation.o -o /Users/admin/builder/spi-builder-workspace/.derivedData/Build/Intermediates.noindex/snap-core.build/Debug-watchos/SnapCore-t.build/Objects-normal/arm64_32/View+FrameFill.o -debug-module-path /Users/admin/builder/spi-builder-workspace/.derivedData/Build/Intermediates.noindex/snap-core.build/Debug-watchos/SnapCore-t.build/Objects-normal/arm64_32/SnapCore.swiftmodule -index-unit-output-path /snap-core.build/Debug-watchos/SnapCore-t.build/Objects-normal/arm64_32/ModalPresentation.o -index-unit-output-path /snap-core.build/Debug-watchos/SnapCore-t.build/Objects-normal/arm64_32/View+FrameFill.o -index-store-path /Users/admin/builder/spi-builder-workspace/.derivedData/Index.noindex/DataStore -index-system-modules
SwiftCompile normal arm64_32 /Users/admin/builder/spi-builder-workspace/Sources/SnapCore/SwiftUI/ViewModifier/ModalPresentation.swift (in target 'SnapCore' from project 'snap-core')
cd /Users/admin/builder/spi-builder-workspace/.swiftpm/xcode
builtin-SwiftPerFileCompile ModalPresentation.swift
SwiftCompile normal arm64_32 /Users/admin/builder/spi-builder-workspace/Sources/SnapCore/SwiftUI/ViewModifier/View+FrameFill.swift (in target 'SnapCore' from project 'snap-core')
cd /Users/admin/builder/spi-builder-workspace/.swiftpm/xcode
builtin-SwiftPerFileCompile View+FrameFill.swift
SwiftExplicitDependencyGeneratePcm arm64 /Users/admin/builder/spi-builder-workspace/.derivedData/SDKExplicitPrecompiledModules/SwiftUI-APXDH8ULYLM6FD17YRA73TULO.pcm
SwiftDriverJobDiscovery normal arm64_32 Emitting module for SnapCore (in target 'SnapCore' from project 'snap-core')
SwiftDriver\ Compilation\ Requirements SnapCore normal arm64_32 com.apple.xcode.tools.swift.compiler (in target 'SnapCore' from project 'snap-core')
cd /Users/admin/builder/spi-builder-workspace/.swiftpm/xcode
builtin-Swift-Compilation-Requirements -- /Applications/Xcode-27.0.0-Release.Candidate.app/Contents/Developer/Toolchains/XcodeDefault.xctoolchain/usr/bin/swiftc -parse-as-library -module-name SnapCore -Onone @/Users/admin/builder/spi-builder-workspace/.derivedData/Build/Intermediates.noindex/snap-core.build/Debug-watchos/SnapCore-t.build/Objects-normal/arm64_32/SnapCore.SwiftFileList -DSWIFT_PACKAGE -DDEBUG -DSWIFT_MODULE_RESOURCE_BUNDLE_UNAVAILABLE -DXcode -enable-experimental-feature StrictConcurrency -plugin-path /Applications/Xcode-27.0.0-Release.Candidate.app/Contents/Developer/Toolchains/XcodeDefault.xctoolchain/usr/lib/swift/host/plugins/testing -enable-experimental-feature DebugDescriptionMacro -sdk /Applications/Xcode-27.0.0-Release.Candidate.app/Contents/Developer/Platforms/WatchOS.platform/Developer/SDKs/WatchOS27.0.sdk -target arm64_32-apple-watchos10.0 -g -module-cache-path /Users/admin/builder/spi-builder-workspace/.derivedData/ModuleCache.noindex -Xfrontend -serialize-debugging-options -profile-coverage-mapping -profile-generate -enable-testing -index-store-path /Users/admin/builder/spi-builder-workspace/.derivedData/Index.noindex/DataStore -Xcc -D_LIBCPP_HARDENING_MODE\=_LIBCPP_HARDENING_MODE_DEBUG -swift-version 5 -I /Users/admin/builder/spi-builder-workspace/.derivedData/Build/Products/Debug-watchos -Isystem /Applications/Xcode-27.0.0-Release.Candidate.app/Contents/Developer/Platforms/WatchOS.platform/Developer/usr/lib -F /Users/admin/builder/spi-builder-workspace/.derivedData/Build/Products/Debug-watchos -F /Applications/Xcode-27.0.0-Release.Candidate.app/Contents/Developer/Platforms/WatchOS.platform/Developer/Library/Frameworks -F /Applications/Xcode-27.0.0-Release.Candidate.app/Contents/Developer/Platforms/WatchOS.platform/Developer/SDKs/WatchOS27.0.sdk/Developer/Library/Frameworks -c -j10 -enable-batch-mode -incremental -Xcc -ivfsstatcache -Xcc /Users/admin/builder/spi-builder-workspace/.derivedData/SDKStatCaches.noindex/watchos27.0-24R360-e829b21a6f8c9b70876ba0858053c04477534ef55a1706bf4c1112bbb242f0a2.sdkstatcache -output-file-map /Users/admin/builder/spi-builder-workspace/.derivedData/Build/Intermediates.noindex/snap-core.build/Debug-watchos/SnapCore-t.build/Objects-normal/arm64_32/SnapCore-OutputFileMap.json -save-temps -no-color-diagnostics -explicit-module-build -module-cache-path /Users/admin/builder/spi-builder-workspace/.derivedData/Build/Intermediates.noindex/SwiftExplicitPrecompiledModules -clang-scanner-module-cache-path /Users/admin/builder/spi-builder-workspace/.derivedData/ModuleCache.noindex -sdk-module-cache-path /Users/admin/builder/spi-builder-workspace/.derivedData/SDKExplicitPrecompiledModules -emit-dependencies -emit-module -emit-module-path /Users/admin/builder/spi-builder-workspace/.derivedData/Build/Intermediates.noindex/snap-core.build/Debug-watchos/SnapCore-t.build/Objects-normal/arm64_32/SnapCore.swiftmodule -serialize-diagnostics -dependency-scan-serialize-diagnostics-path /Users/admin/builder/spi-builder-workspace/.derivedData/Build/Intermediates.noindex/snap-core.build/Debug-watchos/SnapCore-t.build/Objects-normal/arm64_32/SnapCore-dependency-scan.dia -validate-clang-modules-once -clang-build-session-file /Users/admin/builder/spi-builder-workspace/.derivedData/ModuleCache.noindex/Session.modulevalidation -Xcc -fmodules-prune-interval\=86400 -Xcc -fmodules-prune-after\=345600 -package-name spi_builder_workspace -emit-const-values -const-gather-protocols-list /Users/admin/builder/spi-builder-workspace/.derivedData/Build/Intermediates.noindex/snap-core.build/Debug-watchos/SnapCore-t.build/Objects-normal/arm64_32/SnapCore_const_extract_protocols.json -Xcc -I/Users/admin/builder/spi-builder-workspace/.derivedData/Build/Products/Debug-watchos/include -Xcc -I/Users/admin/builder/spi-builder-workspace/.derivedData/Build/Intermediates.noindex/snap-core.build/Debug-watchos/SnapCore-t.build/DerivedSources-normal/arm64_32 -Xcc -I/Users/admin/builder/spi-builder-workspace/.derivedData/Build/Intermediates.noindex/snap-core.build/Debug-watchos/SnapCore-t.build/DerivedSources/arm64_32 -Xcc -I/Users/admin/builder/spi-builder-workspace/.derivedData/Build/Intermediates.noindex/snap-core.build/Debug-watchos/SnapCore-t.build/DerivedSources -Xcc -DSWIFT_PACKAGE -Xcc -DDEBUG\=1 -emit-objc-header -emit-objc-header-path /Users/admin/builder/spi-builder-workspace/.derivedData/Build/Intermediates.noindex/snap-core.build/Debug-watchos/SnapCore-t.build/Objects-normal/arm64_32/SnapCore-Swift.h -working-directory /Users/admin/builder/spi-builder-workspace/.swiftpm/xcode -experimental-emit-module-separately -disable-cmo
SwiftEmitModule normal arm64 Emitting\ module\ for\ SnapCore (in target 'SnapCore' from project 'snap-core')
/Users/admin/builder/spi-builder-workspace/Sources/SnapCore/SwiftUI/Codable/Angle+Codable.swift:11:1: warning: extension declares a conformance of imported type 'Angle' to imported protocols 'Decodable', 'Encodable'; this will not behave correctly if the owners of 'SwiftUICore' introduce this conformance in the future
9 |
10 | /// Extends `Angle` to be `Codable`.
11 | extension Angle: Codable {
| |- warning: extension declares a conformance of imported type 'Angle' to imported protocols 'Decodable', 'Encodable'; this will not behave correctly if the owners of 'SwiftUICore' introduce this conformance in the future
| `- note: add '@retroactive' to silence this warning
12 |
13 | enum CodingKeys: CodingKey {
/Users/admin/builder/spi-builder-workspace/Sources/SnapCore/SwiftUI/Codable/UnitPoint+Codable.swift:11:1: warning: extension declares a conformance of imported type 'UnitPoint' to imported protocols 'Decodable', 'Encodable'; this will not behave correctly if the owners of 'SwiftUICore' introduce this conformance in the future
9 |
10 | /// Extends `UnitPoint` to be `Codable`.
11 | extension UnitPoint: Codable {
| |- warning: extension declares a conformance of imported type 'UnitPoint' to imported protocols 'Decodable', 'Encodable'; this will not behave correctly if the owners of 'SwiftUICore' introduce this conformance in the future
| `- note: add '@retroactive' to silence this warning
12 |
13 | enum CodingKeys: CodingKey {
SwiftCompile normal arm64 (in target 'SnapCore' from project 'snap-core')
cd /Users/admin/builder/spi-builder-workspace/.swiftpm/xcode
SwiftDriverJobDiscovery normal arm64 Emitting module for SnapCore (in target 'SnapCore' from project 'snap-core')
Copy /Users/admin/builder/spi-builder-workspace/.derivedData/Build/Products/Debug-watchos/SnapCore.swiftmodule/arm64_32-apple-watchos.swiftmodule /Users/admin/builder/spi-builder-workspace/.derivedData/Build/Intermediates.noindex/snap-core.build/Debug-watchos/SnapCore-t.build/Objects-normal/arm64_32/SnapCore.swiftmodule (in target 'SnapCore' from project 'snap-core')
cd /Users/admin/builder/spi-builder-workspace
builtin-copy -exclude .DS_Store -exclude CVS -exclude .svn -exclude .git -exclude .hg -resolve-src-symlinks -rename /Users/admin/builder/spi-builder-workspace/.derivedData/Build/Intermediates.noindex/snap-core.build/Debug-watchos/SnapCore-t.build/Objects-normal/arm64_32/SnapCore.swiftmodule /Users/admin/builder/spi-builder-workspace/.derivedData/Build/Products/Debug-watchos/SnapCore.swiftmodule/arm64_32-apple-watchos.swiftmodule
SwiftDriver\ Compilation\ Requirements SnapCore normal arm64 com.apple.xcode.tools.swift.compiler (in target 'SnapCore' from project 'snap-core')
cd /Users/admin/builder/spi-builder-workspace/.swiftpm/xcode
builtin-Swift-Compilation-Requirements -- /Applications/Xcode-27.0.0-Release.Candidate.app/Contents/Developer/Toolchains/XcodeDefault.xctoolchain/usr/bin/swiftc -parse-as-library -module-name SnapCore -Onone @/Users/admin/builder/spi-builder-workspace/.derivedData/Build/Intermediates.noindex/snap-core.build/Debug-watchos/SnapCore-t.build/Objects-normal/arm64/SnapCore.SwiftFileList -DSWIFT_PACKAGE -DDEBUG -DSWIFT_MODULE_RESOURCE_BUNDLE_UNAVAILABLE -DXcode -enable-experimental-feature StrictConcurrency -plugin-path /Applications/Xcode-27.0.0-Release.Candidate.app/Contents/Developer/Toolchains/XcodeDefault.xctoolchain/usr/lib/swift/host/plugins/testing -enable-experimental-feature DebugDescriptionMacro -sdk /Applications/Xcode-27.0.0-Release.Candidate.app/Contents/Developer/Platforms/WatchOS.platform/Developer/SDKs/WatchOS27.0.sdk -target arm64-apple-watchos10.0 -g -module-cache-path /Users/admin/builder/spi-builder-workspace/.derivedData/ModuleCache.noindex -Xfrontend -serialize-debugging-options -profile-coverage-mapping -profile-generate -enable-testing -index-store-path /Users/admin/builder/spi-builder-workspace/.derivedData/Index.noindex/DataStore -Xcc -D_LIBCPP_HARDENING_MODE\=_LIBCPP_HARDENING_MODE_DEBUG -swift-version 5 -I /Users/admin/builder/spi-builder-workspace/.derivedData/Build/Products/Debug-watchos -Isystem /Applications/Xcode-27.0.0-Release.Candidate.app/Contents/Developer/Platforms/WatchOS.platform/Developer/usr/lib -F /Users/admin/builder/spi-builder-workspace/.derivedData/Build/Products/Debug-watchos -F /Applications/Xcode-27.0.0-Release.Candidate.app/Contents/Developer/Platforms/WatchOS.platform/Developer/Library/Frameworks -F /Applications/Xcode-27.0.0-Release.Candidate.app/Contents/Developer/Platforms/WatchOS.platform/Developer/SDKs/WatchOS27.0.sdk/Developer/Library/Frameworks -c -j10 -enable-batch-mode -incremental -Xcc -ivfsstatcache -Xcc /Users/admin/builder/spi-builder-workspace/.derivedData/SDKStatCaches.noindex/watchos27.0-24R360-e829b21a6f8c9b70876ba0858053c04477534ef55a1706bf4c1112bbb242f0a2.sdkstatcache -output-file-map /Users/admin/builder/spi-builder-workspace/.derivedData/Build/Intermediates.noindex/snap-core.build/Debug-watchos/SnapCore-t.build/Objects-normal/arm64/SnapCore-OutputFileMap.json -save-temps -no-color-diagnostics -explicit-module-build -module-cache-path /Users/admin/builder/spi-builder-workspace/.derivedData/Build/Intermediates.noindex/SwiftExplicitPrecompiledModules -clang-scanner-module-cache-path /Users/admin/builder/spi-builder-workspace/.derivedData/ModuleCache.noindex -sdk-module-cache-path /Users/admin/builder/spi-builder-workspace/.derivedData/SDKExplicitPrecompiledModules -emit-dependencies -emit-module -emit-module-path /Users/admin/builder/spi-builder-workspace/.derivedData/Build/Intermediates.noindex/snap-core.build/Debug-watchos/SnapCore-t.build/Objects-normal/arm64/SnapCore.swiftmodule -serialize-diagnostics -dependency-scan-serialize-diagnostics-path /Users/admin/builder/spi-builder-workspace/.derivedData/Build/Intermediates.noindex/snap-core.build/Debug-watchos/SnapCore-t.build/Objects-normal/arm64/SnapCore-dependency-scan.dia -validate-clang-modules-once -clang-build-session-file /Users/admin/builder/spi-builder-workspace/.derivedData/ModuleCache.noindex/Session.modulevalidation -Xcc -fmodules-prune-interval\=86400 -Xcc -fmodules-prune-after\=345600 -package-name spi_builder_workspace -emit-const-values -const-gather-protocols-list /Users/admin/builder/spi-builder-workspace/.derivedData/Build/Intermediates.noindex/snap-core.build/Debug-watchos/SnapCore-t.build/Objects-normal/arm64/SnapCore_const_extract_protocols.json -Xcc -I/Users/admin/builder/spi-builder-workspace/.derivedData/Build/Products/Debug-watchos/include -Xcc -I/Users/admin/builder/spi-builder-workspace/.derivedData/Build/Intermediates.noindex/snap-core.build/Debug-watchos/SnapCore-t.build/DerivedSources-normal/arm64 -Xcc -I/Users/admin/builder/spi-builder-workspace/.derivedData/Build/Intermediates.noindex/snap-core.build/Debug-watchos/SnapCore-t.build/DerivedSources/arm64 -Xcc -I/Users/admin/builder/spi-builder-workspace/.derivedData/Build/Intermediates.noindex/snap-core.build/Debug-watchos/SnapCore-t.build/DerivedSources -Xcc -DSWIFT_PACKAGE -Xcc -DDEBUG\=1 -emit-objc-header -emit-objc-header-path /Users/admin/builder/spi-builder-workspace/.derivedData/Build/Intermediates.noindex/snap-core.build/Debug-watchos/SnapCore-t.build/Objects-normal/arm64/SnapCore-Swift.h -working-directory /Users/admin/builder/spi-builder-workspace/.swiftpm/xcode -experimental-emit-module-separately -disable-cmo
Copy /Users/admin/builder/spi-builder-workspace/.derivedData/Build/Products/Debug-watchos/SnapCore.swiftmodule/arm64_32-apple-watchos.swiftdoc /Users/admin/builder/spi-builder-workspace/.derivedData/Build/Intermediates.noindex/snap-core.build/Debug-watchos/SnapCore-t.build/Objects-normal/arm64_32/SnapCore.swiftdoc (in target 'SnapCore' from project 'snap-core')
cd /Users/admin/builder/spi-builder-workspace
builtin-copy -exclude .DS_Store -exclude CVS -exclude .svn -exclude .git -exclude .hg -resolve-src-symlinks -rename /Users/admin/builder/spi-builder-workspace/.derivedData/Build/Intermediates.noindex/snap-core.build/Debug-watchos/SnapCore-t.build/Objects-normal/arm64_32/SnapCore.swiftdoc /Users/admin/builder/spi-builder-workspace/.derivedData/Build/Products/Debug-watchos/SnapCore.swiftmodule/arm64_32-apple-watchos.swiftdoc
SwiftMergeGeneratedHeaders /Users/admin/builder/spi-builder-workspace/.derivedData/Build/Intermediates.noindex/GeneratedModuleMaps-watchos/SnapCore-Swift.h /Users/admin/builder/spi-builder-workspace/.derivedData/Build/Intermediates.noindex/snap-core.build/Debug-watchos/SnapCore-t.build/Objects-normal/arm64/SnapCore-Swift.h /Users/admin/builder/spi-builder-workspace/.derivedData/Build/Intermediates.noindex/snap-core.build/Debug-watchos/SnapCore-t.build/Objects-normal/arm64_32/SnapCore-Swift.h (in target 'SnapCore' from project 'snap-core')
cd /Users/admin/builder/spi-builder-workspace
builtin-swiftHeaderTool -arch arm64 /Users/admin/builder/spi-builder-workspace/.derivedData/Build/Intermediates.noindex/snap-core.build/Debug-watchos/SnapCore-t.build/Objects-normal/arm64/SnapCore-Swift.h -arch arm64_32 /Users/admin/builder/spi-builder-workspace/.derivedData/Build/Intermediates.noindex/snap-core.build/Debug-watchos/SnapCore-t.build/Objects-normal/arm64_32/SnapCore-Swift.h -o /Users/admin/builder/spi-builder-workspace/.derivedData/Build/Intermediates.noindex/GeneratedModuleMaps-watchos/SnapCore-Swift.h
Copy /Users/admin/builder/spi-builder-workspace/.derivedData/Build/Products/Debug-watchos/SnapCore.swiftmodule/arm64_32-apple-watchos.abi.json /Users/admin/builder/spi-builder-workspace/.derivedData/Build/Intermediates.noindex/snap-core.build/Debug-watchos/SnapCore-t.build/Objects-normal/arm64_32/SnapCore.abi.json (in target 'SnapCore' from project 'snap-core')
cd /Users/admin/builder/spi-builder-workspace
builtin-copy -exclude .DS_Store -exclude CVS -exclude .svn -exclude .git -exclude .hg -resolve-src-symlinks -rename /Users/admin/builder/spi-builder-workspace/.derivedData/Build/Intermediates.noindex/snap-core.build/Debug-watchos/SnapCore-t.build/Objects-normal/arm64_32/SnapCore.abi.json /Users/admin/builder/spi-builder-workspace/.derivedData/Build/Products/Debug-watchos/SnapCore.swiftmodule/arm64_32-apple-watchos.abi.json
Copy /Users/admin/builder/spi-builder-workspace/.derivedData/Build/Products/Debug-watchos/SnapCore.swiftmodule/arm64-apple-watchos.swiftmodule /Users/admin/builder/spi-builder-workspace/.derivedData/Build/Intermediates.noindex/snap-core.build/Debug-watchos/SnapCore-t.build/Objects-normal/arm64/SnapCore.swiftmodule (in target 'SnapCore' from project 'snap-core')
cd /Users/admin/builder/spi-builder-workspace
builtin-copy -exclude .DS_Store -exclude CVS -exclude .svn -exclude .git -exclude .hg -resolve-src-symlinks -rename /Users/admin/builder/spi-builder-workspace/.derivedData/Build/Intermediates.noindex/snap-core.build/Debug-watchos/SnapCore-t.build/Objects-normal/arm64/SnapCore.swiftmodule /Users/admin/builder/spi-builder-workspace/.derivedData/Build/Products/Debug-watchos/SnapCore.swiftmodule/arm64-apple-watchos.swiftmodule
Copy /Users/admin/builder/spi-builder-workspace/.derivedData/Build/Products/Debug-watchos/SnapCore.swiftmodule/arm64-apple-watchos.swiftdoc /Users/admin/builder/spi-builder-workspace/.derivedData/Build/Intermediates.noindex/snap-core.build/Debug-watchos/SnapCore-t.build/Objects-normal/arm64/SnapCore.swiftdoc (in target 'SnapCore' from project 'snap-core')
cd /Users/admin/builder/spi-builder-workspace
builtin-copy -exclude .DS_Store -exclude CVS -exclude .svn -exclude .git -exclude .hg -resolve-src-symlinks -rename /Users/admin/builder/spi-builder-workspace/.derivedData/Build/Intermediates.noindex/snap-core.build/Debug-watchos/SnapCore-t.build/Objects-normal/arm64/SnapCore.swiftdoc /Users/admin/builder/spi-builder-workspace/.derivedData/Build/Products/Debug-watchos/SnapCore.swiftmodule/arm64-apple-watchos.swiftdoc
Copy /Users/admin/builder/spi-builder-workspace/.derivedData/Build/Products/Debug-watchos/SnapCore.swiftmodule/arm64-apple-watchos.abi.json /Users/admin/builder/spi-builder-workspace/.derivedData/Build/Intermediates.noindex/snap-core.build/Debug-watchos/SnapCore-t.build/Objects-normal/arm64/SnapCore.abi.json (in target 'SnapCore' from project 'snap-core')
cd /Users/admin/builder/spi-builder-workspace
builtin-copy -exclude .DS_Store -exclude CVS -exclude .svn -exclude .git -exclude .hg -resolve-src-symlinks -rename /Users/admin/builder/spi-builder-workspace/.derivedData/Build/Intermediates.noindex/snap-core.build/Debug-watchos/SnapCore-t.build/Objects-normal/arm64/SnapCore.abi.json /Users/admin/builder/spi-builder-workspace/.derivedData/Build/Products/Debug-watchos/SnapCore.swiftmodule/arm64-apple-watchos.abi.json
Copy /Users/admin/builder/spi-builder-workspace/.derivedData/Build/Products/Debug-watchos/SnapCore.swiftmodule/Project/arm64_32-apple-watchos.swiftsourceinfo /Users/admin/builder/spi-builder-workspace/.derivedData/Build/Intermediates.noindex/snap-core.build/Debug-watchos/SnapCore-t.build/Objects-normal/arm64_32/SnapCore.swiftsourceinfo (in target 'SnapCore' from project 'snap-core')
cd /Users/admin/builder/spi-builder-workspace
builtin-copy -exclude .DS_Store -exclude CVS -exclude .svn -exclude .git -exclude .hg -resolve-src-symlinks -rename /Users/admin/builder/spi-builder-workspace/.derivedData/Build/Intermediates.noindex/snap-core.build/Debug-watchos/SnapCore-t.build/Objects-normal/arm64_32/SnapCore.swiftsourceinfo /Users/admin/builder/spi-builder-workspace/.derivedData/Build/Products/Debug-watchos/SnapCore.swiftmodule/Project/arm64_32-apple-watchos.swiftsourceinfo
Copy /Users/admin/builder/spi-builder-workspace/.derivedData/Build/Products/Debug-watchos/SnapCore.swiftmodule/Project/arm64-apple-watchos.swiftsourceinfo /Users/admin/builder/spi-builder-workspace/.derivedData/Build/Intermediates.noindex/snap-core.build/Debug-watchos/SnapCore-t.build/Objects-normal/arm64/SnapCore.swiftsourceinfo (in target 'SnapCore' from project 'snap-core')
cd /Users/admin/builder/spi-builder-workspace
builtin-copy -exclude .DS_Store -exclude CVS -exclude .svn -exclude .git -exclude .hg -resolve-src-symlinks -rename /Users/admin/builder/spi-builder-workspace/.derivedData/Build/Intermediates.noindex/snap-core.build/Debug-watchos/SnapCore-t.build/Objects-normal/arm64/SnapCore.swiftsourceinfo /Users/admin/builder/spi-builder-workspace/.derivedData/Build/Products/Debug-watchos/SnapCore.swiftmodule/Project/arm64-apple-watchos.swiftsourceinfo
SwiftCompile normal arm64 Compiling\ PickerTapable.swift,\ ScrollViewWith.swift /Users/admin/builder/spi-builder-workspace/Sources/SnapCore/SwiftUI/Views/PickerTapable.swift /Users/admin/builder/spi-builder-workspace/Sources/SnapCore/SwiftUI/Views/ScrollViewWith.swift (in target 'SnapCore' from project 'snap-core')
SwiftCompile normal arm64 /Users/admin/builder/spi-builder-workspace/Sources/SnapCore/SwiftUI/Views/PickerTapable.swift (in target 'SnapCore' from project 'snap-core')
cd /Users/admin/builder/spi-builder-workspace/.swiftpm/xcode
builtin-SwiftPerFileCompile PickerTapable.swift
SwiftCompile normal arm64 /Users/admin/builder/spi-builder-workspace/Sources/SnapCore/SwiftUI/Views/ScrollViewWith.swift (in target 'SnapCore' from project 'snap-core')
cd /Users/admin/builder/spi-builder-workspace/.swiftpm/xcode
builtin-SwiftPerFileCompile ScrollViewWith.swift
SwiftCompile normal arm64 Compiling\ Publisher+withWeak.swift,\ String+Helper.swift,\ WeakRef.swift /Users/admin/builder/spi-builder-workspace/Sources/SnapCore/Swift/Publisher+withWeak.swift /Users/admin/builder/spi-builder-workspace/Sources/SnapCore/Swift/String+Helper.swift /Users/admin/builder/spi-builder-workspace/Sources/SnapCore/Swift/WeakRef.swift (in target 'SnapCore' from project 'snap-core')
SwiftCompile normal arm64 /Users/admin/builder/spi-builder-workspace/Sources/SnapCore/Swift/Publisher+withWeak.swift (in target 'SnapCore' from project 'snap-core')
cd /Users/admin/builder/spi-builder-workspace/.swiftpm/xcode
builtin-SwiftPerFileCompile Publisher+withWeak.swift
SwiftCompile normal arm64 /Users/admin/builder/spi-builder-workspace/Sources/SnapCore/Swift/String+Helper.swift (in target 'SnapCore' from project 'snap-core')
cd /Users/admin/builder/spi-builder-workspace/.swiftpm/xcode
builtin-SwiftPerFileCompile String+Helper.swift
SwiftCompile normal arm64 /Users/admin/builder/spi-builder-workspace/Sources/SnapCore/Swift/WeakRef.swift (in target 'SnapCore' from project 'snap-core')
cd /Users/admin/builder/spi-builder-workspace/.swiftpm/xcode
builtin-SwiftPerFileCompile WeakRef.swift
SwiftDriverJobDiscovery normal arm64_32 Compiling SemanticVersion.swift, CGFloat+Rounding.swift, Array+Unique.swift (in target 'SnapCore' from project 'snap-core')
SwiftCompile normal arm64 Compiling\ SystemColorScheme.swift,\ View+KeyboardPublisher.swift /Users/admin/builder/spi-builder-workspace/Sources/SnapCore/SwiftUI/SystemTypeWrapper/SystemColorScheme.swift /Users/admin/builder/spi-builder-workspace/Sources/SnapCore/SwiftUI/View+KeyboardPublisher.swift (in target 'SnapCore' from project 'snap-core')
/Users/admin/builder/spi-builder-workspace/Sources/SnapCore/SwiftUI/View+KeyboardPublisher.swift:31:22: error: 'UIResponder' is unavailable in watchOS
29 | NotificationCenter
30 | .default
31 | .publisher(for: UIResponder.keyboardWillShowNotification)
| `- error: 'UIResponder' is unavailable in watchOS
32 | .map { _ in true },
33 |
/Applications/Xcode-27.0.0-Release.Candidate.app/Contents/Developer/Platforms/WatchOS.platform/Developer/SDKs/WatchOS27.0.sdk/System/Library/Frameworks/UIKit.framework/Headers/UIResponder.h:82:12: note: 'UIResponder' has been explicitly marked unavailable here
80 |
81 | UIKIT_EXTERN API_AVAILABLE(ios(2.0)) API_UNAVAILABLE(watchos) NS_SWIFT_UI_ACTOR
82 | @interface UIResponder : NSObject <UIResponderStandardEditActions>
| `- note: 'UIResponder' has been explicitly marked unavailable here
83 |
84 | @property(nonatomic, readonly, nullable) UIResponder *nextResponder;
/Users/admin/builder/spi-builder-workspace/Sources/SnapCore/SwiftUI/View+KeyboardPublisher.swift:31:34: error: 'keyboardWillShowNotification' is unavailable in watchOS
29 | NotificationCenter
30 | .default
31 | .publisher(for: UIResponder.keyboardWillShowNotification)
| `- error: 'keyboardWillShowNotification' is unavailable in watchOS
32 | .map { _ in true },
33 |
/Applications/Xcode-27.0.0-Release.Candidate.app/Contents/Developer/Platforms/WatchOS.platform/Developer/SDKs/WatchOS27.0.sdk/System/Library/Frameworks/UIKit.framework/Headers/UIWindow.h:132:39: note: 'keyboardWillShowNotification' has been explicitly marked unavailable here
130 | // Use the various UICoordinateSpace convertRect facilities to get the frame in the desired coordinate system.
131 | // Animation key/value pairs are only available for the "will" family of notification.
132 | UIKIT_EXTERN NSNotificationName const UIKeyboardWillShowNotification API_UNAVAILABLE(tvos, watchos) NS_SWIFT_NONISOLATED;
| `- note: 'keyboardWillShowNotification' has been explicitly marked unavailable here
133 | UIKIT_EXTERN NSNotificationName const UIKeyboardDidShowNotification API_UNAVAILABLE(tvos, watchos) NS_SWIFT_NONISOLATED;
134 | UIKIT_EXTERN NSNotificationName const UIKeyboardWillHideNotification API_UNAVAILABLE(tvos, watchos) NS_SWIFT_NONISOLATED;
/Users/admin/builder/spi-builder-workspace/Sources/SnapCore/SwiftUI/View+KeyboardPublisher.swift:36:22: error: 'UIResponder' is unavailable in watchOS
34 | NotificationCenter
35 | .default
36 | .publisher(for: UIResponder.keyboardWillHideNotification)
| `- error: 'UIResponder' is unavailable in watchOS
37 | .map { _ in false }
38 | )
/Applications/Xcode-27.0.0-Release.Candidate.app/Contents/Developer/Platforms/WatchOS.platform/Developer/SDKs/WatchOS27.0.sdk/System/Library/Frameworks/UIKit.framework/Headers/UIResponder.h:82:12: note: 'UIResponder' has been explicitly marked unavailable here
80 |
81 | UIKIT_EXTERN API_AVAILABLE(ios(2.0)) API_UNAVAILABLE(watchos) NS_SWIFT_UI_ACTOR
82 | @interface UIResponder : NSObject <UIResponderStandardEditActions>
| `- note: 'UIResponder' has been explicitly marked unavailable here
83 |
84 | @property(nonatomic, readonly, nullable) UIResponder *nextResponder;
/Users/admin/builder/spi-builder-workspace/Sources/SnapCore/SwiftUI/View+KeyboardPublisher.swift:36:34: error: 'keyboardWillHideNotification' is unavailable in watchOS
34 | NotificationCenter
35 | .default
36 | .publisher(for: UIResponder.keyboardWillHideNotification)
| `- error: 'keyboardWillHideNotification' is unavailable in watchOS
37 | .map { _ in false }
38 | )
/Applications/Xcode-27.0.0-Release.Candidate.app/Contents/Developer/Platforms/WatchOS.platform/Developer/SDKs/WatchOS27.0.sdk/System/Library/Frameworks/UIKit.framework/Headers/UIWindow.h:134:39: note: 'keyboardWillHideNotification' has been explicitly marked unavailable here
132 | UIKIT_EXTERN NSNotificationName const UIKeyboardWillShowNotification API_UNAVAILABLE(tvos, watchos) NS_SWIFT_NONISOLATED;
133 | UIKIT_EXTERN NSNotificationName const UIKeyboardDidShowNotification API_UNAVAILABLE(tvos, watchos) NS_SWIFT_NONISOLATED;
134 | UIKIT_EXTERN NSNotificationName const UIKeyboardWillHideNotification API_UNAVAILABLE(tvos, watchos) NS_SWIFT_NONISOLATED;
| `- note: 'keyboardWillHideNotification' has been explicitly marked unavailable here
135 | UIKIT_EXTERN NSNotificationName const UIKeyboardDidHideNotification API_UNAVAILABLE(tvos, watchos) NS_SWIFT_NONISOLATED;
136 |
SwiftCompile normal arm64 /Users/admin/builder/spi-builder-workspace/Sources/SnapCore/SwiftUI/SystemTypeWrapper/SystemColorScheme.swift (in target 'SnapCore' from project 'snap-core')
cd /Users/admin/builder/spi-builder-workspace/.swiftpm/xcode
builtin-SwiftPerFileCompile SystemColorScheme.swift
SwiftCompile normal arm64 /Users/admin/builder/spi-builder-workspace/Sources/SnapCore/SwiftUI/View+KeyboardPublisher.swift (in target 'SnapCore' from project 'snap-core')
cd /Users/admin/builder/spi-builder-workspace/.swiftpm/xcode
builtin-SwiftPerFileCompile View+KeyboardPublisher.swift
SwiftDriverJobDiscovery normal arm64_32 Compiling Collection+Helper.swift, Set+Insert.swift, OSLog+Logger.swift (in target 'SnapCore' from project 'snap-core')
SwiftCompile normal arm64 Compiling\ Collection+Helper.swift,\ Set+Insert.swift,\ OSLog+Logger.swift /Users/admin/builder/spi-builder-workspace/Sources/SnapCore/Swift/Collections/Collection+Helper.swift /Users/admin/builder/spi-builder-workspace/Sources/SnapCore/Swift/Collections/Set+Insert.swift /Users/admin/builder/spi-builder-workspace/Sources/SnapCore/Swift/OSLog+Logger.swift (in target 'SnapCore' from project 'snap-core')
SwiftCompile normal arm64 /Users/admin/builder/spi-builder-workspace/Sources/SnapCore/Swift/Collections/Collection+Helper.swift (in target 'SnapCore' from project 'snap-core')
cd /Users/admin/builder/spi-builder-workspace/.swiftpm/xcode
builtin-SwiftPerFileCompile Collection+Helper.swift
SwiftCompile normal arm64 /Users/admin/builder/spi-builder-workspace/Sources/SnapCore/Swift/Collections/Set+Insert.swift (in target 'SnapCore' from project 'snap-core')
cd /Users/admin/builder/spi-builder-workspace/.swiftpm/xcode
builtin-SwiftPerFileCompile Set+Insert.swift
SwiftCompile normal arm64 /Users/admin/builder/spi-builder-workspace/Sources/SnapCore/Swift/OSLog+Logger.swift (in target 'SnapCore' from project 'snap-core')
cd /Users/admin/builder/spi-builder-workspace/.swiftpm/xcode
builtin-SwiftPerFileCompile OSLog+Logger.swift
SwiftDriverJobDiscovery normal arm64 Compiling Publisher+withWeak.swift, String+Helper.swift, WeakRef.swift (in target 'SnapCore' from project 'snap-core')
SwiftDriverJobDiscovery normal arm64 Compiling Collection+Helper.swift, Set+Insert.swift, OSLog+Logger.swift (in target 'SnapCore' from project 'snap-core')
SwiftCompile normal arm64 Compiling\ ScrollViewWithBottomView.swift,\ ToggleTapable.swift /Users/admin/builder/spi-builder-workspace/Sources/SnapCore/SwiftUI/Views/ScrollViewWithBottomView.swift /Users/admin/builder/spi-builder-workspace/Sources/SnapCore/SwiftUI/Views/ToggleTapable.swift (in target 'SnapCore' from project 'snap-core')
SwiftCompile normal arm64 /Users/admin/builder/spi-builder-workspace/Sources/SnapCore/SwiftUI/Views/ScrollViewWithBottomView.swift (in target 'SnapCore' from project 'snap-core')
cd /Users/admin/builder/spi-builder-workspace/.swiftpm/xcode
builtin-SwiftPerFileCompile ScrollViewWithBottomView.swift
SwiftCompile normal arm64 /Users/admin/builder/spi-builder-workspace/Sources/SnapCore/SwiftUI/Views/ToggleTapable.swift (in target 'SnapCore' from project 'snap-core')
cd /Users/admin/builder/spi-builder-workspace/.swiftpm/xcode
builtin-SwiftPerFileCompile ToggleTapable.swift
PruneExplicitPrecompiledModules /Users/admin/builder/spi-builder-workspace/.derivedData/Build/Intermediates.noindex/SwiftExplicitPrecompiledModules
PruneExplicitPrecompiledModules /Users/admin/builder/spi-builder-workspace/.derivedData/Build/Intermediates.noindex/ExplicitPrecompiledModules
PruneExplicitPrecompiledModules /Users/admin/builder/spi-builder-workspace/.derivedData/SDKExplicitPrecompiledModules
2026-09-20 11:35:11.298 xcodebuild[627:3887] [MT] IDERunDestination: Supported platforms for the buildables in the current scheme is empty.
** BUILD FAILED **
The following build commands failed:
SwiftCompile normal arm64_32 Compiling\ SystemColorScheme.swift,\ View+KeyboardPublisher.swift /Users/admin/builder/spi-builder-workspace/Sources/SnapCore/SwiftUI/SystemTypeWrapper/SystemColorScheme.swift /Users/admin/builder/spi-builder-workspace/Sources/SnapCore/SwiftUI/View+KeyboardPublisher.swift (in target 'SnapCore' from project 'snap-core')
SwiftCompile normal arm64_32 /Users/admin/builder/spi-builder-workspace/Sources/SnapCore/SwiftUI/View+KeyboardPublisher.swift (in target 'SnapCore' from project 'snap-core')
SwiftCompile normal arm64_32 Compiling\ ModalPresentation.swift,\ View+FrameFill.swift /Users/admin/builder/spi-builder-workspace/Sources/SnapCore/SwiftUI/ViewModifier/ModalPresentation.swift /Users/admin/builder/spi-builder-workspace/Sources/SnapCore/SwiftUI/ViewModifier/View+FrameFill.swift (in target 'SnapCore' from project 'snap-core')
SwiftCompile normal arm64_32 /Users/admin/builder/spi-builder-workspace/Sources/SnapCore/SwiftUI/ViewModifier/ModalPresentation.swift (in target 'SnapCore' from project 'snap-core')
SwiftCompile normal arm64_32 /Users/admin/builder/spi-builder-workspace/Sources/SnapCore/SwiftUI/ViewModifier/View+FrameFill.swift (in target 'SnapCore' from project 'snap-core')
Building workspace snap-core with scheme snap-core
(6 failures)
Command line invocation:
/Applications/Xcode-27.0.0-Release.Candidate.app/Contents/Developer/usr/bin/xcodebuild -IDEClonedSourcePackagesDirPathOverride=/Users/admin/builder/spi-builder-workspace/.dependencies -resolvePackageDependencies
Resolve Package Graph
Resolved source packages:
snap-core: /Users/admin/builder/spi-builder-workspace
resolved source packages: snap-core
2026-09-20 11:35:21.709 xcodebuild[809:4658] [MT] IDERunDestination: Supported platforms for the buildables in the current scheme is empty.
{
"dependencies" : [
],
"manifest_display_name" : "snap-core",
"name" : "snap-core",
"path" : "/Users/admin/builder/spi-builder-workspace",
"platforms" : [
{
"name" : "ios",
"version" : "17.0"
},
{
"name" : "macos",
"version" : "14.0"
}
],
"products" : [
{
"name" : "SnapCore",
"targets" : [
"SnapCore"
],
"type" : {
"library" : [
"automatic"
]
}
}
],
"targets" : [
{
"c99name" : "SnapCoreTests",
"module_type" : "SwiftTarget",
"name" : "SnapCoreTests",
"path" : "Tests/SnapCoreTests",
"sources" : [
"Codable/AngleCodableTests.swift",
"Codable/UnitPointCodableTests.swift",
"Swift/ArrayUniquedTests.swift",
"Swift/CGFloatRoundTests.swift",
"Swift/CollectionCheckingTests.swift",
"Swift/SemanticVersionTests.swift",
"Swift/SetInsertedTests.swift",
"SwiftUI/ColorAdjustTests.swift"
],
"target_dependencies" : [
"SnapCore"
],
"type" : "test"
},
{
"c99name" : "SnapCore",
"module_type" : "SwiftTarget",
"name" : "SnapCore",
"path" : "Sources/SnapCore",
"product_memberships" : [
"SnapCore"
],
"sources" : [
"Others/SemanticVersion.swift",
"Swift/CGFloat+Rounding.swift",
"Swift/Collections/Array+Unique.swift",
"Swift/Collections/Collection+Helper.swift",
"Swift/Collections/Set+Insert.swift",
"Swift/OSLog+Logger.swift",
"Swift/Publisher+withWeak.swift",
"Swift/String+Helper.swift",
"Swift/WeakRef.swift",
"SwiftUI/AnyLabelStyle.swift",
"SwiftUI/Codable/Angle+Codable.swift",
"SwiftUI/Codable/UnitPoint+Codable.swift",
"SwiftUI/Color+Adjust.swift",
"SwiftUI/EdgeInsets+Helper.swift",
"SwiftUI/GeometryReader+PreferenceKey.swift",
"SwiftUI/SystemTypeWrapper/SystemColorScheme.swift",
"SwiftUI/View+KeyboardPublisher.swift",
"SwiftUI/ViewModifier/ModalPresentation.swift",
"SwiftUI/ViewModifier/View+FrameFill.swift",
"SwiftUI/ViewModifier/ViewModifierConditional.swift",
"SwiftUI/Views/EmptyNoSpaceView.swift",
"SwiftUI/Views/PickerTapable.swift",
"SwiftUI/Views/ScrollViewWith.swift",
"SwiftUI/Views/ScrollViewWithBottomView.swift",
"SwiftUI/Views/ToggleTapable.swift"
],
"type" : "library"
}
],
"tools_version" : "5.10"
}
{
"workspace" : {
"name" : "snap-core",
"schemes" : [
"snap-core"
]
}
}
2026-09-20 11:35:23.025 xcodebuild[817:4739] [MT] IDERunDestination: Supported platforms for the buildables in the current scheme is empty.
Running build ...
env DEVELOPER_DIR=/Applications/Xcode-27.0.0-Release.Candidate.app xcrun xcodebuild -IDEClonedSourcePackagesDirPathOverride=$PWD/.dependencies -skipMacroValidation -skipPackagePluginValidation -derivedDataPath $PWD/.derivedData build -scheme snap-core -destination generic/platform=watchOS
Command line invocation:
/Applications/Xcode-27.0.0-Release.Candidate.app/Contents/Developer/usr/bin/xcodebuild -IDEClonedSourcePackagesDirPathOverride=/Users/admin/builder/spi-builder-workspace/.dependencies -skipMacroValidation -skipPackagePluginValidation -derivedDataPath /Users/admin/builder/spi-builder-workspace/.derivedData build -scheme snap-core -destination generic/platform=watchOS
Resolve Package Graph
Resolved source packages:
snap-core: /Users/admin/builder/spi-builder-workspace
ComputePackagePrebuildTargetDependencyGraph
Prepare packages
CreateBuildRequest
SendProjectDescription
CreateBuildOperation
ComputeTargetDependencyGraph
note: Building targets in dependency order
note: Target dependency graph (2 targets)
Target 'SnapCore-product' in project 'snap-core'
➜ Explicit dependency on target 'SnapCore' in project 'snap-core'
Target 'SnapCore' in project 'snap-core' (no dependencies)
GatherProvisioningInputs
CreateBuildDescription
ClangStatCache /Applications/Xcode-27.0.0-Release.Candidate.app/Contents/Developer/Toolchains/XcodeDefault.xctoolchain/usr/bin/clang-stat-cache /Applications/Xcode-27.0.0-Release.Candidate.app/Contents/Developer/Platforms/WatchOS.platform/Developer/SDKs/WatchOS27.0.sdk /Users/admin/builder/spi-builder-workspace/.derivedData/SDKStatCaches.noindex/watchos27.0-24R360-e829b21a6f8c9b70876ba0858053c04477534ef55a1706bf4c1112bbb242f0a2.sdkstatcache
cd /Users/admin/builder/spi-builder-workspace/.swiftpm/xcode
/Applications/Xcode-27.0.0-Release.Candidate.app/Contents/Developer/Toolchains/XcodeDefault.xctoolchain/usr/bin/clang-stat-cache /Applications/Xcode-27.0.0-Release.Candidate.app/Contents/Developer/Platforms/WatchOS.platform/Developer/SDKs/WatchOS27.0.sdk -o /Users/admin/builder/spi-builder-workspace/.derivedData/SDKStatCaches.noindex/watchos27.0-24R360-e829b21a6f8c9b70876ba0858053c04477534ef55a1706bf4c1112bbb242f0a2.sdkstatcache
SwiftDriver SnapCore normal arm64_32 com.apple.xcode.tools.swift.compiler (in target 'SnapCore' from project 'snap-core')
cd /Users/admin/builder/spi-builder-workspace/.swiftpm/xcode
builtin-SwiftDriver -- /Applications/Xcode-27.0.0-Release.Candidate.app/Contents/Developer/Toolchains/XcodeDefault.xctoolchain/usr/bin/swiftc -parse-as-library -module-name SnapCore -Onone @/Users/admin/builder/spi-builder-workspace/.derivedData/Build/Intermediates.noindex/snap-core.build/Debug-watchos/SnapCore-t.build/Objects-normal/arm64_32/SnapCore.SwiftFileList -DSWIFT_PACKAGE -DDEBUG -DSWIFT_MODULE_RESOURCE_BUNDLE_UNAVAILABLE -DXcode -enable-experimental-feature StrictConcurrency -plugin-path /Applications/Xcode-27.0.0-Release.Candidate.app/Contents/Developer/Toolchains/XcodeDefault.xctoolchain/usr/lib/swift/host/plugins/testing -enable-experimental-feature DebugDescriptionMacro -sdk /Applications/Xcode-27.0.0-Release.Candidate.app/Contents/Developer/Platforms/WatchOS.platform/Developer/SDKs/WatchOS27.0.sdk -target arm64_32-apple-watchos10.0 -g -module-cache-path /Users/admin/builder/spi-builder-workspace/.derivedData/ModuleCache.noindex -Xfrontend -serialize-debugging-options -profile-coverage-mapping -profile-generate -enable-testing -index-store-path /Users/admin/builder/spi-builder-workspace/.derivedData/Index.noindex/DataStore -Xcc -D_LIBCPP_HARDENING_MODE\=_LIBCPP_HARDENING_MODE_DEBUG -swift-version 5 -I /Users/admin/builder/spi-builder-workspace/.derivedData/Build/Products/Debug-watchos -Isystem /Applications/Xcode-27.0.0-Release.Candidate.app/Contents/Developer/Platforms/WatchOS.platform/Developer/usr/lib -F /Users/admin/builder/spi-builder-workspace/.derivedData/Build/Products/Debug-watchos -F /Applications/Xcode-27.0.0-Release.Candidate.app/Contents/Developer/Platforms/WatchOS.platform/Developer/Library/Frameworks -F /Applications/Xcode-27.0.0-Release.Candidate.app/Contents/Developer/Platforms/WatchOS.platform/Developer/SDKs/WatchOS27.0.sdk/Developer/Library/Frameworks -c -j10 -enable-batch-mode -incremental -Xcc -ivfsstatcache -Xcc /Users/admin/builder/spi-builder-workspace/.derivedData/SDKStatCaches.noindex/watchos27.0-24R360-e829b21a6f8c9b70876ba0858053c04477534ef55a1706bf4c1112bbb242f0a2.sdkstatcache -output-file-map /Users/admin/builder/spi-builder-workspace/.derivedData/Build/Intermediates.noindex/snap-core.build/Debug-watchos/SnapCore-t.build/Objects-normal/arm64_32/SnapCore-OutputFileMap.json -save-temps -no-color-diagnostics -explicit-module-build -module-cache-path /Users/admin/builder/spi-builder-workspace/.derivedData/Build/Intermediates.noindex/SwiftExplicitPrecompiledModules -clang-scanner-module-cache-path /Users/admin/builder/spi-builder-workspace/.derivedData/ModuleCache.noindex -sdk-module-cache-path /Users/admin/builder/spi-builder-workspace/.derivedData/SDKExplicitPrecompiledModules -emit-dependencies -emit-module -emit-module-path /Users/admin/builder/spi-builder-workspace/.derivedData/Build/Intermediates.noindex/snap-core.build/Debug-watchos/SnapCore-t.build/Objects-normal/arm64_32/SnapCore.swiftmodule -serialize-diagnostics -dependency-scan-serialize-diagnostics-path /Users/admin/builder/spi-builder-workspace/.derivedData/Build/Intermediates.noindex/snap-core.build/Debug-watchos/SnapCore-t.build/Objects-normal/arm64_32/SnapCore-dependency-scan.dia -validate-clang-modules-once -clang-build-session-file /Users/admin/builder/spi-builder-workspace/.derivedData/ModuleCache.noindex/Session.modulevalidation -Xcc -fmodules-prune-interval\=86400 -Xcc -fmodules-prune-after\=345600 -package-name spi_builder_workspace -emit-const-values -const-gather-protocols-list /Users/admin/builder/spi-builder-workspace/.derivedData/Build/Intermediates.noindex/snap-core.build/Debug-watchos/SnapCore-t.build/Objects-normal/arm64_32/SnapCore_const_extract_protocols.json -Xcc -I/Users/admin/builder/spi-builder-workspace/.derivedData/Build/Products/Debug-watchos/include -Xcc -I/Users/admin/builder/spi-builder-workspace/.derivedData/Build/Intermediates.noindex/snap-core.build/Debug-watchos/SnapCore-t.build/DerivedSources-normal/arm64_32 -Xcc -I/Users/admin/builder/spi-builder-workspace/.derivedData/Build/Intermediates.noindex/snap-core.build/Debug-watchos/SnapCore-t.build/DerivedSources/arm64_32 -Xcc -I/Users/admin/builder/spi-builder-workspace/.derivedData/Build/Intermediates.noindex/snap-core.build/Debug-watchos/SnapCore-t.build/DerivedSources -Xcc -DSWIFT_PACKAGE -Xcc -DDEBUG\=1 -emit-objc-header -emit-objc-header-path /Users/admin/builder/spi-builder-workspace/.derivedData/Build/Intermediates.noindex/snap-core.build/Debug-watchos/SnapCore-t.build/Objects-normal/arm64_32/SnapCore-Swift.h -working-directory /Users/admin/builder/spi-builder-workspace/.swiftpm/xcode -experimental-emit-module-separately -disable-cmo
SwiftDriver SnapCore normal arm64 com.apple.xcode.tools.swift.compiler (in target 'SnapCore' from project 'snap-core')
cd /Users/admin/builder/spi-builder-workspace/.swiftpm/xcode
builtin-SwiftDriver -- /Applications/Xcode-27.0.0-Release.Candidate.app/Contents/Developer/Toolchains/XcodeDefault.xctoolchain/usr/bin/swiftc -parse-as-library -module-name SnapCore -Onone @/Users/admin/builder/spi-builder-workspace/.derivedData/Build/Intermediates.noindex/snap-core.build/Debug-watchos/SnapCore-t.build/Objects-normal/arm64/SnapCore.SwiftFileList -DSWIFT_PACKAGE -DDEBUG -DSWIFT_MODULE_RESOURCE_BUNDLE_UNAVAILABLE -DXcode -enable-experimental-feature StrictConcurrency -plugin-path /Applications/Xcode-27.0.0-Release.Candidate.app/Contents/Developer/Toolchains/XcodeDefault.xctoolchain/usr/lib/swift/host/plugins/testing -enable-experimental-feature DebugDescriptionMacro -sdk /Applications/Xcode-27.0.0-Release.Candidate.app/Contents/Developer/Platforms/WatchOS.platform/Developer/SDKs/WatchOS27.0.sdk -target arm64-apple-watchos10.0 -g -module-cache-path /Users/admin/builder/spi-builder-workspace/.derivedData/ModuleCache.noindex -Xfrontend -serialize-debugging-options -profile-coverage-mapping -profile-generate -enable-testing -index-store-path /Users/admin/builder/spi-builder-workspace/.derivedData/Index.noindex/DataStore -Xcc -D_LIBCPP_HARDENING_MODE\=_LIBCPP_HARDENING_MODE_DEBUG -swift-version 5 -I /Users/admin/builder/spi-builder-workspace/.derivedData/Build/Products/Debug-watchos -Isystem /Applications/Xcode-27.0.0-Release.Candidate.app/Contents/Developer/Platforms/WatchOS.platform/Developer/usr/lib -F /Users/admin/builder/spi-builder-workspace/.derivedData/Build/Products/Debug-watchos -F /Applications/Xcode-27.0.0-Release.Candidate.app/Contents/Developer/Platforms/WatchOS.platform/Developer/Library/Frameworks -F /Applications/Xcode-27.0.0-Release.Candidate.app/Contents/Developer/Platforms/WatchOS.platform/Developer/SDKs/WatchOS27.0.sdk/Developer/Library/Frameworks -c -j10 -enable-batch-mode -incremental -Xcc -ivfsstatcache -Xcc /Users/admin/builder/spi-builder-workspace/.derivedData/SDKStatCaches.noindex/watchos27.0-24R360-e829b21a6f8c9b70876ba0858053c04477534ef55a1706bf4c1112bbb242f0a2.sdkstatcache -output-file-map /Users/admin/builder/spi-builder-workspace/.derivedData/Build/Intermediates.noindex/snap-core.build/Debug-watchos/SnapCore-t.build/Objects-normal/arm64/SnapCore-OutputFileMap.json -save-temps -no-color-diagnostics -explicit-module-build -module-cache-path /Users/admin/builder/spi-builder-workspace/.derivedData/Build/Intermediates.noindex/SwiftExplicitPrecompiledModules -clang-scanner-module-cache-path /Users/admin/builder/spi-builder-workspace/.derivedData/ModuleCache.noindex -sdk-module-cache-path /Users/admin/builder/spi-builder-workspace/.derivedData/SDKExplicitPrecompiledModules -emit-dependencies -emit-module -emit-module-path /Users/admin/builder/spi-builder-workspace/.derivedData/Build/Intermediates.noindex/snap-core.build/Debug-watchos/SnapCore-t.build/Objects-normal/arm64/SnapCore.swiftmodule -serialize-diagnostics -dependency-scan-serialize-diagnostics-path /Users/admin/builder/spi-builder-workspace/.derivedData/Build/Intermediates.noindex/snap-core.build/Debug-watchos/SnapCore-t.build/Objects-normal/arm64/SnapCore-dependency-scan.dia -validate-clang-modules-once -clang-build-session-file /Users/admin/builder/spi-builder-workspace/.derivedData/ModuleCache.noindex/Session.modulevalidation -Xcc -fmodules-prune-interval\=86400 -Xcc -fmodules-prune-after\=345600 -package-name spi_builder_workspace -emit-const-values -const-gather-protocols-list /Users/admin/builder/spi-builder-workspace/.derivedData/Build/Intermediates.noindex/snap-core.build/Debug-watchos/SnapCore-t.build/Objects-normal/arm64/SnapCore_const_extract_protocols.json -Xcc -I/Users/admin/builder/spi-builder-workspace/.derivedData/Build/Products/Debug-watchos/include -Xcc -I/Users/admin/builder/spi-builder-workspace/.derivedData/Build/Intermediates.noindex/snap-core.build/Debug-watchos/SnapCore-t.build/DerivedSources-normal/arm64 -Xcc -I/Users/admin/builder/spi-builder-workspace/.derivedData/Build/Intermediates.noindex/snap-core.build/Debug-watchos/SnapCore-t.build/DerivedSources/arm64 -Xcc -I/Users/admin/builder/spi-builder-workspace/.derivedData/Build/Intermediates.noindex/snap-core.build/Debug-watchos/SnapCore-t.build/DerivedSources -Xcc -DSWIFT_PACKAGE -Xcc -DDEBUG\=1 -emit-objc-header -emit-objc-header-path /Users/admin/builder/spi-builder-workspace/.derivedData/Build/Intermediates.noindex/snap-core.build/Debug-watchos/SnapCore-t.build/Objects-normal/arm64/SnapCore-Swift.h -working-directory /Users/admin/builder/spi-builder-workspace/.swiftpm/xcode -experimental-emit-module-separately -disable-cmo
SwiftCompile normal arm64 Compiling\ Color+Adjust.swift,\ EdgeInsets+Helper.swift /Users/admin/builder/spi-builder-workspace/Sources/SnapCore/SwiftUI/Color+Adjust.swift /Users/admin/builder/spi-builder-workspace/Sources/SnapCore/SwiftUI/EdgeInsets+Helper.swift (in target 'SnapCore' from project 'snap-core')
SwiftCompile normal arm64 /Users/admin/builder/spi-builder-workspace/Sources/SnapCore/SwiftUI/Color+Adjust.swift (in target 'SnapCore' from project 'snap-core')
cd /Users/admin/builder/spi-builder-workspace/.swiftpm/xcode
builtin-SwiftPerFileCompile Color+Adjust.swift
SwiftCompile normal arm64 /Users/admin/builder/spi-builder-workspace/Sources/SnapCore/SwiftUI/EdgeInsets+Helper.swift (in target 'SnapCore' from project 'snap-core')
cd /Users/admin/builder/spi-builder-workspace/.swiftpm/xcode
builtin-SwiftPerFileCompile EdgeInsets+Helper.swift
SwiftEmitModule normal arm64 Emitting\ module\ for\ SnapCore (in target 'SnapCore' from project 'snap-core')
SwiftCompile normal arm64 (in target 'SnapCore' from project 'snap-core')
cd /Users/admin/builder/spi-builder-workspace/.swiftpm/xcode
/Users/admin/builder/spi-builder-workspace/Sources/SnapCore/SwiftUI/Codable/Angle+Codable.swift:11:1: warning: extension declares a conformance of imported type 'Angle' to imported protocols 'Decodable', 'Encodable'; this will not behave correctly if the owners of 'SwiftUICore' introduce this conformance in the future
9 |
10 | /// Extends `Angle` to be `Codable`.
11 | extension Angle: Codable {
| |- warning: extension declares a conformance of imported type 'Angle' to imported protocols 'Decodable', 'Encodable'; this will not behave correctly if the owners of 'SwiftUICore' introduce this conformance in the future
| `- note: add '@retroactive' to silence this warning
12 |
13 | enum CodingKeys: CodingKey {
SwiftCompile normal arm64 Compiling\ View+KeyboardPublisher.swift,\ ModalPresentation.swift /Users/admin/builder/spi-builder-workspace/Sources/SnapCore/SwiftUI/View+KeyboardPublisher.swift /Users/admin/builder/spi-builder-workspace/Sources/SnapCore/SwiftUI/ViewModifier/ModalPresentation.swift (in target 'SnapCore' from project 'snap-core')
SwiftCompile normal arm64 /Users/admin/builder/spi-builder-workspace/Sources/SnapCore/SwiftUI/View+KeyboardPublisher.swift (in target 'SnapCore' from project 'snap-core')
cd /Users/admin/builder/spi-builder-workspace/.swiftpm/xcode
builtin-SwiftPerFileCompile View+KeyboardPublisher.swift
SwiftCompile normal arm64 /Users/admin/builder/spi-builder-workspace/Sources/SnapCore/SwiftUI/ViewModifier/ModalPresentation.swift (in target 'SnapCore' from project 'snap-core')
cd /Users/admin/builder/spi-builder-workspace/.swiftpm/xcode
builtin-SwiftPerFileCompile ModalPresentation.swift
/Users/admin/builder/spi-builder-workspace/Sources/SnapCore/SwiftUI/View+KeyboardPublisher.swift:31:22: error: 'UIResponder' is unavailable in watchOS
29 | NotificationCenter
30 | .default
31 | .publisher(for: UIResponder.keyboardWillShowNotification)
| `- error: 'UIResponder' is unavailable in watchOS
32 | .map { _ in true },
33 |
/Applications/Xcode-27.0.0-Release.Candidate.app/Contents/Developer/Platforms/WatchOS.platform/Developer/SDKs/WatchOS27.0.sdk/System/Library/Frameworks/UIKit.framework/Headers/UIResponder.h:82:12: note: 'UIResponder' has been explicitly marked unavailable here
80 |
81 | UIKIT_EXTERN API_AVAILABLE(ios(2.0)) API_UNAVAILABLE(watchos) NS_SWIFT_UI_ACTOR
82 | @interface UIResponder : NSObject <UIResponderStandardEditActions>
| `- note: 'UIResponder' has been explicitly marked unavailable here
83 |
84 | @property(nonatomic, readonly, nullable) UIResponder *nextResponder;
/Users/admin/builder/spi-builder-workspace/Sources/SnapCore/SwiftUI/View+KeyboardPublisher.swift:31:34: error: 'keyboardWillShowNotification' is unavailable in watchOS
29 | NotificationCenter
30 | .default
31 | .publisher(for: UIResponder.keyboardWillShowNotification)
| `- error: 'keyboardWillShowNotification' is unavailable in watchOS
32 | .map { _ in true },
33 |
/Applications/Xcode-27.0.0-Release.Candidate.app/Contents/Developer/Platforms/WatchOS.platform/Developer/SDKs/WatchOS27.0.sdk/System/Library/Frameworks/UIKit.framework/Headers/UIWindow.h:132:39: note: 'keyboardWillShowNotification' has been explicitly marked unavailable here
130 | // Use the various UICoordinateSpace convertRect facilities to get the frame in the desired coordinate system.
131 | // Animation key/value pairs are only available for the "will" family of notification.
132 | UIKIT_EXTERN NSNotificationName const UIKeyboardWillShowNotification API_UNAVAILABLE(tvos, watchos) NS_SWIFT_NONISOLATED;
| `- note: 'keyboardWillShowNotification' has been explicitly marked unavailable here
133 | UIKIT_EXTERN NSNotificationName const UIKeyboardDidShowNotification API_UNAVAILABLE(tvos, watchos) NS_SWIFT_NONISOLATED;
134 | UIKIT_EXTERN NSNotificationName const UIKeyboardWillHideNotification API_UNAVAILABLE(tvos, watchos) NS_SWIFT_NONISOLATED;
/Users/admin/builder/spi-builder-workspace/Sources/SnapCore/SwiftUI/View+KeyboardPublisher.swift:36:22: error: 'UIResponder' is unavailable in watchOS
34 | NotificationCenter
35 | .default
36 | .publisher(for: UIResponder.keyboardWillHideNotification)
| `- error: 'UIResponder' is unavailable in watchOS
37 | .map { _ in false }
38 | )
/Applications/Xcode-27.0.0-Release.Candidate.app/Contents/Developer/Platforms/WatchOS.platform/Developer/SDKs/WatchOS27.0.sdk/System/Library/Frameworks/UIKit.framework/Headers/UIResponder.h:82:12: note: 'UIResponder' has been explicitly marked unavailable here
80 |
81 | UIKIT_EXTERN API_AVAILABLE(ios(2.0)) API_UNAVAILABLE(watchos) NS_SWIFT_UI_ACTOR
82 | @interface UIResponder : NSObject <UIResponderStandardEditActions>
| `- note: 'UIResponder' has been explicitly marked unavailable here
83 |
84 | @property(nonatomic, readonly, nullable) UIResponder *nextResponder;
SwiftCompile normal arm64 Compiling\ EmptyNoSpaceView.swift,\ PickerTapable.swift /Users/admin/builder/spi-builder-workspace/Sources/SnapCore/SwiftUI/Views/EmptyNoSpaceView.swift /Users/admin/builder/spi-builder-workspace/Sources/SnapCore/SwiftUI/Views/PickerTapable.swift (in target 'SnapCore' from project 'snap-core')
/Users/admin/builder/spi-builder-workspace/Sources/SnapCore/SwiftUI/Views/EmptyNoSpaceView.swift:42:4: error: 'DisclosureGroup' is unavailable in watchOS
40 |
41 | var body: some View {
42 | DisclosureGroup(title, isExpanded: $isExpanded) {
| `- error: 'DisclosureGroup' is unavailable in watchOS
43 | AnyView(content())
44 | }
SwiftUI.DisclosureGroup:4:27: note: 'DisclosureGroup' has been explicitly marked unavailable here
2 | @available(tvOS, unavailable)
3 | @available(watchOS, unavailable)
4 | nonisolated public struct DisclosureGroup<Label, Content> : View, ~Sendable where Label : View, Content : View {
| `- note: 'DisclosureGroup' has been explicitly marked unavailable here
5 | nonisolated public init(@ContentBuilder content: @escaping () -> Content, @ContentBuilder label: () -> Label)
6 | nonisolated public init(isExpanded: Binding<Bool>, @ContentBuilder content: @escaping () -> Content, @ContentBuilder label: () -> Label)
/Users/admin/builder/spi-builder-workspace/Sources/SnapCore/SwiftUI/Views/EmptyNoSpaceView.swift:42:4: error: 'init(_:isExpanded:content:)' is unavailable in watchOS
40 |
41 | var body: some View {
42 | DisclosureGroup(title, isExpanded: $isExpanded) {
| `- error: 'init(_:isExpanded:content:)' is unavailable in watchOS
43 | AnyView(content())
44 | }
SwiftUI.DisclosureGroup.init:2:20: note: 'init(_:isExpanded:content:)' has been explicitly marked unavailable here
1 | generic struct DisclosureGroup {
2 | nonisolated public init<S>(_ label: S, isExpanded: Binding<Bool>, @ContentBuilder content: @escaping () -> Content) where S : StringProtocol}
| `- note: 'init(_:isExpanded:content:)' has been explicitly marked unavailable here
3 |
macro expansion #Preview:28:16: error: 'DisclosureGroup' is unavailable in watchOS
`- /Users/admin/builder/spi-builder-workspace/Sources/SnapCore/SwiftUI/Views/EmptyNoSpaceView.swift:75:2: note: expanded code originates here
30 | // MARK: - Previews
31 |
32 | #Preview {
| `- note: in expansion of macro 'Preview' here
33 |
34 | struct DisclosureWrapper: View {
:
73 | .scenePadding()
74 |
75 | }
+--- macro expansion #Preview ---------------------------------------
|26 |
|27 | var body: some View {
|28 | DisclosureGroup(title, isExpanded: $isExpanded) {
| | `- error: 'DisclosureGroup' is unavailable in watchOS
|29 | AnyView(content())
|30 | }
+--------------------------------------------------------------------
76 |
SwiftUI.DisclosureGroup:4:27: note: 'DisclosureGroup' has been explicitly marked unavailable here
2 | @available(tvOS, unavailable)
3 | @available(watchOS, unavailable)
4 | nonisolated public struct DisclosureGroup<Label, Content> : View, ~Sendable where Label : View, Content : View {
| `- note: 'DisclosureGroup' has been explicitly marked unavailable here
5 | nonisolated public init(@ContentBuilder content: @escaping () -> Content, @ContentBuilder label: () -> Label)
6 | nonisolated public init(isExpanded: Binding<Bool>, @ContentBuilder content: @escaping () -> Content, @ContentBuilder label: () -> Label)
macro expansion #Preview:28:16: error: 'init(_:isExpanded:content:)' is unavailable in watchOS
`- /Users/admin/builder/spi-builder-workspace/Sources/SnapCore/SwiftUI/Views/EmptyNoSpaceView.swift:75:2: note: expanded code originates here
30 | // MARK: - Previews
31 |
32 | #Preview {
| `- note: in expansion of macro 'Preview' here
33 |
34 | struct DisclosureWrapper: View {
:
73 | .scenePadding()
74 |
75 | }
+--- macro expansion #Preview ---------------------------------------
|26 |
|27 | var body: some View {
|28 | DisclosureGroup(title, isExpanded: $isExpanded) {
| | `- error: 'init(_:isExpanded:content:)' is unavailable in watchOS
|29 | AnyView(content())
|30 | }
+--------------------------------------------------------------------
76 |
SwiftUI.DisclosureGroup.init:2:20: note: 'init(_:isExpanded:content:)' has been explicitly marked unavailable here
1 | generic struct DisclosureGroup {
2 | nonisolated public init<S>(_ label: S, isExpanded: Binding<Bool>, @ContentBuilder content: @escaping () -> Content) where S : StringProtocol}
| `- note: 'init(_:isExpanded:content:)' has been explicitly marked unavailable here
3 |
Failed frontend command:
/Applications/Xcode-27.0.0-Release.Candidate.app/Contents/Developer/Toolchains/XcodeDefault.xctoolchain/usr/bin/swift-frontend -frontend -c /Users/admin/builder/spi-builder-workspace/Sources/SnapCore/Others/SemanticVersion.swift /Users/admin/builder/spi-builder-workspace/Sources/SnapCore/Swift/CGFloat+Rounding.swift /Users/admin/builder/spi-builder-workspace/Sources/SnapCore/Swift/Collections/Array+Unique.swift /Users/admin/builder/spi-builder-workspace/Sources/SnapCore/Swift/Collections/Collection+Helper.swift /Users/admin/builder/spi-builder-workspace/Sources/SnapCore/Swift/Collections/Set+Insert.swift /Users/admin/builder/spi-builder-workspace/Sources/SnapCore/Swift/OSLog+Logger.swift /Users/admin/builder/spi-builder-workspace/Sources/SnapCore/Swift/Publisher+withWeak.swift /Users/admin/builder/spi-builder-workspace/Sources/SnapCore/Swift/String+Helper.swift /Users/admin/builder/spi-builder-workspace/Sources/SnapCore/Swift/WeakRef.swift /Users/admin/builder/spi-builder-workspace/Sources/SnapCore/SwiftUI/AnyLabelStyle.swift /Users/admin/builder/spi-builder-workspace/Sources/SnapCore/SwiftUI/Codable/Angle+Codable.swift /Users/admin/builder/spi-builder-workspace/Sources/SnapCore/SwiftUI/Codable/UnitPoint+Codable.swift /Users/admin/builder/spi-builder-workspace/Sources/SnapCore/SwiftUI/Color+Adjust.swift /Users/admin/builder/spi-builder-workspace/Sources/SnapCore/SwiftUI/EdgeInsets+Helper.swift /Users/admin/builder/spi-builder-workspace/Sources/SnapCore/SwiftUI/GeometryReader+PreferenceKey.swift /Users/admin/builder/spi-builder-workspace/Sources/SnapCore/SwiftUI/SystemTypeWrapper/SystemColorScheme.swift /Users/admin/builder/spi-builder-workspace/Sources/SnapCore/SwiftUI/View+KeyboardPublisher.swift /Users/admin/builder/spi-builder-workspace/Sources/SnapCore/SwiftUI/ViewModifier/ModalPresentation.swift /Users/admin/builder/spi-builder-workspace/Sources/SnapCore/SwiftUI/ViewModifier/View+FrameFill.swift /Users/admin/builder/spi-builder-workspace/Sources/SnapCore/SwiftUI/ViewModifier/ViewModifierConditional.swift -primary-file /Users/admin/builder/spi-builder-workspace/Sources/SnapCore/SwiftUI/Views/EmptyNoSpaceView.swift -primary-file /Users/admin/builder/spi-builder-workspace/Sources/SnapCore/SwiftUI/Views/PickerTapable.swift /Users/admin/builder/spi-builder-workspace/Sources/SnapCore/SwiftUI/Views/ScrollViewWith.swift /Users/admin/builder/spi-builder-workspace/Sources/SnapCore/SwiftUI/Views/ScrollViewWithBottomView.swift /Users/admin/builder/spi-builder-workspace/Sources/SnapCore/SwiftUI/Views/ToggleTapable.swift -emit-dependencies-path /Users/admin/builder/spi-builder-workspace/.derivedData/Build/Intermediates.noindex/snap-core.build/Debug-watchos/SnapCore-t.build/Objects-normal/arm64/EmptyNoSpaceView.d -emit-const-values-path /Users/admin/builder/spi-builder-workspace/.derivedData/Build/Intermediates.noindex/snap-core.build/Debug-watchos/SnapCore-t.build/Objects-normal/arm64/EmptyNoSpaceView.swiftconstvalues -emit-reference-dependencies-path /Users/admin/builder/spi-builder-workspace/.derivedData/Build/Intermediates.noindex/snap-core.build/Debug-watchos/SnapCore-t.build/Objects-normal/arm64/EmptyNoSpaceView.swiftdeps -serialize-diagnostics-path /Users/admin/builder/spi-builder-workspace/.derivedData/Build/Intermediates.noindex/snap-core.build/Debug-watchos/SnapCore-t.build/Objects-normal/arm64/EmptyNoSpaceView.dia -emit-dependencies-path /Users/admin/builder/spi-builder-workspace/.derivedData/Build/Intermediates.noindex/snap-core.build/Debug-watchos/SnapCore-t.build/Objects-normal/arm64/PickerTapable.d -emit-const-values-path /Users/admin/builder/spi-builder-workspace/.derivedData/Build/Intermediates.noindex/snap-core.build/Debug-watchos/SnapCore-t.build/Objects-normal/arm64/PickerTapable.swiftconstvalues -emit-reference-dependencies-path /Users/admin/builder/spi-builder-workspace/.derivedData/Build/Intermediates.noindex/snap-core.build/Debug-watchos/SnapCore-t.build/Objects-normal/arm64/PickerTapable.swiftdeps -serialize-diagnostics-path /Users/admin/builder/spi-builder-workspace/.derivedData/Build/Intermediates.noindex/snap-core.build/Debug-watchos/SnapCore-t.build/Objects-normal/arm64/PickerTapable.dia -target arm64-apple-watchos10.0 -module-can-import-version UIKit 9127.0.84.1 9127.0.84 -disable-cross-import-overlay-search -load-resolved-plugin /Applications/Xcode-27.0.0-Release.Candidate.app/Contents/Developer/Platforms/WatchOS.platform/Developer/usr/lib/swift/host/plugins/libFoundationMacros.dylib\#/Applications/Xcode-27.0.0-Release.Candidate.app/Contents/Developer/Platforms/WatchOS.platform/Developer/usr/bin/swift-plugin-server\#FoundationMacros -load-resolved-plugin /Applications/Xcode-27.0.0-Release.Candidate.app/Contents/Developer/Platforms/WatchOS.platform/Developer/usr/lib/swift/host/plugins/libObservationMacros.dylib\#/Applications/Xcode-27.0.0-Release.Candidate.app/Contents/Developer/Platforms/WatchOS.platform/Developer/usr/bin/swift-plugin-server\#ObservationMacros -load-resolved-plugin /Applications/Xcode-27.0.0-Release.Candidate.app/Contents/Developer/Platforms/WatchOS.platform/Developer/usr/lib/swift/host/plugins/libPreviewsMacros.dylib\#/Applications/Xcode-27.0.0-Release.Candidate.app/Contents/Developer/Platforms/WatchOS.platform/Developer/usr/bin/swift-plugin-server\#PreviewsMacros -load-resolved-plugin /Applications/Xcode-27.0.0-Release.Candidate.app/Contents/Developer/Platforms/WatchOS.platform/Developer/usr/lib/swift/host/plugins/libSwiftMacros.dylib\#/Applications/Xcode-27.0.0-Release.Candidate.app/Contents/Developer/Platforms/WatchOS.platform/Developer/usr/bin/swift-plugin-server\#SwiftMacros -load-resolved-plugin /Applications/Xcode-27.0.0-Release.Candidate.app/Contents/Developer/Platforms/WatchOS.platform/Developer/usr/lib/swift/host/plugins/libSwiftUIMacros.dylib\#/Applications/Xcode-27.0.0-Release.Candidate.app/Contents/Developer/Platforms/WatchOS.platform/Developer/usr/bin/swift-plugin-server\#SwiftUIMacros -disable-implicit-swift-modules -Xcc -fno-implicit-modules -Xcc -fno-implicit-module-maps -explicit-swift-module-map-file /Users/admin/builder/spi-builder-workspace/.derivedData/Build/Intermediates.noindex/snap-core.build/Debug-watchos/SnapCore-t.build/Objects-normal/arm64/SnapCore-dependencies-2.json -Xllvm -aarch64-use-tbi -enable-objc-interop -stack-check -sdk /Applications/Xcode-27.0.0-Release.Candidate.app/Contents/Developer/Platforms/WatchOS.platform/Developer/SDKs/WatchOS27.0.sdk -I /Users/admin/builder/spi-builder-workspace/.derivedData/Build/Products/Debug-watchos -Isystem /Applications/Xcode-27.0.0-Release.Candidate.app/Contents/Developer/Platforms/WatchOS.platform/Developer/usr/lib -F /Users/admin/builder/spi-builder-workspace/.derivedData/Build/Products/Debug-watchos -F /Applications/Xcode-27.0.0-Release.Candidate.app/Contents/Developer/Platforms/WatchOS.platform/Developer/Library/Frameworks -F /Applications/Xcode-27.0.0-Release.Candidate.app/Contents/Developer/Platforms/WatchOS.platform/Developer/SDKs/WatchOS27.0.sdk/Developer/Library/Frameworks -module-cache-path /Users/admin/builder/spi-builder-workspace/.derivedData/Build/Intermediates.noindex/SwiftExplicitPrecompiledModules -no-color-diagnostics -Xcc -fno-color-diagnostics -enable-testing -g -debug-info-format\=dwarf -dwarf-version\=4 -profile-generate -profile-coverage-mapping -swift-version 5 -Onone -D SWIFT_PACKAGE -D DEBUG -D SWIFT_MODULE_RESOURCE_BUNDLE_UNAVAILABLE -D Xcode -serialize-debugging-options -enable-experimental-feature StrictConcurrency -enable-experimental-feature DebugDescriptionMacro -empty-abi-descriptor -validate-clang-modules-once -clang-build-session-file /Users/admin/builder/spi-builder-workspace/.derivedData/ModuleCache.noindex/Session.modulevalidation -Xcc -working-directory -Xcc /Users/admin/builder/spi-builder-workspace/.swiftpm/xcode -enable-anonymous-context-mangled-names -file-compilation-dir /Users/admin/builder/spi-builder-workspace/.swiftpm/xcode -Xcc -D_LIBCPP_HARDENING_MODE\=_LIBCPP_HARDENING_MODE_DEBUG -Xcc -ivfsstatcache -Xcc /Users/admin/builder/spi-builder-workspace/.derivedData/SDKStatCaches.noindex/watchos27.0-24R360-e829b21a6f8c9b70876ba0858053c04477534ef55a1706bf4c1112bbb242f0a2.sdkstatcache -Xcc -fmodules-prune-interval\=86400 -Xcc -fmodules-prune-after\=345600 -Xcc -I/Users/admin/builder/spi-builder-workspace/.derivedData/Build/Products/Debug-watchos/include -Xcc -I/Users/admin/builder/spi-builder-workspace/.derivedData/Build/Intermediates.noindex/snap-core.build/Debug-watchos/SnapCore-t.build/DerivedSources-normal/arm64 -Xcc -I/Users/admin/builder/spi-builder-workspace/.derivedData/Build/Intermediates.noindex/snap-core.build/Debug-watchos/SnapCore-t.build/DerivedSources/arm64 -Xcc -I/Users/admin/builder/spi-builder-workspace/.derivedData/Build/Intermediates.noindex/snap-core.build/Debug-watchos/SnapCore-t.build/DerivedSources -Xcc -DSWIFT_PACKAGE -Xcc -DDEBUG\=1 -no-auto-bridging-header-chaining -module-name SnapCore -package-name spi_builder_workspace -const-gather-protocols-file /Users/admin/builder/spi-builder-workspace/.derivedData/Build/Intermediates.noindex/snap-core.build/Debug-watchos/SnapCore-t.build/Objects-normal/arm64/SnapCore_const_extract_protocols.json -disable-clang-spi -clang-target arm64-apple-watchos27.0 -target-sdk-version 27.0 -target-sdk-name watchos27.0 -in-process-plugin-server-path /Applications/Xcode-27.0.0-Release.Candidate.app/Contents/Developer/Toolchains/XcodeDefault.xctoolchain/usr/lib/swift/host/libSwiftInProcPluginServer.dylib -parse-as-library -o /Users/admin/builder/spi-builder-workspace/.derivedData/Build/Intermediates.noindex/snap-core.build/Debug-watchos/SnapCore-t.build/Objects-normal/arm64/EmptyNoSpaceView.o -o /Users/admin/builder/spi-builder-workspace/.derivedData/Build/Intermediates.noindex/snap-core.build/Debug-watchos/SnapCore-t.build/Objects-normal/arm64/PickerTapable.o -debug-module-path /Users/admin/builder/spi-builder-workspace/.derivedData/Build/Intermediates.noindex/snap-core.build/Debug-watchos/SnapCore-t.build/Objects-normal/arm64/SnapCore.swiftmodule -index-unit-output-path /snap-core.build/Debug-watchos/SnapCore-t.build/Objects-normal/arm64/EmptyNoSpaceView.o -index-unit-output-path /snap-core.build/Debug-watchos/SnapCore-t.build/Objects-normal/arm64/PickerTapable.o -index-store-path /Users/admin/builder/spi-builder-workspace/.derivedData/Index.noindex/DataStore -index-system-modules
SwiftCompile normal arm64 /Users/admin/builder/spi-builder-workspace/Sources/SnapCore/SwiftUI/Views/EmptyNoSpaceView.swift (in target 'SnapCore' from project 'snap-core')
cd /Users/admin/builder/spi-builder-workspace/.swiftpm/xcode
builtin-SwiftPerFileCompile EmptyNoSpaceView.swift
SwiftCompile normal arm64 /Users/admin/builder/spi-builder-workspace/Sources/SnapCore/SwiftUI/Views/PickerTapable.swift (in target 'SnapCore' from project 'snap-core')
cd /Users/admin/builder/spi-builder-workspace/.swiftpm/xcode
builtin-SwiftPerFileCompile PickerTapable.swift
SwiftCompile normal arm64 Compiling\ Angle+Codable.swift,\ UnitPoint+Codable.swift /Users/admin/builder/spi-builder-workspace/Sources/SnapCore/SwiftUI/Codable/Angle+Codable.swift /Users/admin/builder/spi-builder-workspace/Sources/SnapCore/SwiftUI/Codable/UnitPoint+Codable.swift (in target 'SnapCore' from project 'snap-core')
/Users/admin/builder/spi-builder-workspace/Sources/SnapCore/SwiftUI/Codable/Angle+Codable.swift:11:1: warning: extension declares a conformance of imported type 'Angle' to imported protocols 'Decodable', 'Encodable'; this will not behave correctly if the owners of 'SwiftUICore' introduce this conformance in the future
9 |
10 | /// Extends `Angle` to be `Codable`.
11 | extension Angle: Codable {
| |- warning: extension declares a conformance of imported type 'Angle' to imported protocols 'Decodable', 'Encodable'; this will not behave correctly if the owners of 'SwiftUICore' introduce this conformance in the future
| `- note: add '@retroactive' to silence this warning
12 |
13 | enum CodingKeys: CodingKey {
/Users/admin/builder/spi-builder-workspace/Sources/SnapCore/SwiftUI/Codable/UnitPoint+Codable.swift:11:1: warning: extension declares a conformance of imported type 'UnitPoint' to imported protocols 'Decodable', 'Encodable'; this will not behave correctly if the owners of 'SwiftUICore' introduce this conformance in the future
9 |
10 | /// Extends `UnitPoint` to be `Codable`.
11 | extension UnitPoint: Codable {
| |- warning: extension declares a conformance of imported type 'UnitPoint' to imported protocols 'Decodable', 'Encodable'; this will not behave correctly if the owners of 'SwiftUICore' introduce this conformance in the future
| `- note: add '@retroactive' to silence this warning
12 |
13 | enum CodingKeys: CodingKey {
SwiftCompile normal arm64 /Users/admin/builder/spi-builder-workspace/Sources/SnapCore/SwiftUI/Codable/Angle+Codable.swift (in target 'SnapCore' from project 'snap-core')
cd /Users/admin/builder/spi-builder-workspace/.swiftpm/xcode
builtin-SwiftPerFileCompile Angle+Codable.swift
SwiftCompile normal arm64 /Users/admin/builder/spi-builder-workspace/Sources/SnapCore/SwiftUI/Codable/UnitPoint+Codable.swift (in target 'SnapCore' from project 'snap-core')
cd /Users/admin/builder/spi-builder-workspace/.swiftpm/xcode
builtin-SwiftPerFileCompile UnitPoint+Codable.swift
SwiftCompile normal arm64 Compiling\ ScrollViewWith.swift,\ ScrollViewWithBottomView.swift /Users/admin/builder/spi-builder-workspace/Sources/SnapCore/SwiftUI/Views/ScrollViewWith.swift /Users/admin/builder/spi-builder-workspace/Sources/SnapCore/SwiftUI/Views/ScrollViewWithBottomView.swift (in target 'SnapCore' from project 'snap-core')
SwiftCompile normal arm64 /Users/admin/builder/spi-builder-workspace/Sources/SnapCore/SwiftUI/Views/ScrollViewWith.swift (in target 'SnapCore' from project 'snap-core')
cd /Users/admin/builder/spi-builder-workspace/.swiftpm/xcode
builtin-SwiftPerFileCompile ScrollViewWith.swift
SwiftCompile normal arm64 /Users/admin/builder/spi-builder-workspace/Sources/SnapCore/SwiftUI/Views/ScrollViewWithBottomView.swift (in target 'SnapCore' from project 'snap-core')
cd /Users/admin/builder/spi-builder-workspace/.swiftpm/xcode
builtin-SwiftPerFileCompile ScrollViewWithBottomView.swift
SwiftCompile normal arm64_32 Compiling\ WeakRef.swift,\ AnyLabelStyle.swift /Users/admin/builder/spi-builder-workspace/Sources/SnapCore/Swift/WeakRef.swift /Users/admin/builder/spi-builder-workspace/Sources/SnapCore/SwiftUI/AnyLabelStyle.swift (in target 'SnapCore' from project 'snap-core')
SwiftCompile normal arm64_32 /Users/admin/builder/spi-builder-workspace/Sources/SnapCore/Swift/WeakRef.swift (in target 'SnapCore' from project 'snap-core')
cd /Users/admin/builder/spi-builder-workspace/.swiftpm/xcode
builtin-SwiftPerFileCompile WeakRef.swift
SwiftCompile normal arm64_32 /Users/admin/builder/spi-builder-workspace/Sources/SnapCore/SwiftUI/AnyLabelStyle.swift (in target 'SnapCore' from project 'snap-core')
cd /Users/admin/builder/spi-builder-workspace/.swiftpm/xcode
builtin-SwiftPerFileCompile AnyLabelStyle.swift
SwiftCompile normal arm64_32 Compiling\ View+KeyboardPublisher.swift,\ ModalPresentation.swift /Users/admin/builder/spi-builder-workspace/Sources/SnapCore/SwiftUI/View+KeyboardPublisher.swift /Users/admin/builder/spi-builder-workspace/Sources/SnapCore/SwiftUI/ViewModifier/ModalPresentation.swift (in target 'SnapCore' from project 'snap-core')
/Users/admin/builder/spi-builder-workspace/Sources/SnapCore/SwiftUI/View+KeyboardPublisher.swift:31:22: error: 'UIResponder' is unavailable in watchOS
29 | NotificationCenter
30 | .default
31 | .publisher(for: UIResponder.keyboardWillShowNotification)
| `- error: 'UIResponder' is unavailable in watchOS
32 | .map { _ in true },
33 |
/Applications/Xcode-27.0.0-Release.Candidate.app/Contents/Developer/Platforms/WatchOS.platform/Developer/SDKs/WatchOS27.0.sdk/System/Library/Frameworks/UIKit.framework/Headers/UIResponder.h:82:12: note: 'UIResponder' has been explicitly marked unavailable here
80 |
81 | UIKIT_EXTERN API_AVAILABLE(ios(2.0)) API_UNAVAILABLE(watchos) NS_SWIFT_UI_ACTOR
82 | @interface UIResponder : NSObject <UIResponderStandardEditActions>
| `- note: 'UIResponder' has been explicitly marked unavailable here
83 |
84 | @property(nonatomic, readonly, nullable) UIResponder *nextResponder;
/Users/admin/builder/spi-builder-workspace/Sources/SnapCore/SwiftUI/View+KeyboardPublisher.swift:31:34: error: 'keyboardWillShowNotification' is unavailable in watchOS
29 | NotificationCenter
30 | .default
31 | .publisher(for: UIResponder.keyboardWillShowNotification)
| `- error: 'keyboardWillShowNotification' is unavailable in watchOS
32 | .map { _ in true },
33 |
/Applications/Xcode-27.0.0-Release.Candidate.app/Contents/Developer/Platforms/WatchOS.platform/Developer/SDKs/WatchOS27.0.sdk/System/Library/Frameworks/UIKit.framework/Headers/UIWindow.h:132:39: note: 'keyboardWillShowNotification' has been explicitly marked unavailable here
130 | // Use the various UICoordinateSpace convertRect facilities to get the frame in the desired coordinate system.
131 | // Animation key/value pairs are only available for the "will" family of notification.
132 | UIKIT_EXTERN NSNotificationName const UIKeyboardWillShowNotification API_UNAVAILABLE(tvos, watchos) NS_SWIFT_NONISOLATED;
| `- note: 'keyboardWillShowNotification' has been explicitly marked unavailable here
133 | UIKIT_EXTERN NSNotificationName const UIKeyboardDidShowNotification API_UNAVAILABLE(tvos, watchos) NS_SWIFT_NONISOLATED;
134 | UIKIT_EXTERN NSNotificationName const UIKeyboardWillHideNotification API_UNAVAILABLE(tvos, watchos) NS_SWIFT_NONISOLATED;
/Users/admin/builder/spi-builder-workspace/Sources/SnapCore/SwiftUI/View+KeyboardPublisher.swift:36:22: error: 'UIResponder' is unavailable in watchOS
34 | NotificationCenter
35 | .default
36 | .publisher(for: UIResponder.keyboardWillHideNotification)
| `- error: 'UIResponder' is unavailable in watchOS
37 | .map { _ in false }
38 | )
/Applications/Xcode-27.0.0-Release.Candidate.app/Contents/Developer/Platforms/WatchOS.platform/Developer/SDKs/WatchOS27.0.sdk/System/Library/Frameworks/UIKit.framework/Headers/UIResponder.h:82:12: note: 'UIResponder' has been explicitly marked unavailable here
80 |
81 | UIKIT_EXTERN API_AVAILABLE(ios(2.0)) API_UNAVAILABLE(watchos) NS_SWIFT_UI_ACTOR
82 | @interface UIResponder : NSObject <UIResponderStandardEditActions>
| `- note: 'UIResponder' has been explicitly marked unavailable here
83 |
84 | @property(nonatomic, readonly, nullable) UIResponder *nextResponder;
SwiftCompile normal arm64_32 /Users/admin/builder/spi-builder-workspace/Sources/SnapCore/SwiftUI/View+KeyboardPublisher.swift (in target 'SnapCore' from project 'snap-core')
cd /Users/admin/builder/spi-builder-workspace/.swiftpm/xcode
builtin-SwiftPerFileCompile View+KeyboardPublisher.swift
SwiftCompile normal arm64_32 /Users/admin/builder/spi-builder-workspace/Sources/SnapCore/SwiftUI/ViewModifier/ModalPresentation.swift (in target 'SnapCore' from project 'snap-core')
cd /Users/admin/builder/spi-builder-workspace/.swiftpm/xcode
builtin-SwiftPerFileCompile ModalPresentation.swift
SwiftEmitModule normal arm64_32 Emitting\ module\ for\ SnapCore (in target 'SnapCore' from project 'snap-core')
/Users/admin/builder/spi-builder-workspace/Sources/SnapCore/SwiftUI/Codable/Angle+Codable.swift:11:1: warning: extension declares a conformance of imported type 'Angle' to imported protocols 'Decodable', 'Encodable'; this will not behave correctly if the owners of 'SwiftUICore' introduce this conformance in the future
9 |
10 | /// Extends `Angle` to be `Codable`.
11 | extension Angle: Codable {
| |- warning: extension declares a conformance of imported type 'Angle' to imported protocols 'Decodable', 'Encodable'; this will not behave correctly if the owners of 'SwiftUICore' introduce this conformance in the future
| `- note: add '@retroactive' to silence this warning
12 |
13 | enum CodingKeys: CodingKey {
SwiftCompile normal arm64_32 (in target 'SnapCore' from project 'snap-core')
cd /Users/admin/builder/spi-builder-workspace/.swiftpm/xcode
SwiftCompile normal arm64_32 Compiling\ GeometryReader+PreferenceKey.swift,\ SystemColorScheme.swift /Users/admin/builder/spi-builder-workspace/Sources/SnapCore/SwiftUI/GeometryReader+PreferenceKey.swift /Users/admin/builder/spi-builder-workspace/Sources/SnapCore/SwiftUI/SystemTypeWrapper/SystemColorScheme.swift (in target 'SnapCore' from project 'snap-core')
SwiftCompile normal arm64_32 /Users/admin/builder/spi-builder-workspace/Sources/SnapCore/SwiftUI/GeometryReader+PreferenceKey.swift (in target 'SnapCore' from project 'snap-core')
cd /Users/admin/builder/spi-builder-workspace/.swiftpm/xcode
builtin-SwiftPerFileCompile GeometryReader+PreferenceKey.swift
SwiftCompile normal arm64_32 /Users/admin/builder/spi-builder-workspace/Sources/SnapCore/SwiftUI/SystemTypeWrapper/SystemColorScheme.swift (in target 'SnapCore' from project 'snap-core')
cd /Users/admin/builder/spi-builder-workspace/.swiftpm/xcode
builtin-SwiftPerFileCompile SystemColorScheme.swift
SwiftCompile normal arm64_32 Compiling\ View+FrameFill.swift,\ ViewModifierConditional.swift /Users/admin/builder/spi-builder-workspace/Sources/SnapCore/SwiftUI/ViewModifier/View+FrameFill.swift /Users/admin/builder/spi-builder-workspace/Sources/SnapCore/SwiftUI/ViewModifier/ViewModifierConditional.swift (in target 'SnapCore' from project 'snap-core')
SwiftCompile normal arm64_32 /Users/admin/builder/spi-builder-workspace/Sources/SnapCore/SwiftUI/ViewModifier/View+FrameFill.swift (in target 'SnapCore' from project 'snap-core')
cd /Users/admin/builder/spi-builder-workspace/.swiftpm/xcode
builtin-SwiftPerFileCompile View+FrameFill.swift
SwiftCompile normal arm64_32 /Users/admin/builder/spi-builder-workspace/Sources/SnapCore/SwiftUI/ViewModifier/ViewModifierConditional.swift (in target 'SnapCore' from project 'snap-core')
cd /Users/admin/builder/spi-builder-workspace/.swiftpm/xcode
builtin-SwiftPerFileCompile ViewModifierConditional.swift
SwiftDriverJobDiscovery normal arm64_32 Compiling WeakRef.swift, AnyLabelStyle.swift (in target 'SnapCore' from project 'snap-core')
SwiftCompile normal arm64_32 Compiling\ ToggleTapable.swift /Users/admin/builder/spi-builder-workspace/Sources/SnapCore/SwiftUI/Views/ToggleTapable.swift (in target 'SnapCore' from project 'snap-core')
SwiftCompile normal arm64_32 /Users/admin/builder/spi-builder-workspace/Sources/SnapCore/SwiftUI/Views/ToggleTapable.swift (in target 'SnapCore' from project 'snap-core')
cd /Users/admin/builder/spi-builder-workspace/.swiftpm/xcode
builtin-SwiftPerFileCompile ToggleTapable.swift
SwiftDriverJobDiscovery normal arm64 Compiling Angle+Codable.swift, UnitPoint+Codable.swift (in target 'SnapCore' from project 'snap-core')
SwiftCompile normal arm64 Compiling\ View+FrameFill.swift,\ ViewModifierConditional.swift /Users/admin/builder/spi-builder-workspace/Sources/SnapCore/SwiftUI/ViewModifier/View+FrameFill.swift /Users/admin/builder/spi-builder-workspace/Sources/SnapCore/SwiftUI/ViewModifier/ViewModifierConditional.swift (in target 'SnapCore' from project 'snap-core')
SwiftCompile normal arm64 /Users/admin/builder/spi-builder-workspace/Sources/SnapCore/SwiftUI/ViewModifier/View+FrameFill.swift (in target 'SnapCore' from project 'snap-core')
cd /Users/admin/builder/spi-builder-workspace/.swiftpm/xcode
builtin-SwiftPerFileCompile View+FrameFill.swift
SwiftCompile normal arm64 /Users/admin/builder/spi-builder-workspace/Sources/SnapCore/SwiftUI/ViewModifier/ViewModifierConditional.swift (in target 'SnapCore' from project 'snap-core')
cd /Users/admin/builder/spi-builder-workspace/.swiftpm/xcode
builtin-SwiftPerFileCompile ViewModifierConditional.swift
SwiftDriverJobDiscovery normal arm64_32 Compiling GeometryReader+PreferenceKey.swift, SystemColorScheme.swift (in target 'SnapCore' from project 'snap-core')
SwiftCompile normal arm64_32 Compiling\ EmptyNoSpaceView.swift,\ PickerTapable.swift /Users/admin/builder/spi-builder-workspace/Sources/SnapCore/SwiftUI/Views/EmptyNoSpaceView.swift /Users/admin/builder/spi-builder-workspace/Sources/SnapCore/SwiftUI/Views/PickerTapable.swift (in target 'SnapCore' from project 'snap-core')
SwiftCompile normal arm64_32 /Users/admin/builder/spi-builder-workspace/Sources/SnapCore/SwiftUI/Views/EmptyNoSpaceView.swift (in target 'SnapCore' from project 'snap-core')
cd /Users/admin/builder/spi-builder-workspace/.swiftpm/xcode
builtin-SwiftPerFileCompile EmptyNoSpaceView.swift
SwiftCompile normal arm64_32 /Users/admin/builder/spi-builder-workspace/Sources/SnapCore/SwiftUI/Views/PickerTapable.swift (in target 'SnapCore' from project 'snap-core')
cd /Users/admin/builder/spi-builder-workspace/.swiftpm/xcode
builtin-SwiftPerFileCompile PickerTapable.swift
PruneExplicitPrecompiledModules /Users/admin/builder/spi-builder-workspace/.derivedData/Build/Intermediates.noindex/ExplicitPrecompiledModules
PruneExplicitPrecompiledModules /Users/admin/builder/spi-builder-workspace/.derivedData/Build/Intermediates.noindex/SwiftExplicitPrecompiledModules
PruneExplicitPrecompiledModules /Users/admin/builder/spi-builder-workspace/.derivedData/SDKExplicitPrecompiledModules
2026-09-20 11:35:24.110 xcodebuild[818:4769] [MT] IDERunDestination: Supported platforms for the buildables in the current scheme is empty.
** BUILD FAILED **
The following build commands failed:
SwiftCompile normal arm64 Compiling\ EmptyNoSpaceView.swift,\ PickerTapable.swift /Users/admin/builder/spi-builder-workspace/Sources/SnapCore/SwiftUI/Views/EmptyNoSpaceView.swift /Users/admin/builder/spi-builder-workspace/Sources/SnapCore/SwiftUI/Views/PickerTapable.swift (in target 'SnapCore' from project 'snap-core')
SwiftCompile normal arm64 /Users/admin/builder/spi-builder-workspace/Sources/SnapCore/SwiftUI/Views/EmptyNoSpaceView.swift (in target 'SnapCore' from project 'snap-core')
SwiftCompile normal arm64 /Users/admin/builder/spi-builder-workspace/Sources/SnapCore/SwiftUI/Views/PickerTapable.swift (in target 'SnapCore' from project 'snap-core')
Building workspace snap-core with scheme snap-core
(4 failures)
BUILD FAILURE 6.4 watchOS