Build Information
Failed to build SDWebImagePDFCoder, reference 1.0.1 (2aecb0), with Swift 6.4 for tvOS using Xcode 27.0 on 19 Sep 2026 19:20:06 UTC.
Build Command
No build command. This typically means the build failed at an early stage where we determine the build command.Build Log
========================================
RunAll
========================================
Builder version: 5.1.0
Interrupt handler set up.
========================================
Checkout
========================================
Clone URL: https://github.com/SDWebImage/SDWebImagePDFCoder.git
Reference: 1.0.1
Initialized empty Git repository in /Users/admin/builder/spi-builder-workspace/.git/
From https://github.com/SDWebImage/SDWebImagePDFCoder
* tag 1.0.1 -> FETCH_HEAD
HEAD is now at 2aecb0a Bumped version to 1.0.1
Cloned https://github.com/SDWebImage/SDWebImagePDFCoder.git
Revision (git rev-parse @):
2aecb0a16e4d054c7f36a140f7feef6e1ede7bb6
SUCCESS checkout https://github.com/SDWebImage/SDWebImagePDFCoder.git at 1.0.1
========================================
Build
========================================
Selected platform: tvOS
Swift version: 6.4
Building package at path: $PWD
https://github.com/SDWebImage/SDWebImagePDFCoder.git
Command line invocation:
/Applications/Xcode-27.0.0-Release.Candidate.app/Contents/Developer/usr/bin/xcodebuild -IDEClonedSourcePackagesDirPathOverride=/Users/admin/builder/spi-builder-workspace/.dependencies -resolvePackageDependencies
2026-09-19 15:20:05.503 xcodebuild[529:3035] Writing error result bundle to /var/folders/xq/y_g06wb113726d38xsyx71_h0000gn/T/ResultBundle_2026-19-09_15-20-0005.xcresult
xcodebuild: error: The directory /Users/admin/builder/spi-builder-workspace contains 2 projects, including multiple projects with the current extension (.xcodeproj). Specify the project to use with the -project option.
Command line invocation:
/Applications/Xcode-27.0.0-Release.Candidate.app/Contents/Developer/usr/bin/xcodebuild -IDEClonedSourcePackagesDirPathOverride=/Users/admin/builder/spi-builder-workspace/.dependencies -resolvePackageDependencies
2026-09-19 15:20:06.466 xcodebuild[539:3130] Writing error result bundle to /var/folders/xq/y_g06wb113726d38xsyx71_h0000gn/T/ResultBundle_2026-19-09_15-20-0006.xcresult
xcodebuild: error: The directory /Users/admin/builder/spi-builder-workspace contains 2 projects, including multiple projects with the current extension (.xcodeproj). Specify the project to use with the -project option.
BUILD FAILURE 6.4 tvOS