The Swift Package Index logo.Swift Package Index

Build Information

Failed to build ViewInspector, reference 0.10.5 (2dacb6), with Swift 6.1 for macOS (SPM) on 3 Oct 2026 19:48:55 UTC.

Build Command

env DEVELOPER_DIR=/Applications/Xcode-16.3.0.app xcrun swift build --arch arm64

Build Log

247 |
248 | @available(iOS 14.0, macOS 11.0, tvOS 14.0, watchOS 7.0, *)
249 | extension ToolbarItemPlacement: BinaryEquatable { }
    | |- warning: extension declares a conformance of imported type 'ToolbarItemPlacement' to imported protocol 'Equatable'; this will not behave correctly if the owners of 'SwiftUI' introduce this conformance in the future
    | `- note: add '@retroactive' to silence this warning
250 |
/Users/admin/builder/spi-builder-workspace/Sources/ViewInspector/SwiftUI/VideoPlayer.swift:86:10: warning: main actor-isolated instance method 'view()' cannot be used to satisfy nonisolated requirement from protocol 'SingleViewProvider'; this is an error in the Swift 6 language mode
83 |
84 | @available(iOS 14.0, macOS 11.0, tvOS 14.0, watchOS 7.0, *)
85 | extension VideoPlayer: SingleViewProvider {
   |                        `- note: add '@preconcurrency' to the 'SingleViewProvider' conformance to defer isolation checking to run time
86 |     func view() throws -> Any {
   |          |- warning: main actor-isolated instance method 'view()' cannot be used to satisfy nonisolated requirement from protocol 'SingleViewProvider'; this is an error in the Swift 6 language mode
   |          `- note: add 'nonisolated' to 'view()' to make this instance method not isolated to the actor
87 |         return try Inspector.attribute(
88 |             path: "configuration|videoOverlay", value: self)
/Users/admin/builder/spi-builder-workspace/Sources/ViewInspector/BaseTypes.swift:328:10: note: mark the protocol requirement 'view()' 'async' to allow actor-isolated conformances
326 | @available(iOS 13.0, macOS 10.15, tvOS 13.0, *)
327 | internal protocol SingleViewProvider {
328 |     func view() throws -> Any
    |          `- note: mark the protocol requirement 'view()' 'async' to allow actor-isolated conformances
329 | }
330 |
/Users/admin/builder/spi-builder-workspace/Sources/ViewInspector/ViewHosting.swift:38:19: warning: 'host(_:size:function:whileHosted:)' is deprecated: Use `host` version that doesn't supply the view in the `whileHosted` closure. See: https://github.com/nalexn/ViewInspector/discussions/354
 36 |                         whileHosted: @MainActor () async throws -> Void
 37 |     ) async throws where V: View {
 38 |         try await host(view, size: size, function: function, whileHosted: { _ in
    |                   `- warning: 'host(_:size:function:whileHosted:)' is deprecated: Use `host` version that doesn't supply the view in the `whileHosted` closure. See: https://github.com/nalexn/ViewInspector/discussions/354
 39 |             try await whileHosted()
 40 |         })
/Users/admin/builder/spi-builder-workspace/Sources/ViewInspector/ViewHosting.swift:139:26: warning: type 'Content.Medium' does not conform to the 'Sendable' protocol; this is an error in the Swift 6 language mode
137 |         return hosted[viewId]?.medium ?? .empty
138 |         #else
139 |         return MainActor.assumeIsolated {
    |                          `- warning: type 'Content.Medium' does not conform to the 'Sendable' protocol; this is an error in the Swift 6 language mode
140 |             hosted[viewId]?.medium ?? .empty
141 |         }
/Users/admin/builder/spi-builder-workspace/Sources/ViewInspector/BaseTypes.swift:168:12: note: consider making struct 'Medium' conform to the 'Sendable' protocol
166 | @available(iOS 13.0, macOS 10.15, tvOS 13.0, *)
167 | internal extension Content {
168 |     struct Medium {
    |            `- note: consider making struct 'Medium' conform to the 'Sendable' protocol
169 |         let viewModifiers: [Any]
170 |         let transitiveViewModifiers: [Any]
/Users/admin/builder/spi-builder-workspace/Sources/ViewInspector/ViewSearch.swift:272:30: warning: type 'InspectableView<ViewType.ClassifiedView>' does not conform to the 'Sendable' protocol; this is an error in the Swift 6 language mode
270 |     ) throws -> InspectableView<ViewType.ClassifiedView> {
271 |         precondition(skipFound >= 0)
272 |         return try MainActor.assumeIsolated {
    |                              `- warning: type 'InspectableView<ViewType.ClassifiedView>' does not conform to the 'Sendable' protocol; this is an error in the Swift 6 language mode
273 |             try isolatedFind(relation: relation, traversal: traversal, skipFound: skipFound, where: condition)
274 |         }
/Users/admin/builder/spi-builder-workspace/Sources/ViewInspector/InspectableView.swift:12:15: note: consider making generic struct 'InspectableView' conform to the 'Sendable' protocol
 10 | @MainActor
 11 | #endif
 12 | public struct InspectableView<View> where View: BaseViewType {
    |               `- note: consider making generic struct 'InspectableView' conform to the 'Sendable' protocol
 13 |
 14 |     internal let content: Content
/Users/admin/builder/spi-builder-workspace/Sources/ViewInspector/ViewSearch.swift:338:26: warning: type 'InspectableView<ViewType.ClassifiedView>' does not conform to the 'Sendable' protocol; this is an error in the Swift 6 language mode
336 |      */
337 |     func findAll(where condition: ViewSearch.Condition) -> [InspectableView<ViewType.ClassifiedView>] {
338 |         return MainActor.assumeIsolated {
    |                          `- warning: type 'InspectableView<ViewType.ClassifiedView>' does not conform to the 'Sendable' protocol; this is an error in the Swift 6 language mode
339 |             isolatedFindAll(where: condition)
340 |         }
/Users/admin/builder/spi-builder-workspace/Sources/ViewInspector/InspectableView.swift:12:15: note: consider making generic struct 'InspectableView' conform to the 'Sendable' protocol
 10 | @MainActor
 11 | #endif
 12 | public struct InspectableView<View> where View: BaseViewType {
    |               `- note: consider making generic struct 'InspectableView' conform to the 'Sendable' protocol
 13 |
 14 |     internal let content: Content
/Users/admin/builder/spi-builder-workspace/Sources/ViewInspector/ViewHosting.swift:46:24: warning: sending 'view' risks causing data races; this is an error in the Swift 6 language mode
 44 |         let viewId = ViewId(function: function)
 45 |         MainActor.assumeIsolated {
 46 |             host(view: view, size: size, viewId: viewId)
    |                        |- warning: sending 'view' risks causing data races; this is an error in the Swift 6 language mode
    |                        `- note: task-isolated 'view' is captured by a main actor-isolated closure. main actor-isolated uses in closure may race against later nonisolated uses
 47 |         }
 48 |     }
/Users/admin/builder/spi-builder-workspace/Sources/ViewInspector/ViewSearch.swift:273:17: warning: sending 'self' risks causing data races; this is an error in the Swift 6 language mode
271 |         precondition(skipFound >= 0)
272 |         return try MainActor.assumeIsolated {
273 |             try isolatedFind(relation: relation, traversal: traversal, skipFound: skipFound, where: condition)
    |                 |- warning: sending 'self' risks causing data races; this is an error in the Swift 6 language mode
    |                 `- note: task-isolated 'self' is captured by a main actor-isolated closure. main actor-isolated uses in closure may race against later nonisolated uses
274 |         }
275 |     }
/Users/admin/builder/spi-builder-workspace/Sources/ViewInspector/ViewSearch.swift:273:101: warning: sending 'condition' risks causing data races; this is an error in the Swift 6 language mode
271 |         precondition(skipFound >= 0)
272 |         return try MainActor.assumeIsolated {
273 |             try isolatedFind(relation: relation, traversal: traversal, skipFound: skipFound, where: condition)
    |                                                                                                     |- warning: sending 'condition' risks causing data races; this is an error in the Swift 6 language mode
    |                                                                                                     `- note: task-isolated 'condition' is captured by a main actor-isolated closure. main actor-isolated uses in closure may race against later nonisolated uses
274 |         }
275 |     }
/Users/admin/builder/spi-builder-workspace/Sources/ViewInspector/ViewSearch.swift:339:13: warning: sending 'self' risks causing data races; this is an error in the Swift 6 language mode
337 |     func findAll(where condition: ViewSearch.Condition) -> [InspectableView<ViewType.ClassifiedView>] {
338 |         return MainActor.assumeIsolated {
339 |             isolatedFindAll(where: condition)
    |             |- warning: sending 'self' risks causing data races; this is an error in the Swift 6 language mode
    |             `- note: task-isolated 'self' is captured by a main actor-isolated closure. main actor-isolated uses in closure may race against later nonisolated uses
340 |         }
341 |     }
/Users/admin/builder/spi-builder-workspace/Sources/ViewInspector/ViewSearch.swift:339:36: warning: sending 'condition' risks causing data races; this is an error in the Swift 6 language mode
337 |     func findAll(where condition: ViewSearch.Condition) -> [InspectableView<ViewType.ClassifiedView>] {
338 |         return MainActor.assumeIsolated {
339 |             isolatedFindAll(where: condition)
    |                                    |- warning: sending 'condition' risks causing data races; this is an error in the Swift 6 language mode
    |                                    `- note: task-isolated 'condition' is captured by a main actor-isolated closure. main actor-isolated uses in closure may race against later nonisolated uses
340 |         }
341 |     }
[128/134] Compiling ViewInspector VStack.swift
/Users/admin/builder/spi-builder-workspace/Sources/ViewInspector/SwiftUI/Toolbar.swift:249:1: warning: extension declares a conformance of imported type 'ToolbarItemPlacement' to imported protocol 'Equatable'; this will not behave correctly if the owners of 'SwiftUI' introduce this conformance in the future
247 |
248 | @available(iOS 14.0, macOS 11.0, tvOS 14.0, watchOS 7.0, *)
249 | extension ToolbarItemPlacement: BinaryEquatable { }
    | |- warning: extension declares a conformance of imported type 'ToolbarItemPlacement' to imported protocol 'Equatable'; this will not behave correctly if the owners of 'SwiftUI' introduce this conformance in the future
    | `- note: add '@retroactive' to silence this warning
250 |
/Users/admin/builder/spi-builder-workspace/Sources/ViewInspector/SwiftUI/VideoPlayer.swift:86:10: warning: main actor-isolated instance method 'view()' cannot be used to satisfy nonisolated requirement from protocol 'SingleViewProvider'; this is an error in the Swift 6 language mode
83 |
84 | @available(iOS 14.0, macOS 11.0, tvOS 14.0, watchOS 7.0, *)
85 | extension VideoPlayer: SingleViewProvider {
   |                        `- note: add '@preconcurrency' to the 'SingleViewProvider' conformance to defer isolation checking to run time
86 |     func view() throws -> Any {
   |          |- warning: main actor-isolated instance method 'view()' cannot be used to satisfy nonisolated requirement from protocol 'SingleViewProvider'; this is an error in the Swift 6 language mode
   |          `- note: add 'nonisolated' to 'view()' to make this instance method not isolated to the actor
87 |         return try Inspector.attribute(
88 |             path: "configuration|videoOverlay", value: self)
/Users/admin/builder/spi-builder-workspace/Sources/ViewInspector/BaseTypes.swift:328:10: note: mark the protocol requirement 'view()' 'async' to allow actor-isolated conformances
326 | @available(iOS 13.0, macOS 10.15, tvOS 13.0, *)
327 | internal protocol SingleViewProvider {
328 |     func view() throws -> Any
    |          `- note: mark the protocol requirement 'view()' 'async' to allow actor-isolated conformances
329 | }
330 |
/Users/admin/builder/spi-builder-workspace/Sources/ViewInspector/ViewHosting.swift:38:19: warning: 'host(_:size:function:whileHosted:)' is deprecated: Use `host` version that doesn't supply the view in the `whileHosted` closure. See: https://github.com/nalexn/ViewInspector/discussions/354
 36 |                         whileHosted: @MainActor () async throws -> Void
 37 |     ) async throws where V: View {
 38 |         try await host(view, size: size, function: function, whileHosted: { _ in
    |                   `- warning: 'host(_:size:function:whileHosted:)' is deprecated: Use `host` version that doesn't supply the view in the `whileHosted` closure. See: https://github.com/nalexn/ViewInspector/discussions/354
 39 |             try await whileHosted()
 40 |         })
/Users/admin/builder/spi-builder-workspace/Sources/ViewInspector/ViewHosting.swift:139:26: warning: type 'Content.Medium' does not conform to the 'Sendable' protocol; this is an error in the Swift 6 language mode
137 |         return hosted[viewId]?.medium ?? .empty
138 |         #else
139 |         return MainActor.assumeIsolated {
    |                          `- warning: type 'Content.Medium' does not conform to the 'Sendable' protocol; this is an error in the Swift 6 language mode
140 |             hosted[viewId]?.medium ?? .empty
141 |         }
/Users/admin/builder/spi-builder-workspace/Sources/ViewInspector/BaseTypes.swift:168:12: note: consider making struct 'Medium' conform to the 'Sendable' protocol
166 | @available(iOS 13.0, macOS 10.15, tvOS 13.0, *)
167 | internal extension Content {
168 |     struct Medium {
    |            `- note: consider making struct 'Medium' conform to the 'Sendable' protocol
169 |         let viewModifiers: [Any]
170 |         let transitiveViewModifiers: [Any]
/Users/admin/builder/spi-builder-workspace/Sources/ViewInspector/ViewSearch.swift:272:30: warning: type 'InspectableView<ViewType.ClassifiedView>' does not conform to the 'Sendable' protocol; this is an error in the Swift 6 language mode
270 |     ) throws -> InspectableView<ViewType.ClassifiedView> {
271 |         precondition(skipFound >= 0)
272 |         return try MainActor.assumeIsolated {
    |                              `- warning: type 'InspectableView<ViewType.ClassifiedView>' does not conform to the 'Sendable' protocol; this is an error in the Swift 6 language mode
273 |             try isolatedFind(relation: relation, traversal: traversal, skipFound: skipFound, where: condition)
274 |         }
/Users/admin/builder/spi-builder-workspace/Sources/ViewInspector/InspectableView.swift:12:15: note: consider making generic struct 'InspectableView' conform to the 'Sendable' protocol
 10 | @MainActor
 11 | #endif
 12 | public struct InspectableView<View> where View: BaseViewType {
    |               `- note: consider making generic struct 'InspectableView' conform to the 'Sendable' protocol
 13 |
 14 |     internal let content: Content
/Users/admin/builder/spi-builder-workspace/Sources/ViewInspector/ViewSearch.swift:338:26: warning: type 'InspectableView<ViewType.ClassifiedView>' does not conform to the 'Sendable' protocol; this is an error in the Swift 6 language mode
336 |      */
337 |     func findAll(where condition: ViewSearch.Condition) -> [InspectableView<ViewType.ClassifiedView>] {
338 |         return MainActor.assumeIsolated {
    |                          `- warning: type 'InspectableView<ViewType.ClassifiedView>' does not conform to the 'Sendable' protocol; this is an error in the Swift 6 language mode
339 |             isolatedFindAll(where: condition)
340 |         }
/Users/admin/builder/spi-builder-workspace/Sources/ViewInspector/InspectableView.swift:12:15: note: consider making generic struct 'InspectableView' conform to the 'Sendable' protocol
 10 | @MainActor
 11 | #endif
 12 | public struct InspectableView<View> where View: BaseViewType {
    |               `- note: consider making generic struct 'InspectableView' conform to the 'Sendable' protocol
 13 |
 14 |     internal let content: Content
/Users/admin/builder/spi-builder-workspace/Sources/ViewInspector/ViewHosting.swift:46:24: warning: sending 'view' risks causing data races; this is an error in the Swift 6 language mode
 44 |         let viewId = ViewId(function: function)
 45 |         MainActor.assumeIsolated {
 46 |             host(view: view, size: size, viewId: viewId)
    |                        |- warning: sending 'view' risks causing data races; this is an error in the Swift 6 language mode
    |                        `- note: task-isolated 'view' is captured by a main actor-isolated closure. main actor-isolated uses in closure may race against later nonisolated uses
 47 |         }
 48 |     }
/Users/admin/builder/spi-builder-workspace/Sources/ViewInspector/ViewSearch.swift:273:17: warning: sending 'self' risks causing data races; this is an error in the Swift 6 language mode
271 |         precondition(skipFound >= 0)
272 |         return try MainActor.assumeIsolated {
273 |             try isolatedFind(relation: relation, traversal: traversal, skipFound: skipFound, where: condition)
    |                 |- warning: sending 'self' risks causing data races; this is an error in the Swift 6 language mode
    |                 `- note: task-isolated 'self' is captured by a main actor-isolated closure. main actor-isolated uses in closure may race against later nonisolated uses
274 |         }
275 |     }
/Users/admin/builder/spi-builder-workspace/Sources/ViewInspector/ViewSearch.swift:273:101: warning: sending 'condition' risks causing data races; this is an error in the Swift 6 language mode
271 |         precondition(skipFound >= 0)
272 |         return try MainActor.assumeIsolated {
273 |             try isolatedFind(relation: relation, traversal: traversal, skipFound: skipFound, where: condition)
    |                                                                                                     |- warning: sending 'condition' risks causing data races; this is an error in the Swift 6 language mode
    |                                                                                                     `- note: task-isolated 'condition' is captured by a main actor-isolated closure. main actor-isolated uses in closure may race against later nonisolated uses
274 |         }
275 |     }
/Users/admin/builder/spi-builder-workspace/Sources/ViewInspector/ViewSearch.swift:339:13: warning: sending 'self' risks causing data races; this is an error in the Swift 6 language mode
337 |     func findAll(where condition: ViewSearch.Condition) -> [InspectableView<ViewType.ClassifiedView>] {
338 |         return MainActor.assumeIsolated {
339 |             isolatedFindAll(where: condition)
    |             |- warning: sending 'self' risks causing data races; this is an error in the Swift 6 language mode
    |             `- note: task-isolated 'self' is captured by a main actor-isolated closure. main actor-isolated uses in closure may race against later nonisolated uses
340 |         }
341 |     }
/Users/admin/builder/spi-builder-workspace/Sources/ViewInspector/ViewSearch.swift:339:36: warning: sending 'condition' risks causing data races; this is an error in the Swift 6 language mode
337 |     func findAll(where condition: ViewSearch.Condition) -> [InspectableView<ViewType.ClassifiedView>] {
338 |         return MainActor.assumeIsolated {
339 |             isolatedFindAll(where: condition)
    |                                    |- warning: sending 'condition' risks causing data races; this is an error in the Swift 6 language mode
    |                                    `- note: task-isolated 'condition' is captured by a main actor-isolated closure. main actor-isolated uses in closure may race against later nonisolated uses
340 |         }
341 |     }
[129/134] Compiling ViewInspector VideoPlayer.swift
/Users/admin/builder/spi-builder-workspace/Sources/ViewInspector/SwiftUI/Toolbar.swift:249:1: warning: extension declares a conformance of imported type 'ToolbarItemPlacement' to imported protocol 'Equatable'; this will not behave correctly if the owners of 'SwiftUI' introduce this conformance in the future
247 |
248 | @available(iOS 14.0, macOS 11.0, tvOS 14.0, watchOS 7.0, *)
249 | extension ToolbarItemPlacement: BinaryEquatable { }
    | |- warning: extension declares a conformance of imported type 'ToolbarItemPlacement' to imported protocol 'Equatable'; this will not behave correctly if the owners of 'SwiftUI' introduce this conformance in the future
    | `- note: add '@retroactive' to silence this warning
250 |
/Users/admin/builder/spi-builder-workspace/Sources/ViewInspector/SwiftUI/VideoPlayer.swift:86:10: warning: main actor-isolated instance method 'view()' cannot be used to satisfy nonisolated requirement from protocol 'SingleViewProvider'; this is an error in the Swift 6 language mode
83 |
84 | @available(iOS 14.0, macOS 11.0, tvOS 14.0, watchOS 7.0, *)
85 | extension VideoPlayer: SingleViewProvider {
   |                        `- note: add '@preconcurrency' to the 'SingleViewProvider' conformance to defer isolation checking to run time
86 |     func view() throws -> Any {
   |          |- warning: main actor-isolated instance method 'view()' cannot be used to satisfy nonisolated requirement from protocol 'SingleViewProvider'; this is an error in the Swift 6 language mode
   |          `- note: add 'nonisolated' to 'view()' to make this instance method not isolated to the actor
87 |         return try Inspector.attribute(
88 |             path: "configuration|videoOverlay", value: self)
/Users/admin/builder/spi-builder-workspace/Sources/ViewInspector/BaseTypes.swift:328:10: note: mark the protocol requirement 'view()' 'async' to allow actor-isolated conformances
326 | @available(iOS 13.0, macOS 10.15, tvOS 13.0, *)
327 | internal protocol SingleViewProvider {
328 |     func view() throws -> Any
    |          `- note: mark the protocol requirement 'view()' 'async' to allow actor-isolated conformances
329 | }
330 |
/Users/admin/builder/spi-builder-workspace/Sources/ViewInspector/ViewHosting.swift:38:19: warning: 'host(_:size:function:whileHosted:)' is deprecated: Use `host` version that doesn't supply the view in the `whileHosted` closure. See: https://github.com/nalexn/ViewInspector/discussions/354
 36 |                         whileHosted: @MainActor () async throws -> Void
 37 |     ) async throws where V: View {
 38 |         try await host(view, size: size, function: function, whileHosted: { _ in
    |                   `- warning: 'host(_:size:function:whileHosted:)' is deprecated: Use `host` version that doesn't supply the view in the `whileHosted` closure. See: https://github.com/nalexn/ViewInspector/discussions/354
 39 |             try await whileHosted()
 40 |         })
/Users/admin/builder/spi-builder-workspace/Sources/ViewInspector/ViewHosting.swift:139:26: warning: type 'Content.Medium' does not conform to the 'Sendable' protocol; this is an error in the Swift 6 language mode
137 |         return hosted[viewId]?.medium ?? .empty
138 |         #else
139 |         return MainActor.assumeIsolated {
    |                          `- warning: type 'Content.Medium' does not conform to the 'Sendable' protocol; this is an error in the Swift 6 language mode
140 |             hosted[viewId]?.medium ?? .empty
141 |         }
/Users/admin/builder/spi-builder-workspace/Sources/ViewInspector/BaseTypes.swift:168:12: note: consider making struct 'Medium' conform to the 'Sendable' protocol
166 | @available(iOS 13.0, macOS 10.15, tvOS 13.0, *)
167 | internal extension Content {
168 |     struct Medium {
    |            `- note: consider making struct 'Medium' conform to the 'Sendable' protocol
169 |         let viewModifiers: [Any]
170 |         let transitiveViewModifiers: [Any]
/Users/admin/builder/spi-builder-workspace/Sources/ViewInspector/ViewSearch.swift:272:30: warning: type 'InspectableView<ViewType.ClassifiedView>' does not conform to the 'Sendable' protocol; this is an error in the Swift 6 language mode
270 |     ) throws -> InspectableView<ViewType.ClassifiedView> {
271 |         precondition(skipFound >= 0)
272 |         return try MainActor.assumeIsolated {
    |                              `- warning: type 'InspectableView<ViewType.ClassifiedView>' does not conform to the 'Sendable' protocol; this is an error in the Swift 6 language mode
273 |             try isolatedFind(relation: relation, traversal: traversal, skipFound: skipFound, where: condition)
274 |         }
/Users/admin/builder/spi-builder-workspace/Sources/ViewInspector/InspectableView.swift:12:15: note: consider making generic struct 'InspectableView' conform to the 'Sendable' protocol
 10 | @MainActor
 11 | #endif
 12 | public struct InspectableView<View> where View: BaseViewType {
    |               `- note: consider making generic struct 'InspectableView' conform to the 'Sendable' protocol
 13 |
 14 |     internal let content: Content
/Users/admin/builder/spi-builder-workspace/Sources/ViewInspector/ViewSearch.swift:338:26: warning: type 'InspectableView<ViewType.ClassifiedView>' does not conform to the 'Sendable' protocol; this is an error in the Swift 6 language mode
336 |      */
337 |     func findAll(where condition: ViewSearch.Condition) -> [InspectableView<ViewType.ClassifiedView>] {
338 |         return MainActor.assumeIsolated {
    |                          `- warning: type 'InspectableView<ViewType.ClassifiedView>' does not conform to the 'Sendable' protocol; this is an error in the Swift 6 language mode
339 |             isolatedFindAll(where: condition)
340 |         }
/Users/admin/builder/spi-builder-workspace/Sources/ViewInspector/InspectableView.swift:12:15: note: consider making generic struct 'InspectableView' conform to the 'Sendable' protocol
 10 | @MainActor
 11 | #endif
 12 | public struct InspectableView<View> where View: BaseViewType {
    |               `- note: consider making generic struct 'InspectableView' conform to the 'Sendable' protocol
 13 |
 14 |     internal let content: Content
/Users/admin/builder/spi-builder-workspace/Sources/ViewInspector/ViewHosting.swift:46:24: warning: sending 'view' risks causing data races; this is an error in the Swift 6 language mode
 44 |         let viewId = ViewId(function: function)
 45 |         MainActor.assumeIsolated {
 46 |             host(view: view, size: size, viewId: viewId)
    |                        |- warning: sending 'view' risks causing data races; this is an error in the Swift 6 language mode
    |                        `- note: task-isolated 'view' is captured by a main actor-isolated closure. main actor-isolated uses in closure may race against later nonisolated uses
 47 |         }
 48 |     }
/Users/admin/builder/spi-builder-workspace/Sources/ViewInspector/ViewSearch.swift:273:17: warning: sending 'self' risks causing data races; this is an error in the Swift 6 language mode
271 |         precondition(skipFound >= 0)
272 |         return try MainActor.assumeIsolated {
273 |             try isolatedFind(relation: relation, traversal: traversal, skipFound: skipFound, where: condition)
    |                 |- warning: sending 'self' risks causing data races; this is an error in the Swift 6 language mode
    |                 `- note: task-isolated 'self' is captured by a main actor-isolated closure. main actor-isolated uses in closure may race against later nonisolated uses
274 |         }
275 |     }
/Users/admin/builder/spi-builder-workspace/Sources/ViewInspector/ViewSearch.swift:273:101: warning: sending 'condition' risks causing data races; this is an error in the Swift 6 language mode
271 |         precondition(skipFound >= 0)
272 |         return try MainActor.assumeIsolated {
273 |             try isolatedFind(relation: relation, traversal: traversal, skipFound: skipFound, where: condition)
    |                                                                                                     |- warning: sending 'condition' risks causing data races; this is an error in the Swift 6 language mode
    |                                                                                                     `- note: task-isolated 'condition' is captured by a main actor-isolated closure. main actor-isolated uses in closure may race against later nonisolated uses
274 |         }
275 |     }
/Users/admin/builder/spi-builder-workspace/Sources/ViewInspector/ViewSearch.swift:339:13: warning: sending 'self' risks causing data races; this is an error in the Swift 6 language mode
337 |     func findAll(where condition: ViewSearch.Condition) -> [InspectableView<ViewType.ClassifiedView>] {
338 |         return MainActor.assumeIsolated {
339 |             isolatedFindAll(where: condition)
    |             |- warning: sending 'self' risks causing data races; this is an error in the Swift 6 language mode
    |             `- note: task-isolated 'self' is captured by a main actor-isolated closure. main actor-isolated uses in closure may race against later nonisolated uses
340 |         }
341 |     }
/Users/admin/builder/spi-builder-workspace/Sources/ViewInspector/ViewSearch.swift:339:36: warning: sending 'condition' risks causing data races; this is an error in the Swift 6 language mode
337 |     func findAll(where condition: ViewSearch.Condition) -> [InspectableView<ViewType.ClassifiedView>] {
338 |         return MainActor.assumeIsolated {
339 |             isolatedFindAll(where: condition)
    |                                    |- warning: sending 'condition' risks causing data races; this is an error in the Swift 6 language mode
    |                                    `- note: task-isolated 'condition' is captured by a main actor-isolated closure. main actor-isolated uses in closure may race against later nonisolated uses
340 |         }
341 |     }
[130/134] Compiling ViewInspector ViewThatFits.swift
/Users/admin/builder/spi-builder-workspace/Sources/ViewInspector/SwiftUI/Toolbar.swift:249:1: warning: extension declares a conformance of imported type 'ToolbarItemPlacement' to imported protocol 'Equatable'; this will not behave correctly if the owners of 'SwiftUI' introduce this conformance in the future
247 |
248 | @available(iOS 14.0, macOS 11.0, tvOS 14.0, watchOS 7.0, *)
249 | extension ToolbarItemPlacement: BinaryEquatable { }
    | |- warning: extension declares a conformance of imported type 'ToolbarItemPlacement' to imported protocol 'Equatable'; this will not behave correctly if the owners of 'SwiftUI' introduce this conformance in the future
    | `- note: add '@retroactive' to silence this warning
250 |
/Users/admin/builder/spi-builder-workspace/Sources/ViewInspector/SwiftUI/VideoPlayer.swift:86:10: warning: main actor-isolated instance method 'view()' cannot be used to satisfy nonisolated requirement from protocol 'SingleViewProvider'; this is an error in the Swift 6 language mode
83 |
84 | @available(iOS 14.0, macOS 11.0, tvOS 14.0, watchOS 7.0, *)
85 | extension VideoPlayer: SingleViewProvider {
   |                        `- note: add '@preconcurrency' to the 'SingleViewProvider' conformance to defer isolation checking to run time
86 |     func view() throws -> Any {
   |          |- warning: main actor-isolated instance method 'view()' cannot be used to satisfy nonisolated requirement from protocol 'SingleViewProvider'; this is an error in the Swift 6 language mode
   |          `- note: add 'nonisolated' to 'view()' to make this instance method not isolated to the actor
87 |         return try Inspector.attribute(
88 |             path: "configuration|videoOverlay", value: self)
/Users/admin/builder/spi-builder-workspace/Sources/ViewInspector/BaseTypes.swift:328:10: note: mark the protocol requirement 'view()' 'async' to allow actor-isolated conformances
326 | @available(iOS 13.0, macOS 10.15, tvOS 13.0, *)
327 | internal protocol SingleViewProvider {
328 |     func view() throws -> Any
    |          `- note: mark the protocol requirement 'view()' 'async' to allow actor-isolated conformances
329 | }
330 |
/Users/admin/builder/spi-builder-workspace/Sources/ViewInspector/ViewHosting.swift:38:19: warning: 'host(_:size:function:whileHosted:)' is deprecated: Use `host` version that doesn't supply the view in the `whileHosted` closure. See: https://github.com/nalexn/ViewInspector/discussions/354
 36 |                         whileHosted: @MainActor () async throws -> Void
 37 |     ) async throws where V: View {
 38 |         try await host(view, size: size, function: function, whileHosted: { _ in
    |                   `- warning: 'host(_:size:function:whileHosted:)' is deprecated: Use `host` version that doesn't supply the view in the `whileHosted` closure. See: https://github.com/nalexn/ViewInspector/discussions/354
 39 |             try await whileHosted()
 40 |         })
/Users/admin/builder/spi-builder-workspace/Sources/ViewInspector/ViewHosting.swift:139:26: warning: type 'Content.Medium' does not conform to the 'Sendable' protocol; this is an error in the Swift 6 language mode
137 |         return hosted[viewId]?.medium ?? .empty
138 |         #else
139 |         return MainActor.assumeIsolated {
    |                          `- warning: type 'Content.Medium' does not conform to the 'Sendable' protocol; this is an error in the Swift 6 language mode
140 |             hosted[viewId]?.medium ?? .empty
141 |         }
/Users/admin/builder/spi-builder-workspace/Sources/ViewInspector/BaseTypes.swift:168:12: note: consider making struct 'Medium' conform to the 'Sendable' protocol
166 | @available(iOS 13.0, macOS 10.15, tvOS 13.0, *)
167 | internal extension Content {
168 |     struct Medium {
    |            `- note: consider making struct 'Medium' conform to the 'Sendable' protocol
169 |         let viewModifiers: [Any]
170 |         let transitiveViewModifiers: [Any]
/Users/admin/builder/spi-builder-workspace/Sources/ViewInspector/ViewSearch.swift:272:30: warning: type 'InspectableView<ViewType.ClassifiedView>' does not conform to the 'Sendable' protocol; this is an error in the Swift 6 language mode
270 |     ) throws -> InspectableView<ViewType.ClassifiedView> {
271 |         precondition(skipFound >= 0)
272 |         return try MainActor.assumeIsolated {
    |                              `- warning: type 'InspectableView<ViewType.ClassifiedView>' does not conform to the 'Sendable' protocol; this is an error in the Swift 6 language mode
273 |             try isolatedFind(relation: relation, traversal: traversal, skipFound: skipFound, where: condition)
274 |         }
/Users/admin/builder/spi-builder-workspace/Sources/ViewInspector/InspectableView.swift:12:15: note: consider making generic struct 'InspectableView' conform to the 'Sendable' protocol
 10 | @MainActor
 11 | #endif
 12 | public struct InspectableView<View> where View: BaseViewType {
    |               `- note: consider making generic struct 'InspectableView' conform to the 'Sendable' protocol
 13 |
 14 |     internal let content: Content
/Users/admin/builder/spi-builder-workspace/Sources/ViewInspector/ViewSearch.swift:338:26: warning: type 'InspectableView<ViewType.ClassifiedView>' does not conform to the 'Sendable' protocol; this is an error in the Swift 6 language mode
336 |      */
337 |     func findAll(where condition: ViewSearch.Condition) -> [InspectableView<ViewType.ClassifiedView>] {
338 |         return MainActor.assumeIsolated {
    |                          `- warning: type 'InspectableView<ViewType.ClassifiedView>' does not conform to the 'Sendable' protocol; this is an error in the Swift 6 language mode
339 |             isolatedFindAll(where: condition)
340 |         }
/Users/admin/builder/spi-builder-workspace/Sources/ViewInspector/InspectableView.swift:12:15: note: consider making generic struct 'InspectableView' conform to the 'Sendable' protocol
 10 | @MainActor
 11 | #endif
 12 | public struct InspectableView<View> where View: BaseViewType {
    |               `- note: consider making generic struct 'InspectableView' conform to the 'Sendable' protocol
 13 |
 14 |     internal let content: Content
/Users/admin/builder/spi-builder-workspace/Sources/ViewInspector/ViewHosting.swift:46:24: warning: sending 'view' risks causing data races; this is an error in the Swift 6 language mode
 44 |         let viewId = ViewId(function: function)
 45 |         MainActor.assumeIsolated {
 46 |             host(view: view, size: size, viewId: viewId)
    |                        |- warning: sending 'view' risks causing data races; this is an error in the Swift 6 language mode
    |                        `- note: task-isolated 'view' is captured by a main actor-isolated closure. main actor-isolated uses in closure may race against later nonisolated uses
 47 |         }
 48 |     }
/Users/admin/builder/spi-builder-workspace/Sources/ViewInspector/ViewSearch.swift:273:17: warning: sending 'self' risks causing data races; this is an error in the Swift 6 language mode
271 |         precondition(skipFound >= 0)
272 |         return try MainActor.assumeIsolated {
273 |             try isolatedFind(relation: relation, traversal: traversal, skipFound: skipFound, where: condition)
    |                 |- warning: sending 'self' risks causing data races; this is an error in the Swift 6 language mode
    |                 `- note: task-isolated 'self' is captured by a main actor-isolated closure. main actor-isolated uses in closure may race against later nonisolated uses
274 |         }
275 |     }
/Users/admin/builder/spi-builder-workspace/Sources/ViewInspector/ViewSearch.swift:273:101: warning: sending 'condition' risks causing data races; this is an error in the Swift 6 language mode
271 |         precondition(skipFound >= 0)
272 |         return try MainActor.assumeIsolated {
273 |             try isolatedFind(relation: relation, traversal: traversal, skipFound: skipFound, where: condition)
    |                                                                                                     |- warning: sending 'condition' risks causing data races; this is an error in the Swift 6 language mode
    |                                                                                                     `- note: task-isolated 'condition' is captured by a main actor-isolated closure. main actor-isolated uses in closure may race against later nonisolated uses
274 |         }
275 |     }
/Users/admin/builder/spi-builder-workspace/Sources/ViewInspector/ViewSearch.swift:339:13: warning: sending 'self' risks causing data races; this is an error in the Swift 6 language mode
337 |     func findAll(where condition: ViewSearch.Condition) -> [InspectableView<ViewType.ClassifiedView>] {
338 |         return MainActor.assumeIsolated {
339 |             isolatedFindAll(where: condition)
    |             |- warning: sending 'self' risks causing data races; this is an error in the Swift 6 language mode
    |             `- note: task-isolated 'self' is captured by a main actor-isolated closure. main actor-isolated uses in closure may race against later nonisolated uses
340 |         }
341 |     }
/Users/admin/builder/spi-builder-workspace/Sources/ViewInspector/ViewSearch.swift:339:36: warning: sending 'condition' risks causing data races; this is an error in the Swift 6 language mode
337 |     func findAll(where condition: ViewSearch.Condition) -> [InspectableView<ViewType.ClassifiedView>] {
338 |         return MainActor.assumeIsolated {
339 |             isolatedFindAll(where: condition)
    |                                    |- warning: sending 'condition' risks causing data races; this is an error in the Swift 6 language mode
    |                                    `- note: task-isolated 'condition' is captured by a main actor-isolated closure. main actor-isolated uses in closure may race against later nonisolated uses
340 |         }
341 |     }
[131/134] Compiling ViewInspector ZStack.swift
/Users/admin/builder/spi-builder-workspace/Sources/ViewInspector/SwiftUI/Toolbar.swift:249:1: warning: extension declares a conformance of imported type 'ToolbarItemPlacement' to imported protocol 'Equatable'; this will not behave correctly if the owners of 'SwiftUI' introduce this conformance in the future
247 |
248 | @available(iOS 14.0, macOS 11.0, tvOS 14.0, watchOS 7.0, *)
249 | extension ToolbarItemPlacement: BinaryEquatable { }
    | |- warning: extension declares a conformance of imported type 'ToolbarItemPlacement' to imported protocol 'Equatable'; this will not behave correctly if the owners of 'SwiftUI' introduce this conformance in the future
    | `- note: add '@retroactive' to silence this warning
250 |
/Users/admin/builder/spi-builder-workspace/Sources/ViewInspector/SwiftUI/VideoPlayer.swift:86:10: warning: main actor-isolated instance method 'view()' cannot be used to satisfy nonisolated requirement from protocol 'SingleViewProvider'; this is an error in the Swift 6 language mode
83 |
84 | @available(iOS 14.0, macOS 11.0, tvOS 14.0, watchOS 7.0, *)
85 | extension VideoPlayer: SingleViewProvider {
   |                        `- note: add '@preconcurrency' to the 'SingleViewProvider' conformance to defer isolation checking to run time
86 |     func view() throws -> Any {
   |          |- warning: main actor-isolated instance method 'view()' cannot be used to satisfy nonisolated requirement from protocol 'SingleViewProvider'; this is an error in the Swift 6 language mode
   |          `- note: add 'nonisolated' to 'view()' to make this instance method not isolated to the actor
87 |         return try Inspector.attribute(
88 |             path: "configuration|videoOverlay", value: self)
/Users/admin/builder/spi-builder-workspace/Sources/ViewInspector/BaseTypes.swift:328:10: note: mark the protocol requirement 'view()' 'async' to allow actor-isolated conformances
326 | @available(iOS 13.0, macOS 10.15, tvOS 13.0, *)
327 | internal protocol SingleViewProvider {
328 |     func view() throws -> Any
    |          `- note: mark the protocol requirement 'view()' 'async' to allow actor-isolated conformances
329 | }
330 |
/Users/admin/builder/spi-builder-workspace/Sources/ViewInspector/ViewHosting.swift:38:19: warning: 'host(_:size:function:whileHosted:)' is deprecated: Use `host` version that doesn't supply the view in the `whileHosted` closure. See: https://github.com/nalexn/ViewInspector/discussions/354
 36 |                         whileHosted: @MainActor () async throws -> Void
 37 |     ) async throws where V: View {
 38 |         try await host(view, size: size, function: function, whileHosted: { _ in
    |                   `- warning: 'host(_:size:function:whileHosted:)' is deprecated: Use `host` version that doesn't supply the view in the `whileHosted` closure. See: https://github.com/nalexn/ViewInspector/discussions/354
 39 |             try await whileHosted()
 40 |         })
/Users/admin/builder/spi-builder-workspace/Sources/ViewInspector/ViewHosting.swift:139:26: warning: type 'Content.Medium' does not conform to the 'Sendable' protocol; this is an error in the Swift 6 language mode
137 |         return hosted[viewId]?.medium ?? .empty
138 |         #else
139 |         return MainActor.assumeIsolated {
    |                          `- warning: type 'Content.Medium' does not conform to the 'Sendable' protocol; this is an error in the Swift 6 language mode
140 |             hosted[viewId]?.medium ?? .empty
141 |         }
/Users/admin/builder/spi-builder-workspace/Sources/ViewInspector/BaseTypes.swift:168:12: note: consider making struct 'Medium' conform to the 'Sendable' protocol
166 | @available(iOS 13.0, macOS 10.15, tvOS 13.0, *)
167 | internal extension Content {
168 |     struct Medium {
    |            `- note: consider making struct 'Medium' conform to the 'Sendable' protocol
169 |         let viewModifiers: [Any]
170 |         let transitiveViewModifiers: [Any]
/Users/admin/builder/spi-builder-workspace/Sources/ViewInspector/ViewSearch.swift:272:30: warning: type 'InspectableView<ViewType.ClassifiedView>' does not conform to the 'Sendable' protocol; this is an error in the Swift 6 language mode
270 |     ) throws -> InspectableView<ViewType.ClassifiedView> {
271 |         precondition(skipFound >= 0)
272 |         return try MainActor.assumeIsolated {
    |                              `- warning: type 'InspectableView<ViewType.ClassifiedView>' does not conform to the 'Sendable' protocol; this is an error in the Swift 6 language mode
273 |             try isolatedFind(relation: relation, traversal: traversal, skipFound: skipFound, where: condition)
274 |         }
/Users/admin/builder/spi-builder-workspace/Sources/ViewInspector/InspectableView.swift:12:15: note: consider making generic struct 'InspectableView' conform to the 'Sendable' protocol
 10 | @MainActor
 11 | #endif
 12 | public struct InspectableView<View> where View: BaseViewType {
    |               `- note: consider making generic struct 'InspectableView' conform to the 'Sendable' protocol
 13 |
 14 |     internal let content: Content
/Users/admin/builder/spi-builder-workspace/Sources/ViewInspector/ViewSearch.swift:338:26: warning: type 'InspectableView<ViewType.ClassifiedView>' does not conform to the 'Sendable' protocol; this is an error in the Swift 6 language mode
336 |      */
337 |     func findAll(where condition: ViewSearch.Condition) -> [InspectableView<ViewType.ClassifiedView>] {
338 |         return MainActor.assumeIsolated {
    |                          `- warning: type 'InspectableView<ViewType.ClassifiedView>' does not conform to the 'Sendable' protocol; this is an error in the Swift 6 language mode
339 |             isolatedFindAll(where: condition)
340 |         }
/Users/admin/builder/spi-builder-workspace/Sources/ViewInspector/InspectableView.swift:12:15: note: consider making generic struct 'InspectableView' conform to the 'Sendable' protocol
 10 | @MainActor
 11 | #endif
 12 | public struct InspectableView<View> where View: BaseViewType {
    |               `- note: consider making generic struct 'InspectableView' conform to the 'Sendable' protocol
 13 |
 14 |     internal let content: Content
/Users/admin/builder/spi-builder-workspace/Sources/ViewInspector/ViewHosting.swift:46:24: warning: sending 'view' risks causing data races; this is an error in the Swift 6 language mode
 44 |         let viewId = ViewId(function: function)
 45 |         MainActor.assumeIsolated {
 46 |             host(view: view, size: size, viewId: viewId)
    |                        |- warning: sending 'view' risks causing data races; this is an error in the Swift 6 language mode
    |                        `- note: task-isolated 'view' is captured by a main actor-isolated closure. main actor-isolated uses in closure may race against later nonisolated uses
 47 |         }
 48 |     }
/Users/admin/builder/spi-builder-workspace/Sources/ViewInspector/ViewSearch.swift:273:17: warning: sending 'self' risks causing data races; this is an error in the Swift 6 language mode
271 |         precondition(skipFound >= 0)
272 |         return try MainActor.assumeIsolated {
273 |             try isolatedFind(relation: relation, traversal: traversal, skipFound: skipFound, where: condition)
    |                 |- warning: sending 'self' risks causing data races; this is an error in the Swift 6 language mode
    |                 `- note: task-isolated 'self' is captured by a main actor-isolated closure. main actor-isolated uses in closure may race against later nonisolated uses
274 |         }
275 |     }
/Users/admin/builder/spi-builder-workspace/Sources/ViewInspector/ViewSearch.swift:273:101: warning: sending 'condition' risks causing data races; this is an error in the Swift 6 language mode
271 |         precondition(skipFound >= 0)
272 |         return try MainActor.assumeIsolated {
273 |             try isolatedFind(relation: relation, traversal: traversal, skipFound: skipFound, where: condition)
    |                                                                                                     |- warning: sending 'condition' risks causing data races; this is an error in the Swift 6 language mode
    |                                                                                                     `- note: task-isolated 'condition' is captured by a main actor-isolated closure. main actor-isolated uses in closure may race against later nonisolated uses
274 |         }
275 |     }
/Users/admin/builder/spi-builder-workspace/Sources/ViewInspector/ViewSearch.swift:339:13: warning: sending 'self' risks causing data races; this is an error in the Swift 6 language mode
337 |     func findAll(where condition: ViewSearch.Condition) -> [InspectableView<ViewType.ClassifiedView>] {
338 |         return MainActor.assumeIsolated {
339 |             isolatedFindAll(where: condition)
    |             |- warning: sending 'self' risks causing data races; this is an error in the Swift 6 language mode
    |             `- note: task-isolated 'self' is captured by a main actor-isolated closure. main actor-isolated uses in closure may race against later nonisolated uses
340 |         }
341 |     }
/Users/admin/builder/spi-builder-workspace/Sources/ViewInspector/ViewSearch.swift:339:36: warning: sending 'condition' risks causing data races; this is an error in the Swift 6 language mode
337 |     func findAll(where condition: ViewSearch.Condition) -> [InspectableView<ViewType.ClassifiedView>] {
338 |         return MainActor.assumeIsolated {
339 |             isolatedFindAll(where: condition)
    |                                    |- warning: sending 'condition' risks causing data races; this is an error in the Swift 6 language mode
    |                                    `- note: task-isolated 'condition' is captured by a main actor-isolated closure. main actor-isolated uses in closure may race against later nonisolated uses
340 |         }
341 |     }
[132/134] Compiling ViewInspector ViewHosting.swift
/Users/admin/builder/spi-builder-workspace/Sources/ViewInspector/SwiftUI/Toolbar.swift:249:1: warning: extension declares a conformance of imported type 'ToolbarItemPlacement' to imported protocol 'Equatable'; this will not behave correctly if the owners of 'SwiftUI' introduce this conformance in the future
247 |
248 | @available(iOS 14.0, macOS 11.0, tvOS 14.0, watchOS 7.0, *)
249 | extension ToolbarItemPlacement: BinaryEquatable { }
    | |- warning: extension declares a conformance of imported type 'ToolbarItemPlacement' to imported protocol 'Equatable'; this will not behave correctly if the owners of 'SwiftUI' introduce this conformance in the future
    | `- note: add '@retroactive' to silence this warning
250 |
/Users/admin/builder/spi-builder-workspace/Sources/ViewInspector/SwiftUI/VideoPlayer.swift:86:10: warning: main actor-isolated instance method 'view()' cannot be used to satisfy nonisolated requirement from protocol 'SingleViewProvider'; this is an error in the Swift 6 language mode
83 |
84 | @available(iOS 14.0, macOS 11.0, tvOS 14.0, watchOS 7.0, *)
85 | extension VideoPlayer: SingleViewProvider {
   |                        `- note: add '@preconcurrency' to the 'SingleViewProvider' conformance to defer isolation checking to run time
86 |     func view() throws -> Any {
   |          |- warning: main actor-isolated instance method 'view()' cannot be used to satisfy nonisolated requirement from protocol 'SingleViewProvider'; this is an error in the Swift 6 language mode
   |          `- note: add 'nonisolated' to 'view()' to make this instance method not isolated to the actor
87 |         return try Inspector.attribute(
88 |             path: "configuration|videoOverlay", value: self)
/Users/admin/builder/spi-builder-workspace/Sources/ViewInspector/BaseTypes.swift:328:10: note: mark the protocol requirement 'view()' 'async' to allow actor-isolated conformances
326 | @available(iOS 13.0, macOS 10.15, tvOS 13.0, *)
327 | internal protocol SingleViewProvider {
328 |     func view() throws -> Any
    |          `- note: mark the protocol requirement 'view()' 'async' to allow actor-isolated conformances
329 | }
330 |
/Users/admin/builder/spi-builder-workspace/Sources/ViewInspector/ViewHosting.swift:38:19: warning: 'host(_:size:function:whileHosted:)' is deprecated: Use `host` version that doesn't supply the view in the `whileHosted` closure. See: https://github.com/nalexn/ViewInspector/discussions/354
 36 |                         whileHosted: @MainActor () async throws -> Void
 37 |     ) async throws where V: View {
 38 |         try await host(view, size: size, function: function, whileHosted: { _ in
    |                   `- warning: 'host(_:size:function:whileHosted:)' is deprecated: Use `host` version that doesn't supply the view in the `whileHosted` closure. See: https://github.com/nalexn/ViewInspector/discussions/354
 39 |             try await whileHosted()
 40 |         })
/Users/admin/builder/spi-builder-workspace/Sources/ViewInspector/ViewHosting.swift:139:26: warning: type 'Content.Medium' does not conform to the 'Sendable' protocol; this is an error in the Swift 6 language mode
137 |         return hosted[viewId]?.medium ?? .empty
138 |         #else
139 |         return MainActor.assumeIsolated {
    |                          `- warning: type 'Content.Medium' does not conform to the 'Sendable' protocol; this is an error in the Swift 6 language mode
140 |             hosted[viewId]?.medium ?? .empty
141 |         }
/Users/admin/builder/spi-builder-workspace/Sources/ViewInspector/BaseTypes.swift:168:12: note: consider making struct 'Medium' conform to the 'Sendable' protocol
166 | @available(iOS 13.0, macOS 10.15, tvOS 13.0, *)
167 | internal extension Content {
168 |     struct Medium {
    |            `- note: consider making struct 'Medium' conform to the 'Sendable' protocol
169 |         let viewModifiers: [Any]
170 |         let transitiveViewModifiers: [Any]
/Users/admin/builder/spi-builder-workspace/Sources/ViewInspector/ViewSearch.swift:272:30: warning: type 'InspectableView<ViewType.ClassifiedView>' does not conform to the 'Sendable' protocol; this is an error in the Swift 6 language mode
270 |     ) throws -> InspectableView<ViewType.ClassifiedView> {
271 |         precondition(skipFound >= 0)
272 |         return try MainActor.assumeIsolated {
    |                              `- warning: type 'InspectableView<ViewType.ClassifiedView>' does not conform to the 'Sendable' protocol; this is an error in the Swift 6 language mode
273 |             try isolatedFind(relation: relation, traversal: traversal, skipFound: skipFound, where: condition)
274 |         }
/Users/admin/builder/spi-builder-workspace/Sources/ViewInspector/InspectableView.swift:12:15: note: consider making generic struct 'InspectableView' conform to the 'Sendable' protocol
 10 | @MainActor
 11 | #endif
 12 | public struct InspectableView<View> where View: BaseViewType {
    |               `- note: consider making generic struct 'InspectableView' conform to the 'Sendable' protocol
 13 |
 14 |     internal let content: Content
/Users/admin/builder/spi-builder-workspace/Sources/ViewInspector/ViewSearch.swift:338:26: warning: type 'InspectableView<ViewType.ClassifiedView>' does not conform to the 'Sendable' protocol; this is an error in the Swift 6 language mode
336 |      */
337 |     func findAll(where condition: ViewSearch.Condition) -> [InspectableView<ViewType.ClassifiedView>] {
338 |         return MainActor.assumeIsolated {
    |                          `- warning: type 'InspectableView<ViewType.ClassifiedView>' does not conform to the 'Sendable' protocol; this is an error in the Swift 6 language mode
339 |             isolatedFindAll(where: condition)
340 |         }
/Users/admin/builder/spi-builder-workspace/Sources/ViewInspector/InspectableView.swift:12:15: note: consider making generic struct 'InspectableView' conform to the 'Sendable' protocol
 10 | @MainActor
 11 | #endif
 12 | public struct InspectableView<View> where View: BaseViewType {
    |               `- note: consider making generic struct 'InspectableView' conform to the 'Sendable' protocol
 13 |
 14 |     internal let content: Content
/Users/admin/builder/spi-builder-workspace/Sources/ViewInspector/ViewHosting.swift:46:24: warning: sending 'view' risks causing data races; this is an error in the Swift 6 language mode
 44 |         let viewId = ViewId(function: function)
 45 |         MainActor.assumeIsolated {
 46 |             host(view: view, size: size, viewId: viewId)
    |                        |- warning: sending 'view' risks causing data races; this is an error in the Swift 6 language mode
    |                        `- note: task-isolated 'view' is captured by a main actor-isolated closure. main actor-isolated uses in closure may race against later nonisolated uses
 47 |         }
 48 |     }
/Users/admin/builder/spi-builder-workspace/Sources/ViewInspector/ViewSearch.swift:273:17: warning: sending 'self' risks causing data races; this is an error in the Swift 6 language mode
271 |         precondition(skipFound >= 0)
272 |         return try MainActor.assumeIsolated {
273 |             try isolatedFind(relation: relation, traversal: traversal, skipFound: skipFound, where: condition)
    |                 |- warning: sending 'self' risks causing data races; this is an error in the Swift 6 language mode
    |                 `- note: task-isolated 'self' is captured by a main actor-isolated closure. main actor-isolated uses in closure may race against later nonisolated uses
274 |         }
275 |     }
/Users/admin/builder/spi-builder-workspace/Sources/ViewInspector/ViewSearch.swift:273:101: warning: sending 'condition' risks causing data races; this is an error in the Swift 6 language mode
271 |         precondition(skipFound >= 0)
272 |         return try MainActor.assumeIsolated {
273 |             try isolatedFind(relation: relation, traversal: traversal, skipFound: skipFound, where: condition)
    |                                                                                                     |- warning: sending 'condition' risks causing data races; this is an error in the Swift 6 language mode
    |                                                                                                     `- note: task-isolated 'condition' is captured by a main actor-isolated closure. main actor-isolated uses in closure may race against later nonisolated uses
274 |         }
275 |     }
/Users/admin/builder/spi-builder-workspace/Sources/ViewInspector/ViewSearch.swift:339:13: warning: sending 'self' risks causing data races; this is an error in the Swift 6 language mode
337 |     func findAll(where condition: ViewSearch.Condition) -> [InspectableView<ViewType.ClassifiedView>] {
338 |         return MainActor.assumeIsolated {
339 |             isolatedFindAll(where: condition)
    |             |- warning: sending 'self' risks causing data races; this is an error in the Swift 6 language mode
    |             `- note: task-isolated 'self' is captured by a main actor-isolated closure. main actor-isolated uses in closure may race against later nonisolated uses
340 |         }
341 |     }
/Users/admin/builder/spi-builder-workspace/Sources/ViewInspector/ViewSearch.swift:339:36: warning: sending 'condition' risks causing data races; this is an error in the Swift 6 language mode
337 |     func findAll(where condition: ViewSearch.Condition) -> [InspectableView<ViewType.ClassifiedView>] {
338 |         return MainActor.assumeIsolated {
339 |             isolatedFindAll(where: condition)
    |                                    |- warning: sending 'condition' risks causing data races; this is an error in the Swift 6 language mode
    |                                    `- note: task-isolated 'condition' is captured by a main actor-isolated closure. main actor-isolated uses in closure may race against later nonisolated uses
340 |         }
341 |     }
[133/134] Compiling ViewInspector ViewSearch.swift
/Users/admin/builder/spi-builder-workspace/Sources/ViewInspector/SwiftUI/Toolbar.swift:249:1: warning: extension declares a conformance of imported type 'ToolbarItemPlacement' to imported protocol 'Equatable'; this will not behave correctly if the owners of 'SwiftUI' introduce this conformance in the future
247 |
248 | @available(iOS 14.0, macOS 11.0, tvOS 14.0, watchOS 7.0, *)
249 | extension ToolbarItemPlacement: BinaryEquatable { }
    | |- warning: extension declares a conformance of imported type 'ToolbarItemPlacement' to imported protocol 'Equatable'; this will not behave correctly if the owners of 'SwiftUI' introduce this conformance in the future
    | `- note: add '@retroactive' to silence this warning
250 |
/Users/admin/builder/spi-builder-workspace/Sources/ViewInspector/SwiftUI/VideoPlayer.swift:86:10: warning: main actor-isolated instance method 'view()' cannot be used to satisfy nonisolated requirement from protocol 'SingleViewProvider'; this is an error in the Swift 6 language mode
83 |
84 | @available(iOS 14.0, macOS 11.0, tvOS 14.0, watchOS 7.0, *)
85 | extension VideoPlayer: SingleViewProvider {
   |                        `- note: add '@preconcurrency' to the 'SingleViewProvider' conformance to defer isolation checking to run time
86 |     func view() throws -> Any {
   |          |- warning: main actor-isolated instance method 'view()' cannot be used to satisfy nonisolated requirement from protocol 'SingleViewProvider'; this is an error in the Swift 6 language mode
   |          `- note: add 'nonisolated' to 'view()' to make this instance method not isolated to the actor
87 |         return try Inspector.attribute(
88 |             path: "configuration|videoOverlay", value: self)
/Users/admin/builder/spi-builder-workspace/Sources/ViewInspector/BaseTypes.swift:328:10: note: mark the protocol requirement 'view()' 'async' to allow actor-isolated conformances
326 | @available(iOS 13.0, macOS 10.15, tvOS 13.0, *)
327 | internal protocol SingleViewProvider {
328 |     func view() throws -> Any
    |          `- note: mark the protocol requirement 'view()' 'async' to allow actor-isolated conformances
329 | }
330 |
/Users/admin/builder/spi-builder-workspace/Sources/ViewInspector/ViewHosting.swift:38:19: warning: 'host(_:size:function:whileHosted:)' is deprecated: Use `host` version that doesn't supply the view in the `whileHosted` closure. See: https://github.com/nalexn/ViewInspector/discussions/354
 36 |                         whileHosted: @MainActor () async throws -> Void
 37 |     ) async throws where V: View {
 38 |         try await host(view, size: size, function: function, whileHosted: { _ in
    |                   `- warning: 'host(_:size:function:whileHosted:)' is deprecated: Use `host` version that doesn't supply the view in the `whileHosted` closure. See: https://github.com/nalexn/ViewInspector/discussions/354
 39 |             try await whileHosted()
 40 |         })
/Users/admin/builder/spi-builder-workspace/Sources/ViewInspector/ViewHosting.swift:139:26: warning: type 'Content.Medium' does not conform to the 'Sendable' protocol; this is an error in the Swift 6 language mode
137 |         return hosted[viewId]?.medium ?? .empty
138 |         #else
139 |         return MainActor.assumeIsolated {
    |                          `- warning: type 'Content.Medium' does not conform to the 'Sendable' protocol; this is an error in the Swift 6 language mode
140 |             hosted[viewId]?.medium ?? .empty
141 |         }
/Users/admin/builder/spi-builder-workspace/Sources/ViewInspector/BaseTypes.swift:168:12: note: consider making struct 'Medium' conform to the 'Sendable' protocol
166 | @available(iOS 13.0, macOS 10.15, tvOS 13.0, *)
167 | internal extension Content {
168 |     struct Medium {
    |            `- note: consider making struct 'Medium' conform to the 'Sendable' protocol
169 |         let viewModifiers: [Any]
170 |         let transitiveViewModifiers: [Any]
/Users/admin/builder/spi-builder-workspace/Sources/ViewInspector/ViewSearch.swift:272:30: warning: type 'InspectableView<ViewType.ClassifiedView>' does not conform to the 'Sendable' protocol; this is an error in the Swift 6 language mode
270 |     ) throws -> InspectableView<ViewType.ClassifiedView> {
271 |         precondition(skipFound >= 0)
272 |         return try MainActor.assumeIsolated {
    |                              `- warning: type 'InspectableView<ViewType.ClassifiedView>' does not conform to the 'Sendable' protocol; this is an error in the Swift 6 language mode
273 |             try isolatedFind(relation: relation, traversal: traversal, skipFound: skipFound, where: condition)
274 |         }
/Users/admin/builder/spi-builder-workspace/Sources/ViewInspector/InspectableView.swift:12:15: note: consider making generic struct 'InspectableView' conform to the 'Sendable' protocol
 10 | @MainActor
 11 | #endif
 12 | public struct InspectableView<View> where View: BaseViewType {
    |               `- note: consider making generic struct 'InspectableView' conform to the 'Sendable' protocol
 13 |
 14 |     internal let content: Content
/Users/admin/builder/spi-builder-workspace/Sources/ViewInspector/ViewSearch.swift:338:26: warning: type 'InspectableView<ViewType.ClassifiedView>' does not conform to the 'Sendable' protocol; this is an error in the Swift 6 language mode
336 |      */
337 |     func findAll(where condition: ViewSearch.Condition) -> [InspectableView<ViewType.ClassifiedView>] {
338 |         return MainActor.assumeIsolated {
    |                          `- warning: type 'InspectableView<ViewType.ClassifiedView>' does not conform to the 'Sendable' protocol; this is an error in the Swift 6 language mode
339 |             isolatedFindAll(where: condition)
340 |         }
/Users/admin/builder/spi-builder-workspace/Sources/ViewInspector/InspectableView.swift:12:15: note: consider making generic struct 'InspectableView' conform to the 'Sendable' protocol
 10 | @MainActor
 11 | #endif
 12 | public struct InspectableView<View> where View: BaseViewType {
    |               `- note: consider making generic struct 'InspectableView' conform to the 'Sendable' protocol
 13 |
 14 |     internal let content: Content
/Users/admin/builder/spi-builder-workspace/Sources/ViewInspector/ViewHosting.swift:46:24: warning: sending 'view' risks causing data races; this is an error in the Swift 6 language mode
 44 |         let viewId = ViewId(function: function)
 45 |         MainActor.assumeIsolated {
 46 |             host(view: view, size: size, viewId: viewId)
    |                        |- warning: sending 'view' risks causing data races; this is an error in the Swift 6 language mode
    |                        `- note: task-isolated 'view' is captured by a main actor-isolated closure. main actor-isolated uses in closure may race against later nonisolated uses
 47 |         }
 48 |     }
/Users/admin/builder/spi-builder-workspace/Sources/ViewInspector/ViewSearch.swift:273:17: warning: sending 'self' risks causing data races; this is an error in the Swift 6 language mode
271 |         precondition(skipFound >= 0)
272 |         return try MainActor.assumeIsolated {
273 |             try isolatedFind(relation: relation, traversal: traversal, skipFound: skipFound, where: condition)
    |                 |- warning: sending 'self' risks causing data races; this is an error in the Swift 6 language mode
    |                 `- note: task-isolated 'self' is captured by a main actor-isolated closure. main actor-isolated uses in closure may race against later nonisolated uses
274 |         }
275 |     }
/Users/admin/builder/spi-builder-workspace/Sources/ViewInspector/ViewSearch.swift:273:101: warning: sending 'condition' risks causing data races; this is an error in the Swift 6 language mode
271 |         precondition(skipFound >= 0)
272 |         return try MainActor.assumeIsolated {
273 |             try isolatedFind(relation: relation, traversal: traversal, skipFound: skipFound, where: condition)
    |                                                                                                     |- warning: sending 'condition' risks causing data races; this is an error in the Swift 6 language mode
    |                                                                                                     `- note: task-isolated 'condition' is captured by a main actor-isolated closure. main actor-isolated uses in closure may race against later nonisolated uses
274 |         }
275 |     }
/Users/admin/builder/spi-builder-workspace/Sources/ViewInspector/ViewSearch.swift:339:13: warning: sending 'self' risks causing data races; this is an error in the Swift 6 language mode
337 |     func findAll(where condition: ViewSearch.Condition) -> [InspectableView<ViewType.ClassifiedView>] {
338 |         return MainActor.assumeIsolated {
339 |             isolatedFindAll(where: condition)
    |             |- warning: sending 'self' risks causing data races; this is an error in the Swift 6 language mode
    |             `- note: task-isolated 'self' is captured by a main actor-isolated closure. main actor-isolated uses in closure may race against later nonisolated uses
340 |         }
341 |     }
/Users/admin/builder/spi-builder-workspace/Sources/ViewInspector/ViewSearch.swift:339:36: warning: sending 'condition' risks causing data races; this is an error in the Swift 6 language mode
337 |     func findAll(where condition: ViewSearch.Condition) -> [InspectableView<ViewType.ClassifiedView>] {
338 |         return MainActor.assumeIsolated {
339 |             isolatedFindAll(where: condition)
    |                                    |- warning: sending 'condition' risks causing data races; this is an error in the Swift 6 language mode
    |                                    `- note: task-isolated 'condition' is captured by a main actor-isolated closure. main actor-isolated uses in closure may race against later nonisolated uses
340 |         }
341 |     }
[134/134] Compiling ViewInspector ViewSearchIndex.swift
/Users/admin/builder/spi-builder-workspace/Sources/ViewInspector/SwiftUI/Toolbar.swift:249:1: warning: extension declares a conformance of imported type 'ToolbarItemPlacement' to imported protocol 'Equatable'; this will not behave correctly if the owners of 'SwiftUI' introduce this conformance in the future
247 |
248 | @available(iOS 14.0, macOS 11.0, tvOS 14.0, watchOS 7.0, *)
249 | extension ToolbarItemPlacement: BinaryEquatable { }
    | |- warning: extension declares a conformance of imported type 'ToolbarItemPlacement' to imported protocol 'Equatable'; this will not behave correctly if the owners of 'SwiftUI' introduce this conformance in the future
    | `- note: add '@retroactive' to silence this warning
250 |
/Users/admin/builder/spi-builder-workspace/Sources/ViewInspector/SwiftUI/VideoPlayer.swift:86:10: warning: main actor-isolated instance method 'view()' cannot be used to satisfy nonisolated requirement from protocol 'SingleViewProvider'; this is an error in the Swift 6 language mode
83 |
84 | @available(iOS 14.0, macOS 11.0, tvOS 14.0, watchOS 7.0, *)
85 | extension VideoPlayer: SingleViewProvider {
   |                        `- note: add '@preconcurrency' to the 'SingleViewProvider' conformance to defer isolation checking to run time
86 |     func view() throws -> Any {
   |          |- warning: main actor-isolated instance method 'view()' cannot be used to satisfy nonisolated requirement from protocol 'SingleViewProvider'; this is an error in the Swift 6 language mode
   |          `- note: add 'nonisolated' to 'view()' to make this instance method not isolated to the actor
87 |         return try Inspector.attribute(
88 |             path: "configuration|videoOverlay", value: self)
/Users/admin/builder/spi-builder-workspace/Sources/ViewInspector/BaseTypes.swift:328:10: note: mark the protocol requirement 'view()' 'async' to allow actor-isolated conformances
326 | @available(iOS 13.0, macOS 10.15, tvOS 13.0, *)
327 | internal protocol SingleViewProvider {
328 |     func view() throws -> Any
    |          `- note: mark the protocol requirement 'view()' 'async' to allow actor-isolated conformances
329 | }
330 |
/Users/admin/builder/spi-builder-workspace/Sources/ViewInspector/ViewHosting.swift:38:19: warning: 'host(_:size:function:whileHosted:)' is deprecated: Use `host` version that doesn't supply the view in the `whileHosted` closure. See: https://github.com/nalexn/ViewInspector/discussions/354
 36 |                         whileHosted: @MainActor () async throws -> Void
 37 |     ) async throws where V: View {
 38 |         try await host(view, size: size, function: function, whileHosted: { _ in
    |                   `- warning: 'host(_:size:function:whileHosted:)' is deprecated: Use `host` version that doesn't supply the view in the `whileHosted` closure. See: https://github.com/nalexn/ViewInspector/discussions/354
 39 |             try await whileHosted()
 40 |         })
/Users/admin/builder/spi-builder-workspace/Sources/ViewInspector/ViewHosting.swift:139:26: warning: type 'Content.Medium' does not conform to the 'Sendable' protocol; this is an error in the Swift 6 language mode
137 |         return hosted[viewId]?.medium ?? .empty
138 |         #else
139 |         return MainActor.assumeIsolated {
    |                          `- warning: type 'Content.Medium' does not conform to the 'Sendable' protocol; this is an error in the Swift 6 language mode
140 |             hosted[viewId]?.medium ?? .empty
141 |         }
/Users/admin/builder/spi-builder-workspace/Sources/ViewInspector/BaseTypes.swift:168:12: note: consider making struct 'Medium' conform to the 'Sendable' protocol
166 | @available(iOS 13.0, macOS 10.15, tvOS 13.0, *)
167 | internal extension Content {
168 |     struct Medium {
    |            `- note: consider making struct 'Medium' conform to the 'Sendable' protocol
169 |         let viewModifiers: [Any]
170 |         let transitiveViewModifiers: [Any]
/Users/admin/builder/spi-builder-workspace/Sources/ViewInspector/ViewSearch.swift:272:30: warning: type 'InspectableView<ViewType.ClassifiedView>' does not conform to the 'Sendable' protocol; this is an error in the Swift 6 language mode
270 |     ) throws -> InspectableView<ViewType.ClassifiedView> {
271 |         precondition(skipFound >= 0)
272 |         return try MainActor.assumeIsolated {
    |                              `- warning: type 'InspectableView<ViewType.ClassifiedView>' does not conform to the 'Sendable' protocol; this is an error in the Swift 6 language mode
273 |             try isolatedFind(relation: relation, traversal: traversal, skipFound: skipFound, where: condition)
274 |         }
/Users/admin/builder/spi-builder-workspace/Sources/ViewInspector/InspectableView.swift:12:15: note: consider making generic struct 'InspectableView' conform to the 'Sendable' protocol
 10 | @MainActor
 11 | #endif
 12 | public struct InspectableView<View> where View: BaseViewType {
    |               `- note: consider making generic struct 'InspectableView' conform to the 'Sendable' protocol
 13 |
 14 |     internal let content: Content
/Users/admin/builder/spi-builder-workspace/Sources/ViewInspector/ViewSearch.swift:338:26: warning: type 'InspectableView<ViewType.ClassifiedView>' does not conform to the 'Sendable' protocol; this is an error in the Swift 6 language mode
336 |      */
337 |     func findAll(where condition: ViewSearch.Condition) -> [InspectableView<ViewType.ClassifiedView>] {
338 |         return MainActor.assumeIsolated {
    |                          `- warning: type 'InspectableView<ViewType.ClassifiedView>' does not conform to the 'Sendable' protocol; this is an error in the Swift 6 language mode
339 |             isolatedFindAll(where: condition)
340 |         }
/Users/admin/builder/spi-builder-workspace/Sources/ViewInspector/InspectableView.swift:12:15: note: consider making generic struct 'InspectableView' conform to the 'Sendable' protocol
 10 | @MainActor
 11 | #endif
 12 | public struct InspectableView<View> where View: BaseViewType {
    |               `- note: consider making generic struct 'InspectableView' conform to the 'Sendable' protocol
 13 |
 14 |     internal let content: Content
/Users/admin/builder/spi-builder-workspace/Sources/ViewInspector/ViewHosting.swift:46:24: warning: sending 'view' risks causing data races; this is an error in the Swift 6 language mode
 44 |         let viewId = ViewId(function: function)
 45 |         MainActor.assumeIsolated {
 46 |             host(view: view, size: size, viewId: viewId)
    |                        |- warning: sending 'view' risks causing data races; this is an error in the Swift 6 language mode
    |                        `- note: task-isolated 'view' is captured by a main actor-isolated closure. main actor-isolated uses in closure may race against later nonisolated uses
 47 |         }
 48 |     }
/Users/admin/builder/spi-builder-workspace/Sources/ViewInspector/ViewSearch.swift:273:17: warning: sending 'self' risks causing data races; this is an error in the Swift 6 language mode
271 |         precondition(skipFound >= 0)
272 |         return try MainActor.assumeIsolated {
273 |             try isolatedFind(relation: relation, traversal: traversal, skipFound: skipFound, where: condition)
    |                 |- warning: sending 'self' risks causing data races; this is an error in the Swift 6 language mode
    |                 `- note: task-isolated 'self' is captured by a main actor-isolated closure. main actor-isolated uses in closure may race against later nonisolated uses
274 |         }
275 |     }
/Users/admin/builder/spi-builder-workspace/Sources/ViewInspector/ViewSearch.swift:273:101: warning: sending 'condition' risks causing data races; this is an error in the Swift 6 language mode
271 |         precondition(skipFound >= 0)
272 |         return try MainActor.assumeIsolated {
273 |             try isolatedFind(relation: relation, traversal: traversal, skipFound: skipFound, where: condition)
    |                                                                                                     |- warning: sending 'condition' risks causing data races; this is an error in the Swift 6 language mode
    |                                                                                                     `- note: task-isolated 'condition' is captured by a main actor-isolated closure. main actor-isolated uses in closure may race against later nonisolated uses
274 |         }
275 |     }
/Users/admin/builder/spi-builder-workspace/Sources/ViewInspector/ViewSearch.swift:339:13: warning: sending 'self' risks causing data races; this is an error in the Swift 6 language mode
337 |     func findAll(where condition: ViewSearch.Condition) -> [InspectableView<ViewType.ClassifiedView>] {
338 |         return MainActor.assumeIsolated {
339 |             isolatedFindAll(where: condition)
    |             |- warning: sending 'self' risks causing data races; this is an error in the Swift 6 language mode
    |             `- note: task-isolated 'self' is captured by a main actor-isolated closure. main actor-isolated uses in closure may race against later nonisolated uses
340 |         }
341 |     }
/Users/admin/builder/spi-builder-workspace/Sources/ViewInspector/ViewSearch.swift:339:36: warning: sending 'condition' risks causing data races; this is an error in the Swift 6 language mode
337 |     func findAll(where condition: ViewSearch.Condition) -> [InspectableView<ViewType.ClassifiedView>] {
338 |         return MainActor.assumeIsolated {
339 |             isolatedFindAll(where: condition)
    |                                    |- warning: sending 'condition' risks causing data races; this is an error in the Swift 6 language mode
    |                                    `- note: task-isolated 'condition' is captured by a main actor-isolated closure. main actor-isolated uses in closure may race against later nonisolated uses
340 |         }
341 |     }
Running build ...
env DEVELOPER_DIR=/Applications/Xcode-16.3.0.app xcrun swift build --arch arm64
[0/1] Planning build
Building for debugging...
[0/1] Write swift-version-2F0A5646E1D333AE.txt
error: emit-module command failed with exit code 1 (use -v to see invocation)
[2/120] Emitting module ViewInspector
/Users/admin/builder/spi-builder-workspace/Sources/ViewInspector/Modifiers/NavigationBarModifiers.swift:90:1: warning: extension declares a conformance of imported type 'ToolbarPlacement' to imported protocol 'Equatable'; this will not behave correctly if the owners of 'SwiftUI' introduce this conformance in the future
 88 |
 89 | @available(iOS 16.0, macOS 13.0, tvOS 16.0, watchOS 9.0, *)
 90 | extension ToolbarPlacement: BinaryEquatable { }
    | |- warning: extension declares a conformance of imported type 'ToolbarPlacement' to imported protocol 'Equatable'; this will not behave correctly if the owners of 'SwiftUI' introduce this conformance in the future
    | `- note: add '@retroactive' to silence this warning
 91 |
 92 | @available(iOS 13.0, macOS 10.15, tvOS 13.0, *)
/Users/admin/builder/spi-builder-workspace/Sources/ViewInspector/SwiftUI/GlassEffectContainer.swift:145:44: error: cannot find type 'GlassEffectTransition' in scope
143 |
144 |     /// Returns the glass effect transition.
145 |     func glassEffectTransition() throws -> GlassEffectTransition {
    |                                            `- error: cannot find type 'GlassEffectTransition' in scope
146 |         let kind = try modifierAttribute(
147 |             modifierName: "GlassEffectTransitionModifier", path: "modifier|transition|kind",
/Users/admin/builder/spi-builder-workspace/Sources/ViewInspector/SwiftUI/GlassEffectContainer.swift:182:11: error: cannot find type 'GlassEffectTransition' in scope
180 | @available(iOS 26.0, macOS 26.0, tvOS 26.0, watchOS 26.0, *)
181 | @available(visionOS, unavailable)
182 | extension GlassEffectTransition: BinaryEquatable { }
    |           `- error: cannot find type 'GlassEffectTransition' in scope
183 |
/Users/admin/builder/spi-builder-workspace/Sources/ViewInspector/SwiftUI/SignInWithAppleButton.swift:98:1: warning: extension declares a conformance of imported type 'Label' to imported protocol 'Equatable'; this will not behave correctly if the owners of '_AuthenticationServices_SwiftUI' introduce this conformance in the future
 96 |
 97 | @available(iOS 14.0, macOS 11.0, tvOS 14.0, watchOS 7.0, *)
 98 | extension SignInWithAppleButton.Label: BinaryEquatable {
    | |- warning: extension declares a conformance of imported type 'Label' to imported protocol 'Equatable'; this will not behave correctly if the owners of '_AuthenticationServices_SwiftUI' introduce this conformance in the future
    | `- note: add '@retroactive' to silence this warning
 99 |     init(type: ASAuthorizationAppleIDButton.ButtonType) {
100 |         switch type {
/Users/admin/builder/spi-builder-workspace/Sources/ViewInspector/SwiftUI/Toolbar.swift:249:1: warning: extension declares a conformance of imported type 'ToolbarItemPlacement' to imported protocol 'Equatable'; this will not behave correctly if the owners of 'SwiftUI' introduce this conformance in the future
247 |
248 | @available(iOS 14.0, macOS 11.0, tvOS 14.0, watchOS 7.0, *)
249 | extension ToolbarItemPlacement: BinaryEquatable { }
    | |- warning: extension declares a conformance of imported type 'ToolbarItemPlacement' to imported protocol 'Equatable'; this will not behave correctly if the owners of 'SwiftUI' introduce this conformance in the future
    | `- note: add '@retroactive' to silence this warning
250 |
[3/133] Compiling ViewInspector ControlGroup.swift
[4/133] Compiling ViewInspector CustomView.swift
[5/133] Compiling ViewInspector CustomViewModifier.swift
[6/133] Compiling ViewInspector DatePicker.swift
[7/133] Compiling ViewInspector DelayedPreferenceView.swift
[8/133] Compiling ViewInspector DisclosureGroup.swift
[9/133] Compiling ViewInspector Divider.swift
[10/133] Compiling ViewInspector EditButton.swift
[11/133] Compiling ViewInspector EllipticalGradient.swift
[12/133] Compiling ViewInspector EmptyView.swift
[13/133] Compiling ViewInspector EquatableView.swift
[14/133] Compiling ViewInspector ForEach.swift
[15/133] Compiling ViewInspector Form.swift
[16/133] Compiling ViewInspector Label.swift
[17/133] Compiling ViewInspector LabeledContent.swift
[18/133] Compiling ViewInspector LazyHGrid.swift
[19/133] Compiling ViewInspector LazyHStack.swift
[20/133] Compiling ViewInspector LazyVGrid.swift
[21/133] Compiling ViewInspector LazyVStack.swift
[22/133] Compiling ViewInspector LinearGradient.swift
[23/133] Compiling ViewInspector Link.swift
[24/133] Compiling ViewInspector List.swift
[25/133] Compiling ViewInspector LocationButton.swift
[26/133] Compiling ViewInspector Map.swift
[27/133] Compiling ViewInspector MapAnnotation.swift
[28/133] Compiling ViewInspector Menu.swift
[29/133] Compiling ViewInspector GeometryReader.swift
/Users/admin/builder/spi-builder-workspace/Sources/ViewInspector/SwiftUI/GlassEffectContainer.swift:145:44: error: cannot find type 'GlassEffectTransition' in scope
143 |
144 |     /// Returns the glass effect transition.
145 |     func glassEffectTransition() throws -> GlassEffectTransition {
    |                                            `- error: cannot find type 'GlassEffectTransition' in scope
146 |         let kind = try modifierAttribute(
147 |             modifierName: "GlassEffectTransitionModifier", path: "modifier|transition|kind",
/Users/admin/builder/spi-builder-workspace/Sources/ViewInspector/SwiftUI/GlassEffectContainer.swift:182:11: error: cannot find type 'GlassEffectTransition' in scope
180 | @available(iOS 26.0, macOS 26.0, tvOS 26.0, watchOS 26.0, *)
181 | @available(visionOS, unavailable)
182 | extension GlassEffectTransition: BinaryEquatable { }
    |           `- error: cannot find type 'GlassEffectTransition' in scope
183 |
[30/133] Compiling ViewInspector Gesture.swift
/Users/admin/builder/spi-builder-workspace/Sources/ViewInspector/SwiftUI/GlassEffectContainer.swift:145:44: error: cannot find type 'GlassEffectTransition' in scope
143 |
144 |     /// Returns the glass effect transition.
145 |     func glassEffectTransition() throws -> GlassEffectTransition {
    |                                            `- error: cannot find type 'GlassEffectTransition' in scope
146 |         let kind = try modifierAttribute(
147 |             modifierName: "GlassEffectTransitionModifier", path: "modifier|transition|kind",
/Users/admin/builder/spi-builder-workspace/Sources/ViewInspector/SwiftUI/GlassEffectContainer.swift:182:11: error: cannot find type 'GlassEffectTransition' in scope
180 | @available(iOS 26.0, macOS 26.0, tvOS 26.0, watchOS 26.0, *)
181 | @available(visionOS, unavailable)
182 | extension GlassEffectTransition: BinaryEquatable { }
    |           `- error: cannot find type 'GlassEffectTransition' in scope
183 |
[31/133] Compiling ViewInspector GlassEffectContainer.swift
/Users/admin/builder/spi-builder-workspace/Sources/ViewInspector/SwiftUI/GlassEffectContainer.swift:145:44: error: cannot find type 'GlassEffectTransition' in scope
143 |
144 |     /// Returns the glass effect transition.
145 |     func glassEffectTransition() throws -> GlassEffectTransition {
    |                                            `- error: cannot find type 'GlassEffectTransition' in scope
146 |         let kind = try modifierAttribute(
147 |             modifierName: "GlassEffectTransitionModifier", path: "modifier|transition|kind",
/Users/admin/builder/spi-builder-workspace/Sources/ViewInspector/SwiftUI/GlassEffectContainer.swift:182:11: error: cannot find type 'GlassEffectTransition' in scope
180 | @available(iOS 26.0, macOS 26.0, tvOS 26.0, watchOS 26.0, *)
181 | @available(visionOS, unavailable)
182 | extension GlassEffectTransition: BinaryEquatable { }
    |           `- error: cannot find type 'GlassEffectTransition' in scope
183 |
[32/133] Compiling ViewInspector Grid.swift
/Users/admin/builder/spi-builder-workspace/Sources/ViewInspector/SwiftUI/GlassEffectContainer.swift:145:44: error: cannot find type 'GlassEffectTransition' in scope
143 |
144 |     /// Returns the glass effect transition.
145 |     func glassEffectTransition() throws -> GlassEffectTransition {
    |                                            `- error: cannot find type 'GlassEffectTransition' in scope
146 |         let kind = try modifierAttribute(
147 |             modifierName: "GlassEffectTransitionModifier", path: "modifier|transition|kind",
/Users/admin/builder/spi-builder-workspace/Sources/ViewInspector/SwiftUI/GlassEffectContainer.swift:182:11: error: cannot find type 'GlassEffectTransition' in scope
180 | @available(iOS 26.0, macOS 26.0, tvOS 26.0, watchOS 26.0, *)
181 | @available(visionOS, unavailable)
182 | extension GlassEffectTransition: BinaryEquatable { }
    |           `- error: cannot find type 'GlassEffectTransition' in scope
183 |
[33/133] Compiling ViewInspector Group.swift
/Users/admin/builder/spi-builder-workspace/Sources/ViewInspector/SwiftUI/GlassEffectContainer.swift:145:44: error: cannot find type 'GlassEffectTransition' in scope
143 |
144 |     /// Returns the glass effect transition.
145 |     func glassEffectTransition() throws -> GlassEffectTransition {
    |                                            `- error: cannot find type 'GlassEffectTransition' in scope
146 |         let kind = try modifierAttribute(
147 |             modifierName: "GlassEffectTransitionModifier", path: "modifier|transition|kind",
/Users/admin/builder/spi-builder-workspace/Sources/ViewInspector/SwiftUI/GlassEffectContainer.swift:182:11: error: cannot find type 'GlassEffectTransition' in scope
180 | @available(iOS 26.0, macOS 26.0, tvOS 26.0, watchOS 26.0, *)
181 | @available(visionOS, unavailable)
182 | extension GlassEffectTransition: BinaryEquatable { }
    |           `- error: cannot find type 'GlassEffectTransition' in scope
183 |
[34/133] Compiling ViewInspector GroupBox.swift
/Users/admin/builder/spi-builder-workspace/Sources/ViewInspector/SwiftUI/GlassEffectContainer.swift:145:44: error: cannot find type 'GlassEffectTransition' in scope
143 |
144 |     /// Returns the glass effect transition.
145 |     func glassEffectTransition() throws -> GlassEffectTransition {
    |                                            `- error: cannot find type 'GlassEffectTransition' in scope
146 |         let kind = try modifierAttribute(
147 |             modifierName: "GlassEffectTransitionModifier", path: "modifier|transition|kind",
/Users/admin/builder/spi-builder-workspace/Sources/ViewInspector/SwiftUI/GlassEffectContainer.swift:182:11: error: cannot find type 'GlassEffectTransition' in scope
180 | @available(iOS 26.0, macOS 26.0, tvOS 26.0, watchOS 26.0, *)
181 | @available(visionOS, unavailable)
182 | extension GlassEffectTransition: BinaryEquatable { }
    |           `- error: cannot find type 'GlassEffectTransition' in scope
183 |
[35/133] Compiling ViewInspector GroupElementsOfContent.swift
/Users/admin/builder/spi-builder-workspace/Sources/ViewInspector/SwiftUI/GlassEffectContainer.swift:145:44: error: cannot find type 'GlassEffectTransition' in scope
143 |
144 |     /// Returns the glass effect transition.
145 |     func glassEffectTransition() throws -> GlassEffectTransition {
    |                                            `- error: cannot find type 'GlassEffectTransition' in scope
146 |         let kind = try modifierAttribute(
147 |             modifierName: "GlassEffectTransitionModifier", path: "modifier|transition|kind",
/Users/admin/builder/spi-builder-workspace/Sources/ViewInspector/SwiftUI/GlassEffectContainer.swift:182:11: error: cannot find type 'GlassEffectTransition' in scope
180 | @available(iOS 26.0, macOS 26.0, tvOS 26.0, watchOS 26.0, *)
181 | @available(visionOS, unavailable)
182 | extension GlassEffectTransition: BinaryEquatable { }
    |           `- error: cannot find type 'GlassEffectTransition' in scope
183 |
[36/133] Compiling ViewInspector GroupSectionsOfContent.swift
/Users/admin/builder/spi-builder-workspace/Sources/ViewInspector/SwiftUI/GlassEffectContainer.swift:145:44: error: cannot find type 'GlassEffectTransition' in scope
143 |
144 |     /// Returns the glass effect transition.
145 |     func glassEffectTransition() throws -> GlassEffectTransition {
    |                                            `- error: cannot find type 'GlassEffectTransition' in scope
146 |         let kind = try modifierAttribute(
147 |             modifierName: "GlassEffectTransitionModifier", path: "modifier|transition|kind",
/Users/admin/builder/spi-builder-workspace/Sources/ViewInspector/SwiftUI/GlassEffectContainer.swift:182:11: error: cannot find type 'GlassEffectTransition' in scope
180 | @available(iOS 26.0, macOS 26.0, tvOS 26.0, watchOS 26.0, *)
181 | @available(visionOS, unavailable)
182 | extension GlassEffectTransition: BinaryEquatable { }
    |           `- error: cannot find type 'GlassEffectTransition' in scope
183 |
[37/133] Compiling ViewInspector HSplitView.swift
/Users/admin/builder/spi-builder-workspace/Sources/ViewInspector/SwiftUI/GlassEffectContainer.swift:145:44: error: cannot find type 'GlassEffectTransition' in scope
143 |
144 |     /// Returns the glass effect transition.
145 |     func glassEffectTransition() throws -> GlassEffectTransition {
    |                                            `- error: cannot find type 'GlassEffectTransition' in scope
146 |         let kind = try modifierAttribute(
147 |             modifierName: "GlassEffectTransitionModifier", path: "modifier|transition|kind",
/Users/admin/builder/spi-builder-workspace/Sources/ViewInspector/SwiftUI/GlassEffectContainer.swift:182:11: error: cannot find type 'GlassEffectTransition' in scope
180 | @available(iOS 26.0, macOS 26.0, tvOS 26.0, watchOS 26.0, *)
181 | @available(visionOS, unavailable)
182 | extension GlassEffectTransition: BinaryEquatable { }
    |           `- error: cannot find type 'GlassEffectTransition' in scope
183 |
[38/133] Compiling ViewInspector HStack.swift
/Users/admin/builder/spi-builder-workspace/Sources/ViewInspector/SwiftUI/GlassEffectContainer.swift:145:44: error: cannot find type 'GlassEffectTransition' in scope
143 |
144 |     /// Returns the glass effect transition.
145 |     func glassEffectTransition() throws -> GlassEffectTransition {
    |                                            `- error: cannot find type 'GlassEffectTransition' in scope
146 |         let kind = try modifierAttribute(
147 |             modifierName: "GlassEffectTransitionModifier", path: "modifier|transition|kind",
/Users/admin/builder/spi-builder-workspace/Sources/ViewInspector/SwiftUI/GlassEffectContainer.swift:182:11: error: cannot find type 'GlassEffectTransition' in scope
180 | @available(iOS 26.0, macOS 26.0, tvOS 26.0, watchOS 26.0, *)
181 | @available(visionOS, unavailable)
182 | extension GlassEffectTransition: BinaryEquatable { }
    |           `- error: cannot find type 'GlassEffectTransition' in scope
183 |
[39/133] Compiling ViewInspector HelpView.swift
/Users/admin/builder/spi-builder-workspace/Sources/ViewInspector/SwiftUI/GlassEffectContainer.swift:145:44: error: cannot find type 'GlassEffectTransition' in scope
143 |
144 |     /// Returns the glass effect transition.
145 |     func glassEffectTransition() throws -> GlassEffectTransition {
    |                                            `- error: cannot find type 'GlassEffectTransition' in scope
146 |         let kind = try modifierAttribute(
147 |             modifierName: "GlassEffectTransitionModifier", path: "modifier|transition|kind",
/Users/admin/builder/spi-builder-workspace/Sources/ViewInspector/SwiftUI/GlassEffectContainer.swift:182:11: error: cannot find type 'GlassEffectTransition' in scope
180 | @available(iOS 26.0, macOS 26.0, tvOS 26.0, watchOS 26.0, *)
181 | @available(visionOS, unavailable)
182 | extension GlassEffectTransition: BinaryEquatable { }
    |           `- error: cannot find type 'GlassEffectTransition' in scope
183 |
[40/133] Compiling ViewInspector IDView.swift
/Users/admin/builder/spi-builder-workspace/Sources/ViewInspector/SwiftUI/GlassEffectContainer.swift:145:44: error: cannot find type 'GlassEffectTransition' in scope
143 |
144 |     /// Returns the glass effect transition.
145 |     func glassEffectTransition() throws -> GlassEffectTransition {
    |                                            `- error: cannot find type 'GlassEffectTransition' in scope
146 |         let kind = try modifierAttribute(
147 |             modifierName: "GlassEffectTransitionModifier", path: "modifier|transition|kind",
/Users/admin/builder/spi-builder-workspace/Sources/ViewInspector/SwiftUI/GlassEffectContainer.swift:182:11: error: cannot find type 'GlassEffectTransition' in scope
180 | @available(iOS 26.0, macOS 26.0, tvOS 26.0, watchOS 26.0, *)
181 | @available(visionOS, unavailable)
182 | extension GlassEffectTransition: BinaryEquatable { }
    |           `- error: cannot find type 'GlassEffectTransition' in scope
183 |
[41/133] Compiling ViewInspector Image.swift
/Users/admin/builder/spi-builder-workspace/Sources/ViewInspector/SwiftUI/GlassEffectContainer.swift:145:44: error: cannot find type 'GlassEffectTransition' in scope
143 |
144 |     /// Returns the glass effect transition.
145 |     func glassEffectTransition() throws -> GlassEffectTransition {
    |                                            `- error: cannot find type 'GlassEffectTransition' in scope
146 |         let kind = try modifierAttribute(
147 |             modifierName: "GlassEffectTransitionModifier", path: "modifier|transition|kind",
/Users/admin/builder/spi-builder-workspace/Sources/ViewInspector/SwiftUI/GlassEffectContainer.swift:182:11: error: cannot find type 'GlassEffectTransition' in scope
180 | @available(iOS 26.0, macOS 26.0, tvOS 26.0, watchOS 26.0, *)
181 | @available(visionOS, unavailable)
182 | extension GlassEffectTransition: BinaryEquatable { }
    |           `- error: cannot find type 'GlassEffectTransition' in scope
183 |
[42/133] Compiling ViewInspector MenuButton.swift
/Users/admin/builder/spi-builder-workspace/Sources/ViewInspector/SwiftUI/Popover.swift:61:45: warning: converting function value of type '@MainActor (Any) -> Bool' to '(any ModifierNameProvider) -> Bool' loses global actor 'MainActor'; this is an error in the Swift 6 language mode
 59 |     func popover(parent: UnwrappedView, index: Int?) throws -> InspectableView<ViewType.Popover> {
 60 |         return try popup(parent: parent, index: index,
 61 |                          modifierPredicate: isPopoverBuilder(modifier:),
    |                                             `- warning: converting function value of type '@MainActor (Any) -> Bool' to '(any ModifierNameProvider) -> Bool' loses global actor 'MainActor'; this is an error in the Swift 6 language mode
 62 |                          standardPredicate: standardPopoverModifier)
 63 |     }
[43/133] Compiling ViewInspector MultiDatePicker.swift
/Users/admin/builder/spi-builder-workspace/Sources/ViewInspector/SwiftUI/Popover.swift:61:45: warning: converting function value of type '@MainActor (Any) -> Bool' to '(any ModifierNameProvider) -> Bool' loses global actor 'MainActor'; this is an error in the Swift 6 language mode
 59 |     func popover(parent: UnwrappedView, index: Int?) throws -> InspectableView<ViewType.Popover> {
 60 |         return try popup(parent: parent, index: index,
 61 |                          modifierPredicate: isPopoverBuilder(modifier:),
    |                                             `- warning: converting function value of type '@MainActor (Any) -> Bool' to '(any ModifierNameProvider) -> Bool' loses global actor 'MainActor'; this is an error in the Swift 6 language mode
 62 |                          standardPredicate: standardPopoverModifier)
 63 |     }
[44/133] Compiling ViewInspector NavigationDestination.swift
/Users/admin/builder/spi-builder-workspace/Sources/ViewInspector/SwiftUI/Popover.swift:61:45: warning: converting function value of type '@MainActor (Any) -> Bool' to '(any ModifierNameProvider) -> Bool' loses global actor 'MainActor'; this is an error in the Swift 6 language mode
 59 |     func popover(parent: UnwrappedView, index: Int?) throws -> InspectableView<ViewType.Popover> {
 60 |         return try popup(parent: parent, index: index,
 61 |                          modifierPredicate: isPopoverBuilder(modifier:),
    |                                             `- warning: converting function value of type '@MainActor (Any) -> Bool' to '(any ModifierNameProvider) -> Bool' loses global actor 'MainActor'; this is an error in the Swift 6 language mode
 62 |                          standardPredicate: standardPopoverModifier)
 63 |     }
[45/133] Compiling ViewInspector NavigationLink.swift
/Users/admin/builder/spi-builder-workspace/Sources/ViewInspector/SwiftUI/Popover.swift:61:45: warning: converting function value of type '@MainActor (Any) -> Bool' to '(any ModifierNameProvider) -> Bool' loses global actor 'MainActor'; this is an error in the Swift 6 language mode
 59 |     func popover(parent: UnwrappedView, index: Int?) throws -> InspectableView<ViewType.Popover> {
 60 |         return try popup(parent: parent, index: index,
 61 |                          modifierPredicate: isPopoverBuilder(modifier:),
    |                                             `- warning: converting function value of type '@MainActor (Any) -> Bool' to '(any ModifierNameProvider) -> Bool' loses global actor 'MainActor'; this is an error in the Swift 6 language mode
 62 |                          standardPredicate: standardPopoverModifier)
 63 |     }
[46/133] Compiling ViewInspector NavigationSplitView.swift
/Users/admin/builder/spi-builder-workspace/Sources/ViewInspector/SwiftUI/Popover.swift:61:45: warning: converting function value of type '@MainActor (Any) -> Bool' to '(any ModifierNameProvider) -> Bool' loses global actor 'MainActor'; this is an error in the Swift 6 language mode
 59 |     func popover(parent: UnwrappedView, index: Int?) throws -> InspectableView<ViewType.Popover> {
 60 |         return try popup(parent: parent, index: index,
 61 |                          modifierPredicate: isPopoverBuilder(modifier:),
    |                                             `- warning: converting function value of type '@MainActor (Any) -> Bool' to '(any ModifierNameProvider) -> Bool' loses global actor 'MainActor'; this is an error in the Swift 6 language mode
 62 |                          standardPredicate: standardPopoverModifier)
 63 |     }
[47/133] Compiling ViewInspector NavigationStack.swift
/Users/admin/builder/spi-builder-workspace/Sources/ViewInspector/SwiftUI/Popover.swift:61:45: warning: converting function value of type '@MainActor (Any) -> Bool' to '(any ModifierNameProvider) -> Bool' loses global actor 'MainActor'; this is an error in the Swift 6 language mode
 59 |     func popover(parent: UnwrappedView, index: Int?) throws -> InspectableView<ViewType.Popover> {
 60 |         return try popup(parent: parent, index: index,
 61 |                          modifierPredicate: isPopoverBuilder(modifier:),
    |                                             `- warning: converting function value of type '@MainActor (Any) -> Bool' to '(any ModifierNameProvider) -> Bool' loses global actor 'MainActor'; this is an error in the Swift 6 language mode
 62 |                          standardPredicate: standardPopoverModifier)
 63 |     }
[48/133] Compiling ViewInspector NavigationView.swift
/Users/admin/builder/spi-builder-workspace/Sources/ViewInspector/SwiftUI/Popover.swift:61:45: warning: converting function value of type '@MainActor (Any) -> Bool' to '(any ModifierNameProvider) -> Bool' loses global actor 'MainActor'; this is an error in the Swift 6 language mode
 59 |     func popover(parent: UnwrappedView, index: Int?) throws -> InspectableView<ViewType.Popover> {
 60 |         return try popup(parent: parent, index: index,
 61 |                          modifierPredicate: isPopoverBuilder(modifier:),
    |                                             `- warning: converting function value of type '@MainActor (Any) -> Bool' to '(any ModifierNameProvider) -> Bool' loses global actor 'MainActor'; this is an error in the Swift 6 language mode
 62 |                          standardPredicate: standardPopoverModifier)
 63 |     }
[49/133] Compiling ViewInspector OptionalContent.swift
/Users/admin/builder/spi-builder-workspace/Sources/ViewInspector/SwiftUI/Popover.swift:61:45: warning: converting function value of type '@MainActor (Any) -> Bool' to '(any ModifierNameProvider) -> Bool' loses global actor 'MainActor'; this is an error in the Swift 6 language mode
 59 |     func popover(parent: UnwrappedView, index: Int?) throws -> InspectableView<ViewType.Popover> {
 60 |         return try popup(parent: parent, index: index,
 61 |                          modifierPredicate: isPopoverBuilder(modifier:),
    |                                             `- warning: converting function value of type '@MainActor (Any) -> Bool' to '(any ModifierNameProvider) -> Bool' loses global actor 'MainActor'; this is an error in the Swift 6 language mode
 62 |                          standardPredicate: standardPopoverModifier)
 63 |     }
[50/133] Compiling ViewInspector OutlineGroup.swift
/Users/admin/builder/spi-builder-workspace/Sources/ViewInspector/SwiftUI/Popover.swift:61:45: warning: converting function value of type '@MainActor (Any) -> Bool' to '(any ModifierNameProvider) -> Bool' loses global actor 'MainActor'; this is an error in the Swift 6 language mode
 59 |     func popover(parent: UnwrappedView, index: Int?) throws -> InspectableView<ViewType.Popover> {
 60 |         return try popup(parent: parent, index: index,
 61 |                          modifierPredicate: isPopoverBuilder(modifier:),
    |                                             `- warning: converting function value of type '@MainActor (Any) -> Bool' to '(any ModifierNameProvider) -> Bool' loses global actor 'MainActor'; this is an error in the Swift 6 language mode
 62 |                          standardPredicate: standardPopoverModifier)
 63 |     }
[51/133] Compiling ViewInspector Overlay.swift
/Users/admin/builder/spi-builder-workspace/Sources/ViewInspector/SwiftUI/Popover.swift:61:45: warning: converting function value of type '@MainActor (Any) -> Bool' to '(any ModifierNameProvider) -> Bool' loses global actor 'MainActor'; this is an error in the Swift 6 language mode
 59 |     func popover(parent: UnwrappedView, index: Int?) throws -> InspectableView<ViewType.Popover> {
 60 |         return try popup(parent: parent, index: index,
 61 |                          modifierPredicate: isPopoverBuilder(modifier:),
    |                                             `- warning: converting function value of type '@MainActor (Any) -> Bool' to '(any ModifierNameProvider) -> Bool' loses global actor 'MainActor'; this is an error in the Swift 6 language mode
 62 |                          standardPredicate: standardPopoverModifier)
 63 |     }
[52/133] Compiling ViewInspector PasteButton.swift
/Users/admin/builder/spi-builder-workspace/Sources/ViewInspector/SwiftUI/Popover.swift:61:45: warning: converting function value of type '@MainActor (Any) -> Bool' to '(any ModifierNameProvider) -> Bool' loses global actor 'MainActor'; this is an error in the Swift 6 language mode
 59 |     func popover(parent: UnwrappedView, index: Int?) throws -> InspectableView<ViewType.Popover> {
 60 |         return try popup(parent: parent, index: index,
 61 |                          modifierPredicate: isPopoverBuilder(modifier:),
    |                                             `- warning: converting function value of type '@MainActor (Any) -> Bool' to '(any ModifierNameProvider) -> Bool' loses global actor 'MainActor'; this is an error in the Swift 6 language mode
 62 |                          standardPredicate: standardPopoverModifier)
 63 |     }
[53/133] Compiling ViewInspector Picker.swift
/Users/admin/builder/spi-builder-workspace/Sources/ViewInspector/SwiftUI/Popover.swift:61:45: warning: converting function value of type '@MainActor (Any) -> Bool' to '(any ModifierNameProvider) -> Bool' loses global actor 'MainActor'; this is an error in the Swift 6 language mode
 59 |     func popover(parent: UnwrappedView, index: Int?) throws -> InspectableView<ViewType.Popover> {
 60 |         return try popup(parent: parent, index: index,
 61 |                          modifierPredicate: isPopoverBuilder(modifier:),
    |                                             `- warning: converting function value of type '@MainActor (Any) -> Bool' to '(any ModifierNameProvider) -> Bool' loses global actor 'MainActor'; this is an error in the Swift 6 language mode
 62 |                          standardPredicate: standardPopoverModifier)
 63 |     }
[54/133] Compiling ViewInspector Popover.swift
/Users/admin/builder/spi-builder-workspace/Sources/ViewInspector/SwiftUI/Popover.swift:61:45: warning: converting function value of type '@MainActor (Any) -> Bool' to '(any ModifierNameProvider) -> Bool' loses global actor 'MainActor'; this is an error in the Swift 6 language mode
 59 |     func popover(parent: UnwrappedView, index: Int?) throws -> InspectableView<ViewType.Popover> {
 60 |         return try popup(parent: parent, index: index,
 61 |                          modifierPredicate: isPopoverBuilder(modifier:),
    |                                             `- warning: converting function value of type '@MainActor (Any) -> Bool' to '(any ModifierNameProvider) -> Bool' loses global actor 'MainActor'; this is an error in the Swift 6 language mode
 62 |                          standardPredicate: standardPopoverModifier)
 63 |     }
[55/133] Compiling ViewInspector PopoverContent.swift
/Users/admin/builder/spi-builder-workspace/Sources/ViewInspector/SwiftUI/Sheet.swift:65:13: warning: converting function value of type '@MainActor (Any) -> Bool' to '(any ModifierNameProvider) -> Bool' loses global actor 'MainActor'; this is an error in the Swift 6 language mode
 63 |     func sheet(parent: UnwrappedView, index: Int?, name: String = "Sheet") throws -> InspectableView<ViewType.Sheet> {
 64 |         guard let modifier = try? self.modifier(
 65 |             isSheetBuilder(modifier:), call: name.firstLetterLowercased, index: index ?? 0)
    |             `- warning: converting function value of type '@MainActor (Any) -> Bool' to '(any ModifierNameProvider) -> Bool' loses global actor 'MainActor'; this is an error in the Swift 6 language mode
 66 |         else {
 67 |             // The native modifier is either absent or opaque for the reflection
/Users/admin/builder/spi-builder-workspace/Sources/ViewInspector/SwiftUI/Sheet.swift:138:18: warning: main actor-isolated property 'modifier' can not be mutated from a nonisolated context; this is an error in the Swift 6 language mode
131 |     struct NativePresenter: BasePopupPresenter {
132 |
133 |         let modifier: Any
    |             `- note: mutation of this property is only permitted within the actor
134 |         let name: String
135 |
136 |         // The memberwise init is isolated to the MainActor via `BasePopupPresenter`
137 |         nonisolated init(modifier: Any, name: String) {
138 |             self.modifier = modifier
    |                  `- warning: main actor-isolated property 'modifier' can not be mutated from a nonisolated context; this is an error in the Swift 6 language mode
139 |             self.name = name
140 |         }
/Users/admin/builder/spi-builder-workspace/Sources/ViewInspector/SwiftUI/SignInWithAppleButton.swift:98:1: warning: extension declares a conformance of imported type 'Label' to imported protocol 'Equatable'; this will not behave correctly if the owners of '_AuthenticationServices_SwiftUI' introduce this conformance in the future
 96 |
 97 | @available(iOS 14.0, macOS 11.0, tvOS 14.0, watchOS 7.0, *)
 98 | extension SignInWithAppleButton.Label: BinaryEquatable {
    | |- warning: extension declares a conformance of imported type 'Label' to imported protocol 'Equatable'; this will not behave correctly if the owners of '_AuthenticationServices_SwiftUI' introduce this conformance in the future
    | `- note: add '@retroactive' to silence this warning
 99 |     init(type: ASAuthorizationAppleIDButton.ButtonType) {
100 |         switch type {
[56/133] Compiling ViewInspector ProgressView.swift
/Users/admin/builder/spi-builder-workspace/Sources/ViewInspector/SwiftUI/Sheet.swift:65:13: warning: converting function value of type '@MainActor (Any) -> Bool' to '(any ModifierNameProvider) -> Bool' loses global actor 'MainActor'; this is an error in the Swift 6 language mode
 63 |     func sheet(parent: UnwrappedView, index: Int?, name: String = "Sheet") throws -> InspectableView<ViewType.Sheet> {
 64 |         guard let modifier = try? self.modifier(
 65 |             isSheetBuilder(modifier:), call: name.firstLetterLowercased, index: index ?? 0)
    |             `- warning: converting function value of type '@MainActor (Any) -> Bool' to '(any ModifierNameProvider) -> Bool' loses global actor 'MainActor'; this is an error in the Swift 6 language mode
 66 |         else {
 67 |             // The native modifier is either absent or opaque for the reflection
/Users/admin/builder/spi-builder-workspace/Sources/ViewInspector/SwiftUI/Sheet.swift:138:18: warning: main actor-isolated property 'modifier' can not be mutated from a nonisolated context; this is an error in the Swift 6 language mode
131 |     struct NativePresenter: BasePopupPresenter {
132 |
133 |         let modifier: Any
    |             `- note: mutation of this property is only permitted within the actor
134 |         let name: String
135 |
136 |         // The memberwise init is isolated to the MainActor via `BasePopupPresenter`
137 |         nonisolated init(modifier: Any, name: String) {
138 |             self.modifier = modifier
    |                  `- warning: main actor-isolated property 'modifier' can not be mutated from a nonisolated context; this is an error in the Swift 6 language mode
139 |             self.name = name
140 |         }
/Users/admin/builder/spi-builder-workspace/Sources/ViewInspector/SwiftUI/SignInWithAppleButton.swift:98:1: warning: extension declares a conformance of imported type 'Label' to imported protocol 'Equatable'; this will not behave correctly if the owners of '_AuthenticationServices_SwiftUI' introduce this conformance in the future
 96 |
 97 | @available(iOS 14.0, macOS 11.0, tvOS 14.0, watchOS 7.0, *)
 98 | extension SignInWithAppleButton.Label: BinaryEquatable {
    | |- warning: extension declares a conformance of imported type 'Label' to imported protocol 'Equatable'; this will not behave correctly if the owners of '_AuthenticationServices_SwiftUI' introduce this conformance in the future
    | `- note: add '@retroactive' to silence this warning
 99 |     init(type: ASAuthorizationAppleIDButton.ButtonType) {
100 |         switch type {
[57/133] Compiling ViewInspector RadialGradient.swift
/Users/admin/builder/spi-builder-workspace/Sources/ViewInspector/SwiftUI/Sheet.swift:65:13: warning: converting function value of type '@MainActor (Any) -> Bool' to '(any ModifierNameProvider) -> Bool' loses global actor 'MainActor'; this is an error in the Swift 6 language mode
 63 |     func sheet(parent: UnwrappedView, index: Int?, name: String = "Sheet") throws -> InspectableView<ViewType.Sheet> {
 64 |         guard let modifier = try? self.modifier(
 65 |             isSheetBuilder(modifier:), call: name.firstLetterLowercased, index: index ?? 0)
    |             `- warning: converting function value of type '@MainActor (Any) -> Bool' to '(any ModifierNameProvider) -> Bool' loses global actor 'MainActor'; this is an error in the Swift 6 language mode
 66 |         else {
 67 |             // The native modifier is either absent or opaque for the reflection
/Users/admin/builder/spi-builder-workspace/Sources/ViewInspector/SwiftUI/Sheet.swift:138:18: warning: main actor-isolated property 'modifier' can not be mutated from a nonisolated context; this is an error in the Swift 6 language mode
131 |     struct NativePresenter: BasePopupPresenter {
132 |
133 |         let modifier: Any
    |             `- note: mutation of this property is only permitted within the actor
134 |         let name: String
135 |
136 |         // The memberwise init is isolated to the MainActor via `BasePopupPresenter`
137 |         nonisolated init(modifier: Any, name: String) {
138 |             self.modifier = modifier
    |                  `- warning: main actor-isolated property 'modifier' can not be mutated from a nonisolated context; this is an error in the Swift 6 language mode
139 |             self.name = name
140 |         }
/Users/admin/builder/spi-builder-workspace/Sources/ViewInspector/SwiftUI/SignInWithAppleButton.swift:98:1: warning: extension declares a conformance of imported type 'Label' to imported protocol 'Equatable'; this will not behave correctly if the owners of '_AuthenticationServices_SwiftUI' introduce this conformance in the future
 96 |
 97 | @available(iOS 14.0, macOS 11.0, tvOS 14.0, watchOS 7.0, *)
 98 | extension SignInWithAppleButton.Label: BinaryEquatable {
    | |- warning: extension declares a conformance of imported type 'Label' to imported protocol 'Equatable'; this will not behave correctly if the owners of '_AuthenticationServices_SwiftUI' introduce this conformance in the future
    | `- note: add '@retroactive' to silence this warning
 99 |     init(type: ASAuthorizationAppleIDButton.ButtonType) {
100 |         switch type {
[58/133] Compiling ViewInspector SafeAreaBar.swift
/Users/admin/builder/spi-builder-workspace/Sources/ViewInspector/SwiftUI/Sheet.swift:65:13: warning: converting function value of type '@MainActor (Any) -> Bool' to '(any ModifierNameProvider) -> Bool' loses global actor 'MainActor'; this is an error in the Swift 6 language mode
 63 |     func sheet(parent: UnwrappedView, index: Int?, name: String = "Sheet") throws -> InspectableView<ViewType.Sheet> {
 64 |         guard let modifier = try? self.modifier(
 65 |             isSheetBuilder(modifier:), call: name.firstLetterLowercased, index: index ?? 0)
    |             `- warning: converting function value of type '@MainActor (Any) -> Bool' to '(any ModifierNameProvider) -> Bool' loses global actor 'MainActor'; this is an error in the Swift 6 language mode
 66 |         else {
 67 |             // The native modifier is either absent or opaque for the reflection
/Users/admin/builder/spi-builder-workspace/Sources/ViewInspector/SwiftUI/Sheet.swift:138:18: warning: main actor-isolated property 'modifier' can not be mutated from a nonisolated context; this is an error in the Swift 6 language mode
131 |     struct NativePresenter: BasePopupPresenter {
132 |
133 |         let modifier: Any
    |             `- note: mutation of this property is only permitted within the actor
134 |         let name: String
135 |
136 |         // The memberwise init is isolated to the MainActor via `BasePopupPresenter`
137 |         nonisolated init(modifier: Any, name: String) {
138 |             self.modifier = modifier
    |                  `- warning: main actor-isolated property 'modifier' can not be mutated from a nonisolated context; this is an error in the Swift 6 language mode
139 |             self.name = name
140 |         }
/Users/admin/builder/spi-builder-workspace/Sources/ViewInspector/SwiftUI/SignInWithAppleButton.swift:98:1: warning: extension declares a conformance of imported type 'Label' to imported protocol 'Equatable'; this will not behave correctly if the owners of '_AuthenticationServices_SwiftUI' introduce this conformance in the future
 96 |
 97 | @available(iOS 14.0, macOS 11.0, tvOS 14.0, watchOS 7.0, *)
 98 | extension SignInWithAppleButton.Label: BinaryEquatable {
    | |- warning: extension declares a conformance of imported type 'Label' to imported protocol 'Equatable'; this will not behave correctly if the owners of '_AuthenticationServices_SwiftUI' introduce this conformance in the future
    | `- note: add '@retroactive' to silence this warning
 99 |     init(type: ASAuthorizationAppleIDButton.ButtonType) {
100 |         switch type {
[59/133] Compiling ViewInspector SafeAreaInset.swift
/Users/admin/builder/spi-builder-workspace/Sources/ViewInspector/SwiftUI/Sheet.swift:65:13: warning: converting function value of type '@MainActor (Any) -> Bool' to '(any ModifierNameProvider) -> Bool' loses global actor 'MainActor'; this is an error in the Swift 6 language mode
 63 |     func sheet(parent: UnwrappedView, index: Int?, name: String = "Sheet") throws -> InspectableView<ViewType.Sheet> {
 64 |         guard let modifier = try? self.modifier(
 65 |             isSheetBuilder(modifier:), call: name.firstLetterLowercased, index: index ?? 0)
    |             `- warning: converting function value of type '@MainActor (Any) -> Bool' to '(any ModifierNameProvider) -> Bool' loses global actor 'MainActor'; this is an error in the Swift 6 language mode
 66 |         else {
 67 |             // The native modifier is either absent or opaque for the reflection
/Users/admin/builder/spi-builder-workspace/Sources/ViewInspector/SwiftUI/Sheet.swift:138:18: warning: main actor-isolated property 'modifier' can not be mutated from a nonisolated context; this is an error in the Swift 6 language mode
131 |     struct NativePresenter: BasePopupPresenter {
132 |
133 |         let modifier: Any
    |             `- note: mutation of this property is only permitted within the actor
134 |         let name: String
135 |
136 |         // The memberwise init is isolated to the MainActor via `BasePopupPresenter`
137 |         nonisolated init(modifier: Any, name: String) {
138 |             self.modifier = modifier
    |                  `- warning: main actor-isolated property 'modifier' can not be mutated from a nonisolated context; this is an error in the Swift 6 language mode
139 |             self.name = name
140 |         }
/Users/admin/builder/spi-builder-workspace/Sources/ViewInspector/SwiftUI/SignInWithAppleButton.swift:98:1: warning: extension declares a conformance of imported type 'Label' to imported protocol 'Equatable'; this will not behave correctly if the owners of '_AuthenticationServices_SwiftUI' introduce this conformance in the future
 96 |
 97 | @available(iOS 14.0, macOS 11.0, tvOS 14.0, watchOS 7.0, *)
 98 | extension SignInWithAppleButton.Label: BinaryEquatable {
    | |- warning: extension declares a conformance of imported type 'Label' to imported protocol 'Equatable'; this will not behave correctly if the owners of '_AuthenticationServices_SwiftUI' introduce this conformance in the future
    | `- note: add '@retroactive' to silence this warning
 99 |     init(type: ASAuthorizationAppleIDButton.ButtonType) {
100 |         switch type {
[60/133] Compiling ViewInspector ScrollView.swift
/Users/admin/builder/spi-builder-workspace/Sources/ViewInspector/SwiftUI/Sheet.swift:65:13: warning: converting function value of type '@MainActor (Any) -> Bool' to '(any ModifierNameProvider) -> Bool' loses global actor 'MainActor'; this is an error in the Swift 6 language mode
 63 |     func sheet(parent: UnwrappedView, index: Int?, name: String = "Sheet") throws -> InspectableView<ViewType.Sheet> {
 64 |         guard let modifier = try? self.modifier(
 65 |             isSheetBuilder(modifier:), call: name.firstLetterLowercased, index: index ?? 0)
    |             `- warning: converting function value of type '@MainActor (Any) -> Bool' to '(any ModifierNameProvider) -> Bool' loses global actor 'MainActor'; this is an error in the Swift 6 language mode
 66 |         else {
 67 |             // The native modifier is either absent or opaque for the reflection
/Users/admin/builder/spi-builder-workspace/Sources/ViewInspector/SwiftUI/Sheet.swift:138:18: warning: main actor-isolated property 'modifier' can not be mutated from a nonisolated context; this is an error in the Swift 6 language mode
131 |     struct NativePresenter: BasePopupPresenter {
132 |
133 |         let modifier: Any
    |             `- note: mutation of this property is only permitted within the actor
134 |         let name: String
135 |
136 |         // The memberwise init is isolated to the MainActor via `BasePopupPresenter`
137 |         nonisolated init(modifier: Any, name: String) {
138 |             self.modifier = modifier
    |                  `- warning: main actor-isolated property 'modifier' can not be mutated from a nonisolated context; this is an error in the Swift 6 language mode
139 |             self.name = name
140 |         }
/Users/admin/builder/spi-builder-workspace/Sources/ViewInspector/SwiftUI/SignInWithAppleButton.swift:98:1: warning: extension declares a conformance of imported type 'Label' to imported protocol 'Equatable'; this will not behave correctly if the owners of '_AuthenticationServices_SwiftUI' introduce this conformance in the future
 96 |
 97 | @available(iOS 14.0, macOS 11.0, tvOS 14.0, watchOS 7.0, *)
 98 | extension SignInWithAppleButton.Label: BinaryEquatable {
    | |- warning: extension declares a conformance of imported type 'Label' to imported protocol 'Equatable'; this will not behave correctly if the owners of '_AuthenticationServices_SwiftUI' introduce this conformance in the future
    | `- note: add '@retroactive' to silence this warning
 99 |     init(type: ASAuthorizationAppleIDButton.ButtonType) {
100 |         switch type {
[61/133] Compiling ViewInspector ScrollViewReader.swift
/Users/admin/builder/spi-builder-workspace/Sources/ViewInspector/SwiftUI/Sheet.swift:65:13: warning: converting function value of type '@MainActor (Any) -> Bool' to '(any ModifierNameProvider) -> Bool' loses global actor 'MainActor'; this is an error in the Swift 6 language mode
 63 |     func sheet(parent: UnwrappedView, index: Int?, name: String = "Sheet") throws -> InspectableView<ViewType.Sheet> {
 64 |         guard let modifier = try? self.modifier(
 65 |             isSheetBuilder(modifier:), call: name.firstLetterLowercased, index: index ?? 0)
    |             `- warning: converting function value of type '@MainActor (Any) -> Bool' to '(any ModifierNameProvider) -> Bool' loses global actor 'MainActor'; this is an error in the Swift 6 language mode
 66 |         else {
 67 |             // The native modifier is either absent or opaque for the reflection
/Users/admin/builder/spi-builder-workspace/Sources/ViewInspector/SwiftUI/Sheet.swift:138:18: warning: main actor-isolated property 'modifier' can not be mutated from a nonisolated context; this is an error in the Swift 6 language mode
131 |     struct NativePresenter: BasePopupPresenter {
132 |
133 |         let modifier: Any
    |             `- note: mutation of this property is only permitted within the actor
134 |         let name: String
135 |
136 |         // The memberwise init is isolated to the MainActor via `BasePopupPresenter`
137 |         nonisolated init(modifier: Any, name: String) {
138 |             self.modifier = modifier
    |                  `- warning: main actor-isolated property 'modifier' can not be mutated from a nonisolated context; this is an error in the Swift 6 language mode
139 |             self.name = name
140 |         }
/Users/admin/builder/spi-builder-workspace/Sources/ViewInspector/SwiftUI/SignInWithAppleButton.swift:98:1: warning: extension declares a conformance of imported type 'Label' to imported protocol 'Equatable'; this will not behave correctly if the owners of '_AuthenticationServices_SwiftUI' introduce this conformance in the future
 96 |
 97 | @available(iOS 14.0, macOS 11.0, tvOS 14.0, watchOS 7.0, *)
 98 | extension SignInWithAppleButton.Label: BinaryEquatable {
    | |- warning: extension declares a conformance of imported type 'Label' to imported protocol 'Equatable'; this will not behave correctly if the owners of '_AuthenticationServices_SwiftUI' introduce this conformance in the future
    | `- note: add '@retroactive' to silence this warning
 99 |     init(type: ASAuthorizationAppleIDButton.ButtonType) {
100 |         switch type {
[62/133] Compiling ViewInspector Section.swift
/Users/admin/builder/spi-builder-workspace/Sources/ViewInspector/SwiftUI/Sheet.swift:65:13: warning: converting function value of type '@MainActor (Any) -> Bool' to '(any ModifierNameProvider) -> Bool' loses global actor 'MainActor'; this is an error in the Swift 6 language mode
 63 |     func sheet(parent: UnwrappedView, index: Int?, name: String = "Sheet") throws -> InspectableView<ViewType.Sheet> {
 64 |         guard let modifier = try? self.modifier(
 65 |             isSheetBuilder(modifier:), call: name.firstLetterLowercased, index: index ?? 0)
    |             `- warning: converting function value of type '@MainActor (Any) -> Bool' to '(any ModifierNameProvider) -> Bool' loses global actor 'MainActor'; this is an error in the Swift 6 language mode
 66 |         else {
 67 |             // The native modifier is either absent or opaque for the reflection
/Users/admin/builder/spi-builder-workspace/Sources/ViewInspector/SwiftUI/Sheet.swift:138:18: warning: main actor-isolated property 'modifier' can not be mutated from a nonisolated context; this is an error in the Swift 6 language mode
131 |     struct NativePresenter: BasePopupPresenter {
132 |
133 |         let modifier: Any
    |             `- note: mutation of this property is only permitted within the actor
134 |         let name: String
135 |
136 |         // The memberwise init is isolated to the MainActor via `BasePopupPresenter`
137 |         nonisolated init(modifier: Any, name: String) {
138 |             self.modifier = modifier
    |                  `- warning: main actor-isolated property 'modifier' can not be mutated from a nonisolated context; this is an error in the Swift 6 language mode
139 |             self.name = name
140 |         }
/Users/admin/builder/spi-builder-workspace/Sources/ViewInspector/SwiftUI/SignInWithAppleButton.swift:98:1: warning: extension declares a conformance of imported type 'Label' to imported protocol 'Equatable'; this will not behave correctly if the owners of '_AuthenticationServices_SwiftUI' introduce this conformance in the future
 96 |
 97 | @available(iOS 14.0, macOS 11.0, tvOS 14.0, watchOS 7.0, *)
 98 | extension SignInWithAppleButton.Label: BinaryEquatable {
    | |- warning: extension declares a conformance of imported type 'Label' to imported protocol 'Equatable'; this will not behave correctly if the owners of '_AuthenticationServices_SwiftUI' introduce this conformance in the future
    | `- note: add '@retroactive' to silence this warning
 99 |     init(type: ASAuthorizationAppleIDButton.ButtonType) {
100 |         switch type {
[63/133] Compiling ViewInspector SecureField.swift
/Users/admin/builder/spi-builder-workspace/Sources/ViewInspector/SwiftUI/Sheet.swift:65:13: warning: converting function value of type '@MainActor (Any) -> Bool' to '(any ModifierNameProvider) -> Bool' loses global actor 'MainActor'; this is an error in the Swift 6 language mode
 63 |     func sheet(parent: UnwrappedView, index: Int?, name: String = "Sheet") throws -> InspectableView<ViewType.Sheet> {
 64 |         guard let modifier = try? self.modifier(
 65 |             isSheetBuilder(modifier:), call: name.firstLetterLowercased, index: index ?? 0)
    |             `- warning: converting function value of type '@MainActor (Any) -> Bool' to '(any ModifierNameProvider) -> Bool' loses global actor 'MainActor'; this is an error in the Swift 6 language mode
 66 |         else {
 67 |             // The native modifier is either absent or opaque for the reflection
/Users/admin/builder/spi-builder-workspace/Sources/ViewInspector/SwiftUI/Sheet.swift:138:18: warning: main actor-isolated property 'modifier' can not be mutated from a nonisolated context; this is an error in the Swift 6 language mode
131 |     struct NativePresenter: BasePopupPresenter {
132 |
133 |         let modifier: Any
    |             `- note: mutation of this property is only permitted within the actor
134 |         let name: String
135 |
136 |         // The memberwise init is isolated to the MainActor via `BasePopupPresenter`
137 |         nonisolated init(modifier: Any, name: String) {
138 |             self.modifier = modifier
    |                  `- warning: main actor-isolated property 'modifier' can not be mutated from a nonisolated context; this is an error in the Swift 6 language mode
139 |             self.name = name
140 |         }
/Users/admin/builder/spi-builder-workspace/Sources/ViewInspector/SwiftUI/SignInWithAppleButton.swift:98:1: warning: extension declares a conformance of imported type 'Label' to imported protocol 'Equatable'; this will not behave correctly if the owners of '_AuthenticationServices_SwiftUI' introduce this conformance in the future
 96 |
 97 | @available(iOS 14.0, macOS 11.0, tvOS 14.0, watchOS 7.0, *)
 98 | extension SignInWithAppleButton.Label: BinaryEquatable {
    | |- warning: extension declares a conformance of imported type 'Label' to imported protocol 'Equatable'; this will not behave correctly if the owners of '_AuthenticationServices_SwiftUI' introduce this conformance in the future
    | `- note: add '@retroactive' to silence this warning
 99 |     init(type: ASAuthorizationAppleIDButton.ButtonType) {
100 |         switch type {
[64/133] Compiling ViewInspector Shape.swift
/Users/admin/builder/spi-builder-workspace/Sources/ViewInspector/SwiftUI/Sheet.swift:65:13: warning: converting function value of type '@MainActor (Any) -> Bool' to '(any ModifierNameProvider) -> Bool' loses global actor 'MainActor'; this is an error in the Swift 6 language mode
 63 |     func sheet(parent: UnwrappedView, index: Int?, name: String = "Sheet") throws -> InspectableView<ViewType.Sheet> {
 64 |         guard let modifier = try? self.modifier(
 65 |             isSheetBuilder(modifier:), call: name.firstLetterLowercased, index: index ?? 0)
    |             `- warning: converting function value of type '@MainActor (Any) -> Bool' to '(any ModifierNameProvider) -> Bool' loses global actor 'MainActor'; this is an error in the Swift 6 language mode
 66 |         else {
 67 |             // The native modifier is either absent or opaque for the reflection
/Users/admin/builder/spi-builder-workspace/Sources/ViewInspector/SwiftUI/Sheet.swift:138:18: warning: main actor-isolated property 'modifier' can not be mutated from a nonisolated context; this is an error in the Swift 6 language mode
131 |     struct NativePresenter: BasePopupPresenter {
132 |
133 |         let modifier: Any
    |             `- note: mutation of this property is only permitted within the actor
134 |         let name: String
135 |
136 |         // The memberwise init is isolated to the MainActor via `BasePopupPresenter`
137 |         nonisolated init(modifier: Any, name: String) {
138 |             self.modifier = modifier
    |                  `- warning: main actor-isolated property 'modifier' can not be mutated from a nonisolated context; this is an error in the Swift 6 language mode
139 |             self.name = name
140 |         }
/Users/admin/builder/spi-builder-workspace/Sources/ViewInspector/SwiftUI/SignInWithAppleButton.swift:98:1: warning: extension declares a conformance of imported type 'Label' to imported protocol 'Equatable'; this will not behave correctly if the owners of '_AuthenticationServices_SwiftUI' introduce this conformance in the future
 96 |
 97 | @available(iOS 14.0, macOS 11.0, tvOS 14.0, watchOS 7.0, *)
 98 | extension SignInWithAppleButton.Label: BinaryEquatable {
    | |- warning: extension declares a conformance of imported type 'Label' to imported protocol 'Equatable'; this will not behave correctly if the owners of '_AuthenticationServices_SwiftUI' introduce this conformance in the future
    | `- note: add '@retroactive' to silence this warning
 99 |     init(type: ASAuthorizationAppleIDButton.ButtonType) {
100 |         switch type {
[65/133] Compiling ViewInspector ShareLink.swift
/Users/admin/builder/spi-builder-workspace/Sources/ViewInspector/SwiftUI/Sheet.swift:65:13: warning: converting function value of type '@MainActor (Any) -> Bool' to '(any ModifierNameProvider) -> Bool' loses global actor 'MainActor'; this is an error in the Swift 6 language mode
 63 |     func sheet(parent: UnwrappedView, index: Int?, name: String = "Sheet") throws -> InspectableView<ViewType.Sheet> {
 64 |         guard let modifier = try? self.modifier(
 65 |             isSheetBuilder(modifier:), call: name.firstLetterLowercased, index: index ?? 0)
    |             `- warning: converting function value of type '@MainActor (Any) -> Bool' to '(any ModifierNameProvider) -> Bool' loses global actor 'MainActor'; this is an error in the Swift 6 language mode
 66 |         else {
 67 |             // The native modifier is either absent or opaque for the reflection
/Users/admin/builder/spi-builder-workspace/Sources/ViewInspector/SwiftUI/Sheet.swift:138:18: warning: main actor-isolated property 'modifier' can not be mutated from a nonisolated context; this is an error in the Swift 6 language mode
131 |     struct NativePresenter: BasePopupPresenter {
132 |
133 |         let modifier: Any
    |             `- note: mutation of this property is only permitted within the actor
134 |         let name: String
135 |
136 |         // The memberwise init is isolated to the MainActor via `BasePopupPresenter`
137 |         nonisolated init(modifier: Any, name: String) {
138 |             self.modifier = modifier
    |                  `- warning: main actor-isolated property 'modifier' can not be mutated from a nonisolated context; this is an error in the Swift 6 language mode
139 |             self.name = name
140 |         }
/Users/admin/builder/spi-builder-workspace/Sources/ViewInspector/SwiftUI/SignInWithAppleButton.swift:98:1: warning: extension declares a conformance of imported type 'Label' to imported protocol 'Equatable'; this will not behave correctly if the owners of '_AuthenticationServices_SwiftUI' introduce this conformance in the future
 96 |
 97 | @available(iOS 14.0, macOS 11.0, tvOS 14.0, watchOS 7.0, *)
 98 | extension SignInWithAppleButton.Label: BinaryEquatable {
    | |- warning: extension declares a conformance of imported type 'Label' to imported protocol 'Equatable'; this will not behave correctly if the owners of '_AuthenticationServices_SwiftUI' introduce this conformance in the future
    | `- note: add '@retroactive' to silence this warning
 99 |     init(type: ASAuthorizationAppleIDButton.ButtonType) {
100 |         switch type {
[66/133] Compiling ViewInspector Sheet.swift
/Users/admin/builder/spi-builder-workspace/Sources/ViewInspector/SwiftUI/Sheet.swift:65:13: warning: converting function value of type '@MainActor (Any) -> Bool' to '(any ModifierNameProvider) -> Bool' loses global actor 'MainActor'; this is an error in the Swift 6 language mode
 63 |     func sheet(parent: UnwrappedView, index: Int?, name: String = "Sheet") throws -> InspectableView<ViewType.Sheet> {
 64 |         guard let modifier = try? self.modifier(
 65 |             isSheetBuilder(modifier:), call: name.firstLetterLowercased, index: index ?? 0)
    |             `- warning: converting function value of type '@MainActor (Any) -> Bool' to '(any ModifierNameProvider) -> Bool' loses global actor 'MainActor'; this is an error in the Swift 6 language mode
 66 |         else {
 67 |             // The native modifier is either absent or opaque for the reflection
/Users/admin/builder/spi-builder-workspace/Sources/ViewInspector/SwiftUI/Sheet.swift:138:18: warning: main actor-isolated property 'modifier' can not be mutated from a nonisolated context; this is an error in the Swift 6 language mode
131 |     struct NativePresenter: BasePopupPresenter {
132 |
133 |         let modifier: Any
    |             `- note: mutation of this property is only permitted within the actor
134 |         let name: String
135 |
136 |         // The memberwise init is isolated to the MainActor via `BasePopupPresenter`
137 |         nonisolated init(modifier: Any, name: String) {
138 |             self.modifier = modifier
    |                  `- warning: main actor-isolated property 'modifier' can not be mutated from a nonisolated context; this is an error in the Swift 6 language mode
139 |             self.name = name
140 |         }
/Users/admin/builder/spi-builder-workspace/Sources/ViewInspector/SwiftUI/SignInWithAppleButton.swift:98:1: warning: extension declares a conformance of imported type 'Label' to imported protocol 'Equatable'; this will not behave correctly if the owners of '_AuthenticationServices_SwiftUI' introduce this conformance in the future
 96 |
 97 | @available(iOS 14.0, macOS 11.0, tvOS 14.0, watchOS 7.0, *)
 98 | extension SignInWithAppleButton.Label: BinaryEquatable {
    | |- warning: extension declares a conformance of imported type 'Label' to imported protocol 'Equatable'; this will not behave correctly if the owners of '_AuthenticationServices_SwiftUI' introduce this conformance in the future
    | `- note: add '@retroactive' to silence this warning
 99 |     init(type: ASAuthorizationAppleIDButton.ButtonType) {
100 |         switch type {
[67/133] Compiling ViewInspector SignInWithAppleButton.swift
/Users/admin/builder/spi-builder-workspace/Sources/ViewInspector/SwiftUI/Sheet.swift:65:13: warning: converting function value of type '@MainActor (Any) -> Bool' to '(any ModifierNameProvider) -> Bool' loses global actor 'MainActor'; this is an error in the Swift 6 language mode
 63 |     func sheet(parent: UnwrappedView, index: Int?, name: String = "Sheet") throws -> InspectableView<ViewType.Sheet> {
 64 |         guard let modifier = try? self.modifier(
 65 |             isSheetBuilder(modifier:), call: name.firstLetterLowercased, index: index ?? 0)
    |             `- warning: converting function value of type '@MainActor (Any) -> Bool' to '(any ModifierNameProvider) -> Bool' loses global actor 'MainActor'; this is an error in the Swift 6 language mode
 66 |         else {
 67 |             // The native modifier is either absent or opaque for the reflection
/Users/admin/builder/spi-builder-workspace/Sources/ViewInspector/SwiftUI/Sheet.swift:138:18: warning: main actor-isolated property 'modifier' can not be mutated from a nonisolated context; this is an error in the Swift 6 language mode
131 |     struct NativePresenter: BasePopupPresenter {
132 |
133 |         let modifier: Any
    |             `- note: mutation of this property is only permitted within the actor
134 |         let name: String
135 |
136 |         // The memberwise init is isolated to the MainActor via `BasePopupPresenter`
137 |         nonisolated init(modifier: Any, name: String) {
138 |             self.modifier = modifier
    |                  `- warning: main actor-isolated property 'modifier' can not be mutated from a nonisolated context; this is an error in the Swift 6 language mode
139 |             self.name = name
140 |         }
/Users/admin/builder/spi-builder-workspace/Sources/ViewInspector/SwiftUI/SignInWithAppleButton.swift:98:1: warning: extension declares a conformance of imported type 'Label' to imported protocol 'Equatable'; this will not behave correctly if the owners of '_AuthenticationServices_SwiftUI' introduce this conformance in the future
 96 |
 97 | @available(iOS 14.0, macOS 11.0, tvOS 14.0, watchOS 7.0, *)
 98 | extension SignInWithAppleButton.Label: BinaryEquatable {
    | |- warning: extension declares a conformance of imported type 'Label' to imported protocol 'Equatable'; this will not behave correctly if the owners of '_AuthenticationServices_SwiftUI' introduce this conformance in the future
    | `- note: add '@retroactive' to silence this warning
 99 |     init(type: ASAuthorizationAppleIDButton.ButtonType) {
100 |         switch type {
[68/133] Compiling ViewInspector Slider.swift
[69/133] Compiling ViewInspector Spacer.swift
[70/133] Compiling ViewInspector Stepper.swift
[71/133] Compiling ViewInspector StyleConfiguration.swift
[72/133] Compiling ViewInspector SubscriptionView.swift
[73/133] Compiling ViewInspector Tab.swift
[74/133] Compiling ViewInspector TabView.swift
[75/133] Compiling ViewInspector Text.swift
[76/133] Compiling ViewInspector TextAttributes.swift
[77/133] Compiling ViewInspector TextEditor.swift
[78/133] Compiling ViewInspector TextField.swift
[79/133] Compiling ViewInspector TimelineView.swift
[80/133] Compiling ViewInspector Toggle.swift
[81/133] Compiling ViewInspector Alert.swift
/Users/admin/builder/spi-builder-workspace/Sources/ViewInspector/SwiftUI/Alert.swift:36:49: warning: converting function value of type '@MainActor (Any) -> Bool' to '(any ModifierNameProvider) -> Bool' loses global actor 'MainActor'; this is an error in the Swift 6 language mode
 34 |         do {
 35 |             return try popup(parent: parent, index: index,
 36 |                              modifierPredicate: isDeprecatedAlertPresenter(modifier:),
    |                                                 `- warning: converting function value of type '@MainActor (Any) -> Bool' to '(any ModifierNameProvider) -> Bool' loses global actor 'MainActor'; this is an error in the Swift 6 language mode
 37 |                              standardPredicate: deprecatedStandardAlertModifier)
 38 |         } catch {
[82/133] Compiling ViewInspector AngularGradient.swift
/Users/admin/builder/spi-builder-workspace/Sources/ViewInspector/SwiftUI/Alert.swift:36:49: warning: converting function value of type '@MainActor (Any) -> Bool' to '(any ModifierNameProvider) -> Bool' loses global actor 'MainActor'; this is an error in the Swift 6 language mode
 34 |         do {
 35 |             return try popup(parent: parent, index: index,
 36 |                              modifierPredicate: isDeprecatedAlertPresenter(modifier:),
    |                                                 `- warning: converting function value of type '@MainActor (Any) -> Bool' to '(any ModifierNameProvider) -> Bool' loses global actor 'MainActor'; this is an error in the Swift 6 language mode
 37 |                              standardPredicate: deprecatedStandardAlertModifier)
 38 |         } catch {
[83/133] Compiling ViewInspector AnyView.swift
/Users/admin/builder/spi-builder-workspace/Sources/ViewInspector/SwiftUI/Alert.swift:36:49: warning: converting function value of type '@MainActor (Any) -> Bool' to '(any ModifierNameProvider) -> Bool' loses global actor 'MainActor'; this is an error in the Swift 6 language mode
 34 |         do {
 35 |             return try popup(parent: parent, index: index,
 36 |                              modifierPredicate: isDeprecatedAlertPresenter(modifier:),
    |                                                 `- warning: converting function value of type '@MainActor (Any) -> Bool' to '(any ModifierNameProvider) -> Bool' loses global actor 'MainActor'; this is an error in the Swift 6 language mode
 37 |                              standardPredicate: deprecatedStandardAlertModifier)
 38 |         } catch {
[84/133] Compiling ViewInspector AsyncImage.swift
/Users/admin/builder/spi-builder-workspace/Sources/ViewInspector/SwiftUI/Alert.swift:36:49: warning: converting function value of type '@MainActor (Any) -> Bool' to '(any ModifierNameProvider) -> Bool' loses global actor 'MainActor'; this is an error in the Swift 6 language mode
 34 |         do {
 35 |             return try popup(parent: parent, index: index,
 36 |                              modifierPredicate: isDeprecatedAlertPresenter(modifier:),
    |                                                 `- warning: converting function value of type '@MainActor (Any) -> Bool' to '(any ModifierNameProvider) -> Bool' loses global actor 'MainActor'; this is an error in the Swift 6 language mode
 37 |                              standardPredicate: deprecatedStandardAlertModifier)
 38 |         } catch {
[85/133] Compiling ViewInspector Button.swift
/Users/admin/builder/spi-builder-workspace/Sources/ViewInspector/SwiftUI/Alert.swift:36:49: warning: converting function value of type '@MainActor (Any) -> Bool' to '(any ModifierNameProvider) -> Bool' loses global actor 'MainActor'; this is an error in the Swift 6 language mode
 34 |         do {
 35 |             return try popup(parent: parent, index: index,
 36 |                              modifierPredicate: isDeprecatedAlertPresenter(modifier:),
    |                                                 `- warning: converting function value of type '@MainActor (Any) -> Bool' to '(any ModifierNameProvider) -> Bool' loses global actor 'MainActor'; this is an error in the Swift 6 language mode
 37 |                              standardPredicate: deprecatedStandardAlertModifier)
 38 |         } catch {
[86/133] Compiling ViewInspector Canvas.swift
/Users/admin/builder/spi-builder-workspace/Sources/ViewInspector/SwiftUI/Alert.swift:36:49: warning: converting function value of type '@MainActor (Any) -> Bool' to '(any ModifierNameProvider) -> Bool' loses global actor 'MainActor'; this is an error in the Swift 6 language mode
 34 |         do {
 35 |             return try popup(parent: parent, index: index,
 36 |                              modifierPredicate: isDeprecatedAlertPresenter(modifier:),
    |                                                 `- warning: converting function value of type '@MainActor (Any) -> Bool' to '(any ModifierNameProvider) -> Bool' loses global actor 'MainActor'; this is an error in the Swift 6 language mode
 37 |                              standardPredicate: deprecatedStandardAlertModifier)
 38 |         } catch {
[87/133] Compiling ViewInspector Chart.swift
/Users/admin/builder/spi-builder-workspace/Sources/ViewInspector/SwiftUI/Alert.swift:36:49: warning: converting function value of type '@MainActor (Any) -> Bool' to '(any ModifierNameProvider) -> Bool' loses global actor 'MainActor'; this is an error in the Swift 6 language mode
 34 |         do {
 35 |             return try popup(parent: parent, index: index,
 36 |                              modifierPredicate: isDeprecatedAlertPresenter(modifier:),
    |                                                 `- warning: converting function value of type '@MainActor (Any) -> Bool' to '(any ModifierNameProvider) -> Bool' loses global actor 'MainActor'; this is an error in the Swift 6 language mode
 37 |                              standardPredicate: deprecatedStandardAlertModifier)
 38 |         } catch {
[88/133] Compiling ViewInspector ClassifiedView.swift
/Users/admin/builder/spi-builder-workspace/Sources/ViewInspector/SwiftUI/Alert.swift:36:49: warning: converting function value of type '@MainActor (Any) -> Bool' to '(any ModifierNameProvider) -> Bool' loses global actor 'MainActor'; this is an error in the Swift 6 language mode
 34 |         do {
 35 |             return try popup(parent: parent, index: index,
 36 |                              modifierPredicate: isDeprecatedAlertPresenter(modifier:),
    |                                                 `- warning: converting function value of type '@MainActor (Any) -> Bool' to '(any ModifierNameProvider) -> Bool' loses global actor 'MainActor'; this is an error in the Swift 6 language mode
 37 |                              standardPredicate: deprecatedStandardAlertModifier)
 38 |         } catch {
[89/133] Compiling ViewInspector Color.swift
/Users/admin/builder/spi-builder-workspace/Sources/ViewInspector/SwiftUI/Alert.swift:36:49: warning: converting function value of type '@MainActor (Any) -> Bool' to '(any ModifierNameProvider) -> Bool' loses global actor 'MainActor'; this is an error in the Swift 6 language mode
 34 |         do {
 35 |             return try popup(parent: parent, index: index,
 36 |                              modifierPredicate: isDeprecatedAlertPresenter(modifier:),
    |                                                 `- warning: converting function value of type '@MainActor (Any) -> Bool' to '(any ModifierNameProvider) -> Bool' loses global actor 'MainActor'; this is an error in the Swift 6 language mode
 37 |                              standardPredicate: deprecatedStandardAlertModifier)
 38 |         } catch {
[90/133] Compiling ViewInspector ColorPicker.swift
/Users/admin/builder/spi-builder-workspace/Sources/ViewInspector/SwiftUI/Alert.swift:36:49: warning: converting function value of type '@MainActor (Any) -> Bool' to '(any ModifierNameProvider) -> Bool' loses global actor 'MainActor'; this is an error in the Swift 6 language mode
 34 |         do {
 35 |             return try popup(parent: parent, index: index,
 36 |                              modifierPredicate: isDeprecatedAlertPresenter(modifier:),
    |                                                 `- warning: converting function value of type '@MainActor (Any) -> Bool' to '(any ModifierNameProvider) -> Bool' loses global actor 'MainActor'; this is an error in the Swift 6 language mode
 37 |                              standardPredicate: deprecatedStandardAlertModifier)
 38 |         } catch {
[91/133] Compiling ViewInspector ConditionalContent.swift
/Users/admin/builder/spi-builder-workspace/Sources/ViewInspector/SwiftUI/Alert.swift:36:49: warning: converting function value of type '@MainActor (Any) -> Bool' to '(any ModifierNameProvider) -> Bool' loses global actor 'MainActor'; this is an error in the Swift 6 language mode
 34 |         do {
 35 |             return try popup(parent: parent, index: index,
 36 |                              modifierPredicate: isDeprecatedAlertPresenter(modifier:),
    |                                                 `- warning: converting function value of type '@MainActor (Any) -> Bool' to '(any ModifierNameProvider) -> Bool' loses global actor 'MainActor'; this is an error in the Swift 6 language mode
 37 |                              standardPredicate: deprecatedStandardAlertModifier)
 38 |         } catch {
[92/133] Compiling ViewInspector ConfirmationDialog.swift
/Users/admin/builder/spi-builder-workspace/Sources/ViewInspector/SwiftUI/Alert.swift:36:49: warning: converting function value of type '@MainActor (Any) -> Bool' to '(any ModifierNameProvider) -> Bool' loses global actor 'MainActor'; this is an error in the Swift 6 language mode
 34 |         do {
 35 |             return try popup(parent: parent, index: index,
 36 |                              modifierPredicate: isDeprecatedAlertPresenter(modifier:),
    |                                                 `- warning: converting function value of type '@MainActor (Any) -> Bool' to '(any ModifierNameProvider) -> Bool' loses global actor 'MainActor'; this is an error in the Swift 6 language mode
 37 |                              standardPredicate: deprecatedStandardAlertModifier)
 38 |         } catch {
[93/133] Compiling ViewInspector ContentUnavailableView.swift
/Users/admin/builder/spi-builder-workspace/Sources/ViewInspector/SwiftUI/Alert.swift:36:49: warning: converting function value of type '@MainActor (Any) -> Bool' to '(any ModifierNameProvider) -> Bool' loses global actor 'MainActor'; this is an error in the Swift 6 language mode
 34 |         do {
 35 |             return try popup(parent: parent, index: index,
 36 |                              modifierPredicate: isDeprecatedAlertPresenter(modifier:),
    |                                                 `- warning: converting function value of type '@MainActor (Any) -> Bool' to '(any ModifierNameProvider) -> Bool' loses global actor 'MainActor'; this is an error in the Swift 6 language mode
 37 |                              standardPredicate: deprecatedStandardAlertModifier)
 38 |         } catch {
[94/133] Compiling ViewInspector BaseTypes.swift
[95/133] Compiling ViewInspector ContentExtraction.swift
[96/133] Compiling ViewInspector EnvironmentInjection.swift
[97/133] Compiling ViewInspector InspectableView+RandomAccessCollection.swift
[98/133] Compiling ViewInspector InspectableView.swift
[99/133] Compiling ViewInspector InspectionEmissary.swift
[100/133] Compiling ViewInspector Inspector.swift
[101/133] Compiling ViewInspector LazyGroup.swift
[102/133] Compiling ViewInspector AccessibilityModifiers.swift
[103/133] Compiling ViewInspector AccessibilityTraitsModifiers.swift
[104/133] Compiling ViewInspector AnimationModifiers.swift
[105/133] Compiling ViewInspector ConfigurationModifiers.swift
[106/133] Compiling ViewInspector CustomStyleModifiers.swift
[107/133] Compiling ViewInspector EnvironmentModifiers.swift
[108/133] Compiling ViewInspector EventsModifiers.swift
/Users/admin/builder/spi-builder-workspace/Sources/ViewInspector/Modifiers/NavigationBarModifiers.swift:90:1: warning: extension declares a conformance of imported type 'ToolbarPlacement' to imported protocol 'Equatable'; this will not behave correctly if the owners of 'SwiftUI' introduce this conformance in the future
 88 |
 89 | @available(iOS 16.0, macOS 13.0, tvOS 16.0, watchOS 9.0, *)
 90 | extension ToolbarPlacement: BinaryEquatable { }
    | |- warning: extension declares a conformance of imported type 'ToolbarPlacement' to imported protocol 'Equatable'; this will not behave correctly if the owners of 'SwiftUI' introduce this conformance in the future
    | `- note: add '@retroactive' to silence this warning
 91 |
 92 | @available(iOS 13.0, macOS 10.15, tvOS 13.0, *)
/Users/admin/builder/spi-builder-workspace/Sources/ViewInspector/SwiftUI/ActionSheet.swift:32:45: warning: converting function value of type '@MainActor (Any) -> Bool' to '(any ModifierNameProvider) -> Bool' loses global actor 'MainActor'; this is an error in the Swift 6 language mode
 30 |     func actionSheet(parent: UnwrappedView, index: Int?) throws -> InspectableView<ViewType.ActionSheet> {
 31 |         return try popup(parent: parent, index: index,
 32 |                          modifierPredicate: isActionSheetBuilder(modifier:),
    |                                             `- warning: converting function value of type '@MainActor (Any) -> Bool' to '(any ModifierNameProvider) -> Bool' loses global actor 'MainActor'; this is an error in the Swift 6 language mode
 33 |                          standardPredicate: standardActionSheetModifier)
 34 |     }
[109/133] Compiling ViewInspector GestureModifiers.swift
/Users/admin/builder/spi-builder-workspace/Sources/ViewInspector/Modifiers/NavigationBarModifiers.swift:90:1: warning: extension declares a conformance of imported type 'ToolbarPlacement' to imported protocol 'Equatable'; this will not behave correctly if the owners of 'SwiftUI' introduce this conformance in the future
 88 |
 89 | @available(iOS 16.0, macOS 13.0, tvOS 16.0, watchOS 9.0, *)
 90 | extension ToolbarPlacement: BinaryEquatable { }
    | |- warning: extension declares a conformance of imported type 'ToolbarPlacement' to imported protocol 'Equatable'; this will not behave correctly if the owners of 'SwiftUI' introduce this conformance in the future
    | `- note: add '@retroactive' to silence this warning
 91 |
 92 | @available(iOS 13.0, macOS 10.15, tvOS 13.0, *)
/Users/admin/builder/spi-builder-workspace/Sources/ViewInspector/SwiftUI/ActionSheet.swift:32:45: warning: converting function value of type '@MainActor (Any) -> Bool' to '(any ModifierNameProvider) -> Bool' loses global actor 'MainActor'; this is an error in the Swift 6 language mode
 30 |     func actionSheet(parent: UnwrappedView, index: Int?) throws -> InspectableView<ViewType.ActionSheet> {
 31 |         return try popup(parent: parent, index: index,
 32 |                          modifierPredicate: isActionSheetBuilder(modifier:),
    |                                             `- warning: converting function value of type '@MainActor (Any) -> Bool' to '(any ModifierNameProvider) -> Bool' loses global actor 'MainActor'; this is an error in the Swift 6 language mode
 33 |                          standardPredicate: standardActionSheetModifier)
 34 |     }
[110/133] Compiling ViewInspector InteractionModifiers.swift
/Users/admin/builder/spi-builder-workspace/Sources/ViewInspector/Modifiers/NavigationBarModifiers.swift:90:1: warning: extension declares a conformance of imported type 'ToolbarPlacement' to imported protocol 'Equatable'; this will not behave correctly if the owners of 'SwiftUI' introduce this conformance in the future
 88 |
 89 | @available(iOS 16.0, macOS 13.0, tvOS 16.0, watchOS 9.0, *)
 90 | extension ToolbarPlacement: BinaryEquatable { }
    | |- warning: extension declares a conformance of imported type 'ToolbarPlacement' to imported protocol 'Equatable'; this will not behave correctly if the owners of 'SwiftUI' introduce this conformance in the future
    | `- note: add '@retroactive' to silence this warning
 91 |
 92 | @available(iOS 13.0, macOS 10.15, tvOS 13.0, *)
/Users/admin/builder/spi-builder-workspace/Sources/ViewInspector/SwiftUI/ActionSheet.swift:32:45: warning: converting function value of type '@MainActor (Any) -> Bool' to '(any ModifierNameProvider) -> Bool' loses global actor 'MainActor'; this is an error in the Swift 6 language mode
 30 |     func actionSheet(parent: UnwrappedView, index: Int?) throws -> InspectableView<ViewType.ActionSheet> {
 31 |         return try popup(parent: parent, index: index,
 32 |                          modifierPredicate: isActionSheetBuilder(modifier:),
    |                                             `- warning: converting function value of type '@MainActor (Any) -> Bool' to '(any ModifierNameProvider) -> Bool' loses global actor 'MainActor'; this is an error in the Swift 6 language mode
 33 |                          standardPredicate: standardActionSheetModifier)
 34 |     }
[111/133] Compiling ViewInspector NavigationBarModifiers.swift
/Users/admin/builder/spi-builder-workspace/Sources/ViewInspector/Modifiers/NavigationBarModifiers.swift:90:1: warning: extension declares a conformance of imported type 'ToolbarPlacement' to imported protocol 'Equatable'; this will not behave correctly if the owners of 'SwiftUI' introduce this conformance in the future
 88 |
 89 | @available(iOS 16.0, macOS 13.0, tvOS 16.0, watchOS 9.0, *)
 90 | extension ToolbarPlacement: BinaryEquatable { }
    | |- warning: extension declares a conformance of imported type 'ToolbarPlacement' to imported protocol 'Equatable'; this will not behave correctly if the owners of 'SwiftUI' introduce this conformance in the future
    | `- note: add '@retroactive' to silence this warning
 91 |
 92 | @available(iOS 13.0, macOS 10.15, tvOS 13.0, *)
/Users/admin/builder/spi-builder-workspace/Sources/ViewInspector/SwiftUI/ActionSheet.swift:32:45: warning: converting function value of type '@MainActor (Any) -> Bool' to '(any ModifierNameProvider) -> Bool' loses global actor 'MainActor'; this is an error in the Swift 6 language mode
 30 |     func actionSheet(parent: UnwrappedView, index: Int?) throws -> InspectableView<ViewType.ActionSheet> {
 31 |         return try popup(parent: parent, index: index,
 32 |                          modifierPredicate: isActionSheetBuilder(modifier:),
    |                                             `- warning: converting function value of type '@MainActor (Any) -> Bool' to '(any ModifierNameProvider) -> Bool' loses global actor 'MainActor'; this is an error in the Swift 6 language mode
 33 |                          standardPredicate: standardActionSheetModifier)
 34 |     }
[112/133] Compiling ViewInspector PositioningModifiers.swift
/Users/admin/builder/spi-builder-workspace/Sources/ViewInspector/Modifiers/NavigationBarModifiers.swift:90:1: warning: extension declares a conformance of imported type 'ToolbarPlacement' to imported protocol 'Equatable'; this will not behave correctly if the owners of 'SwiftUI' introduce this conformance in the future
 88 |
 89 | @available(iOS 16.0, macOS 13.0, tvOS 16.0, watchOS 9.0, *)
 90 | extension ToolbarPlacement: BinaryEquatable { }
    | |- warning: extension declares a conformance of imported type 'ToolbarPlacement' to imported protocol 'Equatable'; this will not behave correctly if the owners of 'SwiftUI' introduce this conformance in the future
    | `- note: add '@retroactive' to silence this warning
 91 |
 92 | @available(iOS 13.0, macOS 10.15, tvOS 13.0, *)
/Users/admin/builder/spi-builder-workspace/Sources/ViewInspector/SwiftUI/ActionSheet.swift:32:45: warning: converting function value of type '@MainActor (Any) -> Bool' to '(any ModifierNameProvider) -> Bool' loses global actor 'MainActor'; this is an error in the Swift 6 language mode
 30 |     func actionSheet(parent: UnwrappedView, index: Int?) throws -> InspectableView<ViewType.ActionSheet> {
 31 |         return try popup(parent: parent, index: index,
 32 |                          modifierPredicate: isActionSheetBuilder(modifier:),
    |                                             `- warning: converting function value of type '@MainActor (Any) -> Bool' to '(any ModifierNameProvider) -> Bool' loses global actor 'MainActor'; this is an error in the Swift 6 language mode
 33 |                          standardPredicate: standardActionSheetModifier)
 34 |     }
[113/133] Compiling ViewInspector PreviewModifiers.swift
/Users/admin/builder/spi-builder-workspace/Sources/ViewInspector/Modifiers/NavigationBarModifiers.swift:90:1: warning: extension declares a conformance of imported type 'ToolbarPlacement' to imported protocol 'Equatable'; this will not behave correctly if the owners of 'SwiftUI' introduce this conformance in the future
 88 |
 89 | @available(iOS 16.0, macOS 13.0, tvOS 16.0, watchOS 9.0, *)
 90 | extension ToolbarPlacement: BinaryEquatable { }
    | |- warning: extension declares a conformance of imported type 'ToolbarPlacement' to imported protocol 'Equatable'; this will not behave correctly if the owners of 'SwiftUI' introduce this conformance in the future
    | `- note: add '@retroactive' to silence this warning
 91 |
 92 | @available(iOS 13.0, macOS 10.15, tvOS 13.0, *)
/Users/admin/builder/spi-builder-workspace/Sources/ViewInspector/SwiftUI/ActionSheet.swift:32:45: warning: converting function value of type '@MainActor (Any) -> Bool' to '(any ModifierNameProvider) -> Bool' loses global actor 'MainActor'; this is an error in the Swift 6 language mode
 30 |     func actionSheet(parent: UnwrappedView, index: Int?) throws -> InspectableView<ViewType.ActionSheet> {
 31 |         return try popup(parent: parent, index: index,
 32 |                          modifierPredicate: isActionSheetBuilder(modifier:),
    |                                             `- warning: converting function value of type '@MainActor (Any) -> Bool' to '(any ModifierNameProvider) -> Bool' loses global actor 'MainActor'; this is an error in the Swift 6 language mode
 33 |                          standardPredicate: standardActionSheetModifier)
 34 |     }
[114/133] Compiling ViewInspector SizingModifiers.swift
/Users/admin/builder/spi-builder-workspace/Sources/ViewInspector/Modifiers/NavigationBarModifiers.swift:90:1: warning: extension declares a conformance of imported type 'ToolbarPlacement' to imported protocol 'Equatable'; this will not behave correctly if the owners of 'SwiftUI' introduce this conformance in the future
 88 |
 89 | @available(iOS 16.0, macOS 13.0, tvOS 16.0, watchOS 9.0, *)
 90 | extension ToolbarPlacement: BinaryEquatable { }
    | |- warning: extension declares a conformance of imported type 'ToolbarPlacement' to imported protocol 'Equatable'; this will not behave correctly if the owners of 'SwiftUI' introduce this conformance in the future
    | `- note: add '@retroactive' to silence this warning
 91 |
 92 | @available(iOS 13.0, macOS 10.15, tvOS 13.0, *)
/Users/admin/builder/spi-builder-workspace/Sources/ViewInspector/SwiftUI/ActionSheet.swift:32:45: warning: converting function value of type '@MainActor (Any) -> Bool' to '(any ModifierNameProvider) -> Bool' loses global actor 'MainActor'; this is an error in the Swift 6 language mode
 30 |     func actionSheet(parent: UnwrappedView, index: Int?) throws -> InspectableView<ViewType.ActionSheet> {
 31 |         return try popup(parent: parent, index: index,
 32 |                          modifierPredicate: isActionSheetBuilder(modifier:),
    |                                             `- warning: converting function value of type '@MainActor (Any) -> Bool' to '(any ModifierNameProvider) -> Bool' loses global actor 'MainActor'; this is an error in the Swift 6 language mode
 33 |                          standardPredicate: standardActionSheetModifier)
 34 |     }
[115/133] Compiling ViewInspector TextInputModifiers.swift
/Users/admin/builder/spi-builder-workspace/Sources/ViewInspector/Modifiers/NavigationBarModifiers.swift:90:1: warning: extension declares a conformance of imported type 'ToolbarPlacement' to imported protocol 'Equatable'; this will not behave correctly if the owners of 'SwiftUI' introduce this conformance in the future
 88 |
 89 | @available(iOS 16.0, macOS 13.0, tvOS 16.0, watchOS 9.0, *)
 90 | extension ToolbarPlacement: BinaryEquatable { }
    | |- warning: extension declares a conformance of imported type 'ToolbarPlacement' to imported protocol 'Equatable'; this will not behave correctly if the owners of 'SwiftUI' introduce this conformance in the future
    | `- note: add '@retroactive' to silence this warning
 91 |
 92 | @available(iOS 13.0, macOS 10.15, tvOS 13.0, *)
/Users/admin/builder/spi-builder-workspace/Sources/ViewInspector/SwiftUI/ActionSheet.swift:32:45: warning: converting function value of type '@MainActor (Any) -> Bool' to '(any ModifierNameProvider) -> Bool' loses global actor 'MainActor'; this is an error in the Swift 6 language mode
 30 |     func actionSheet(parent: UnwrappedView, index: Int?) throws -> InspectableView<ViewType.ActionSheet> {
 31 |         return try popup(parent: parent, index: index,
 32 |                          modifierPredicate: isActionSheetBuilder(modifier:),
    |                                             `- warning: converting function value of type '@MainActor (Any) -> Bool' to '(any ModifierNameProvider) -> Bool' loses global actor 'MainActor'; this is an error in the Swift 6 language mode
 33 |                          standardPredicate: standardActionSheetModifier)
 34 |     }
[116/133] Compiling ViewInspector TransformingModifiers.swift
/Users/admin/builder/spi-builder-workspace/Sources/ViewInspector/Modifiers/NavigationBarModifiers.swift:90:1: warning: extension declares a conformance of imported type 'ToolbarPlacement' to imported protocol 'Equatable'; this will not behave correctly if the owners of 'SwiftUI' introduce this conformance in the future
 88 |
 89 | @available(iOS 16.0, macOS 13.0, tvOS 16.0, watchOS 9.0, *)
 90 | extension ToolbarPlacement: BinaryEquatable { }
    | |- warning: extension declares a conformance of imported type 'ToolbarPlacement' to imported protocol 'Equatable'; this will not behave correctly if the owners of 'SwiftUI' introduce this conformance in the future
    | `- note: add '@retroactive' to silence this warning
 91 |
 92 | @available(iOS 13.0, macOS 10.15, tvOS 13.0, *)
/Users/admin/builder/spi-builder-workspace/Sources/ViewInspector/SwiftUI/ActionSheet.swift:32:45: warning: converting function value of type '@MainActor (Any) -> Bool' to '(any ModifierNameProvider) -> Bool' loses global actor 'MainActor'; this is an error in the Swift 6 language mode
 30 |     func actionSheet(parent: UnwrappedView, index: Int?) throws -> InspectableView<ViewType.ActionSheet> {
 31 |         return try popup(parent: parent, index: index,
 32 |                          modifierPredicate: isActionSheetBuilder(modifier:),
    |                                             `- warning: converting function value of type '@MainActor (Any) -> Bool' to '(any ModifierNameProvider) -> Bool' loses global actor 'MainActor'; this is an error in the Swift 6 language mode
 33 |                          standardPredicate: standardActionSheetModifier)
 34 |     }
[117/133] Compiling ViewInspector TransitiveModifiers.swift
/Users/admin/builder/spi-builder-workspace/Sources/ViewInspector/Modifiers/NavigationBarModifiers.swift:90:1: warning: extension declares a conformance of imported type 'ToolbarPlacement' to imported protocol 'Equatable'; this will not behave correctly if the owners of 'SwiftUI' introduce this conformance in the future
 88 |
 89 | @available(iOS 16.0, macOS 13.0, tvOS 16.0, watchOS 9.0, *)
 90 | extension ToolbarPlacement: BinaryEquatable { }
    | |- warning: extension declares a conformance of imported type 'ToolbarPlacement' to imported protocol 'Equatable'; this will not behave correctly if the owners of 'SwiftUI' introduce this conformance in the future
    | `- note: add '@retroactive' to silence this warning
 91 |
 92 | @available(iOS 13.0, macOS 10.15, tvOS 13.0, *)
/Users/admin/builder/spi-builder-workspace/Sources/ViewInspector/SwiftUI/ActionSheet.swift:32:45: warning: converting function value of type '@MainActor (Any) -> Bool' to '(any ModifierNameProvider) -> Bool' loses global actor 'MainActor'; this is an error in the Swift 6 language mode
 30 |     func actionSheet(parent: UnwrappedView, index: Int?) throws -> InspectableView<ViewType.ActionSheet> {
 31 |         return try popup(parent: parent, index: index,
 32 |                          modifierPredicate: isActionSheetBuilder(modifier:),
    |                                             `- warning: converting function value of type '@MainActor (Any) -> Bool' to '(any ModifierNameProvider) -> Bool' loses global actor 'MainActor'; this is an error in the Swift 6 language mode
 33 |                          standardPredicate: standardActionSheetModifier)
 34 |     }
[118/133] Compiling ViewInspector VisualEffectModifiers.swift
/Users/admin/builder/spi-builder-workspace/Sources/ViewInspector/Modifiers/NavigationBarModifiers.swift:90:1: warning: extension declares a conformance of imported type 'ToolbarPlacement' to imported protocol 'Equatable'; this will not behave correctly if the owners of 'SwiftUI' introduce this conformance in the future
 88 |
 89 | @available(iOS 16.0, macOS 13.0, tvOS 16.0, watchOS 9.0, *)
 90 | extension ToolbarPlacement: BinaryEquatable { }
    | |- warning: extension declares a conformance of imported type 'ToolbarPlacement' to imported protocol 'Equatable'; this will not behave correctly if the owners of 'SwiftUI' introduce this conformance in the future
    | `- note: add '@retroactive' to silence this warning
 91 |
 92 | @available(iOS 13.0, macOS 10.15, tvOS 13.0, *)
/Users/admin/builder/spi-builder-workspace/Sources/ViewInspector/SwiftUI/ActionSheet.swift:32:45: warning: converting function value of type '@MainActor (Any) -> Bool' to '(any ModifierNameProvider) -> Bool' loses global actor 'MainActor'; this is an error in the Swift 6 language mode
 30 |     func actionSheet(parent: UnwrappedView, index: Int?) throws -> InspectableView<ViewType.ActionSheet> {
 31 |         return try popup(parent: parent, index: index,
 32 |                          modifierPredicate: isActionSheetBuilder(modifier:),
    |                                             `- warning: converting function value of type '@MainActor (Any) -> Bool' to '(any ModifierNameProvider) -> Bool' loses global actor 'MainActor'; this is an error in the Swift 6 language mode
 33 |                          standardPredicate: standardActionSheetModifier)
 34 |     }
[119/133] Compiling ViewInspector PopupPresenter.swift
/Users/admin/builder/spi-builder-workspace/Sources/ViewInspector/Modifiers/NavigationBarModifiers.swift:90:1: warning: extension declares a conformance of imported type 'ToolbarPlacement' to imported protocol 'Equatable'; this will not behave correctly if the owners of 'SwiftUI' introduce this conformance in the future
 88 |
 89 | @available(iOS 16.0, macOS 13.0, tvOS 16.0, watchOS 9.0, *)
 90 | extension ToolbarPlacement: BinaryEquatable { }
    | |- warning: extension declares a conformance of imported type 'ToolbarPlacement' to imported protocol 'Equatable'; this will not behave correctly if the owners of 'SwiftUI' introduce this conformance in the future
    | `- note: add '@retroactive' to silence this warning
 91 |
 92 | @available(iOS 13.0, macOS 10.15, tvOS 13.0, *)
/Users/admin/builder/spi-builder-workspace/Sources/ViewInspector/SwiftUI/ActionSheet.swift:32:45: warning: converting function value of type '@MainActor (Any) -> Bool' to '(any ModifierNameProvider) -> Bool' loses global actor 'MainActor'; this is an error in the Swift 6 language mode
 30 |     func actionSheet(parent: UnwrappedView, index: Int?) throws -> InspectableView<ViewType.ActionSheet> {
 31 |         return try popup(parent: parent, index: index,
 32 |                          modifierPredicate: isActionSheetBuilder(modifier:),
    |                                             `- warning: converting function value of type '@MainActor (Any) -> Bool' to '(any ModifierNameProvider) -> Bool' loses global actor 'MainActor'; this is an error in the Swift 6 language mode
 33 |                          standardPredicate: standardActionSheetModifier)
 34 |     }
[120/133] Compiling ViewInspector ActionSheet.swift
/Users/admin/builder/spi-builder-workspace/Sources/ViewInspector/Modifiers/NavigationBarModifiers.swift:90:1: warning: extension declares a conformance of imported type 'ToolbarPlacement' to imported protocol 'Equatable'; this will not behave correctly if the owners of 'SwiftUI' introduce this conformance in the future
 88 |
 89 | @available(iOS 16.0, macOS 13.0, tvOS 16.0, watchOS 9.0, *)
 90 | extension ToolbarPlacement: BinaryEquatable { }
    | |- warning: extension declares a conformance of imported type 'ToolbarPlacement' to imported protocol 'Equatable'; this will not behave correctly if the owners of 'SwiftUI' introduce this conformance in the future
    | `- note: add '@retroactive' to silence this warning
 91 |
 92 | @available(iOS 13.0, macOS 10.15, tvOS 13.0, *)
/Users/admin/builder/spi-builder-workspace/Sources/ViewInspector/SwiftUI/ActionSheet.swift:32:45: warning: converting function value of type '@MainActor (Any) -> Bool' to '(any ModifierNameProvider) -> Bool' loses global actor 'MainActor'; this is an error in the Swift 6 language mode
 30 |     func actionSheet(parent: UnwrappedView, index: Int?) throws -> InspectableView<ViewType.ActionSheet> {
 31 |         return try popup(parent: parent, index: index,
 32 |                          modifierPredicate: isActionSheetBuilder(modifier:),
    |                                             `- warning: converting function value of type '@MainActor (Any) -> Bool' to '(any ModifierNameProvider) -> Bool' loses global actor 'MainActor'; this is an error in the Swift 6 language mode
 33 |                          standardPredicate: standardActionSheetModifier)
 34 |     }
[121/133] Compiling ViewInspector Toolbar.swift
/Users/admin/builder/spi-builder-workspace/Sources/ViewInspector/SwiftUI/Toolbar.swift:249:1: warning: extension declares a conformance of imported type 'ToolbarItemPlacement' to imported protocol 'Equatable'; this will not behave correctly if the owners of 'SwiftUI' introduce this conformance in the future
247 |
248 | @available(iOS 14.0, macOS 11.0, tvOS 14.0, watchOS 7.0, *)
249 | extension ToolbarItemPlacement: BinaryEquatable { }
    | |- warning: extension declares a conformance of imported type 'ToolbarItemPlacement' to imported protocol 'Equatable'; this will not behave correctly if the owners of 'SwiftUI' introduce this conformance in the future
    | `- note: add '@retroactive' to silence this warning
250 |
/Users/admin/builder/spi-builder-workspace/Sources/ViewInspector/ViewHosting.swift:38:19: warning: 'host(_:size:function:whileHosted:)' is deprecated: Use `host` version that doesn't supply the view in the `whileHosted` closure. See: https://github.com/nalexn/ViewInspector/discussions/354
 36 |                         whileHosted: @MainActor () async throws -> Void
 37 |     ) async throws where V: View {
 38 |         try await host(view, size: size, function: function, whileHosted: { _ in
    |                   `- warning: 'host(_:size:function:whileHosted:)' is deprecated: Use `host` version that doesn't supply the view in the `whileHosted` closure. See: https://github.com/nalexn/ViewInspector/discussions/354
 39 |             try await whileHosted()
 40 |         })
[122/133] Compiling ViewInspector TouchBar.swift
/Users/admin/builder/spi-builder-workspace/Sources/ViewInspector/SwiftUI/Toolbar.swift:249:1: warning: extension declares a conformance of imported type 'ToolbarItemPlacement' to imported protocol 'Equatable'; this will not behave correctly if the owners of 'SwiftUI' introduce this conformance in the future
247 |
248 | @available(iOS 14.0, macOS 11.0, tvOS 14.0, watchOS 7.0, *)
249 | extension ToolbarItemPlacement: BinaryEquatable { }
    | |- warning: extension declares a conformance of imported type 'ToolbarItemPlacement' to imported protocol 'Equatable'; this will not behave correctly if the owners of 'SwiftUI' introduce this conformance in the future
    | `- note: add '@retroactive' to silence this warning
250 |
/Users/admin/builder/spi-builder-workspace/Sources/ViewInspector/ViewHosting.swift:38:19: warning: 'host(_:size:function:whileHosted:)' is deprecated: Use `host` version that doesn't supply the view in the `whileHosted` closure. See: https://github.com/nalexn/ViewInspector/discussions/354
 36 |                         whileHosted: @MainActor () async throws -> Void
 37 |     ) async throws where V: View {
 38 |         try await host(view, size: size, function: function, whileHosted: { _ in
    |                   `- warning: 'host(_:size:function:whileHosted:)' is deprecated: Use `host` version that doesn't supply the view in the `whileHosted` closure. See: https://github.com/nalexn/ViewInspector/discussions/354
 39 |             try await whileHosted()
 40 |         })
[123/133] Compiling ViewInspector TreeView.swift
/Users/admin/builder/spi-builder-workspace/Sources/ViewInspector/SwiftUI/Toolbar.swift:249:1: warning: extension declares a conformance of imported type 'ToolbarItemPlacement' to imported protocol 'Equatable'; this will not behave correctly if the owners of 'SwiftUI' introduce this conformance in the future
247 |
248 | @available(iOS 14.0, macOS 11.0, tvOS 14.0, watchOS 7.0, *)
249 | extension ToolbarItemPlacement: BinaryEquatable { }
    | |- warning: extension declares a conformance of imported type 'ToolbarItemPlacement' to imported protocol 'Equatable'; this will not behave correctly if the owners of 'SwiftUI' introduce this conformance in the future
    | `- note: add '@retroactive' to silence this warning
250 |
/Users/admin/builder/spi-builder-workspace/Sources/ViewInspector/ViewHosting.swift:38:19: warning: 'host(_:size:function:whileHosted:)' is deprecated: Use `host` version that doesn't supply the view in the `whileHosted` closure. See: https://github.com/nalexn/ViewInspector/discussions/354
 36 |                         whileHosted: @MainActor () async throws -> Void
 37 |     ) async throws where V: View {
 38 |         try await host(view, size: size, function: function, whileHosted: { _ in
    |                   `- warning: 'host(_:size:function:whileHosted:)' is deprecated: Use `host` version that doesn't supply the view in the `whileHosted` closure. See: https://github.com/nalexn/ViewInspector/discussions/354
 39 |             try await whileHosted()
 40 |         })
[124/133] Compiling ViewInspector TupleView.swift
/Users/admin/builder/spi-builder-workspace/Sources/ViewInspector/SwiftUI/Toolbar.swift:249:1: warning: extension declares a conformance of imported type 'ToolbarItemPlacement' to imported protocol 'Equatable'; this will not behave correctly if the owners of 'SwiftUI' introduce this conformance in the future
247 |
248 | @available(iOS 14.0, macOS 11.0, tvOS 14.0, watchOS 7.0, *)
249 | extension ToolbarItemPlacement: BinaryEquatable { }
    | |- warning: extension declares a conformance of imported type 'ToolbarItemPlacement' to imported protocol 'Equatable'; this will not behave correctly if the owners of 'SwiftUI' introduce this conformance in the future
    | `- note: add '@retroactive' to silence this warning
250 |
/Users/admin/builder/spi-builder-workspace/Sources/ViewInspector/ViewHosting.swift:38:19: warning: 'host(_:size:function:whileHosted:)' is deprecated: Use `host` version that doesn't supply the view in the `whileHosted` closure. See: https://github.com/nalexn/ViewInspector/discussions/354
 36 |                         whileHosted: @MainActor () async throws -> Void
 37 |     ) async throws where V: View {
 38 |         try await host(view, size: size, function: function, whileHosted: { _ in
    |                   `- warning: 'host(_:size:function:whileHosted:)' is deprecated: Use `host` version that doesn't supply the view in the `whileHosted` closure. See: https://github.com/nalexn/ViewInspector/discussions/354
 39 |             try await whileHosted()
 40 |         })
[125/133] Compiling ViewInspector UnaryViewAdaptor.swift
/Users/admin/builder/spi-builder-workspace/Sources/ViewInspector/SwiftUI/Toolbar.swift:249:1: warning: extension declares a conformance of imported type 'ToolbarItemPlacement' to imported protocol 'Equatable'; this will not behave correctly if the owners of 'SwiftUI' introduce this conformance in the future
247 |
248 | @available(iOS 14.0, macOS 11.0, tvOS 14.0, watchOS 7.0, *)
249 | extension ToolbarItemPlacement: BinaryEquatable { }
    | |- warning: extension declares a conformance of imported type 'ToolbarItemPlacement' to imported protocol 'Equatable'; this will not behave correctly if the owners of 'SwiftUI' introduce this conformance in the future
    | `- note: add '@retroactive' to silence this warning
250 |
/Users/admin/builder/spi-builder-workspace/Sources/ViewInspector/ViewHosting.swift:38:19: warning: 'host(_:size:function:whileHosted:)' is deprecated: Use `host` version that doesn't supply the view in the `whileHosted` closure. See: https://github.com/nalexn/ViewInspector/discussions/354
 36 |                         whileHosted: @MainActor () async throws -> Void
 37 |     ) async throws where V: View {
 38 |         try await host(view, size: size, function: function, whileHosted: { _ in
    |                   `- warning: 'host(_:size:function:whileHosted:)' is deprecated: Use `host` version that doesn't supply the view in the `whileHosted` closure. See: https://github.com/nalexn/ViewInspector/discussions/354
 39 |             try await whileHosted()
 40 |         })
[126/133] Compiling ViewInspector VSplitView.swift
/Users/admin/builder/spi-builder-workspace/Sources/ViewInspector/SwiftUI/Toolbar.swift:249:1: warning: extension declares a conformance of imported type 'ToolbarItemPlacement' to imported protocol 'Equatable'; this will not behave correctly if the owners of 'SwiftUI' introduce this conformance in the future
247 |
248 | @available(iOS 14.0, macOS 11.0, tvOS 14.0, watchOS 7.0, *)
249 | extension ToolbarItemPlacement: BinaryEquatable { }
    | |- warning: extension declares a conformance of imported type 'ToolbarItemPlacement' to imported protocol 'Equatable'; this will not behave correctly if the owners of 'SwiftUI' introduce this conformance in the future
    | `- note: add '@retroactive' to silence this warning
250 |
/Users/admin/builder/spi-builder-workspace/Sources/ViewInspector/ViewHosting.swift:38:19: warning: 'host(_:size:function:whileHosted:)' is deprecated: Use `host` version that doesn't supply the view in the `whileHosted` closure. See: https://github.com/nalexn/ViewInspector/discussions/354
 36 |                         whileHosted: @MainActor () async throws -> Void
 37 |     ) async throws where V: View {
 38 |         try await host(view, size: size, function: function, whileHosted: { _ in
    |                   `- warning: 'host(_:size:function:whileHosted:)' is deprecated: Use `host` version that doesn't supply the view in the `whileHosted` closure. See: https://github.com/nalexn/ViewInspector/discussions/354
 39 |             try await whileHosted()
 40 |         })
[127/133] Compiling ViewInspector VStack.swift
/Users/admin/builder/spi-builder-workspace/Sources/ViewInspector/SwiftUI/Toolbar.swift:249:1: warning: extension declares a conformance of imported type 'ToolbarItemPlacement' to imported protocol 'Equatable'; this will not behave correctly if the owners of 'SwiftUI' introduce this conformance in the future
247 |
248 | @available(iOS 14.0, macOS 11.0, tvOS 14.0, watchOS 7.0, *)
249 | extension ToolbarItemPlacement: BinaryEquatable { }
    | |- warning: extension declares a conformance of imported type 'ToolbarItemPlacement' to imported protocol 'Equatable'; this will not behave correctly if the owners of 'SwiftUI' introduce this conformance in the future
    | `- note: add '@retroactive' to silence this warning
250 |
/Users/admin/builder/spi-builder-workspace/Sources/ViewInspector/ViewHosting.swift:38:19: warning: 'host(_:size:function:whileHosted:)' is deprecated: Use `host` version that doesn't supply the view in the `whileHosted` closure. See: https://github.com/nalexn/ViewInspector/discussions/354
 36 |                         whileHosted: @MainActor () async throws -> Void
 37 |     ) async throws where V: View {
 38 |         try await host(view, size: size, function: function, whileHosted: { _ in
    |                   `- warning: 'host(_:size:function:whileHosted:)' is deprecated: Use `host` version that doesn't supply the view in the `whileHosted` closure. See: https://github.com/nalexn/ViewInspector/discussions/354
 39 |             try await whileHosted()
 40 |         })
[128/133] Compiling ViewInspector VideoPlayer.swift
/Users/admin/builder/spi-builder-workspace/Sources/ViewInspector/SwiftUI/Toolbar.swift:249:1: warning: extension declares a conformance of imported type 'ToolbarItemPlacement' to imported protocol 'Equatable'; this will not behave correctly if the owners of 'SwiftUI' introduce this conformance in the future
247 |
248 | @available(iOS 14.0, macOS 11.0, tvOS 14.0, watchOS 7.0, *)
249 | extension ToolbarItemPlacement: BinaryEquatable { }
    | |- warning: extension declares a conformance of imported type 'ToolbarItemPlacement' to imported protocol 'Equatable'; this will not behave correctly if the owners of 'SwiftUI' introduce this conformance in the future
    | `- note: add '@retroactive' to silence this warning
250 |
/Users/admin/builder/spi-builder-workspace/Sources/ViewInspector/ViewHosting.swift:38:19: warning: 'host(_:size:function:whileHosted:)' is deprecated: Use `host` version that doesn't supply the view in the `whileHosted` closure. See: https://github.com/nalexn/ViewInspector/discussions/354
 36 |                         whileHosted: @MainActor () async throws -> Void
 37 |     ) async throws where V: View {
 38 |         try await host(view, size: size, function: function, whileHosted: { _ in
    |                   `- warning: 'host(_:size:function:whileHosted:)' is deprecated: Use `host` version that doesn't supply the view in the `whileHosted` closure. See: https://github.com/nalexn/ViewInspector/discussions/354
 39 |             try await whileHosted()
 40 |         })
[129/133] Compiling ViewInspector ViewThatFits.swift
/Users/admin/builder/spi-builder-workspace/Sources/ViewInspector/SwiftUI/Toolbar.swift:249:1: warning: extension declares a conformance of imported type 'ToolbarItemPlacement' to imported protocol 'Equatable'; this will not behave correctly if the owners of 'SwiftUI' introduce this conformance in the future
247 |
248 | @available(iOS 14.0, macOS 11.0, tvOS 14.0, watchOS 7.0, *)
249 | extension ToolbarItemPlacement: BinaryEquatable { }
    | |- warning: extension declares a conformance of imported type 'ToolbarItemPlacement' to imported protocol 'Equatable'; this will not behave correctly if the owners of 'SwiftUI' introduce this conformance in the future
    | `- note: add '@retroactive' to silence this warning
250 |
/Users/admin/builder/spi-builder-workspace/Sources/ViewInspector/ViewHosting.swift:38:19: warning: 'host(_:size:function:whileHosted:)' is deprecated: Use `host` version that doesn't supply the view in the `whileHosted` closure. See: https://github.com/nalexn/ViewInspector/discussions/354
 36 |                         whileHosted: @MainActor () async throws -> Void
 37 |     ) async throws where V: View {
 38 |         try await host(view, size: size, function: function, whileHosted: { _ in
    |                   `- warning: 'host(_:size:function:whileHosted:)' is deprecated: Use `host` version that doesn't supply the view in the `whileHosted` closure. See: https://github.com/nalexn/ViewInspector/discussions/354
 39 |             try await whileHosted()
 40 |         })
[130/133] Compiling ViewInspector ZStack.swift
/Users/admin/builder/spi-builder-workspace/Sources/ViewInspector/SwiftUI/Toolbar.swift:249:1: warning: extension declares a conformance of imported type 'ToolbarItemPlacement' to imported protocol 'Equatable'; this will not behave correctly if the owners of 'SwiftUI' introduce this conformance in the future
247 |
248 | @available(iOS 14.0, macOS 11.0, tvOS 14.0, watchOS 7.0, *)
249 | extension ToolbarItemPlacement: BinaryEquatable { }
    | |- warning: extension declares a conformance of imported type 'ToolbarItemPlacement' to imported protocol 'Equatable'; this will not behave correctly if the owners of 'SwiftUI' introduce this conformance in the future
    | `- note: add '@retroactive' to silence this warning
250 |
/Users/admin/builder/spi-builder-workspace/Sources/ViewInspector/ViewHosting.swift:38:19: warning: 'host(_:size:function:whileHosted:)' is deprecated: Use `host` version that doesn't supply the view in the `whileHosted` closure. See: https://github.com/nalexn/ViewInspector/discussions/354
 36 |                         whileHosted: @MainActor () async throws -> Void
 37 |     ) async throws where V: View {
 38 |         try await host(view, size: size, function: function, whileHosted: { _ in
    |                   `- warning: 'host(_:size:function:whileHosted:)' is deprecated: Use `host` version that doesn't supply the view in the `whileHosted` closure. See: https://github.com/nalexn/ViewInspector/discussions/354
 39 |             try await whileHosted()
 40 |         })
[131/133] Compiling ViewInspector ViewHosting.swift
/Users/admin/builder/spi-builder-workspace/Sources/ViewInspector/SwiftUI/Toolbar.swift:249:1: warning: extension declares a conformance of imported type 'ToolbarItemPlacement' to imported protocol 'Equatable'; this will not behave correctly if the owners of 'SwiftUI' introduce this conformance in the future
247 |
248 | @available(iOS 14.0, macOS 11.0, tvOS 14.0, watchOS 7.0, *)
249 | extension ToolbarItemPlacement: BinaryEquatable { }
    | |- warning: extension declares a conformance of imported type 'ToolbarItemPlacement' to imported protocol 'Equatable'; this will not behave correctly if the owners of 'SwiftUI' introduce this conformance in the future
    | `- note: add '@retroactive' to silence this warning
250 |
/Users/admin/builder/spi-builder-workspace/Sources/ViewInspector/ViewHosting.swift:38:19: warning: 'host(_:size:function:whileHosted:)' is deprecated: Use `host` version that doesn't supply the view in the `whileHosted` closure. See: https://github.com/nalexn/ViewInspector/discussions/354
 36 |                         whileHosted: @MainActor () async throws -> Void
 37 |     ) async throws where V: View {
 38 |         try await host(view, size: size, function: function, whileHosted: { _ in
    |                   `- warning: 'host(_:size:function:whileHosted:)' is deprecated: Use `host` version that doesn't supply the view in the `whileHosted` closure. See: https://github.com/nalexn/ViewInspector/discussions/354
 39 |             try await whileHosted()
 40 |         })
[132/133] Compiling ViewInspector ViewSearch.swift
/Users/admin/builder/spi-builder-workspace/Sources/ViewInspector/SwiftUI/Toolbar.swift:249:1: warning: extension declares a conformance of imported type 'ToolbarItemPlacement' to imported protocol 'Equatable'; this will not behave correctly if the owners of 'SwiftUI' introduce this conformance in the future
247 |
248 | @available(iOS 14.0, macOS 11.0, tvOS 14.0, watchOS 7.0, *)
249 | extension ToolbarItemPlacement: BinaryEquatable { }
    | |- warning: extension declares a conformance of imported type 'ToolbarItemPlacement' to imported protocol 'Equatable'; this will not behave correctly if the owners of 'SwiftUI' introduce this conformance in the future
    | `- note: add '@retroactive' to silence this warning
250 |
/Users/admin/builder/spi-builder-workspace/Sources/ViewInspector/ViewHosting.swift:38:19: warning: 'host(_:size:function:whileHosted:)' is deprecated: Use `host` version that doesn't supply the view in the `whileHosted` closure. See: https://github.com/nalexn/ViewInspector/discussions/354
 36 |                         whileHosted: @MainActor () async throws -> Void
 37 |     ) async throws where V: View {
 38 |         try await host(view, size: size, function: function, whileHosted: { _ in
    |                   `- warning: 'host(_:size:function:whileHosted:)' is deprecated: Use `host` version that doesn't supply the view in the `whileHosted` closure. See: https://github.com/nalexn/ViewInspector/discussions/354
 39 |             try await whileHosted()
 40 |         })
[133/133] Compiling ViewInspector ViewSearchIndex.swift
/Users/admin/builder/spi-builder-workspace/Sources/ViewInspector/SwiftUI/Toolbar.swift:249:1: warning: extension declares a conformance of imported type 'ToolbarItemPlacement' to imported protocol 'Equatable'; this will not behave correctly if the owners of 'SwiftUI' introduce this conformance in the future
247 |
248 | @available(iOS 14.0, macOS 11.0, tvOS 14.0, watchOS 7.0, *)
249 | extension ToolbarItemPlacement: BinaryEquatable { }
    | |- warning: extension declares a conformance of imported type 'ToolbarItemPlacement' to imported protocol 'Equatable'; this will not behave correctly if the owners of 'SwiftUI' introduce this conformance in the future
    | `- note: add '@retroactive' to silence this warning
250 |
/Users/admin/builder/spi-builder-workspace/Sources/ViewInspector/ViewHosting.swift:38:19: warning: 'host(_:size:function:whileHosted:)' is deprecated: Use `host` version that doesn't supply the view in the `whileHosted` closure. See: https://github.com/nalexn/ViewInspector/discussions/354
 36 |                         whileHosted: @MainActor () async throws -> Void
 37 |     ) async throws where V: View {
 38 |         try await host(view, size: size, function: function, whileHosted: { _ in
    |                   `- warning: 'host(_:size:function:whileHosted:)' is deprecated: Use `host` version that doesn't supply the view in the `whileHosted` closure. See: https://github.com/nalexn/ViewInspector/discussions/354
 39 |             try await whileHosted()
 40 |         })
BUILD FAILURE 6.1 macosSpm