Build Information
Failed to build ShoppingListModule, reference main (6b9fef), with Swift 6.4 for tvOS using Xcode 27.0 on 22 Sep 2026 19:18:28 UTC.
Build Command
env DEVELOPER_DIR=/Applications/Xcode-27.0.0-Release.Candidate.app xcrun xcodebuild -IDEClonedSourcePackagesDirPathOverride=$PWD/.dependencies -skipMacroValidation -skipPackagePluginValidation -derivedDataPath $PWD/.derivedData build -scheme ShoppingListModule-Package -destination generic/platform=tvOSBuild Log
========================================
RunAll
========================================
Builder version: 5.1.0
Interrupt handler set up.
========================================
Checkout
========================================
Clone URL: https://github.com/manozghale/ShoppingListModule.git
Reference: main
Initialized empty Git repository in /Users/admin/builder/spi-builder-workspace/.git/
From https://github.com/manozghale/ShoppingListModule
* branch main -> FETCH_HEAD
* [new branch] main -> origin/main
HEAD is now at 6b9fef5 Remove MVVM Combine docs and update code
Cloned https://github.com/manozghale/ShoppingListModule.git
Revision (git rev-parse @):
6b9fef572aac7e763d4ed5de8df2e765dcabb1bd
SUCCESS checkout https://github.com/manozghale/ShoppingListModule.git at main
========================================
Build
========================================
Selected platform: tvOS
Swift version: 6.4
Building package at path: $PWD
https://github.com/manozghale/ShoppingListModule.git
Command line invocation:
/Applications/Xcode-27.0.0-Release.Candidate.app/Contents/Developer/usr/bin/xcodebuild -IDEClonedSourcePackagesDirPathOverride=/Users/admin/builder/spi-builder-workspace/.dependencies -resolvePackageDependencies
Resolve Package Graph
Resolve Package Graph
Resolved source packages:
ShoppingListModule: /Users/admin/builder/spi-builder-workspace
resolved source packages: ShoppingListModule
2026-09-22 15:17:42.128 xcodebuild[565:3116] [MT] IDERunDestination: Supported platforms for the buildables in the current scheme is empty.
{
"dependencies" : [
],
"manifest_display_name" : "ShoppingListModule",
"name" : "ShoppingListModule",
"path" : "/Users/admin/builder/spi-builder-workspace",
"platforms" : [
{
"name" : "ios",
"version" : "17.0"
},
{
"name" : "macos",
"version" : "14.0"
}
],
"products" : [
{
"name" : "ShoppingListModule",
"targets" : [
"ShoppingListModule"
],
"type" : {
"library" : [
"automatic"
]
}
},
{
"name" : "TestSPMIntegration",
"targets" : [
"TestSPMIntegration"
],
"type" : {
"executable" : null
}
}
],
"targets" : [
{
"c99name" : "TestSPMIntegration",
"module_type" : "SwiftTarget",
"name" : "TestSPMIntegration",
"path" : "Sources/TestSPMIntegration",
"product_memberships" : [
"TestSPMIntegration"
],
"sources" : [
"main.swift"
],
"target_dependencies" : [
"ShoppingListModule"
],
"type" : "executable"
},
{
"c99name" : "ShoppingListModuleTests",
"module_type" : "SwiftTarget",
"name" : "ShoppingListModuleTests",
"path" : "Tests/ShoppingListModuleTests",
"sources" : [
"DataTests/BackgroundSyncManagerTests.swift",
"DataTests/NetworkServiceTests.swift",
"DataTests/RepositoryTests.swift",
"DataTests/SyncServiceTests.swift",
"IntegrationTests/EndToEndTests.swift",
"IntegrationTests/ModuleIntegrationTests.swift",
"IntegrationTests/SwiftDataRepositoryIntegrationTests.swift",
"ModelTests/ArrayExtensionTests.swift",
"ModelTests/ShoppingItemTests.swift",
"PresentationTests/UIIntegrationTests.swift",
"PresentationTests/ViewModelTests.swift",
"TestUtilities/MockData.swift",
"TestUtilities/TestHelpers.swift",
"TestUtilities/XCTestExtensions.swift"
],
"target_dependencies" : [
"ShoppingListModule"
],
"type" : "test"
},
{
"c99name" : "ShoppingListModule",
"module_type" : "SwiftTarget",
"name" : "ShoppingListModule",
"path" : "Sources/ShoppingListModule",
"product_memberships" : [
"ShoppingListModule",
"TestSPMIntegration"
],
"sources" : [
"Data/Network/HTTPNetworkService.swift",
"Data/Network/MockNetworkService.swift",
"Data/Network/NetworkService.swift",
"Data/Network/SyncService.swift",
"Data/Repository/MockRepository.swift",
"Data/Repository/ShoppingListRepository.swift",
"Data/Repository/SwiftDataRepository.swift",
"DependencyInjection/BackgroundSyncManager.swift",
"DependencyInjection/ShoppingListConfiguration.swift",
"DependencyInjection/ShoppingListDependencies.swift",
"DependencyInjection/ShoppingListModuleFactory.swift",
"Models/FilteringSorting.swift",
"Models/ShoppingItem.swift",
"Models/SyncStatus.swift",
"Presentation/ViewModels/ShoppingListErrors.swift",
"Presentation/ViewModels/ShoppingListViewModel.swift",
"Presentation/Views/Components/AddItemSheet.swift",
"Presentation/Views/Components/EditItemSheet.swift",
"Presentation/Views/Components/EmptyStateView.swift",
"Presentation/Views/Components/SearchAndFilterBar.swift",
"Presentation/Views/Components/ShoppingItemRow.swift",
"Presentation/Views/ShoppingListView.swift",
"Presentation/Views/Supporting/LoadingView.swift",
"ShoppingListModule.swift"
],
"type" : "library"
}
],
"tools_version" : "6.1"
}
{
"workspace" : {
"name" : "ShoppingListModule",
"schemes" : [
"ShoppingListModule",
"ShoppingListModule-Package",
"TestSPMIntegration"
]
}
}
2026-09-22 15:18:14.366 xcodebuild[681:4104] [MT] IDERunDestination: Supported platforms for the buildables in the current scheme is empty.
Running build ...
env DEVELOPER_DIR=/Applications/Xcode-27.0.0-Release.Candidate.app xcrun xcodebuild -IDEClonedSourcePackagesDirPathOverride=$PWD/.dependencies -skipMacroValidation -skipPackagePluginValidation -derivedDataPath $PWD/.derivedData build -scheme ShoppingListModule-Package -destination generic/platform=tvOS
Command line invocation:
/Applications/Xcode-27.0.0-Release.Candidate.app/Contents/Developer/usr/bin/xcodebuild -IDEClonedSourcePackagesDirPathOverride=/Users/admin/builder/spi-builder-workspace/.dependencies -skipMacroValidation -skipPackagePluginValidation -derivedDataPath /Users/admin/builder/spi-builder-workspace/.derivedData build -scheme ShoppingListModule-Package -destination generic/platform=tvOS
Resolve Package Graph
Resolved source packages:
ShoppingListModule: /Users/admin/builder/spi-builder-workspace
ComputePackagePrebuildTargetDependencyGraph
Prepare packages
CreateBuildRequest
SendProjectDescription
CreateBuildOperation
ComputeTargetDependencyGraph
note: Building targets in dependency order
note: Target dependency graph (3 targets)
Target 'TestSPMIntegration-product' in project 'ShoppingListModule'
➜ Explicit dependency on target 'ShoppingListModule' in project 'ShoppingListModule'
Target 'ShoppingListModule-product' in project 'ShoppingListModule'
➜ Explicit dependency on target 'ShoppingListModule' in project 'ShoppingListModule'
Target 'ShoppingListModule' in project 'ShoppingListModule' (no dependencies)
GatherProvisioningInputs
CreateBuildDescription
ExecuteExternalTool /Applications/Xcode-27.0.0-Release.Candidate.app/Contents/Developer/Toolchains/XcodeDefault.xctoolchain/usr/bin/clang -v -E -dM -isysroot /Applications/Xcode-27.0.0-Release.Candidate.app/Contents/Developer/Platforms/AppleTVOS.platform/Developer/SDKs/AppleTVOS27.0.sdk -x c -c /dev/null
ExecuteExternalTool /Applications/Xcode-27.0.0-Release.Candidate.app/Contents/Developer/Toolchains/XcodeDefault.xctoolchain/usr/bin/swiftc --version
ExecuteExternalTool /Applications/Xcode-27.0.0-Release.Candidate.app/Contents/Developer/Toolchains/XcodeDefault.xctoolchain/usr/bin/ld -version_details
Build description signature: cade2bff5c4e14ee5addfca6b0d0aa13
Build description path: /Users/admin/builder/spi-builder-workspace/.derivedData/Build/Intermediates.noindex/XCBuildData/cade2bff5c4e14ee5addfca6b0d0aa13.xcbuilddata
CreateBuildDirectory /Users/admin/builder/spi-builder-workspace/.derivedData/SDKExplicitPrecompiledModules
cd /Users/admin/builder/spi-builder-workspace/.swiftpm/xcode
builtin-create-build-directory /Users/admin/builder/spi-builder-workspace/.derivedData/SDKExplicitPrecompiledModules
CreateBuildDirectory /Users/admin/builder/spi-builder-workspace/.derivedData/ModuleCache.noindex
cd /Users/admin/builder/spi-builder-workspace/.swiftpm/xcode
builtin-create-build-directory /Users/admin/builder/spi-builder-workspace/.derivedData/ModuleCache.noindex
CreateBuildDirectory /Users/admin/builder/spi-builder-workspace/.derivedData/CompilationCache.noindex
cd /Users/admin/builder/spi-builder-workspace/.swiftpm/xcode
builtin-create-build-directory /Users/admin/builder/spi-builder-workspace/.derivedData/CompilationCache.noindex
ClangStatCache /Applications/Xcode-27.0.0-Release.Candidate.app/Contents/Developer/Toolchains/XcodeDefault.xctoolchain/usr/bin/clang-stat-cache /Applications/Xcode-27.0.0-Release.Candidate.app/Contents/Developer/Platforms/AppleTVOS.platform/Developer/SDKs/AppleTVOS27.0.sdk /Users/admin/builder/spi-builder-workspace/.derivedData/SDKStatCaches.noindex/appletvos27.0-24J360-e829b21a6f8c9b70876ba0858053c044b32bfd8d43560033f8d89884cdb90028.sdkstatcache
cd /Users/admin/builder/spi-builder-workspace/.swiftpm/xcode
/Applications/Xcode-27.0.0-Release.Candidate.app/Contents/Developer/Toolchains/XcodeDefault.xctoolchain/usr/bin/clang-stat-cache /Applications/Xcode-27.0.0-Release.Candidate.app/Contents/Developer/Platforms/AppleTVOS.platform/Developer/SDKs/AppleTVOS27.0.sdk -o /Users/admin/builder/spi-builder-workspace/.derivedData/SDKStatCaches.noindex/appletvos27.0-24J360-e829b21a6f8c9b70876ba0858053c044b32bfd8d43560033f8d89884cdb90028.sdkstatcache
CreateBuildDirectory /Users/admin/builder/spi-builder-workspace/.derivedData/Build/Intermediates.noindex
cd /Users/admin/builder/spi-builder-workspace/.swiftpm/xcode
builtin-create-build-directory /Users/admin/builder/spi-builder-workspace/.derivedData/Build/Intermediates.noindex
CreateBuildDirectory /Users/admin/builder/spi-builder-workspace/.derivedData/Build/Products
cd /Users/admin/builder/spi-builder-workspace/.swiftpm/xcode
builtin-create-build-directory /Users/admin/builder/spi-builder-workspace/.derivedData/Build/Products
CreateBuildDirectory /Users/admin/builder/spi-builder-workspace/.derivedData/Build/Intermediates.noindex/SwiftExplicitPrecompiledModules
cd /Users/admin/builder/spi-builder-workspace/.swiftpm/xcode
builtin-create-build-directory /Users/admin/builder/spi-builder-workspace/.derivedData/Build/Intermediates.noindex/SwiftExplicitPrecompiledModules
CreateBuildDirectory /Users/admin/builder/spi-builder-workspace/.derivedData/Build/Intermediates.noindex/PrecompiledHeaders
cd /Users/admin/builder/spi-builder-workspace/.swiftpm/xcode
builtin-create-build-directory /Users/admin/builder/spi-builder-workspace/.derivedData/Build/Intermediates.noindex/PrecompiledHeaders
CreateBuildDirectory /Users/admin/builder/spi-builder-workspace/.derivedData/Build/Intermediates.noindex/ExplicitPrecompiledModules
cd /Users/admin/builder/spi-builder-workspace/.swiftpm/xcode
builtin-create-build-directory /Users/admin/builder/spi-builder-workspace/.derivedData/Build/Intermediates.noindex/ExplicitPrecompiledModules
CreateBuildDirectory /Users/admin/builder/spi-builder-workspace/.derivedData/Build/Intermediates.noindex/EagerLinkingTBDs/Debug-appletvos
cd /Users/admin/builder/spi-builder-workspace/.swiftpm/xcode
builtin-create-build-directory /Users/admin/builder/spi-builder-workspace/.derivedData/Build/Intermediates.noindex/EagerLinkingTBDs/Debug-appletvos
CreateBuildDirectory /Users/admin/builder/spi-builder-workspace/.derivedData/Build/Products/Debug-appletvos
cd /Users/admin/builder/spi-builder-workspace/.swiftpm/xcode
builtin-create-build-directory /Users/admin/builder/spi-builder-workspace/.derivedData/Build/Products/Debug-appletvos
CreateBuildDirectory /Users/admin/builder/spi-builder-workspace/.derivedData/Build/Products/Debug-appletvos/PackageFrameworks
cd /Users/admin/builder/spi-builder-workspace/.swiftpm/xcode
builtin-create-build-directory /Users/admin/builder/spi-builder-workspace/.derivedData/Build/Products/Debug-appletvos/PackageFrameworks
WriteAuxiliaryFile /Users/admin/builder/spi-builder-workspace/.derivedData/Build/Intermediates.noindex/ShoppingListModule.build/Debug-appletvos/TestSPMIntegration-p.build/TestSPMIntegration.DependencyStaticMetadataFileList (in target 'TestSPMIntegration-product' from project 'ShoppingListModule')
cd /Users/admin/builder/spi-builder-workspace
write-file /Users/admin/builder/spi-builder-workspace/.derivedData/Build/Intermediates.noindex/ShoppingListModule.build/Debug-appletvos/TestSPMIntegration-p.build/TestSPMIntegration.DependencyStaticMetadataFileList
WriteAuxiliaryFile /Users/admin/builder/spi-builder-workspace/.derivedData/Build/Intermediates.noindex/ShoppingListModule.build/Debug-appletvos/TestSPMIntegration-p.build/TestSPMIntegration.DependencyMetadataFileList (in target 'TestSPMIntegration-product' from project 'ShoppingListModule')
cd /Users/admin/builder/spi-builder-workspace
write-file /Users/admin/builder/spi-builder-workspace/.derivedData/Build/Intermediates.noindex/ShoppingListModule.build/Debug-appletvos/TestSPMIntegration-p.build/TestSPMIntegration.DependencyMetadataFileList
WriteAuxiliaryFile /Users/admin/builder/spi-builder-workspace/.derivedData/Build/Intermediates.noindex/ShoppingListModule.build/Debug-appletvos/ShoppingListModule-t.build/ShoppingListModule.DependencyStaticMetadataFileList (in target 'ShoppingListModule' from project 'ShoppingListModule')
cd /Users/admin/builder/spi-builder-workspace
write-file /Users/admin/builder/spi-builder-workspace/.derivedData/Build/Intermediates.noindex/ShoppingListModule.build/Debug-appletvos/ShoppingListModule-t.build/ShoppingListModule.DependencyStaticMetadataFileList
WriteAuxiliaryFile /Users/admin/builder/spi-builder-workspace/.derivedData/Build/Intermediates.noindex/ShoppingListModule.build/Debug-appletvos/ShoppingListModule-t.build/ShoppingListModule.modulemap (in target 'ShoppingListModule' from project 'ShoppingListModule')
cd /Users/admin/builder/spi-builder-workspace
write-file /Users/admin/builder/spi-builder-workspace/.derivedData/Build/Intermediates.noindex/ShoppingListModule.build/Debug-appletvos/ShoppingListModule-t.build/ShoppingListModule.modulemap
WriteAuxiliaryFile /Users/admin/builder/spi-builder-workspace/.derivedData/Build/Intermediates.noindex/ShoppingListModule.build/Debug-appletvos/TestSPMIntegration-p.build/Objects-normal/arm64/TestSPMIntegration-OutputFileMap.json (in target 'TestSPMIntegration-product' from project 'ShoppingListModule')
cd /Users/admin/builder/spi-builder-workspace
write-file /Users/admin/builder/spi-builder-workspace/.derivedData/Build/Intermediates.noindex/ShoppingListModule.build/Debug-appletvos/TestSPMIntegration-p.build/Objects-normal/arm64/TestSPMIntegration-OutputFileMap.json
WriteAuxiliaryFile /Users/admin/builder/spi-builder-workspace/.derivedData/Build/Intermediates.noindex/ShoppingListModule.build/Debug-appletvos/TestSPMIntegration-p.build/Objects-normal/arm64/TestSPMIntegration.LinkFileList (in target 'TestSPMIntegration-product' from project 'ShoppingListModule')
cd /Users/admin/builder/spi-builder-workspace
write-file /Users/admin/builder/spi-builder-workspace/.derivedData/Build/Intermediates.noindex/ShoppingListModule.build/Debug-appletvos/TestSPMIntegration-p.build/Objects-normal/arm64/TestSPMIntegration.LinkFileList
WriteAuxiliaryFile /Users/admin/builder/spi-builder-workspace/.derivedData/Build/Intermediates.noindex/ShoppingListModule.build/Debug-appletvos/TestSPMIntegration-p.build/Objects-normal/arm64/TestSPMIntegration_const_extract_protocols.json (in target 'TestSPMIntegration-product' from project 'ShoppingListModule')
cd /Users/admin/builder/spi-builder-workspace
write-file /Users/admin/builder/spi-builder-workspace/.derivedData/Build/Intermediates.noindex/ShoppingListModule.build/Debug-appletvos/TestSPMIntegration-p.build/Objects-normal/arm64/TestSPMIntegration_const_extract_protocols.json
WriteAuxiliaryFile /Users/admin/builder/spi-builder-workspace/.derivedData/Build/Intermediates.noindex/ShoppingListModule.build/Debug-appletvos/TestSPMIntegration-p.build/Objects-normal/arm64/TestSPMIntegration.SwiftFileList (in target 'TestSPMIntegration-product' from project 'ShoppingListModule')
cd /Users/admin/builder/spi-builder-workspace
write-file /Users/admin/builder/spi-builder-workspace/.derivedData/Build/Intermediates.noindex/ShoppingListModule.build/Debug-appletvos/TestSPMIntegration-p.build/Objects-normal/arm64/TestSPMIntegration.SwiftFileList
WriteAuxiliaryFile /Users/admin/builder/spi-builder-workspace/.derivedData/Build/Intermediates.noindex/ShoppingListModule.build/Debug-appletvos/ShoppingListModule-t.build/ShoppingListModule.DependencyMetadataFileList (in target 'ShoppingListModule' from project 'ShoppingListModule')
cd /Users/admin/builder/spi-builder-workspace
write-file /Users/admin/builder/spi-builder-workspace/.derivedData/Build/Intermediates.noindex/ShoppingListModule.build/Debug-appletvos/ShoppingListModule-t.build/ShoppingListModule.DependencyMetadataFileList
WriteAuxiliaryFile /Users/admin/builder/spi-builder-workspace/.derivedData/Build/Intermediates.noindex/ShoppingListModule.build/Debug-appletvos/ShoppingListModule-t.build/Objects-normal/arm64/ShoppingListModule.SwiftFileList (in target 'ShoppingListModule' from project 'ShoppingListModule')
cd /Users/admin/builder/spi-builder-workspace
write-file /Users/admin/builder/spi-builder-workspace/.derivedData/Build/Intermediates.noindex/ShoppingListModule.build/Debug-appletvos/ShoppingListModule-t.build/Objects-normal/arm64/ShoppingListModule.SwiftFileList
WriteAuxiliaryFile /Users/admin/builder/spi-builder-workspace/.derivedData/Build/Intermediates.noindex/ShoppingListModule.build/Debug-appletvos/ShoppingListModule-t.build/Objects-normal/arm64/ShoppingListModule_const_extract_protocols.json (in target 'ShoppingListModule' from project 'ShoppingListModule')
cd /Users/admin/builder/spi-builder-workspace
write-file /Users/admin/builder/spi-builder-workspace/.derivedData/Build/Intermediates.noindex/ShoppingListModule.build/Debug-appletvos/ShoppingListModule-t.build/Objects-normal/arm64/ShoppingListModule_const_extract_protocols.json
WriteAuxiliaryFile /Users/admin/builder/spi-builder-workspace/.derivedData/Build/Intermediates.noindex/ShoppingListModule.build/Debug-appletvos/ShoppingListModule-t.build/Objects-normal/arm64/ShoppingListModule.LinkFileList (in target 'ShoppingListModule' from project 'ShoppingListModule')
cd /Users/admin/builder/spi-builder-workspace
write-file /Users/admin/builder/spi-builder-workspace/.derivedData/Build/Intermediates.noindex/ShoppingListModule.build/Debug-appletvos/ShoppingListModule-t.build/Objects-normal/arm64/ShoppingListModule.LinkFileList
WriteAuxiliaryFile /Users/admin/builder/spi-builder-workspace/.derivedData/Build/Intermediates.noindex/ShoppingListModule.build/Debug-appletvos/ShoppingListModule-t.build/Objects-normal/arm64/ShoppingListModule.SwiftConstValuesFileList (in target 'ShoppingListModule' from project 'ShoppingListModule')
cd /Users/admin/builder/spi-builder-workspace
write-file /Users/admin/builder/spi-builder-workspace/.derivedData/Build/Intermediates.noindex/ShoppingListModule.build/Debug-appletvos/ShoppingListModule-t.build/Objects-normal/arm64/ShoppingListModule.SwiftConstValuesFileList
WriteAuxiliaryFile /Users/admin/builder/spi-builder-workspace/.derivedData/Build/Intermediates.noindex/ShoppingListModule.build/Debug-appletvos/ShoppingListModule-t.build/Objects-normal/arm64/ShoppingListModule-OutputFileMap.json (in target 'ShoppingListModule' from project 'ShoppingListModule')
cd /Users/admin/builder/spi-builder-workspace
write-file /Users/admin/builder/spi-builder-workspace/.derivedData/Build/Intermediates.noindex/ShoppingListModule.build/Debug-appletvos/ShoppingListModule-t.build/Objects-normal/arm64/ShoppingListModule-OutputFileMap.json
Copy /Users/admin/builder/spi-builder-workspace/.derivedData/Build/Intermediates.noindex/GeneratedModuleMaps-appletvos/ShoppingListModule.modulemap /Users/admin/builder/spi-builder-workspace/.derivedData/Build/Intermediates.noindex/ShoppingListModule.build/Debug-appletvos/ShoppingListModule-t.build/ShoppingListModule.modulemap (in target 'ShoppingListModule' from project 'ShoppingListModule')
cd /Users/admin/builder/spi-builder-workspace
builtin-copy -exclude .DS_Store -exclude CVS -exclude .svn -exclude .git -exclude .hg -resolve-src-symlinks /Users/admin/builder/spi-builder-workspace/.derivedData/Build/Intermediates.noindex/ShoppingListModule.build/Debug-appletvos/ShoppingListModule-t.build/ShoppingListModule.modulemap /Users/admin/builder/spi-builder-workspace/.derivedData/Build/Intermediates.noindex/GeneratedModuleMaps-appletvos
SwiftDriver ShoppingListModule normal arm64 com.apple.xcode.tools.swift.compiler (in target 'ShoppingListModule' from project 'ShoppingListModule')
cd /Users/admin/builder/spi-builder-workspace/.swiftpm/xcode
builtin-SwiftDriver -- /Applications/Xcode-27.0.0-Release.Candidate.app/Contents/Developer/Toolchains/XcodeDefault.xctoolchain/usr/bin/swiftc -parse-as-library -module-name ShoppingListModule -Onone @/Users/admin/builder/spi-builder-workspace/.derivedData/Build/Intermediates.noindex/ShoppingListModule.build/Debug-appletvos/ShoppingListModule-t.build/Objects-normal/arm64/ShoppingListModule.SwiftFileList -DSWIFT_PACKAGE -DDEBUG -DSWIFT_MODULE_RESOURCE_BUNDLE_UNAVAILABLE -DXcode -enable-upcoming-feature BareSlashRegexLiterals -enable-upcoming-feature ConciseMagicFile -enable-upcoming-feature ExistentialAny -enable-upcoming-feature ForwardTrailingClosures -enable-upcoming-feature ImplicitOpenExistentials -enable-upcoming-feature StrictConcurrency -plugin-path /Applications/Xcode-27.0.0-Release.Candidate.app/Contents/Developer/Toolchains/XcodeDefault.xctoolchain/usr/lib/swift/host/plugins/testing -enable-experimental-feature DebugDescriptionMacro -sdk /Applications/Xcode-27.0.0-Release.Candidate.app/Contents/Developer/Platforms/AppleTVOS.platform/Developer/SDKs/AppleTVOS27.0.sdk -target arm64-apple-tvos17.0 -g -module-cache-path /Users/admin/builder/spi-builder-workspace/.derivedData/ModuleCache.noindex -Xfrontend -serialize-debugging-options -profile-coverage-mapping -profile-generate -enable-testing -index-store-path /Users/admin/builder/spi-builder-workspace/.derivedData/Index.noindex/DataStore -Xcc -D_LIBCPP_HARDENING_MODE\=_LIBCPP_HARDENING_MODE_DEBUG -swift-version 6 -I /Users/admin/builder/spi-builder-workspace/.derivedData/Build/Products/Debug-appletvos -Isystem /Applications/Xcode-27.0.0-Release.Candidate.app/Contents/Developer/Platforms/AppleTVOS.platform/Developer/usr/lib -F /Users/admin/builder/spi-builder-workspace/.derivedData/Build/Products/Debug-appletvos -F /Applications/Xcode-27.0.0-Release.Candidate.app/Contents/Developer/Platforms/AppleTVOS.platform/Developer/Library/Frameworks -F /Applications/Xcode-27.0.0-Release.Candidate.app/Contents/Developer/Platforms/AppleTVOS.platform/Developer/SDKs/AppleTVOS27.0.sdk/Developer/Library/Frameworks -c -j10 -enable-batch-mode -incremental -Xcc -ivfsstatcache -Xcc /Users/admin/builder/spi-builder-workspace/.derivedData/SDKStatCaches.noindex/appletvos27.0-24J360-e829b21a6f8c9b70876ba0858053c044b32bfd8d43560033f8d89884cdb90028.sdkstatcache -output-file-map /Users/admin/builder/spi-builder-workspace/.derivedData/Build/Intermediates.noindex/ShoppingListModule.build/Debug-appletvos/ShoppingListModule-t.build/Objects-normal/arm64/ShoppingListModule-OutputFileMap.json -save-temps -no-color-diagnostics -explicit-module-build -module-cache-path /Users/admin/builder/spi-builder-workspace/.derivedData/Build/Intermediates.noindex/SwiftExplicitPrecompiledModules -clang-scanner-module-cache-path /Users/admin/builder/spi-builder-workspace/.derivedData/ModuleCache.noindex -sdk-module-cache-path /Users/admin/builder/spi-builder-workspace/.derivedData/SDKExplicitPrecompiledModules -emit-dependencies -emit-module -emit-module-path /Users/admin/builder/spi-builder-workspace/.derivedData/Build/Intermediates.noindex/ShoppingListModule.build/Debug-appletvos/ShoppingListModule-t.build/Objects-normal/arm64/ShoppingListModule.swiftmodule -serialize-diagnostics -dependency-scan-serialize-diagnostics-path /Users/admin/builder/spi-builder-workspace/.derivedData/Build/Intermediates.noindex/ShoppingListModule.build/Debug-appletvos/ShoppingListModule-t.build/Objects-normal/arm64/ShoppingListModule-dependency-scan.dia -validate-clang-modules-once -clang-build-session-file /Users/admin/builder/spi-builder-workspace/.derivedData/ModuleCache.noindex/Session.modulevalidation -Xcc -fmodules-prune-interval\=86400 -Xcc -fmodules-prune-after\=345600 -package-name spi_builder_workspace -emit-const-values -const-gather-protocols-list /Users/admin/builder/spi-builder-workspace/.derivedData/Build/Intermediates.noindex/ShoppingListModule.build/Debug-appletvos/ShoppingListModule-t.build/Objects-normal/arm64/ShoppingListModule_const_extract_protocols.json -Xcc -I/Users/admin/builder/spi-builder-workspace/.derivedData/Build/Products/Debug-appletvos/include -Xcc -I/Users/admin/builder/spi-builder-workspace/.derivedData/Build/Intermediates.noindex/ShoppingListModule.build/Debug-appletvos/ShoppingListModule-t.build/DerivedSources-normal/arm64 -Xcc -I/Users/admin/builder/spi-builder-workspace/.derivedData/Build/Intermediates.noindex/ShoppingListModule.build/Debug-appletvos/ShoppingListModule-t.build/DerivedSources/arm64 -Xcc -I/Users/admin/builder/spi-builder-workspace/.derivedData/Build/Intermediates.noindex/ShoppingListModule.build/Debug-appletvos/ShoppingListModule-t.build/DerivedSources -Xcc -DSWIFT_PACKAGE -Xcc -DDEBUG\=1 -emit-objc-header -emit-objc-header-path /Users/admin/builder/spi-builder-workspace/.derivedData/Build/Intermediates.noindex/ShoppingListModule.build/Debug-appletvos/ShoppingListModule-t.build/Objects-normal/arm64/ShoppingListModule-Swift.h -working-directory /Users/admin/builder/spi-builder-workspace/.swiftpm/xcode -experimental-emit-module-separately -disable-cmo
warning: Upcoming feature 'ImplicitOpenExistentials' already enabled as of the Swift 6 language mode (in target 'ShoppingListModule' from project 'ShoppingListModule')
warning: Upcoming feature 'ForwardTrailingClosures' already enabled as of the Swift 6 language mode (in target 'ShoppingListModule' from project 'ShoppingListModule')
warning: Upcoming feature 'ConciseMagicFile' already enabled as of the Swift 6 language mode (in target 'ShoppingListModule' from project 'ShoppingListModule')
warning: Upcoming feature 'BareSlashRegexLiterals' already enabled as of the Swift 6 language mode (in target 'ShoppingListModule' from project 'ShoppingListModule')
SwiftExplicitDependencyGeneratePcm arm64 /Users/admin/builder/spi-builder-workspace/.derivedData/SDKExplicitPrecompiledModules/_Builtin_stddef-1MAO6P3OSQFGZFQEPM31XXNSS.pcm
SwiftExplicitDependencyGeneratePcm arm64 /Users/admin/builder/spi-builder-workspace/.derivedData/SDKExplicitPrecompiledModules/_Builtin_float-3RF4B70MBHPP952AX3GNZ8W3H.pcm
SwiftExplicitDependencyGeneratePcm arm64 /Users/admin/builder/spi-builder-workspace/.derivedData/SDKExplicitPrecompiledModules/_Builtin_stdarg-719DH4G2R3NRP3HRX5HE8WX08.pcm
SwiftExplicitDependencyGeneratePcm arm64 /Users/admin/builder/spi-builder-workspace/.derivedData/SDKExplicitPrecompiledModules/_AvailabilityInternal-99L1JVU5TYE8S0FGGB7E09QQS.pcm
SwiftExplicitDependencyGeneratePcm arm64 /Users/admin/builder/spi-builder-workspace/.derivedData/SDKExplicitPrecompiledModules/ptrcheck-BA65H1NXYZJ0BLLWO9HZOAZ6Y.pcm
SwiftExplicitDependencyGeneratePcm arm64 /Users/admin/builder/spi-builder-workspace/.derivedData/SDKExplicitPrecompiledModules/SwiftShims-73G9EXEO9PVWB6PL1BR4TAJ0B.pcm
SwiftExplicitDependencyGeneratePcm arm64 /Users/admin/builder/spi-builder-workspace/.derivedData/SDKExplicitPrecompiledModules/_SwiftConcurrencyShims-3HZGHPZQL3GY71QUHDRB0P39S.pcm
SwiftExplicitDependencyGeneratePcm arm64 /Users/admin/builder/spi-builder-workspace/.derivedData/SDKExplicitPrecompiledModules/DeveloperToolsSupport-CJV8SY9BXJUTONPFWMLQEGTXA.pcm
SwiftExplicitDependencyGeneratePcm arm64 /Users/admin/builder/spi-builder-workspace/.derivedData/SDKExplicitPrecompiledModules/_Builtin_stdbool-4UUPXTY52W6RPSB0N2WGGLTJT.pcm
SwiftExplicitDependencyGeneratePcm arm64 /Users/admin/builder/spi-builder-workspace/.derivedData/SDKExplicitPrecompiledModules/ptrauth-EMKXYE8GN9BK4M3ODSTVDUJU2.pcm
SwiftExplicitDependencyGeneratePcm arm64 /Users/admin/builder/spi-builder-workspace/.derivedData/SDKExplicitPrecompiledModules/_DarwinFoundation1-90NUFDXQ765U5FR62173FT21A.pcm
SwiftExplicitDependencyGeneratePcm arm64 /Users/admin/builder/spi-builder-workspace/.derivedData/SDKExplicitPrecompiledModules/_Builtin_limits-3JICJWOCEYXXXNXAMEJBF6UQN.pcm
SwiftExplicitDependencyGeneratePcm arm64 /Users/admin/builder/spi-builder-workspace/.derivedData/SDKExplicitPrecompiledModules/_DarwinFoundation2-EPKSYG5WMVE7WSPFQB4C0UC59.pcm
SwiftExplicitDependencyGeneratePcm arm64 /Users/admin/builder/spi-builder-workspace/.derivedData/SDKExplicitPrecompiledModules/string_h-B6D36UOVIZC2Y0YE3KEZLZAP6.pcm
SwiftExplicitDependencyGeneratePcm arm64 /Users/admin/builder/spi-builder-workspace/.derivedData/SDKExplicitPrecompiledModules/_Builtin_tgmath-320K271Z6IM134IWIB7S3LTD.pcm
SwiftExplicitDependencyGeneratePcm arm64 /Users/admin/builder/spi-builder-workspace/.derivedData/SDKExplicitPrecompiledModules/_Builtin_stdint-A8OKY0NXO26BZ4GWYKP79TKL9.pcm
SwiftExplicitDependencyGeneratePcm arm64 /Users/admin/builder/spi-builder-workspace/.derivedData/SDKExplicitPrecompiledModules/sys_types-CATSGLJDZ8UZUMKHO6M4I4PJT.pcm
SwiftExplicitDependencyGeneratePcm arm64 /Users/admin/builder/spi-builder-workspace/.derivedData/SDKExplicitPrecompiledModules/_Builtin_intrinsics-AQDFY8KQQX9Z38C6EI15S53EQ.pcm
SwiftExplicitDependencyGeneratePcm arm64 /Users/admin/builder/spi-builder-workspace/.derivedData/SDKExplicitPrecompiledModules/_Builtin_stdatomic-71DQV8BR56LNANL900GGEC9KO.pcm
SwiftExplicitDependencyGeneratePcm arm64 /Users/admin/builder/spi-builder-workspace/.derivedData/SDKExplicitPrecompiledModules/_DarwinFoundation3-63L5I5VCGX6CLI6HI7OWUXJN6.pcm
SwiftExplicitDependencyGeneratePcm arm64 /Users/admin/builder/spi-builder-workspace/.derivedData/SDKExplicitPrecompiledModules/_Builtin_inttypes-80RS02PM2X81SP8N0Q7X05540.pcm
SwiftExplicitDependencyGeneratePcm arm64 /Users/admin/builder/spi-builder-workspace/.derivedData/SDKExplicitPrecompiledModules/Darwin-1VTILT8KA42CNDAUB0H1FM7MC.pcm
SwiftExplicitDependencyGeneratePcm arm64 /Users/admin/builder/spi-builder-workspace/.derivedData/SDKExplicitPrecompiledModules/simd-D50CDGAQRFNF5E2BA2UWCCHLJ.pcm
SwiftExplicitDependencyGeneratePcm arm64 /Users/admin/builder/spi-builder-workspace/.derivedData/SDKExplicitPrecompiledModules/MachO-A5KLTMTLJD1DPHEYPZHUSRJ4O.pcm
SwiftExplicitDependencyGeneratePcm arm64 /Users/admin/builder/spi-builder-workspace/.derivedData/SDKExplicitPrecompiledModules/ObjectiveC-CC0BYHG21IQMMT48PGDNSK7G6.pcm
SwiftExplicitDependencyGeneratePcm arm64 /Users/admin/builder/spi-builder-workspace/.derivedData/SDKExplicitPrecompiledModules/os_object-1TJLDNS7X3UT7Y5TM4QQ2RN6G.pcm
SwiftExplicitDependencyGeneratePcm arm64 /Users/admin/builder/spi-builder-workspace/.derivedData/SDKExplicitPrecompiledModules/os_workgroup-E61GF9E8FAHZGKXVOV9QHUD27.pcm
SwiftExplicitDependencyGeneratePcm arm64 /Users/admin/builder/spi-builder-workspace/.derivedData/SDKExplicitPrecompiledModules/Dispatch-F564M6B2H1RRD83XZ8EBWFSHE.pcm
SwiftExplicitDependencyGeneratePcm arm64 /Users/admin/builder/spi-builder-workspace/.derivedData/SDKExplicitPrecompiledModules/Spatial-2KZFBWN278VTZL619Y96SAJC9.pcm
SwiftExplicitDependencyGeneratePcm arm64 /Users/admin/builder/spi-builder-workspace/.derivedData/SDKExplicitPrecompiledModules/XPC-2WVXL0UION0MYZOZAJZC6DUXD.pcm
SwiftExplicitDependencyGeneratePcm arm64 /Users/admin/builder/spi-builder-workspace/.derivedData/SDKExplicitPrecompiledModules/CoreFoundation-A4LOYEEJIFQKOPZRDOG9M3N2K.pcm
SwiftExplicitDependencyGeneratePcm arm64 /Users/admin/builder/spi-builder-workspace/.derivedData/SDKExplicitPrecompiledModules/os-4NLIUP5HHN7FW5ML70YLEU8QE.pcm
SwiftExplicitDependencyGeneratePcm arm64 /Users/admin/builder/spi-builder-workspace/.derivedData/SDKExplicitPrecompiledModules/CFNetwork-8S7XZ5SI3TWM2JOZPDZPRY8W9.pcm
SwiftExplicitDependencyGeneratePcm arm64 /Users/admin/builder/spi-builder-workspace/.derivedData/SDKExplicitPrecompiledModules/CoreGraphics-D8Y0X4J52BHG7HHUQLTX6SXE1.pcm
SwiftExplicitDependencyGeneratePcm arm64 /Users/admin/builder/spi-builder-workspace/.derivedData/SDKExplicitPrecompiledModules/CoreAudioTypes-3D575H9KXE9GWSK6ZWEWBV9TM.pcm
SwiftExplicitDependencyGeneratePcm arm64 /Users/admin/builder/spi-builder-workspace/.derivedData/SDKExplicitPrecompiledModules/Security-6KU6X9W8QDIJW83JUF0DRES83.pcm
SwiftExplicitDependencyGeneratePcm arm64 /Users/admin/builder/spi-builder-workspace/.derivedData/SDKExplicitPrecompiledModules/CoreAudio-46JNU59TK6U76A9ILN06CT9NS.pcm
SwiftExplicitDependencyGeneratePcm arm64 /Users/admin/builder/spi-builder-workspace/.derivedData/SDKExplicitPrecompiledModules/Foundation-1AS5K10MY6XENLLR2NDUCKYTM.pcm
SwiftExplicitDependencyGeneratePcm arm64 /Users/admin/builder/spi-builder-workspace/.derivedData/SDKExplicitPrecompiledModules/ImageIO-48DA7ET77Q34HPZP9CPHI9VS4.pcm
SwiftExplicitDependencyGeneratePcm arm64 /Users/admin/builder/spi-builder-workspace/.derivedData/SDKExplicitPrecompiledModules/CoreText-E0GG8D3D527TJX7D2QEHFQLM2.pcm
SwiftExplicitDependencyGeneratePcm arm64 /Users/admin/builder/spi-builder-workspace/.derivedData/SDKExplicitPrecompiledModules/Accessibility-EAPB6A95K5V0S27QNKR6ATG7F.pcm
SwiftExplicitDependencyGeneratePcm arm64 /Users/admin/builder/spi-builder-workspace/.derivedData/SDKExplicitPrecompiledModules/DataDetection-9IX0C1MAX33MS6TCZDSNKXEO8.pcm
SwiftExplicitDependencyGeneratePcm arm64 /Users/admin/builder/spi-builder-workspace/.derivedData/SDKExplicitPrecompiledModules/CoreTransferable-84B3V3M9DHRIQERK179SSQO5U.pcm
SwiftExplicitDependencyGeneratePcm arm64 /Users/admin/builder/spi-builder-workspace/.derivedData/SDKExplicitPrecompiledModules/OSLog-1UX1YGRJSIOEO9YC3MNFFD818.pcm
SwiftExplicitDependencyGeneratePcm arm64 /Users/admin/builder/spi-builder-workspace/.derivedData/SDKExplicitPrecompiledModules/IOSurface-DEQULTJ8SC21O986FDCNTM8FX.pcm
SwiftExplicitDependencyGeneratePcm arm64 /Users/admin/builder/spi-builder-workspace/.derivedData/SDKExplicitPrecompiledModules/UniformTypeIdentifiers-DQ77M7R0D7VCBK0YUO3VHCRB1.pcm
SwiftExplicitDependencyGeneratePcm arm64 /Users/admin/builder/spi-builder-workspace/.derivedData/SDKExplicitPrecompiledModules/_LocationEssentials-2OY9351FRBO717MIULOKMYA9E.pcm
SwiftExplicitDependencyGeneratePcm arm64 /Users/admin/builder/spi-builder-workspace/.derivedData/SDKExplicitPrecompiledModules/UserNotifications-AKH3GC0FQWUK55FNTW4WEMFQE.pcm
SwiftExplicitDependencyGeneratePcm arm64 /Users/admin/builder/spi-builder-workspace/.derivedData/SDKExplicitPrecompiledModules/UIUtilities-9NQVCWATNLLVY125LB74695HY.pcm
SwiftExplicitDependencyGeneratePcm arm64 /Users/admin/builder/spi-builder-workspace/.derivedData/SDKExplicitPrecompiledModules/CoreData-3R0N6HKKQMVS32U7KOKR14383.pcm
SwiftExplicitDependencyGeneratePcm arm64 /Users/admin/builder/spi-builder-workspace/.derivedData/SDKExplicitPrecompiledModules/Symbols-9TNA7JIKOEYVTYC7A16HCS4Z8.pcm
SwiftExplicitDependencyGeneratePcm arm64 /Users/admin/builder/spi-builder-workspace/.derivedData/SDKExplicitPrecompiledModules/CoreLocation-6939X9DMB2SA43P0TYB7Z14Z5.pcm
SwiftExplicitDependencyGeneratePcm arm64 /Users/admin/builder/spi-builder-workspace/.derivedData/SDKExplicitPrecompiledModules/OpenGLES-6Y33D4DDPO1R82EJXT1SIGNPS.pcm
SwiftExplicitDependencyGeneratePcm arm64 /Users/admin/builder/spi-builder-workspace/.derivedData/SDKExplicitPrecompiledModules/Metal-52GB3RCZ6A2WEZ7RWCXV2WL0N.pcm
SwiftExplicitDependencyGeneratePcm arm64 /Users/admin/builder/spi-builder-workspace/.derivedData/SDKExplicitPrecompiledModules/CoreVideo-5G4VAY32QMJB00PUALI6188LK.pcm
SwiftExplicitDependencyGeneratePcm arm64 /Users/admin/builder/spi-builder-workspace/.derivedData/SDKExplicitPrecompiledModules/QuartzCore-DSNZZA81DYNK4OK1ANRR6HM7G.pcm
SwiftExplicitDependencyGeneratePcm arm64 /Users/admin/builder/spi-builder-workspace/.derivedData/SDKExplicitPrecompiledModules/CoreImage-ATUQ374FIDJPA1DF5BLR644CG.pcm
SwiftExplicitDependencyGeneratePcm arm64 /Users/admin/builder/spi-builder-workspace/.derivedData/SDKExplicitPrecompiledModules/CoreMedia-43BPYBY7ZACBDCUTAJXJFLTBP.pcm
SwiftExplicitDependencyGeneratePcm arm64 /Users/admin/builder/spi-builder-workspace/.derivedData/SDKExplicitPrecompiledModules/SwiftUICore-7SJQ9GB90ACGZV5NB09LFJIRX.pcm
SwiftExplicitDependencyGeneratePcm arm64 /Users/admin/builder/spi-builder-workspace/.derivedData/SDKExplicitPrecompiledModules/UIKit-42T2ZGON9LDZUXRIAUKELQ554.pcm
SwiftExplicitDependencyGeneratePcm arm64 /Users/admin/builder/spi-builder-workspace/.derivedData/SDKExplicitPrecompiledModules/SwiftUI-B634212FU5XQXG1OEBY2WYYH3.pcm
SwiftEmitModule normal arm64 Emitting\ module\ for\ ShoppingListModule (in target 'ShoppingListModule' from project 'ShoppingListModule')
SwiftCompile normal arm64 (in target 'ShoppingListModule' from project 'ShoppingListModule')
cd /Users/admin/builder/spi-builder-workspace/.swiftpm/xcode
<unknown>:0: warning: upcoming feature 'ImplicitOpenExistentials' already enabled as of the Swift 6 language mode
<unknown>:0: warning: upcoming feature 'ForwardTrailingClosures' already enabled as of the Swift 6 language mode
<unknown>:0: warning: upcoming feature 'ConciseMagicFile' already enabled as of the Swift 6 language mode
<unknown>:0: warning: upcoming feature 'BareSlashRegexLiterals' already enabled as of the Swift 6 language mode
/Users/admin/builder/spi-builder-workspace/Sources/ShoppingListModule/DependencyInjection/ShoppingListModuleFactory.swift:156:31: warning: use of protocol 'Error' as a type must be written 'any Error'; this will be an error in a future Swift language mode [#ExistentialAny]
154 | case missingDependency(String)
155 | case configurationError(String)
156 | case initializationFailed(Error)
| `- warning: use of protocol 'Error' as a type must be written 'any Error'; this will be an error in a future Swift language mode [#ExistentialAny]
157 |
158 | public var errorDescription: String? {
macro expansion @Model:9:25: warning: redundant conformance of 'ShoppingItem' to protocol 'Sendable'
`- /Users/admin/builder/spi-builder-workspace/Sources/ShoppingListModule/Models/ShoppingItem.swift:89:2: note: expanded code originates here
12 | /// Designed to support offline-first architecture with sync capabilities
13 |
14 | @Model
| `- note: in expansion of macro 'Model' on class 'ShoppingItem' here
15 | public class ShoppingItem: Identifiable, @unchecked Sendable {
| `- note: 'ShoppingItem' declares conformance to protocol 'Sendable' here
16 | /// Unique identifier - using UUID for distributed system compatibility
17 | @Attribute(.unique) public var id: String
:
87 | return nameMatches || noteMatches
88 | }
89 | }
+--- macro expansion @Model ----------------------------------------
| 7 | @available(swift, deprecated: 5.9, message: "PersistentModels are not Sendable, consider utilizing a ModelActor or use ShoppingItem's persistentModelID instead")
| 8 | @available(*, unavailable, message: "PersistentModels are not Sendable, consider utilizing a ModelActor or use ShoppingItem's persistentModelID instead")
| 9 | extension ShoppingItem: Sendable {
| | `- warning: redundant conformance of 'ShoppingItem' to protocol 'Sendable'
|10 | }
+-------------------------------------------------------------------
90 |
91 | /// Sort options for item display
[#ExistentialAny]: <https://docs.swift.org/compiler/documentation/diagnostics/existential-any>
SwiftCompile normal arm64 Compiling\ LoadingView.swift,\ ShoppingListModule.swift /Users/admin/builder/spi-builder-workspace/Sources/ShoppingListModule/Presentation/Views/Supporting/LoadingView.swift /Users/admin/builder/spi-builder-workspace/Sources/ShoppingListModule/ShoppingListModule.swift (in target 'ShoppingListModule' from project 'ShoppingListModule')
SwiftCompile normal arm64 /Users/admin/builder/spi-builder-workspace/Sources/ShoppingListModule/Presentation/Views/Supporting/LoadingView.swift (in target 'ShoppingListModule' from project 'ShoppingListModule')
cd /Users/admin/builder/spi-builder-workspace/.swiftpm/xcode
builtin-SwiftPerFileCompile LoadingView.swift
SwiftCompile normal arm64 /Users/admin/builder/spi-builder-workspace/Sources/ShoppingListModule/ShoppingListModule.swift (in target 'ShoppingListModule' from project 'ShoppingListModule')
cd /Users/admin/builder/spi-builder-workspace/.swiftpm/xcode
builtin-SwiftPerFileCompile ShoppingListModule.swift
<unknown>:0: warning: upcoming feature 'ImplicitOpenExistentials' already enabled as of the Swift 6 language mode
<unknown>:0: warning: upcoming feature 'ForwardTrailingClosures' already enabled as of the Swift 6 language mode
<unknown>:0: warning: upcoming feature 'ConciseMagicFile' already enabled as of the Swift 6 language mode
<unknown>:0: warning: upcoming feature 'BareSlashRegexLiterals' already enabled as of the Swift 6 language mode
SwiftCompile normal arm64 Compiling\ ShoppingItemRow.swift,\ ShoppingListView.swift /Users/admin/builder/spi-builder-workspace/Sources/ShoppingListModule/Presentation/Views/Components/ShoppingItemRow.swift /Users/admin/builder/spi-builder-workspace/Sources/ShoppingListModule/Presentation/Views/ShoppingListView.swift (in target 'ShoppingListModule' from project 'ShoppingListModule')
<unknown>:0: warning: upcoming feature 'ImplicitOpenExistentials' already enabled as of the Swift 6 language mode
<unknown>:0: warning: upcoming feature 'ForwardTrailingClosures' already enabled as of the Swift 6 language mode
<unknown>:0: warning: upcoming feature 'ConciseMagicFile' already enabled as of the Swift 6 language mode
<unknown>:0: warning: upcoming feature 'BareSlashRegexLiterals' already enabled as of the Swift 6 language mode
SwiftCompile normal arm64 /Users/admin/builder/spi-builder-workspace/Sources/ShoppingListModule/Presentation/Views/Components/ShoppingItemRow.swift (in target 'ShoppingListModule' from project 'ShoppingListModule')
cd /Users/admin/builder/spi-builder-workspace/.swiftpm/xcode
builtin-SwiftPerFileCompile ShoppingItemRow.swift
SwiftCompile normal arm64 /Users/admin/builder/spi-builder-workspace/Sources/ShoppingListModule/Presentation/Views/ShoppingListView.swift (in target 'ShoppingListModule' from project 'ShoppingListModule')
cd /Users/admin/builder/spi-builder-workspace/.swiftpm/xcode
builtin-SwiftPerFileCompile ShoppingListView.swift
SwiftCompile normal arm64 Compiling\ ShoppingListDependencies.swift,\ ShoppingListModuleFactory.swift,\ FilteringSorting.swift /Users/admin/builder/spi-builder-workspace/Sources/ShoppingListModule/DependencyInjection/ShoppingListDependencies.swift /Users/admin/builder/spi-builder-workspace/Sources/ShoppingListModule/DependencyInjection/ShoppingListModuleFactory.swift /Users/admin/builder/spi-builder-workspace/Sources/ShoppingListModule/Models/FilteringSorting.swift (in target 'ShoppingListModule' from project 'ShoppingListModule')
<unknown>:0: warning: upcoming feature 'ImplicitOpenExistentials' already enabled as of the Swift 6 language mode
<unknown>:0: warning: upcoming feature 'ForwardTrailingClosures' already enabled as of the Swift 6 language mode
<unknown>:0: warning: upcoming feature 'ConciseMagicFile' already enabled as of the Swift 6 language mode
<unknown>:0: warning: upcoming feature 'BareSlashRegexLiterals' already enabled as of the Swift 6 language mode
/Users/admin/builder/spi-builder-workspace/Sources/ShoppingListModule/DependencyInjection/ShoppingListModuleFactory.swift:156:31: warning: use of protocol 'Error' as a type must be written 'any Error'; this will be an error in a future Swift language mode [#ExistentialAny]
154 | case missingDependency(String)
155 | case configurationError(String)
156 | case initializationFailed(Error)
| `- warning: use of protocol 'Error' as a type must be written 'any Error'; this will be an error in a future Swift language mode [#ExistentialAny]
157 |
158 | public var errorDescription: String? {
/Users/admin/builder/spi-builder-workspace/Sources/ShoppingListModule/DependencyInjection/ShoppingListModuleFactory.swift:48:72: warning: use of protocol 'ShoppingListRepository' as a type must be written 'any ShoppingListRepository'; this will be an error in a future Swift language mode [#ExistentialAny]
46 | print("Dependencies setup completed, resolving repository...")
47 |
48 | guard let repository = ShoppingListDependencies.shared.resolve(ShoppingListRepository.self) else {
| `- warning: use of protocol 'ShoppingListRepository' as a type must be written 'any ShoppingListRepository'; this will be an error in a future Swift language mode [#ExistentialAny]
49 | print("Failed to resolve ShoppingListRepository")
50 | throw ModuleError.missingDependency("ShoppingListRepository")
/Users/admin/builder/spi-builder-workspace/Sources/ShoppingListModule/DependencyInjection/ShoppingListModuleFactory.swift:55:73: warning: use of protocol 'SyncService' as a type must be written 'any SyncService'; this will be an error in a future Swift language mode [#ExistentialAny]
53 | print("Repository resolved: \(type(of: repository))")
54 |
55 | guard let syncService = ShoppingListDependencies.shared.resolve(SyncService.self) else {
| `- warning: use of protocol 'SyncService' as a type must be written 'any SyncService'; this will be an error in a future Swift language mode [#ExistentialAny]
56 | print("Failed to resolve SyncService")
57 | throw ModuleError.missingDependency("SyncService")
/Users/admin/builder/spi-builder-workspace/Sources/ShoppingListModule/DependencyInjection/ShoppingListModuleFactory.swift:73:25: warning: use of protocol 'ShoppingListRepository' as a type must be written 'any ShoppingListRepository'; this will be an error in a future Swift language mode [#ExistentialAny]
71 |
72 | // Setup Repository
73 | let repository: ShoppingListRepository
| `- warning: use of protocol 'ShoppingListRepository' as a type must be written 'any ShoppingListRepository'; this will be an error in a future Swift language mode [#ExistentialAny]
74 | if configuration.isTestMode {
75 | repository = MockShoppingListRepository()
/Users/admin/builder/spi-builder-workspace/Sources/ShoppingListModule/DependencyInjection/ShoppingListModuleFactory.swift:87:60: warning: use of protocol 'ShoppingListRepository' as a type must be written 'any ShoppingListRepository'; this will be an error in a future Swift language mode [#ExistentialAny]
85 |
86 | // Verify repository was registered
87 | guard let registeredRepository = container.resolve(ShoppingListRepository.self) else {
| `- warning: use of protocol 'ShoppingListRepository' as a type must be written 'any ShoppingListRepository'; this will be an error in a future Swift language mode [#ExistentialAny]
88 | throw ModuleError.configurationError("Repository registration failed")
89 | }
/Users/admin/builder/spi-builder-workspace/Sources/ShoppingListModule/DependencyInjection/ShoppingListModuleFactory.swift:93:29: warning: use of protocol 'NetworkService' as a type must be written 'any NetworkService'; this will be an error in a future Swift language mode [#ExistentialAny]
91 |
92 | // Setup Network Service
93 | let networkService: NetworkService
| `- warning: use of protocol 'NetworkService' as a type must be written 'any NetworkService'; this will be an error in a future Swift language mode [#ExistentialAny]
94 | if let apiURL = configuration.apiBaseURL {
95 | networkService = HTTPShoppingNetworkService(baseURL: apiURL)
/Users/admin/builder/spi-builder-workspace/Sources/ShoppingListModule/DependencyInjection/ShoppingListModuleFactory.swift:109:41: warning: use of protocol 'SyncService' as a type must be written 'any SyncService'; this will be an error in a future Swift language mode [#ExistentialAny]
107 |
108 | // Verify all dependencies are registered
109 | guard let _ = container.resolve(SyncService.self) else {
| `- warning: use of protocol 'SyncService' as a type must be written 'any SyncService'; this will be an error in a future Swift language mode [#ExistentialAny]
110 | throw ModuleError.configurationError("SyncService registration failed")
111 | }
/Users/admin/builder/spi-builder-workspace/Sources/ShoppingListModule/DependencyInjection/ShoppingListModuleFactory.swift:84:45: warning: use of protocol 'ShoppingListRepository' as a type must be written 'any ShoppingListRepository'; this will be an error in a future Swift language mode [#ExistentialAny]
82 | }
83 | }
84 | container.register(repository, for: ShoppingListRepository.self)
| `- warning: use of protocol 'ShoppingListRepository' as a type must be written 'any ShoppingListRepository'; this will be an error in a future Swift language mode [#ExistentialAny]
85 |
86 | // Verify repository was registered
/Users/admin/builder/spi-builder-workspace/Sources/ShoppingListModule/DependencyInjection/ShoppingListModuleFactory.swift:99:49: warning: use of protocol 'NetworkService' as a type must be written 'any NetworkService'; this will be an error in a future Swift language mode [#ExistentialAny]
97 | networkService = MockNetworkService()
98 | }
99 | container.register(networkService, for: NetworkService.self)
| `- warning: use of protocol 'NetworkService' as a type must be written 'any NetworkService'; this will be an error in a future Swift language mode [#ExistentialAny]
100 |
101 | // Setup Sync Service
/Users/admin/builder/spi-builder-workspace/Sources/ShoppingListModule/DependencyInjection/ShoppingListModuleFactory.swift:106:46: warning: use of protocol 'SyncService' as a type must be written 'any SyncService'; this will be an error in a future Swift language mode [#ExistentialAny]
104 | networkService: networkService
105 | )
106 | container.register(syncService, for: SyncService.self)
| `- warning: use of protocol 'SyncService' as a type must be written 'any SyncService'; this will be an error in a future Swift language mode [#ExistentialAny]
107 |
108 | // Verify all dependencies are registered
/Users/admin/builder/spi-builder-workspace/Sources/ShoppingListModule/DependencyInjection/ShoppingListModuleFactory.swift:184:49: warning: use of protocol 'ShoppingListRepository' as a type must be written 'any ShoppingListRepository'; this will be an error in a future Swift language mode [#ExistentialAny]
182 | // Register test dependencies
183 | let container = ShoppingListDependencies.shared
184 | container.register(mockRepository, for: ShoppingListRepository.self)
| `- warning: use of protocol 'ShoppingListRepository' as a type must be written 'any ShoppingListRepository'; this will be an error in a future Swift language mode [#ExistentialAny]
185 | container.register(mockNetworkService, for: NetworkService.self)
186 | container.register(syncService, for: SyncService.self)
/Users/admin/builder/spi-builder-workspace/Sources/ShoppingListModule/DependencyInjection/ShoppingListModuleFactory.swift:185:53: warning: use of protocol 'NetworkService' as a type must be written 'any NetworkService'; this will be an error in a future Swift language mode [#ExistentialAny]
183 | let container = ShoppingListDependencies.shared
184 | container.register(mockRepository, for: ShoppingListRepository.self)
185 | container.register(mockNetworkService, for: NetworkService.self)
| `- warning: use of protocol 'NetworkService' as a type must be written 'any NetworkService'; this will be an error in a future Swift language mode [#ExistentialAny]
186 | container.register(syncService, for: SyncService.self)
187 |
/Users/admin/builder/spi-builder-workspace/Sources/ShoppingListModule/DependencyInjection/ShoppingListModuleFactory.swift:186:46: warning: use of protocol 'SyncService' as a type must be written 'any SyncService'; this will be an error in a future Swift language mode [#ExistentialAny]
184 | container.register(mockRepository, for: ShoppingListRepository.self)
185 | container.register(mockNetworkService, for: NetworkService.self)
186 | container.register(syncService, for: SyncService.self)
| `- warning: use of protocol 'SyncService' as a type must be written 'any SyncService'; this will be an error in a future Swift language mode [#ExistentialAny]
187 |
188 | let viewModel = ShoppingListViewModel(repository: mockRepository, syncService: syncService)
[#ExistentialAny]: <https://docs.swift.org/compiler/documentation/diagnostics/existential-any>
SwiftCompile normal arm64 /Users/admin/builder/spi-builder-workspace/Sources/ShoppingListModule/DependencyInjection/ShoppingListDependencies.swift (in target 'ShoppingListModule' from project 'ShoppingListModule')
cd /Users/admin/builder/spi-builder-workspace/.swiftpm/xcode
builtin-SwiftPerFileCompile ShoppingListDependencies.swift
SwiftCompile normal arm64 /Users/admin/builder/spi-builder-workspace/Sources/ShoppingListModule/DependencyInjection/ShoppingListModuleFactory.swift (in target 'ShoppingListModule' from project 'ShoppingListModule')
cd /Users/admin/builder/spi-builder-workspace/.swiftpm/xcode
builtin-SwiftPerFileCompile ShoppingListModuleFactory.swift
SwiftCompile normal arm64 /Users/admin/builder/spi-builder-workspace/Sources/ShoppingListModule/Models/FilteringSorting.swift (in target 'ShoppingListModule' from project 'ShoppingListModule')
cd /Users/admin/builder/spi-builder-workspace/.swiftpm/xcode
builtin-SwiftPerFileCompile FilteringSorting.swift
SwiftCompile normal arm64 Compiling\ EmptyStateView.swift,\ SearchAndFilterBar.swift /Users/admin/builder/spi-builder-workspace/Sources/ShoppingListModule/Presentation/Views/Components/EmptyStateView.swift /Users/admin/builder/spi-builder-workspace/Sources/ShoppingListModule/Presentation/Views/Components/SearchAndFilterBar.swift (in target 'ShoppingListModule' from project 'ShoppingListModule')
<unknown>:0: warning: upcoming feature 'ImplicitOpenExistentials' already enabled as of the Swift 6 language mode
<unknown>:0: warning: upcoming feature 'ForwardTrailingClosures' already enabled as of the Swift 6 language mode
<unknown>:0: warning: upcoming feature 'ConciseMagicFile' already enabled as of the Swift 6 language mode
<unknown>:0: warning: upcoming feature 'BareSlashRegexLiterals' already enabled as of the Swift 6 language mode
/Users/admin/builder/spi-builder-workspace/Sources/ShoppingListModule/Presentation/Views/Components/SearchAndFilterBar.swift:95:28: error: reference to member 'windowBackgroundColor' cannot be resolved without a contextual type
93 | .background(Color(.systemGroupedBackground))
94 | #else
95 | .background(Color(.windowBackgroundColor))
| `- error: reference to member 'windowBackgroundColor' cannot be resolved without a contextual type
96 | #endif
97 | }
/Users/admin/builder/spi-builder-workspace/Sources/ShoppingListModule/Presentation/Views/Components/SearchAndFilterBar.swift:124:71: error: reference to member 'controlBackgroundColor' cannot be resolved without a contextual type
122 | .fill(isSelected ? Color.accentColor : Color(.systemGray6))
123 | #else
124 | .fill(isSelected ? Color.accentColor : Color(.controlBackgroundColor))
| `- error: reference to member 'controlBackgroundColor' cannot be resolved without a contextual type
125 | #endif
126 | )
Failed frontend command:
SwiftCompile normal arm64 /Users/admin/builder/spi-builder-workspace/Sources/ShoppingListModule/Presentation/Views/Components/EmptyStateView.swift (in target 'ShoppingListModule' from project 'ShoppingListModule')
cd /Users/admin/builder/spi-builder-workspace/.swiftpm/xcode
builtin-SwiftPerFileCompile EmptyStateView.swift
SwiftCompile normal arm64 /Users/admin/builder/spi-builder-workspace/Sources/ShoppingListModule/Presentation/Views/Components/SearchAndFilterBar.swift (in target 'ShoppingListModule' from project 'ShoppingListModule')
cd /Users/admin/builder/spi-builder-workspace/.swiftpm/xcode
builtin-SwiftPerFileCompile SearchAndFilterBar.swift
/Applications/Xcode-27.0.0-Release.Candidate.app/Contents/Developer/Toolchains/XcodeDefault.xctoolchain/usr/bin/swift-frontend -frontend -c /Users/admin/builder/spi-builder-workspace/Sources/ShoppingListModule/Data/Network/HTTPNetworkService.swift /Users/admin/builder/spi-builder-workspace/Sources/ShoppingListModule/Data/Network/MockNetworkService.swift /Users/admin/builder/spi-builder-workspace/Sources/ShoppingListModule/Data/Network/NetworkService.swift /Users/admin/builder/spi-builder-workspace/Sources/ShoppingListModule/Data/Network/SyncService.swift /Users/admin/builder/spi-builder-workspace/Sources/ShoppingListModule/Data/Repository/MockRepository.swift /Users/admin/builder/spi-builder-workspace/Sources/ShoppingListModule/Data/Repository/ShoppingListRepository.swift /Users/admin/builder/spi-builder-workspace/Sources/ShoppingListModule/Data/Repository/SwiftDataRepository.swift /Users/admin/builder/spi-builder-workspace/Sources/ShoppingListModule/DependencyInjection/BackgroundSyncManager.swift /Users/admin/builder/spi-builder-workspace/Sources/ShoppingListModule/DependencyInjection/ShoppingListConfiguration.swift /Users/admin/builder/spi-builder-workspace/Sources/ShoppingListModule/DependencyInjection/ShoppingListDependencies.swift /Users/admin/builder/spi-builder-workspace/Sources/ShoppingListModule/DependencyInjection/ShoppingListModuleFactory.swift /Users/admin/builder/spi-builder-workspace/Sources/ShoppingListModule/Models/FilteringSorting.swift /Users/admin/builder/spi-builder-workspace/Sources/ShoppingListModule/Models/ShoppingItem.swift /Users/admin/builder/spi-builder-workspace/Sources/ShoppingListModule/Models/SyncStatus.swift /Users/admin/builder/spi-builder-workspace/Sources/ShoppingListModule/Presentation/ViewModels/ShoppingListErrors.swift /Users/admin/builder/spi-builder-workspace/Sources/ShoppingListModule/Presentation/ViewModels/ShoppingListViewModel.swift /Users/admin/builder/spi-builder-workspace/Sources/ShoppingListModule/Presentation/Views/Components/AddItemSheet.swift /Users/admin/builder/spi-builder-workspace/Sources/ShoppingListModule/Presentation/Views/Components/EditItemSheet.swift -primary-file /Users/admin/builder/spi-builder-workspace/Sources/ShoppingListModule/Presentation/Views/Components/EmptyStateView.swift -primary-file /Users/admin/builder/spi-builder-workspace/Sources/ShoppingListModule/Presentation/Views/Components/SearchAndFilterBar.swift /Users/admin/builder/spi-builder-workspace/Sources/ShoppingListModule/Presentation/Views/Components/ShoppingItemRow.swift /Users/admin/builder/spi-builder-workspace/Sources/ShoppingListModule/Presentation/Views/ShoppingListView.swift /Users/admin/builder/spi-builder-workspace/Sources/ShoppingListModule/Presentation/Views/Supporting/LoadingView.swift /Users/admin/builder/spi-builder-workspace/Sources/ShoppingListModule/ShoppingListModule.swift -emit-dependencies-path /Users/admin/builder/spi-builder-workspace/.derivedData/Build/Intermediates.noindex/ShoppingListModule.build/Debug-appletvos/ShoppingListModule-t.build/Objects-normal/arm64/EmptyStateView.d -emit-const-values-path /Users/admin/builder/spi-builder-workspace/.derivedData/Build/Intermediates.noindex/ShoppingListModule.build/Debug-appletvos/ShoppingListModule-t.build/Objects-normal/arm64/EmptyStateView.swiftconstvalues -emit-reference-dependencies-path /Users/admin/builder/spi-builder-workspace/.derivedData/Build/Intermediates.noindex/ShoppingListModule.build/Debug-appletvos/ShoppingListModule-t.build/Objects-normal/arm64/EmptyStateView.swiftdeps -serialize-diagnostics-path /Users/admin/builder/spi-builder-workspace/.derivedData/Build/Intermediates.noindex/ShoppingListModule.build/Debug-appletvos/ShoppingListModule-t.build/Objects-normal/arm64/EmptyStateView.dia -emit-dependencies-path /Users/admin/builder/spi-builder-workspace/.derivedData/Build/Intermediates.noindex/ShoppingListModule.build/Debug-appletvos/ShoppingListModule-t.build/Objects-normal/arm64/SearchAndFilterBar.d -emit-const-values-path /Users/admin/builder/spi-builder-workspace/.derivedData/Build/Intermediates.noindex/ShoppingListModule.build/Debug-appletvos/ShoppingListModule-t.build/Objects-normal/arm64/SearchAndFilterBar.swiftconstvalues -emit-reference-dependencies-path /Users/admin/builder/spi-builder-workspace/.derivedData/Build/Intermediates.noindex/ShoppingListModule.build/Debug-appletvos/ShoppingListModule-t.build/Objects-normal/arm64/SearchAndFilterBar.swiftdeps -serialize-diagnostics-path /Users/admin/builder/spi-builder-workspace/.derivedData/Build/Intermediates.noindex/ShoppingListModule.build/Debug-appletvos/ShoppingListModule-t.build/Objects-normal/arm64/SearchAndFilterBar.dia -target arm64-apple-tvos17.0 -module-can-import-version UIKit 9127.0.84.1 9127.0.84 -disable-cross-import-overlay-search -swift-module-cross-import SwiftData /Applications/Xcode-27.0.0-Release.Candidate.app/Contents/Developer/Platforms/AppleTVOS.platform/Developer/SDKs/AppleTVOS27.0.sdk/System/Library/Frameworks/SwiftData.framework/Modules/SwiftData.swiftcrossimport/CoreData.swiftoverlay -swift-module-cross-import SwiftData /Applications/Xcode-27.0.0-Release.Candidate.app/Contents/Developer/Platforms/AppleTVOS.platform/Developer/SDKs/AppleTVOS27.0.sdk/System/Library/Frameworks/SwiftData.framework/Modules/SwiftData.swiftcrossimport/SwiftUI.swiftoverlay -load-resolved-plugin /Applications/Xcode-27.0.0-Release.Candidate.app/Contents/Developer/Platforms/AppleTVOS.platform/Developer/usr/lib/swift/host/plugins/libFoundationMacros.dylib\#/Applications/Xcode-27.0.0-Release.Candidate.app/Contents/Developer/Platforms/AppleTVOS.platform/Developer/usr/bin/swift-plugin-server\#FoundationMacros -load-resolved-plugin /Applications/Xcode-27.0.0-Release.Candidate.app/Contents/Developer/Platforms/AppleTVOS.platform/Developer/usr/lib/swift/host/plugins/libObservationMacros.dylib\#/Applications/Xcode-27.0.0-Release.Candidate.app/Contents/Developer/Platforms/AppleTVOS.platform/Developer/usr/bin/swift-plugin-server\#ObservationMacros -load-resolved-plugin /Applications/Xcode-27.0.0-Release.Candidate.app/Contents/Developer/Platforms/AppleTVOS.platform/Developer/usr/lib/swift/host/plugins/libPreviewsMacros.dylib\#/Applications/Xcode-27.0.0-Release.Candidate.app/Contents/Developer/Platforms/AppleTVOS.platform/Developer/usr/bin/swift-plugin-server\#PreviewsMacros -load-resolved-plugin /Applications/Xcode-27.0.0-Release.Candidate.app/Contents/Developer/Platforms/AppleTVOS.platform/Developer/usr/lib/swift/host/plugins/libSwiftDataMacros.dylib\#/Applications/Xcode-27.0.0-Release.Candidate.app/Contents/Developer/Platforms/AppleTVOS.platform/Developer/usr/bin/swift-plugin-server\#SwiftDataMacros -load-resolved-plugin /Applications/Xcode-27.0.0-Release.Candidate.app/Contents/Developer/Platforms/AppleTVOS.platform/Developer/usr/lib/swift/host/plugins/libSwiftMacros.dylib\#/Applications/Xcode-27.0.0-Release.Candidate.app/Contents/Developer/Platforms/AppleTVOS.platform/Developer/usr/bin/swift-plugin-server\#SwiftMacros -load-resolved-plugin /Applications/Xcode-27.0.0-Release.Candidate.app/Contents/Developer/Platforms/AppleTVOS.platform/Developer/usr/lib/swift/host/plugins/libSwiftUIMacros.dylib\#/Applications/Xcode-27.0.0-Release.Candidate.app/Contents/Developer/Platforms/AppleTVOS.platform/Developer/usr/bin/swift-plugin-server\#SwiftUIMacros -disable-implicit-swift-modules -Xcc -fno-implicit-modules -Xcc -fno-implicit-module-maps -explicit-swift-module-map-file /Users/admin/builder/spi-builder-workspace/.derivedData/Build/Intermediates.noindex/ShoppingListModule.build/Debug-appletvos/ShoppingListModule-t.build/Objects-normal/arm64/ShoppingListModule-dependencies-1.json -Xllvm -aarch64-use-tbi -enable-objc-interop -stack-check -sdk /Applications/Xcode-27.0.0-Release.Candidate.app/Contents/Developer/Platforms/AppleTVOS.platform/Developer/SDKs/AppleTVOS27.0.sdk -I /Users/admin/builder/spi-builder-workspace/.derivedData/Build/Products/Debug-appletvos -Isystem /Applications/Xcode-27.0.0-Release.Candidate.app/Contents/Developer/Platforms/AppleTVOS.platform/Developer/usr/lib -F /Users/admin/builder/spi-builder-workspace/.derivedData/Build/Products/Debug-appletvos -F /Applications/Xcode-27.0.0-Release.Candidate.app/Contents/Developer/Platforms/AppleTVOS.platform/Developer/Library/Frameworks -F /Applications/Xcode-27.0.0-Release.Candidate.app/Contents/Developer/Platforms/AppleTVOS.platform/Developer/SDKs/AppleTVOS27.0.sdk/Developer/Library/Frameworks -module-cache-path /Users/admin/builder/spi-builder-workspace/.derivedData/Build/Intermediates.noindex/SwiftExplicitPrecompiledModules -no-color-diagnostics -Xcc -fno-color-diagnostics -enable-testing -g -debug-info-format\=dwarf -dwarf-version\=4 -profile-generate -profile-coverage-mapping -swift-version 6 -Onone -D SWIFT_PACKAGE -D DEBUG -D SWIFT_MODULE_RESOURCE_BUNDLE_UNAVAILABLE -D Xcode -serialize-debugging-options -enable-upcoming-feature BareSlashRegexLiterals -enable-upcoming-feature ConciseMagicFile -enable-upcoming-feature ExistentialAny -enable-upcoming-feature ForwardTrailingClosures -enable-upcoming-feature ImplicitOpenExistentials -enable-upcoming-feature StrictConcurrency -enable-experimental-feature DebugDescriptionMacro -empty-abi-descriptor -validate-clang-modules-once -clang-build-session-file /Users/admin/builder/spi-builder-workspace/.derivedData/ModuleCache.noindex/Session.modulevalidation -Xcc -working-directory -Xcc /Users/admin/builder/spi-builder-workspace/.swiftpm/xcode -enable-anonymous-context-mangled-names -file-compilation-dir /Users/admin/builder/spi-builder-workspace/.swiftpm/xcode -Xcc -D_LIBCPP_HARDENING_MODE\=_LIBCPP_HARDENING_MODE_DEBUG -Xcc -ivfsstatcache -Xcc /Users/admin/builder/spi-builder-workspace/.derivedData/SDKStatCaches.noindex/appletvos27.0-24J360-e829b21a6f8c9b70876ba0858053c044b32bfd8d43560033f8d89884cdb90028.sdkstatcache -Xcc -fmodules-prune-interval\=86400 -Xcc -fmodules-prune-after\=345600 -Xcc -I/Users/admin/builder/spi-builder-workspace/.derivedData/Build/Products/Debug-appletvos/include -Xcc -I/Users/admin/builder/spi-builder-workspace/.derivedData/Build/Intermediates.noindex/ShoppingListModule.build/Debug-appletvos/ShoppingListModule-t.build/DerivedSources-normal/arm64 -Xcc -I/Users/admin/builder/spi-builder-workspace/.derivedData/Build/Intermediates.noindex/ShoppingListModule.build/Debug-appletvos/ShoppingListModule-t.build/DerivedSources/arm64 -Xcc -I/Users/admin/builder/spi-builder-workspace/.derivedData/Build/Intermediates.noindex/ShoppingListModule.build/Debug-appletvos/ShoppingListModule-t.build/DerivedSources -Xcc -DSWIFT_PACKAGE -Xcc -DDEBUG\=1 -no-auto-bridging-header-chaining -module-name ShoppingListModule -package-name spi_builder_workspace -const-gather-protocols-file /Users/admin/builder/spi-builder-workspace/.derivedData/Build/Intermediates.noindex/ShoppingListModule.build/Debug-appletvos/ShoppingListModule-t.build/Objects-normal/arm64/ShoppingListModule_const_extract_protocols.json -disable-clang-spi -clang-target arm64-apple-tvos27.0 -target-sdk-version 27.0 -target-sdk-name appletvos27.0 -in-process-plugin-server-path /Applications/Xcode-27.0.0-Release.Candidate.app/Contents/Developer/Toolchains/XcodeDefault.xctoolchain/usr/lib/swift/host/libSwiftInProcPluginServer.dylib -parse-as-library -o /Users/admin/builder/spi-builder-workspace/.derivedData/Build/Intermediates.noindex/ShoppingListModule.build/Debug-appletvos/ShoppingListModule-t.build/Objects-normal/arm64/EmptyStateView.o -o /Users/admin/builder/spi-builder-workspace/.derivedData/Build/Intermediates.noindex/ShoppingListModule.build/Debug-appletvos/ShoppingListModule-t.build/Objects-normal/arm64/SearchAndFilterBar.o -debug-module-path /Users/admin/builder/spi-builder-workspace/.derivedData/Build/Intermediates.noindex/ShoppingListModule.build/Debug-appletvos/ShoppingListModule-t.build/Objects-normal/arm64/ShoppingListModule.swiftmodule -index-unit-output-path /ShoppingListModule.build/Debug-appletvos/ShoppingListModule-t.build/Objects-normal/arm64/EmptyStateView.o -index-unit-output-path /ShoppingListModule.build/Debug-appletvos/ShoppingListModule-t.build/Objects-normal/arm64/SearchAndFilterBar.o -index-store-path /Users/admin/builder/spi-builder-workspace/.derivedData/Index.noindex/DataStore -index-system-modules
SwiftCompile normal arm64 Compiling\ ShoppingItem.swift,\ SyncStatus.swift /Users/admin/builder/spi-builder-workspace/Sources/ShoppingListModule/Models/ShoppingItem.swift /Users/admin/builder/spi-builder-workspace/Sources/ShoppingListModule/Models/SyncStatus.swift (in target 'ShoppingListModule' from project 'ShoppingListModule')
<unknown>:0: warning: upcoming feature 'ImplicitOpenExistentials' already enabled as of the Swift 6 language mode
<unknown>:0: warning: upcoming feature 'ForwardTrailingClosures' already enabled as of the Swift 6 language mode
<unknown>:0: warning: upcoming feature 'ConciseMagicFile' already enabled as of the Swift 6 language mode
<unknown>:0: warning: upcoming feature 'BareSlashRegexLiterals' already enabled as of the Swift 6 language mode
macro expansion @Model:9:25: warning: redundant conformance of 'ShoppingItem' to protocol 'Sendable'
`- /Users/admin/builder/spi-builder-workspace/Sources/ShoppingListModule/Models/ShoppingItem.swift:89:2: note: expanded code originates here
12 | /// Designed to support offline-first architecture with sync capabilities
13 |
14 | @Model
| `- note: in expansion of macro 'Model' on class 'ShoppingItem' here
15 | public class ShoppingItem: Identifiable, @unchecked Sendable {
| `- note: 'ShoppingItem' declares conformance to protocol 'Sendable' here
16 | /// Unique identifier - using UUID for distributed system compatibility
17 | @Attribute(.unique) public var id: String
:
87 | return nameMatches || noteMatches
88 | }
89 | }
+--- macro expansion @Model ----------------------------------------
| 7 | @available(swift, deprecated: 5.9, message: "PersistentModels are not Sendable, consider utilizing a ModelActor or use ShoppingItem's persistentModelID instead")
| 8 | @available(*, unavailable, message: "PersistentModels are not Sendable, consider utilizing a ModelActor or use ShoppingItem's persistentModelID instead")
| 9 | extension ShoppingItem: Sendable {
| | `- warning: redundant conformance of 'ShoppingItem' to protocol 'Sendable'
|10 | }
+-------------------------------------------------------------------
90 |
91 | /// Sort options for item display
SwiftCompile normal arm64 /Users/admin/builder/spi-builder-workspace/Sources/ShoppingListModule/Models/ShoppingItem.swift (in target 'ShoppingListModule' from project 'ShoppingListModule')
cd /Users/admin/builder/spi-builder-workspace/.swiftpm/xcode
builtin-SwiftPerFileCompile ShoppingItem.swift
SwiftCompile normal arm64 /Users/admin/builder/spi-builder-workspace/Sources/ShoppingListModule/Models/SyncStatus.swift (in target 'ShoppingListModule' from project 'ShoppingListModule')
cd /Users/admin/builder/spi-builder-workspace/.swiftpm/xcode
builtin-SwiftPerFileCompile SyncStatus.swift
SwiftCompile normal arm64 Compiling\ ShoppingListErrors.swift,\ ShoppingListViewModel.swift /Users/admin/builder/spi-builder-workspace/Sources/ShoppingListModule/Presentation/ViewModels/ShoppingListErrors.swift /Users/admin/builder/spi-builder-workspace/Sources/ShoppingListModule/Presentation/ViewModels/ShoppingListViewModel.swift (in target 'ShoppingListModule' from project 'ShoppingListModule')
<unknown>:0: warning: upcoming feature 'ImplicitOpenExistentials' already enabled as of the Swift 6 language mode
<unknown>:0: warning: upcoming feature 'ForwardTrailingClosures' already enabled as of the Swift 6 language mode
<unknown>:0: warning: upcoming feature 'ConciseMagicFile' already enabled as of the Swift 6 language mode
<unknown>:0: warning: upcoming feature 'BareSlashRegexLiterals' already enabled as of the Swift 6 language mode
SwiftCompile normal arm64 /Users/admin/builder/spi-builder-workspace/Sources/ShoppingListModule/Presentation/ViewModels/ShoppingListErrors.swift (in target 'ShoppingListModule' from project 'ShoppingListModule')
cd /Users/admin/builder/spi-builder-workspace/.swiftpm/xcode
builtin-SwiftPerFileCompile ShoppingListErrors.swift
SwiftCompile normal arm64 /Users/admin/builder/spi-builder-workspace/Sources/ShoppingListModule/Presentation/ViewModels/ShoppingListViewModel.swift (in target 'ShoppingListModule' from project 'ShoppingListModule')
cd /Users/admin/builder/spi-builder-workspace/.swiftpm/xcode
builtin-SwiftPerFileCompile ShoppingListViewModel.swift
SwiftCompile normal arm64 Compiling\ AddItemSheet.swift,\ EditItemSheet.swift /Users/admin/builder/spi-builder-workspace/Sources/ShoppingListModule/Presentation/Views/Components/AddItemSheet.swift /Users/admin/builder/spi-builder-workspace/Sources/ShoppingListModule/Presentation/Views/Components/EditItemSheet.swift (in target 'ShoppingListModule' from project 'ShoppingListModule')
<unknown>:0: warning: upcoming feature 'ImplicitOpenExistentials' already enabled as of the Swift 6 language mode
<unknown>:0: warning: upcoming feature 'ForwardTrailingClosures' already enabled as of the Swift 6 language mode
<unknown>:0: warning: upcoming feature 'ConciseMagicFile' already enabled as of the Swift 6 language mode
<unknown>:0: warning: upcoming feature 'BareSlashRegexLiterals' already enabled as of the Swift 6 language mode
/Users/admin/builder/spi-builder-workspace/Sources/ShoppingListModule/Presentation/Views/Components/AddItemSheet.swift:29:21: error: 'Stepper' is unavailable in tvOS
27 | TextField("Item name", text: $name)
28 |
29 | Stepper("Quantity: \(quantity)", value: $quantity, in: 1...99)
| `- error: 'Stepper' is unavailable in tvOS
30 |
31 | TextField("Note (optional)", text: $note, axis: .vertical)
SwiftUI.Stepper:3:27: note: 'Stepper' has been explicitly marked unavailable here
1 | @available(iOS 13.0, macOS 10.15, watchOS 9.0, *)
2 | @available(tvOS, unavailable)
3 | nonisolated public struct Stepper<Label> : View, ~Sendable where Label : View {
| `- note: 'Stepper' has been explicitly marked unavailable here
4 | @export(implementation) nonisolated public init(@ContentBuilder label: () -> Label, onIncrement: (() -> Void)?, onDecrement: (() -> Void)?, onEditingChanged: @escaping (Bool) -> Void = { _ in })
5 | nonisolated public var body: some View { get }
/Users/admin/builder/spi-builder-workspace/Sources/ShoppingListModule/Presentation/Views/Components/AddItemSheet.swift:29:21: error: 'init(_:value:in:step:onEditingChanged:)' is unavailable in tvOS
27 | TextField("Item name", text: $name)
28 |
29 | Stepper("Quantity: \(quantity)", value: $quantity, in: 1...99)
| `- error: 'init(_:value:in:step:onEditingChanged:)' is unavailable in tvOS
30 |
31 | TextField("Note (optional)", text: $note, axis: .vertical)
SwiftUI.Stepper.init:4:22: note: 'init(_:value:in:step:onEditingChanged:)' has been explicitly marked unavailable here
2 | @available(watchOS 9.0, *)
3 | @available(tvOS, unavailable)
4 | nonisolated public init<V>(_ titleKey: LocalizedStringKey, value: Binding<V>, in bounds: ClosedRange<V>, step: V.Stride = 1, onEditingChanged: @escaping (Bool) -> Void = { _ in }) where V : Strideable}
| `- note: 'init(_:value:in:step:onEditingChanged:)' has been explicitly marked unavailable here
5 |
/Users/admin/builder/spi-builder-workspace/Sources/ShoppingListModule/Presentation/Views/Components/EditItemSheet.swift:34:21: error: 'Stepper' is unavailable in tvOS
32 | TextField("Item name", text: $name)
33 |
34 | Stepper("Quantity: \(quantity)", value: $quantity, in: 1...99)
| `- error: 'Stepper' is unavailable in tvOS
35 |
36 | TextField("Note (optional)", text: $note, axis: .vertical)
SwiftUI.Stepper:3:27: note: 'Stepper' has been explicitly marked unavailable here
1 | @available(iOS 13.0, macOS 10.15, watchOS 9.0, *)
2 | @available(tvOS, unavailable)
3 | nonisolated public struct Stepper<Label> : View, ~Sendable where Label : View {
| `- note: 'Stepper' has been explicitly marked unavailable here
4 | @export(implementation) nonisolated public init(@ContentBuilder label: () -> Label, onIncrement: (() -> Void)?, onDecrement: (() -> Void)?, onEditingChanged: @escaping (Bool) -> Void = { _ in })
5 | nonisolated public var body: some View { get }
/Users/admin/builder/spi-builder-workspace/Sources/ShoppingListModule/Presentation/Views/Components/EditItemSheet.swift:34:21: error: 'init(_:value:in:step:onEditingChanged:)' is unavailable in tvOS
32 | TextField("Item name", text: $name)
33 |
34 | Stepper("Quantity: \(quantity)", value: $quantity, in: 1...99)
| `- error: 'init(_:value:in:step:onEditingChanged:)' is unavailable in tvOS
35 |
36 | TextField("Note (optional)", text: $note, axis: .vertical)
SwiftUI.Stepper.init:4:22: note: 'init(_:value:in:step:onEditingChanged:)' has been explicitly marked unavailable here
2 | @available(watchOS 9.0, *)
3 | @available(tvOS, unavailable)
4 | nonisolated public init<V>(_ titleKey: LocalizedStringKey, value: Binding<V>, in bounds: ClosedRange<V>, step: V.Stride = 1, onEditingChanged: @escaping (Bool) -> Void = { _ in }) where V : Strideable}
| `- note: 'init(_:value:in:step:onEditingChanged:)' has been explicitly marked unavailable here
5 |
Failed frontend command:
/Applications/Xcode-27.0.0-Release.Candidate.app/Contents/Developer/Toolchains/XcodeDefault.xctoolchain/usr/bin/swift-frontend -frontend -c /Users/admin/builder/spi-builder-workspace/Sources/ShoppingListModule/Data/Network/HTTPNetworkService.swift /Users/admin/builder/spi-builder-workspace/Sources/ShoppingListModule/Data/Network/MockNetworkService.swift /Users/admin/builder/spi-builder-workspace/Sources/ShoppingListModule/Data/Network/NetworkService.swift /Users/admin/builder/spi-builder-workspace/Sources/ShoppingListModule/Data/Network/SyncService.swift /Users/admin/builder/spi-builder-workspace/Sources/ShoppingListModule/Data/Repository/MockRepository.swift /Users/admin/builder/spi-builder-workspace/Sources/ShoppingListModule/Data/Repository/ShoppingListRepository.swift /Users/admin/builder/spi-builder-workspace/Sources/ShoppingListModule/Data/Repository/SwiftDataRepository.swift /Users/admin/builder/spi-builder-workspace/Sources/ShoppingListModule/DependencyInjection/BackgroundSyncManager.swift /Users/admin/builder/spi-builder-workspace/Sources/ShoppingListModule/DependencyInjection/ShoppingListConfiguration.swift /Users/admin/builder/spi-builder-workspace/Sources/ShoppingListModule/DependencyInjection/ShoppingListDependencies.swift /Users/admin/builder/spi-builder-workspace/Sources/ShoppingListModule/DependencyInjection/ShoppingListModuleFactory.swift /Users/admin/builder/spi-builder-workspace/Sources/ShoppingListModule/Models/FilteringSorting.swift /Users/admin/builder/spi-builder-workspace/Sources/ShoppingListModule/Models/ShoppingItem.swift /Users/admin/builder/spi-builder-workspace/Sources/ShoppingListModule/Models/SyncStatus.swift /Users/admin/builder/spi-builder-workspace/Sources/ShoppingListModule/Presentation/ViewModels/ShoppingListErrors.swift /Users/admin/builder/spi-builder-workspace/Sources/ShoppingListModule/Presentation/ViewModels/ShoppingListViewModel.swift -primary-file /Users/admin/builder/spi-builder-workspace/Sources/ShoppingListModule/Presentation/Views/Components/AddItemSheet.swift -primary-file /Users/admin/builder/spi-builder-workspace/Sources/ShoppingListModule/Presentation/Views/Components/EditItemSheet.swift /Users/admin/builder/spi-builder-workspace/Sources/ShoppingListModule/Presentation/Views/Components/EmptyStateView.swift /Users/admin/builder/spi-builder-workspace/Sources/ShoppingListModule/Presentation/Views/Components/SearchAndFilterBar.swift /Users/admin/builder/spi-builder-workspace/Sources/ShoppingListModule/Presentation/Views/Components/ShoppingItemRow.swift /Users/admin/builder/spi-builder-workspace/Sources/ShoppingListModule/Presentation/Views/ShoppingListView.swift /Users/admin/builder/spi-builder-workspace/Sources/ShoppingListModule/Presentation/Views/Supporting/LoadingView.swift /Users/admin/builder/spi-builder-workspace/Sources/ShoppingListModule/ShoppingListModule.swift -emit-dependencies-path /Users/admin/builder/spi-builder-workspace/.derivedData/Build/Intermediates.noindex/ShoppingListModule.build/Debug-appletvos/ShoppingListModule-t.build/Objects-normal/arm64/AddItemSheet.d -emit-const-values-path /Users/admin/builder/spi-builder-workspace/.derivedData/Build/Intermediates.noindex/ShoppingListModule.build/Debug-appletvos/ShoppingListModule-t.build/Objects-normal/arm64/AddItemSheet.swiftconstvalues -emit-reference-dependencies-path /Users/admin/builder/spi-builder-workspace/.derivedData/Build/Intermediates.noindex/ShoppingListModule.build/Debug-appletvos/ShoppingListModule-t.build/Objects-normal/arm64/AddItemSheet.swiftdeps -serialize-diagnostics-path /Users/admin/builder/spi-builder-workspace/.derivedData/Build/Intermediates.noindex/ShoppingListModule.build/Debug-appletvos/ShoppingListModule-t.build/Objects-normal/arm64/AddItemSheet.dia -emit-dependencies-path /Users/admin/builder/spi-builder-workspace/.derivedData/Build/Intermediates.noindex/ShoppingListModule.build/Debug-appletvos/ShoppingListModule-t.build/Objects-normal/arm64/EditItemSheet.d -emit-const-values-path /Users/admin/builder/spi-builder-workspace/.derivedData/Build/Intermediates.noindex/ShoppingListModule.build/Debug-appletvos/ShoppingListModule-t.build/Objects-normal/arm64/EditItemSheet.swiftconstvalues -emit-reference-dependencies-path /Users/admin/builder/spi-builder-workspace/.derivedData/Build/Intermediates.noindex/ShoppingListModule.build/Debug-appletvos/ShoppingListModule-t.build/Objects-normal/arm64/EditItemSheet.swiftdeps -serialize-diagnostics-path /Users/admin/builder/spi-builder-workspace/.derivedData/Build/Intermediates.noindex/ShoppingListModule.build/Debug-appletvos/ShoppingListModule-t.build/Objects-normal/arm64/EditItemSheet.dia -target arm64-apple-tvos17.0 -module-can-import-version UIKit 9127.0.84.1 9127.0.84 -disable-cross-import-overlay-search -swift-module-cross-import SwiftData /Applications/Xcode-27.0.0-Release.Candidate.app/Contents/Developer/Platforms/AppleTVOS.platform/Developer/SDKs/AppleTVOS27.0.sdk/System/Library/Frameworks/SwiftData.framework/Modules/SwiftData.swiftcrossimport/CoreData.swiftoverlay -swift-module-cross-import SwiftData /Applications/Xcode-27.0.0-Release.Candidate.app/Contents/Developer/Platforms/AppleTVOS.platform/Developer/SDKs/AppleTVOS27.0.sdk/System/Library/Frameworks/SwiftData.framework/Modules/SwiftData.swiftcrossimport/SwiftUI.swiftoverlay -load-resolved-plugin /Applications/Xcode-27.0.0-Release.Candidate.app/Contents/Developer/Platforms/AppleTVOS.platform/Developer/usr/lib/swift/host/plugins/libFoundationMacros.dylib\#/Applications/Xcode-27.0.0-Release.Candidate.app/Contents/Developer/Platforms/AppleTVOS.platform/Developer/usr/bin/swift-plugin-server\#FoundationMacros -load-resolved-plugin /Applications/Xcode-27.0.0-Release.Candidate.app/Contents/Developer/Platforms/AppleTVOS.platform/Developer/usr/lib/swift/host/plugins/libObservationMacros.dylib\#/Applications/Xcode-27.0.0-Release.Candidate.app/Contents/Developer/Platforms/AppleTVOS.platform/Developer/usr/bin/swift-plugin-server\#ObservationMacros -load-resolved-plugin /Applications/Xcode-27.0.0-Release.Candidate.app/Contents/Developer/Platforms/AppleTVOS.platform/Developer/usr/lib/swift/host/plugins/libPreviewsMacros.dylib\#/Applications/Xcode-27.0.0-Release.Candidate.app/Contents/Developer/Platforms/AppleTVOS.platform/Developer/usr/bin/swift-plugin-server\#PreviewsMacros -load-resolved-plugin /Applications/Xcode-27.0.0-Release.Candidate.app/Contents/Developer/Platforms/AppleTVOS.platform/Developer/usr/lib/swift/host/plugins/libSwiftDataMacros.dylib\#/Applications/Xcode-27.0.0-Release.Candidate.app/Contents/Developer/Platforms/AppleTVOS.platform/Developer/usr/bin/swift-plugin-server\#SwiftDataMacros -load-resolved-plugin /Applications/Xcode-27.0.0-Release.Candidate.app/Contents/Developer/Platforms/AppleTVOS.platform/Developer/usr/lib/swift/host/plugins/libSwiftMacros.dylib\#/Applications/Xcode-27.0.0-Release.Candidate.app/Contents/Developer/Platforms/AppleTVOS.platform/Developer/usr/bin/swift-plugin-server\#SwiftMacros -load-resolved-plugin /Applications/Xcode-27.0.0-Release.Candidate.app/Contents/Developer/Platforms/AppleTVOS.platform/Developer/usr/lib/swift/host/plugins/libSwiftUIMacros.dylib\#/Applications/Xcode-27.0.0-Release.Candidate.app/Contents/Developer/Platforms/AppleTVOS.platform/Developer/usr/bin/swift-plugin-server\#SwiftUIMacros -disable-implicit-swift-modules -Xcc -fno-implicit-modules -Xcc -fno-implicit-module-maps -explicit-swift-module-map-file /Users/admin/builder/spi-builder-workspace/.derivedData/Build/Intermediates.noindex/ShoppingListModule.build/Debug-appletvos/ShoppingListModule-t.build/Objects-normal/arm64/ShoppingListModule-dependencies-1.json -Xllvm -aarch64-use-tbi -enable-objc-interop -stack-check -sdk /Applications/Xcode-27.0.0-Release.Candidate.app/Contents/Developer/Platforms/AppleTVOS.platform/Developer/SDKs/AppleTVOS27.0.sdk -I /Users/admin/builder/spi-builder-workspace/.derivedData/Build/Products/Debug-appletvos -Isystem /Applications/Xcode-27.0.0-Release.Candidate.app/Contents/Developer/Platforms/AppleTVOS.platform/Developer/usr/lib -F /Users/admin/builder/spi-builder-workspace/.derivedData/Build/Products/Debug-appletvos -F /Applications/Xcode-27.0.0-Release.Candidate.app/Contents/Developer/Platforms/AppleTVOS.platform/Developer/Library/Frameworks -F /Applications/Xcode-27.0.0-Release.Candidate.app/Contents/Developer/Platforms/AppleTVOS.platform/Developer/SDKs/AppleTVOS27.0.sdk/Developer/Library/Frameworks -module-cache-path /Users/admin/builder/spi-builder-workspace/.derivedData/Build/Intermediates.noindex/SwiftExplicitPrecompiledModules -no-color-diagnostics -Xcc -fno-color-diagnostics -enable-testing -g -debug-info-format\=dwarf -dwarf-version\=4 -profile-generate -profile-coverage-mapping -swift-version 6 -Onone -D SWIFT_PACKAGE -D DEBUG -D SWIFT_MODULE_RESOURCE_BUNDLE_UNAVAILABLE -D Xcode -serialize-debugging-options -enable-upcoming-feature BareSlashRegexLiterals -enable-upcoming-feature ConciseMagicFile -enable-upcoming-feature ExistentialAny -enable-upcoming-feature ForwardTrailingClosures -enable-upcoming-feature ImplicitOpenExistentials -enable-upcoming-feature StrictConcurrency -enable-experimental-feature DebugDescriptionMacro -empty-abi-descriptor -validate-clang-modules-once -clang-build-session-file /Users/admin/builder/spi-builder-workspace/.derivedData/ModuleCache.noindex/Session.modulevalidation -Xcc -working-directory -Xcc /Users/admin/builder/spi-builder-workspace/.swiftpm/xcode -enable-anonymous-context-mangled-names -file-compilation-dir /Users/admin/builder/spi-builder-workspace/.swiftpm/xcode -Xcc -D_LIBCPP_HARDENING_MODE\=_LIBCPP_HARDENING_MODE_DEBUG -Xcc -ivfsstatcache -Xcc /Users/admin/builder/spi-builder-workspace/.derivedData/SDKStatCaches.noindex/appletvos27.0-24J360-e829b21a6f8c9b70876ba0858053c044b32bfd8d43560033f8d89884cdb90028.sdkstatcache -Xcc -fmodules-prune-interval\=86400 -Xcc -fmodules-prune-after\=345600 -Xcc -I/Users/admin/builder/spi-builder-workspace/.derivedData/Build/Products/Debug-appletvos/include -Xcc -I/Users/admin/builder/spi-builder-workspace/.derivedData/Build/Intermediates.noindex/ShoppingListModule.build/Debug-appletvos/ShoppingListModule-t.build/DerivedSources-normal/arm64 -Xcc -I/Users/admin/builder/spi-builder-workspace/.derivedData/Build/Intermediates.noindex/ShoppingListModule.build/Debug-appletvos/ShoppingListModule-t.build/DerivedSources/arm64 -Xcc -I/Users/admin/builder/spi-builder-workspace/.derivedData/Build/Intermediates.noindex/ShoppingListModule.build/Debug-appletvos/ShoppingListModule-t.build/DerivedSources -Xcc -DSWIFT_PACKAGE -Xcc -DDEBUG\=1 -no-auto-bridging-header-chaining -module-name ShoppingListModule -package-name spi_builder_workspace -const-gather-protocols-file /Users/admin/builder/spi-builder-workspace/.derivedData/Build/Intermediates.noindex/ShoppingListModule.build/Debug-appletvos/ShoppingListModule-t.build/Objects-normal/arm64/ShoppingListModule_const_extract_protocols.json -disable-clang-spi -clang-target arm64-apple-tvos27.0 -target-sdk-version 27.0 -target-sdk-name appletvos27.0 -in-process-plugin-server-path /Applications/Xcode-27.0.0-Release.Candidate.app/Contents/Developer/Toolchains/XcodeDefault.xctoolchain/usr/lib/swift/host/libSwiftInProcPluginServer.dylib -parse-as-library -o /Users/admin/builder/spi-builder-workspace/.derivedData/Build/Intermediates.noindex/ShoppingListModule.build/Debug-appletvos/ShoppingListModule-t.build/Objects-normal/arm64/AddItemSheet.o -o /Users/admin/builder/spi-builder-workspace/.derivedData/Build/Intermediates.noindex/ShoppingListModule.build/Debug-appletvos/ShoppingListModule-t.build/Objects-normal/arm64/EditItemSheet.o -debug-module-path /Users/admin/builder/spi-builder-workspace/.derivedData/Build/Intermediates.noindex/ShoppingListModule.build/Debug-appletvos/ShoppingListModule-t.build/Objects-normal/arm64/ShoppingListModule.swiftmodule -index-unit-output-path /ShoppingListModule.build/Debug-appletvos/ShoppingListModule-t.build/Objects-normal/arm64/AddItemSheet.o -index-unit-output-path /ShoppingListModule.build/Debug-appletvos/ShoppingListModule-t.build/Objects-normal/arm64/EditItemSheet.o -index-store-path /Users/admin/builder/spi-builder-workspace/.derivedData/Index.noindex/DataStore -index-system-modules
SwiftCompile normal arm64 /Users/admin/builder/spi-builder-workspace/Sources/ShoppingListModule/Presentation/Views/Components/AddItemSheet.swift (in target 'ShoppingListModule' from project 'ShoppingListModule')
cd /Users/admin/builder/spi-builder-workspace/.swiftpm/xcode
builtin-SwiftPerFileCompile AddItemSheet.swift
SwiftCompile normal arm64 /Users/admin/builder/spi-builder-workspace/Sources/ShoppingListModule/Presentation/Views/Components/EditItemSheet.swift (in target 'ShoppingListModule' from project 'ShoppingListModule')
cd /Users/admin/builder/spi-builder-workspace/.swiftpm/xcode
builtin-SwiftPerFileCompile EditItemSheet.swift
SwiftCompile normal arm64 Compiling\ SyncService.swift,\ MockRepository.swift,\ ShoppingListRepository.swift /Users/admin/builder/spi-builder-workspace/Sources/ShoppingListModule/Data/Network/SyncService.swift /Users/admin/builder/spi-builder-workspace/Sources/ShoppingListModule/Data/Repository/MockRepository.swift /Users/admin/builder/spi-builder-workspace/Sources/ShoppingListModule/Data/Repository/ShoppingListRepository.swift (in target 'ShoppingListModule' from project 'ShoppingListModule')
<unknown>:0: warning: upcoming feature 'ImplicitOpenExistentials' already enabled as of the Swift 6 language mode
<unknown>:0: warning: upcoming feature 'ForwardTrailingClosures' already enabled as of the Swift 6 language mode
<unknown>:0: warning: upcoming feature 'ConciseMagicFile' already enabled as of the Swift 6 language mode
<unknown>:0: warning: upcoming feature 'BareSlashRegexLiterals' already enabled as of the Swift 6 language mode
/Users/admin/builder/spi-builder-workspace/Sources/ShoppingListModule/Data/Network/SyncService.swift:135:24: warning: use of protocol 'Error' as a type must be written 'any Error'; this will be an error in a future Swift language mode [#ExistentialAny]
133 | /// Implements exponential backoff retry logic
134 | private func retryWithBackoff<T>(_ operation: () async throws -> T) async throws -> T {
135 | var lastError: Error?
| `- warning: use of protocol 'Error' as a type must be written 'any Error'; this will be an error in a future Swift language mode [#ExistentialAny]
136 |
137 | for attempt in 0..<maxRetries {
[#ExistentialAny]: <https://docs.swift.org/compiler/documentation/diagnostics/existential-any>
SwiftCompile normal arm64 /Users/admin/builder/spi-builder-workspace/Sources/ShoppingListModule/Data/Network/SyncService.swift (in target 'ShoppingListModule' from project 'ShoppingListModule')
cd /Users/admin/builder/spi-builder-workspace/.swiftpm/xcode
builtin-SwiftPerFileCompile SyncService.swift
SwiftCompile normal arm64 /Users/admin/builder/spi-builder-workspace/Sources/ShoppingListModule/Data/Repository/MockRepository.swift (in target 'ShoppingListModule' from project 'ShoppingListModule')
cd /Users/admin/builder/spi-builder-workspace/.swiftpm/xcode
builtin-SwiftPerFileCompile MockRepository.swift
SwiftCompile normal arm64 /Users/admin/builder/spi-builder-workspace/Sources/ShoppingListModule/Data/Repository/ShoppingListRepository.swift (in target 'ShoppingListModule' from project 'ShoppingListModule')
cd /Users/admin/builder/spi-builder-workspace/.swiftpm/xcode
builtin-SwiftPerFileCompile ShoppingListRepository.swift
SwiftCompile normal arm64 Compiling\ HTTPNetworkService.swift,\ MockNetworkService.swift,\ NetworkService.swift /Users/admin/builder/spi-builder-workspace/Sources/ShoppingListModule/Data/Network/HTTPNetworkService.swift /Users/admin/builder/spi-builder-workspace/Sources/ShoppingListModule/Data/Network/MockNetworkService.swift /Users/admin/builder/spi-builder-workspace/Sources/ShoppingListModule/Data/Network/NetworkService.swift (in target 'ShoppingListModule' from project 'ShoppingListModule')
<unknown>:0: warning: upcoming feature 'ImplicitOpenExistentials' already enabled as of the Swift 6 language mode
<unknown>:0: warning: upcoming feature 'ForwardTrailingClosures' already enabled as of the Swift 6 language mode
<unknown>:0: warning: upcoming feature 'ConciseMagicFile' already enabled as of the Swift 6 language mode
<unknown>:0: warning: upcoming feature 'BareSlashRegexLiterals' already enabled as of the Swift 6 language mode
SwiftCompile normal arm64 /Users/admin/builder/spi-builder-workspace/Sources/ShoppingListModule/Data/Network/HTTPNetworkService.swift (in target 'ShoppingListModule' from project 'ShoppingListModule')
cd /Users/admin/builder/spi-builder-workspace/.swiftpm/xcode
builtin-SwiftPerFileCompile HTTPNetworkService.swift
SwiftCompile normal arm64 /Users/admin/builder/spi-builder-workspace/Sources/ShoppingListModule/Data/Network/MockNetworkService.swift (in target 'ShoppingListModule' from project 'ShoppingListModule')
cd /Users/admin/builder/spi-builder-workspace/.swiftpm/xcode
builtin-SwiftPerFileCompile MockNetworkService.swift
SwiftCompile normal arm64 /Users/admin/builder/spi-builder-workspace/Sources/ShoppingListModule/Data/Network/NetworkService.swift (in target 'ShoppingListModule' from project 'ShoppingListModule')
cd /Users/admin/builder/spi-builder-workspace/.swiftpm/xcode
builtin-SwiftPerFileCompile NetworkService.swift
SwiftCompile normal arm64 Compiling\ SwiftDataRepository.swift,\ BackgroundSyncManager.swift,\ ShoppingListConfiguration.swift /Users/admin/builder/spi-builder-workspace/Sources/ShoppingListModule/Data/Repository/SwiftDataRepository.swift /Users/admin/builder/spi-builder-workspace/Sources/ShoppingListModule/DependencyInjection/BackgroundSyncManager.swift /Users/admin/builder/spi-builder-workspace/Sources/ShoppingListModule/DependencyInjection/ShoppingListConfiguration.swift (in target 'ShoppingListModule' from project 'ShoppingListModule')
<unknown>:0: warning: upcoming feature 'ImplicitOpenExistentials' already enabled as of the Swift 6 language mode
<unknown>:0: warning: upcoming feature 'ForwardTrailingClosures' already enabled as of the Swift 6 language mode
<unknown>:0: warning: upcoming feature 'ConciseMagicFile' already enabled as of the Swift 6 language mode
<unknown>:0: warning: upcoming feature 'BareSlashRegexLiterals' already enabled as of the Swift 6 language mode
/Users/admin/builder/spi-builder-workspace/Sources/ShoppingListModule/DependencyInjection/BackgroundSyncManager.swift:65:73: warning: use of protocol 'SyncService' as a type must be written 'any SyncService'; this will be an error in a future Swift language mode [#ExistentialAny]
63 | @MainActor
64 | private func performBackgroundSync() async {
65 | guard let syncService = ShoppingListDependencies.shared.resolve(SyncService.self) else {
| `- warning: use of protocol 'SyncService' as a type must be written 'any SyncService'; this will be an error in a future Swift language mode [#ExistentialAny]
66 | return
67 | }
[#ExistentialAny]: <https://docs.swift.org/compiler/documentation/diagnostics/existential-any>
SwiftCompile normal arm64 /Users/admin/builder/spi-builder-workspace/Sources/ShoppingListModule/Data/Repository/SwiftDataRepository.swift (in target 'ShoppingListModule' from project 'ShoppingListModule')
cd /Users/admin/builder/spi-builder-workspace/.swiftpm/xcode
builtin-SwiftPerFileCompile SwiftDataRepository.swift
SwiftCompile normal arm64 /Users/admin/builder/spi-builder-workspace/Sources/ShoppingListModule/DependencyInjection/BackgroundSyncManager.swift (in target 'ShoppingListModule' from project 'ShoppingListModule')
cd /Users/admin/builder/spi-builder-workspace/.swiftpm/xcode
builtin-SwiftPerFileCompile BackgroundSyncManager.swift
SwiftCompile normal arm64 /Users/admin/builder/spi-builder-workspace/Sources/ShoppingListModule/DependencyInjection/ShoppingListConfiguration.swift (in target 'ShoppingListModule' from project 'ShoppingListModule')
cd /Users/admin/builder/spi-builder-workspace/.swiftpm/xcode
builtin-SwiftPerFileCompile ShoppingListConfiguration.swift
SwiftDriverJobDiscovery normal arm64 Emitting module for ShoppingListModule (in target 'ShoppingListModule' from project 'ShoppingListModule')
SwiftDriver\ Compilation\ Requirements ShoppingListModule normal arm64 com.apple.xcode.tools.swift.compiler (in target 'ShoppingListModule' from project 'ShoppingListModule')
cd /Users/admin/builder/spi-builder-workspace/.swiftpm/xcode
builtin-Swift-Compilation-Requirements -- /Applications/Xcode-27.0.0-Release.Candidate.app/Contents/Developer/Toolchains/XcodeDefault.xctoolchain/usr/bin/swiftc -parse-as-library -module-name ShoppingListModule -Onone @/Users/admin/builder/spi-builder-workspace/.derivedData/Build/Intermediates.noindex/ShoppingListModule.build/Debug-appletvos/ShoppingListModule-t.build/Objects-normal/arm64/ShoppingListModule.SwiftFileList -DSWIFT_PACKAGE -DDEBUG -DSWIFT_MODULE_RESOURCE_BUNDLE_UNAVAILABLE -DXcode -enable-upcoming-feature BareSlashRegexLiterals -enable-upcoming-feature ConciseMagicFile -enable-upcoming-feature ExistentialAny -enable-upcoming-feature ForwardTrailingClosures -enable-upcoming-feature ImplicitOpenExistentials -enable-upcoming-feature StrictConcurrency -plugin-path /Applications/Xcode-27.0.0-Release.Candidate.app/Contents/Developer/Toolchains/XcodeDefault.xctoolchain/usr/lib/swift/host/plugins/testing -enable-experimental-feature DebugDescriptionMacro -sdk /Applications/Xcode-27.0.0-Release.Candidate.app/Contents/Developer/Platforms/AppleTVOS.platform/Developer/SDKs/AppleTVOS27.0.sdk -target arm64-apple-tvos17.0 -g -module-cache-path /Users/admin/builder/spi-builder-workspace/.derivedData/ModuleCache.noindex -Xfrontend -serialize-debugging-options -profile-coverage-mapping -profile-generate -enable-testing -index-store-path /Users/admin/builder/spi-builder-workspace/.derivedData/Index.noindex/DataStore -Xcc -D_LIBCPP_HARDENING_MODE\=_LIBCPP_HARDENING_MODE_DEBUG -swift-version 6 -I /Users/admin/builder/spi-builder-workspace/.derivedData/Build/Products/Debug-appletvos -Isystem /Applications/Xcode-27.0.0-Release.Candidate.app/Contents/Developer/Platforms/AppleTVOS.platform/Developer/usr/lib -F /Users/admin/builder/spi-builder-workspace/.derivedData/Build/Products/Debug-appletvos -F /Applications/Xcode-27.0.0-Release.Candidate.app/Contents/Developer/Platforms/AppleTVOS.platform/Developer/Library/Frameworks -F /Applications/Xcode-27.0.0-Release.Candidate.app/Contents/Developer/Platforms/AppleTVOS.platform/Developer/SDKs/AppleTVOS27.0.sdk/Developer/Library/Frameworks -c -j10 -enable-batch-mode -incremental -Xcc -ivfsstatcache -Xcc /Users/admin/builder/spi-builder-workspace/.derivedData/SDKStatCaches.noindex/appletvos27.0-24J360-e829b21a6f8c9b70876ba0858053c044b32bfd8d43560033f8d89884cdb90028.sdkstatcache -output-file-map /Users/admin/builder/spi-builder-workspace/.derivedData/Build/Intermediates.noindex/ShoppingListModule.build/Debug-appletvos/ShoppingListModule-t.build/Objects-normal/arm64/ShoppingListModule-OutputFileMap.json -save-temps -no-color-diagnostics -explicit-module-build -module-cache-path /Users/admin/builder/spi-builder-workspace/.derivedData/Build/Intermediates.noindex/SwiftExplicitPrecompiledModules -clang-scanner-module-cache-path /Users/admin/builder/spi-builder-workspace/.derivedData/ModuleCache.noindex -sdk-module-cache-path /Users/admin/builder/spi-builder-workspace/.derivedData/SDKExplicitPrecompiledModules -emit-dependencies -emit-module -emit-module-path /Users/admin/builder/spi-builder-workspace/.derivedData/Build/Intermediates.noindex/ShoppingListModule.build/Debug-appletvos/ShoppingListModule-t.build/Objects-normal/arm64/ShoppingListModule.swiftmodule -serialize-diagnostics -dependency-scan-serialize-diagnostics-path /Users/admin/builder/spi-builder-workspace/.derivedData/Build/Intermediates.noindex/ShoppingListModule.build/Debug-appletvos/ShoppingListModule-t.build/Objects-normal/arm64/ShoppingListModule-dependency-scan.dia -validate-clang-modules-once -clang-build-session-file /Users/admin/builder/spi-builder-workspace/.derivedData/ModuleCache.noindex/Session.modulevalidation -Xcc -fmodules-prune-interval\=86400 -Xcc -fmodules-prune-after\=345600 -package-name spi_builder_workspace -emit-const-values -const-gather-protocols-list /Users/admin/builder/spi-builder-workspace/.derivedData/Build/Intermediates.noindex/ShoppingListModule.build/Debug-appletvos/ShoppingListModule-t.build/Objects-normal/arm64/ShoppingListModule_const_extract_protocols.json -Xcc -I/Users/admin/builder/spi-builder-workspace/.derivedData/Build/Products/Debug-appletvos/include -Xcc -I/Users/admin/builder/spi-builder-workspace/.derivedData/Build/Intermediates.noindex/ShoppingListModule.build/Debug-appletvos/ShoppingListModule-t.build/DerivedSources-normal/arm64 -Xcc -I/Users/admin/builder/spi-builder-workspace/.derivedData/Build/Intermediates.noindex/ShoppingListModule.build/Debug-appletvos/ShoppingListModule-t.build/DerivedSources/arm64 -Xcc -I/Users/admin/builder/spi-builder-workspace/.derivedData/Build/Intermediates.noindex/ShoppingListModule.build/Debug-appletvos/ShoppingListModule-t.build/DerivedSources -Xcc -DSWIFT_PACKAGE -Xcc -DDEBUG\=1 -emit-objc-header -emit-objc-header-path /Users/admin/builder/spi-builder-workspace/.derivedData/Build/Intermediates.noindex/ShoppingListModule.build/Debug-appletvos/ShoppingListModule-t.build/Objects-normal/arm64/ShoppingListModule-Swift.h -working-directory /Users/admin/builder/spi-builder-workspace/.swiftpm/xcode -experimental-emit-module-separately -disable-cmo
SwiftDriverJobDiscovery normal arm64 Compiling HTTPNetworkService.swift, MockNetworkService.swift, NetworkService.swift (in target 'ShoppingListModule' from project 'ShoppingListModule')
SwiftMergeGeneratedHeaders /Users/admin/builder/spi-builder-workspace/.derivedData/Build/Intermediates.noindex/GeneratedModuleMaps-appletvos/ShoppingListModule-Swift.h /Users/admin/builder/spi-builder-workspace/.derivedData/Build/Intermediates.noindex/ShoppingListModule.build/Debug-appletvos/ShoppingListModule-t.build/Objects-normal/arm64/ShoppingListModule-Swift.h (in target 'ShoppingListModule' from project 'ShoppingListModule')
cd /Users/admin/builder/spi-builder-workspace
builtin-swiftHeaderTool -arch arm64 /Users/admin/builder/spi-builder-workspace/.derivedData/Build/Intermediates.noindex/ShoppingListModule.build/Debug-appletvos/ShoppingListModule-t.build/Objects-normal/arm64/ShoppingListModule-Swift.h -o /Users/admin/builder/spi-builder-workspace/.derivedData/Build/Intermediates.noindex/GeneratedModuleMaps-appletvos/ShoppingListModule-Swift.h
Copy /Users/admin/builder/spi-builder-workspace/.derivedData/Build/Products/Debug-appletvos/ShoppingListModule.swiftmodule/arm64-apple-tvos.swiftmodule /Users/admin/builder/spi-builder-workspace/.derivedData/Build/Intermediates.noindex/ShoppingListModule.build/Debug-appletvos/ShoppingListModule-t.build/Objects-normal/arm64/ShoppingListModule.swiftmodule (in target 'ShoppingListModule' from project 'ShoppingListModule')
cd /Users/admin/builder/spi-builder-workspace
builtin-copy -exclude .DS_Store -exclude CVS -exclude .svn -exclude .git -exclude .hg -resolve-src-symlinks -rename /Users/admin/builder/spi-builder-workspace/.derivedData/Build/Intermediates.noindex/ShoppingListModule.build/Debug-appletvos/ShoppingListModule-t.build/Objects-normal/arm64/ShoppingListModule.swiftmodule /Users/admin/builder/spi-builder-workspace/.derivedData/Build/Products/Debug-appletvos/ShoppingListModule.swiftmodule/arm64-apple-tvos.swiftmodule
Copy /Users/admin/builder/spi-builder-workspace/.derivedData/Build/Products/Debug-appletvos/ShoppingListModule.swiftmodule/arm64-apple-tvos.swiftdoc /Users/admin/builder/spi-builder-workspace/.derivedData/Build/Intermediates.noindex/ShoppingListModule.build/Debug-appletvos/ShoppingListModule-t.build/Objects-normal/arm64/ShoppingListModule.swiftdoc (in target 'ShoppingListModule' from project 'ShoppingListModule')
cd /Users/admin/builder/spi-builder-workspace
builtin-copy -exclude .DS_Store -exclude CVS -exclude .svn -exclude .git -exclude .hg -resolve-src-symlinks -rename /Users/admin/builder/spi-builder-workspace/.derivedData/Build/Intermediates.noindex/ShoppingListModule.build/Debug-appletvos/ShoppingListModule-t.build/Objects-normal/arm64/ShoppingListModule.swiftdoc /Users/admin/builder/spi-builder-workspace/.derivedData/Build/Products/Debug-appletvos/ShoppingListModule.swiftmodule/arm64-apple-tvos.swiftdoc
Copy /Users/admin/builder/spi-builder-workspace/.derivedData/Build/Products/Debug-appletvos/ShoppingListModule.swiftmodule/arm64-apple-tvos.abi.json /Users/admin/builder/spi-builder-workspace/.derivedData/Build/Intermediates.noindex/ShoppingListModule.build/Debug-appletvos/ShoppingListModule-t.build/Objects-normal/arm64/ShoppingListModule.abi.json (in target 'ShoppingListModule' from project 'ShoppingListModule')
cd /Users/admin/builder/spi-builder-workspace
builtin-copy -exclude .DS_Store -exclude CVS -exclude .svn -exclude .git -exclude .hg -resolve-src-symlinks -rename /Users/admin/builder/spi-builder-workspace/.derivedData/Build/Intermediates.noindex/ShoppingListModule.build/Debug-appletvos/ShoppingListModule-t.build/Objects-normal/arm64/ShoppingListModule.abi.json /Users/admin/builder/spi-builder-workspace/.derivedData/Build/Products/Debug-appletvos/ShoppingListModule.swiftmodule/arm64-apple-tvos.abi.json
Copy /Users/admin/builder/spi-builder-workspace/.derivedData/Build/Products/Debug-appletvos/ShoppingListModule.swiftmodule/Project/arm64-apple-tvos.swiftsourceinfo /Users/admin/builder/spi-builder-workspace/.derivedData/Build/Intermediates.noindex/ShoppingListModule.build/Debug-appletvos/ShoppingListModule-t.build/Objects-normal/arm64/ShoppingListModule.swiftsourceinfo (in target 'ShoppingListModule' from project 'ShoppingListModule')
cd /Users/admin/builder/spi-builder-workspace
builtin-copy -exclude .DS_Store -exclude CVS -exclude .svn -exclude .git -exclude .hg -resolve-src-symlinks -rename /Users/admin/builder/spi-builder-workspace/.derivedData/Build/Intermediates.noindex/ShoppingListModule.build/Debug-appletvos/ShoppingListModule-t.build/Objects-normal/arm64/ShoppingListModule.swiftsourceinfo /Users/admin/builder/spi-builder-workspace/.derivedData/Build/Products/Debug-appletvos/ShoppingListModule.swiftmodule/Project/arm64-apple-tvos.swiftsourceinfo
SwiftDriverJobDiscovery normal arm64 Compiling SyncService.swift, MockRepository.swift, ShoppingListRepository.swift (in target 'ShoppingListModule' from project 'ShoppingListModule')
SwiftDriverJobDiscovery normal arm64 Compiling ShoppingItem.swift, SyncStatus.swift (in target 'ShoppingListModule' from project 'ShoppingListModule')
SwiftDriver TestSPMIntegration normal arm64 com.apple.xcode.tools.swift.compiler (in target 'TestSPMIntegration-product' from project 'ShoppingListModule')
cd /Users/admin/builder/spi-builder-workspace/.swiftpm/xcode
builtin-SwiftDriver -- /Applications/Xcode-27.0.0-Release.Candidate.app/Contents/Developer/Toolchains/XcodeDefault.xctoolchain/usr/bin/swiftc -parse-as-library -module-name TestSPMIntegration -Onone @/Users/admin/builder/spi-builder-workspace/.derivedData/Build/Intermediates.noindex/ShoppingListModule.build/Debug-appletvos/TestSPMIntegration-p.build/Objects-normal/arm64/TestSPMIntegration.SwiftFileList -DSWIFT_PACKAGE -DDEBUG -DXcode -enable-upcoming-feature BareSlashRegexLiterals -enable-upcoming-feature ConciseMagicFile -enable-upcoming-feature ExistentialAny -enable-upcoming-feature ForwardTrailingClosures -enable-upcoming-feature ImplicitOpenExistentials -enable-upcoming-feature StrictConcurrency -plugin-path /Applications/Xcode-27.0.0-Release.Candidate.app/Contents/Developer/Toolchains/XcodeDefault.xctoolchain/usr/lib/swift/host/plugins/testing -enable-experimental-feature DebugDescriptionMacro -sdk /Applications/Xcode-27.0.0-Release.Candidate.app/Contents/Developer/Platforms/AppleTVOS.platform/Developer/SDKs/AppleTVOS27.0.sdk -target arm64-apple-tvos17.0 -g -module-cache-path /Users/admin/builder/spi-builder-workspace/.derivedData/ModuleCache.noindex -Xfrontend -serialize-debugging-options -profile-coverage-mapping -profile-generate -enable-testing -index-store-path /Users/admin/builder/spi-builder-workspace/.derivedData/Index.noindex/DataStore -Xcc -D_LIBCPP_HARDENING_MODE\=_LIBCPP_HARDENING_MODE_DEBUG -swift-version 6 -I /Users/admin/builder/spi-builder-workspace/.derivedData/Build/Products/Debug-appletvos -Isystem /Applications/Xcode-27.0.0-Release.Candidate.app/Contents/Developer/Platforms/AppleTVOS.platform/Developer/usr/lib -F /Users/admin/builder/spi-builder-workspace/.derivedData/Build/Products/Debug-appletvos/PackageFrameworks -F /Users/admin/builder/spi-builder-workspace/.derivedData/Build/Products/Debug-appletvos -F /Applications/Xcode-27.0.0-Release.Candidate.app/Contents/Developer/Platforms/AppleTVOS.platform/Developer/Library/Frameworks -F /Applications/Xcode-27.0.0-Release.Candidate.app/Contents/Developer/Platforms/AppleTVOS.platform/Developer/SDKs/AppleTVOS27.0.sdk/Developer/Library/Frameworks -c -j10 -enable-batch-mode -incremental -Xcc -ivfsstatcache -Xcc /Users/admin/builder/spi-builder-workspace/.derivedData/SDKStatCaches.noindex/appletvos27.0-24J360-e829b21a6f8c9b70876ba0858053c044b32bfd8d43560033f8d89884cdb90028.sdkstatcache -output-file-map /Users/admin/builder/spi-builder-workspace/.derivedData/Build/Intermediates.noindex/ShoppingListModule.build/Debug-appletvos/TestSPMIntegration-p.build/Objects-normal/arm64/TestSPMIntegration-OutputFileMap.json -save-temps -no-color-diagnostics -explicit-module-build -module-cache-path /Users/admin/builder/spi-builder-workspace/.derivedData/Build/Intermediates.noindex/SwiftExplicitPrecompiledModules -clang-scanner-module-cache-path /Users/admin/builder/spi-builder-workspace/.derivedData/ModuleCache.noindex -sdk-module-cache-path /Users/admin/builder/spi-builder-workspace/.derivedData/SDKExplicitPrecompiledModules -emit-dependencies -emit-module -emit-module-path /Users/admin/builder/spi-builder-workspace/.derivedData/Build/Intermediates.noindex/ShoppingListModule.build/Debug-appletvos/TestSPMIntegration-p.build/Objects-normal/arm64/TestSPMIntegration.swiftmodule -serialize-diagnostics -dependency-scan-serialize-diagnostics-path /Users/admin/builder/spi-builder-workspace/.derivedData/Build/Intermediates.noindex/ShoppingListModule.build/Debug-appletvos/TestSPMIntegration-p.build/Objects-normal/arm64/TestSPMIntegration-dependency-scan.dia -validate-clang-modules-once -clang-build-session-file /Users/admin/builder/spi-builder-workspace/.derivedData/ModuleCache.noindex/Session.modulevalidation -Xcc -fmodules-prune-interval\=86400 -Xcc -fmodules-prune-after\=345600 -package-name spi_builder_workspace -emit-const-values -const-gather-protocols-list /Users/admin/builder/spi-builder-workspace/.derivedData/Build/Intermediates.noindex/ShoppingListModule.build/Debug-appletvos/TestSPMIntegration-p.build/Objects-normal/arm64/TestSPMIntegration_const_extract_protocols.json -Xcc -I/Users/admin/builder/spi-builder-workspace/.derivedData/Build/Products/Debug-appletvos/include -Xcc -I/Users/admin/builder/spi-builder-workspace/.derivedData/Build/Intermediates.noindex/ShoppingListModule.build/Debug-appletvos/TestSPMIntegration-p.build/DerivedSources-normal/arm64 -Xcc -I/Users/admin/builder/spi-builder-workspace/.derivedData/Build/Intermediates.noindex/ShoppingListModule.build/Debug-appletvos/TestSPMIntegration-p.build/DerivedSources/arm64 -Xcc -I/Users/admin/builder/spi-builder-workspace/.derivedData/Build/Intermediates.noindex/ShoppingListModule.build/Debug-appletvos/TestSPMIntegration-p.build/DerivedSources -Xcc -DSWIFT_PACKAGE -Xcc -DDEBUG\=1 -working-directory /Users/admin/builder/spi-builder-workspace/.swiftpm/xcode -experimental-emit-module-separately -disable-cmo
warning: Upcoming feature 'ImplicitOpenExistentials' already enabled as of the Swift 6 language mode (in target 'TestSPMIntegration-product' from project 'ShoppingListModule')
warning: Upcoming feature 'ForwardTrailingClosures' already enabled as of the Swift 6 language mode (in target 'TestSPMIntegration-product' from project 'ShoppingListModule')
warning: Upcoming feature 'ConciseMagicFile' already enabled as of the Swift 6 language mode (in target 'TestSPMIntegration-product' from project 'ShoppingListModule')
warning: Upcoming feature 'BareSlashRegexLiterals' already enabled as of the Swift 6 language mode (in target 'TestSPMIntegration-product' from project 'ShoppingListModule')
SwiftCompile normal arm64 Compiling\ main.swift /Users/admin/builder/spi-builder-workspace/Sources/TestSPMIntegration/main.swift (in target 'TestSPMIntegration-product' from project 'ShoppingListModule')
SwiftCompile normal arm64 /Users/admin/builder/spi-builder-workspace/Sources/TestSPMIntegration/main.swift (in target 'TestSPMIntegration-product' from project 'ShoppingListModule')
cd /Users/admin/builder/spi-builder-workspace/.swiftpm/xcode
builtin-SwiftPerFileCompile main.swift
<unknown>:0: warning: upcoming feature 'ImplicitOpenExistentials' already enabled as of the Swift 6 language mode
<unknown>:0: warning: upcoming feature 'ForwardTrailingClosures' already enabled as of the Swift 6 language mode
<unknown>:0: warning: upcoming feature 'ConciseMagicFile' already enabled as of the Swift 6 language mode
<unknown>:0: warning: upcoming feature 'BareSlashRegexLiterals' already enabled as of the Swift 6 language mode
/Users/admin/builder/spi-builder-workspace/Sources/TestSPMIntegration/main.swift:27:24: warning: no calls to throwing functions occur within 'try' expression [#UnnecessaryEffectMarker]
25 | print("\n3. Testing createView() method...")
26 | do {
27 | let view = try await ShoppingListModule.createView()
| `- warning: no calls to throwing functions occur within 'try' expression [#UnnecessaryEffectMarker]
28 | print("✅ Successfully created view with createView(): \(type(of: view))")
29 | } catch {
SwiftEmitModule normal arm64 Emitting\ module\ for\ TestSPMIntegration (in target 'TestSPMIntegration-product' from project 'ShoppingListModule')
<unknown>:0: warning: upcoming feature 'ImplicitOpenExistentials' already enabled as of the Swift 6 language mode
<unknown>:0: warning: upcoming feature 'ForwardTrailingClosures' already enabled as of the Swift 6 language mode
<unknown>:0: warning: upcoming feature 'ConciseMagicFile' already enabled as of the Swift 6 language mode
<unknown>:0: warning: upcoming feature 'BareSlashRegexLiterals' already enabled as of the Swift 6 language mode
SwiftCompile normal arm64 (in target 'TestSPMIntegration-product' from project 'ShoppingListModule')
cd /Users/admin/builder/spi-builder-workspace/.swiftpm/xcode
SwiftDriverJobDiscovery normal arm64 Emitting module for TestSPMIntegration (in target 'TestSPMIntegration-product' from project 'ShoppingListModule')
SwiftDriver\ Compilation\ Requirements TestSPMIntegration normal arm64 com.apple.xcode.tools.swift.compiler (in target 'TestSPMIntegration-product' from project 'ShoppingListModule')
cd /Users/admin/builder/spi-builder-workspace/.swiftpm/xcode
builtin-Swift-Compilation-Requirements -- /Applications/Xcode-27.0.0-Release.Candidate.app/Contents/Developer/Toolchains/XcodeDefault.xctoolchain/usr/bin/swiftc -parse-as-library -module-name TestSPMIntegration -Onone @/Users/admin/builder/spi-builder-workspace/.derivedData/Build/Intermediates.noindex/ShoppingListModule.build/Debug-appletvos/TestSPMIntegration-p.build/Objects-normal/arm64/TestSPMIntegration.SwiftFileList -DSWIFT_PACKAGE -DDEBUG -DXcode -enable-upcoming-feature BareSlashRegexLiterals -enable-upcoming-feature ConciseMagicFile -enable-upcoming-feature ExistentialAny -enable-upcoming-feature ForwardTrailingClosures -enable-upcoming-feature ImplicitOpenExistentials -enable-upcoming-feature StrictConcurrency -plugin-path /Applications/Xcode-27.0.0-Release.Candidate.app/Contents/Developer/Toolchains/XcodeDefault.xctoolchain/usr/lib/swift/host/plugins/testing -enable-experimental-feature DebugDescriptionMacro -sdk /Applications/Xcode-27.0.0-Release.Candidate.app/Contents/Developer/Platforms/AppleTVOS.platform/Developer/SDKs/AppleTVOS27.0.sdk -target arm64-apple-tvos17.0 -g -module-cache-path /Users/admin/builder/spi-builder-workspace/.derivedData/ModuleCache.noindex -Xfrontend -serialize-debugging-options -profile-coverage-mapping -profile-generate -enable-testing -index-store-path /Users/admin/builder/spi-builder-workspace/.derivedData/Index.noindex/DataStore -Xcc -D_LIBCPP_HARDENING_MODE\=_LIBCPP_HARDENING_MODE_DEBUG -swift-version 6 -I /Users/admin/builder/spi-builder-workspace/.derivedData/Build/Products/Debug-appletvos -Isystem /Applications/Xcode-27.0.0-Release.Candidate.app/Contents/Developer/Platforms/AppleTVOS.platform/Developer/usr/lib -F /Users/admin/builder/spi-builder-workspace/.derivedData/Build/Products/Debug-appletvos/PackageFrameworks -F /Users/admin/builder/spi-builder-workspace/.derivedData/Build/Products/Debug-appletvos -F /Applications/Xcode-27.0.0-Release.Candidate.app/Contents/Developer/Platforms/AppleTVOS.platform/Developer/Library/Frameworks -F /Applications/Xcode-27.0.0-Release.Candidate.app/Contents/Developer/Platforms/AppleTVOS.platform/Developer/SDKs/AppleTVOS27.0.sdk/Developer/Library/Frameworks -c -j10 -enable-batch-mode -incremental -Xcc -ivfsstatcache -Xcc /Users/admin/builder/spi-builder-workspace/.derivedData/SDKStatCaches.noindex/appletvos27.0-24J360-e829b21a6f8c9b70876ba0858053c044b32bfd8d43560033f8d89884cdb90028.sdkstatcache -output-file-map /Users/admin/builder/spi-builder-workspace/.derivedData/Build/Intermediates.noindex/ShoppingListModule.build/Debug-appletvos/TestSPMIntegration-p.build/Objects-normal/arm64/TestSPMIntegration-OutputFileMap.json -save-temps -no-color-diagnostics -explicit-module-build -module-cache-path /Users/admin/builder/spi-builder-workspace/.derivedData/Build/Intermediates.noindex/SwiftExplicitPrecompiledModules -clang-scanner-module-cache-path /Users/admin/builder/spi-builder-workspace/.derivedData/ModuleCache.noindex -sdk-module-cache-path /Users/admin/builder/spi-builder-workspace/.derivedData/SDKExplicitPrecompiledModules -emit-dependencies -emit-module -emit-module-path /Users/admin/builder/spi-builder-workspace/.derivedData/Build/Intermediates.noindex/ShoppingListModule.build/Debug-appletvos/TestSPMIntegration-p.build/Objects-normal/arm64/TestSPMIntegration.swiftmodule -serialize-diagnostics -dependency-scan-serialize-diagnostics-path /Users/admin/builder/spi-builder-workspace/.derivedData/Build/Intermediates.noindex/ShoppingListModule.build/Debug-appletvos/TestSPMIntegration-p.build/Objects-normal/arm64/TestSPMIntegration-dependency-scan.dia -validate-clang-modules-once -clang-build-session-file /Users/admin/builder/spi-builder-workspace/.derivedData/ModuleCache.noindex/Session.modulevalidation -Xcc -fmodules-prune-interval\=86400 -Xcc -fmodules-prune-after\=345600 -package-name spi_builder_workspace -emit-const-values -const-gather-protocols-list /Users/admin/builder/spi-builder-workspace/.derivedData/Build/Intermediates.noindex/ShoppingListModule.build/Debug-appletvos/TestSPMIntegration-p.build/Objects-normal/arm64/TestSPMIntegration_const_extract_protocols.json -Xcc -I/Users/admin/builder/spi-builder-workspace/.derivedData/Build/Products/Debug-appletvos/include -Xcc -I/Users/admin/builder/spi-builder-workspace/.derivedData/Build/Intermediates.noindex/ShoppingListModule.build/Debug-appletvos/TestSPMIntegration-p.build/DerivedSources-normal/arm64 -Xcc -I/Users/admin/builder/spi-builder-workspace/.derivedData/Build/Intermediates.noindex/ShoppingListModule.build/Debug-appletvos/TestSPMIntegration-p.build/DerivedSources/arm64 -Xcc -I/Users/admin/builder/spi-builder-workspace/.derivedData/Build/Intermediates.noindex/ShoppingListModule.build/Debug-appletvos/TestSPMIntegration-p.build/DerivedSources -Xcc -DSWIFT_PACKAGE -Xcc -DDEBUG\=1 -working-directory /Users/admin/builder/spi-builder-workspace/.swiftpm/xcode -experimental-emit-module-separately -disable-cmo
SwiftDriverJobDiscovery normal arm64 Compiling SwiftDataRepository.swift, BackgroundSyncManager.swift, ShoppingListConfiguration.swift (in target 'ShoppingListModule' from project 'ShoppingListModule')
SwiftDriverJobDiscovery normal arm64 Compiling ShoppingItemRow.swift, ShoppingListView.swift (in target 'ShoppingListModule' from project 'ShoppingListModule')
SwiftDriverJobDiscovery normal arm64 Compiling ShoppingListDependencies.swift, ShoppingListModuleFactory.swift, FilteringSorting.swift (in target 'ShoppingListModule' from project 'ShoppingListModule')
SwiftDriverJobDiscovery normal arm64 Compiling LoadingView.swift, ShoppingListModule.swift (in target 'ShoppingListModule' from project 'ShoppingListModule')
PruneExplicitPrecompiledModules /Users/admin/builder/spi-builder-workspace/.derivedData/SDKExplicitPrecompiledModules
PruneExplicitPrecompiledModules /Users/admin/builder/spi-builder-workspace/.derivedData/Build/Intermediates.noindex/ExplicitPrecompiledModules
PruneExplicitPrecompiledModules /Users/admin/builder/spi-builder-workspace/.derivedData/Build/Intermediates.noindex/SwiftExplicitPrecompiledModules
2026-09-22 15:18:15.903 xcodebuild[682:4147] [MT] IDERunDestination: Supported platforms for the buildables in the current scheme is empty.
** BUILD FAILED **
The following build commands failed:
SwiftCompile normal arm64 /Users/admin/builder/spi-builder-workspace/Sources/ShoppingListModule/Presentation/Views/Components/SearchAndFilterBar.swift (in target 'ShoppingListModule' from project 'ShoppingListModule')
SwiftCompile normal arm64 Compiling\ EmptyStateView.swift,\ SearchAndFilterBar.swift /Users/admin/builder/spi-builder-workspace/Sources/ShoppingListModule/Presentation/Views/Components/EmptyStateView.swift /Users/admin/builder/spi-builder-workspace/Sources/ShoppingListModule/Presentation/Views/Components/SearchAndFilterBar.swift (in target 'ShoppingListModule' from project 'ShoppingListModule')
SwiftCompile normal arm64 Compiling\ AddItemSheet.swift,\ EditItemSheet.swift /Users/admin/builder/spi-builder-workspace/Sources/ShoppingListModule/Presentation/Views/Components/AddItemSheet.swift /Users/admin/builder/spi-builder-workspace/Sources/ShoppingListModule/Presentation/Views/Components/EditItemSheet.swift (in target 'ShoppingListModule' from project 'ShoppingListModule')
SwiftCompile normal arm64 /Users/admin/builder/spi-builder-workspace/Sources/ShoppingListModule/Presentation/Views/Components/AddItemSheet.swift (in target 'ShoppingListModule' from project 'ShoppingListModule')
SwiftCompile normal arm64 /Users/admin/builder/spi-builder-workspace/Sources/ShoppingListModule/Presentation/Views/Components/EditItemSheet.swift (in target 'ShoppingListModule' from project 'ShoppingListModule')
Building workspace ShoppingListModule with scheme ShoppingListModule-Package
(6 failures)
Command line invocation:
/Applications/Xcode-27.0.0-Release.Candidate.app/Contents/Developer/usr/bin/xcodebuild -IDEClonedSourcePackagesDirPathOverride=/Users/admin/builder/spi-builder-workspace/.dependencies -resolvePackageDependencies
Resolve Package Graph
Resolved source packages:
ShoppingListModule: /Users/admin/builder/spi-builder-workspace
resolved source packages: ShoppingListModule
2026-09-22 15:18:25.184 xcodebuild[781:4642] [MT] IDERunDestination: Supported platforms for the buildables in the current scheme is empty.
{
"dependencies" : [
],
"manifest_display_name" : "ShoppingListModule",
"name" : "ShoppingListModule",
"path" : "/Users/admin/builder/spi-builder-workspace",
"platforms" : [
{
"name" : "ios",
"version" : "17.0"
},
{
"name" : "macos",
"version" : "14.0"
}
],
"products" : [
{
"name" : "ShoppingListModule",
"targets" : [
"ShoppingListModule"
],
"type" : {
"library" : [
"automatic"
]
}
},
{
"name" : "TestSPMIntegration",
"targets" : [
"TestSPMIntegration"
],
"type" : {
"executable" : null
}
}
],
"targets" : [
{
"c99name" : "TestSPMIntegration",
"module_type" : "SwiftTarget",
"name" : "TestSPMIntegration",
"path" : "Sources/TestSPMIntegration",
"product_memberships" : [
"TestSPMIntegration"
],
"sources" : [
"main.swift"
],
"target_dependencies" : [
"ShoppingListModule"
],
"type" : "executable"
},
{
"c99name" : "ShoppingListModuleTests",
"module_type" : "SwiftTarget",
"name" : "ShoppingListModuleTests",
"path" : "Tests/ShoppingListModuleTests",
"sources" : [
"DataTests/BackgroundSyncManagerTests.swift",
"DataTests/NetworkServiceTests.swift",
"DataTests/RepositoryTests.swift",
"DataTests/SyncServiceTests.swift",
"IntegrationTests/EndToEndTests.swift",
"IntegrationTests/ModuleIntegrationTests.swift",
"IntegrationTests/SwiftDataRepositoryIntegrationTests.swift",
"ModelTests/ArrayExtensionTests.swift",
"ModelTests/ShoppingItemTests.swift",
"PresentationTests/UIIntegrationTests.swift",
"PresentationTests/ViewModelTests.swift",
"TestUtilities/MockData.swift",
"TestUtilities/TestHelpers.swift",
"TestUtilities/XCTestExtensions.swift"
],
"target_dependencies" : [
"ShoppingListModule"
],
"type" : "test"
},
{
"c99name" : "ShoppingListModule",
"module_type" : "SwiftTarget",
"name" : "ShoppingListModule",
"path" : "Sources/ShoppingListModule",
"product_memberships" : [
"ShoppingListModule",
"TestSPMIntegration"
],
"sources" : [
"Data/Network/HTTPNetworkService.swift",
"Data/Network/MockNetworkService.swift",
"Data/Network/NetworkService.swift",
"Data/Network/SyncService.swift",
"Data/Repository/MockRepository.swift",
"Data/Repository/ShoppingListRepository.swift",
"Data/Repository/SwiftDataRepository.swift",
"DependencyInjection/BackgroundSyncManager.swift",
"DependencyInjection/ShoppingListConfiguration.swift",
"DependencyInjection/ShoppingListDependencies.swift",
"DependencyInjection/ShoppingListModuleFactory.swift",
"Models/FilteringSorting.swift",
"Models/ShoppingItem.swift",
"Models/SyncStatus.swift",
"Presentation/ViewModels/ShoppingListErrors.swift",
"Presentation/ViewModels/ShoppingListViewModel.swift",
"Presentation/Views/Components/AddItemSheet.swift",
"Presentation/Views/Components/EditItemSheet.swift",
"Presentation/Views/Components/EmptyStateView.swift",
"Presentation/Views/Components/SearchAndFilterBar.swift",
"Presentation/Views/Components/ShoppingItemRow.swift",
"Presentation/Views/ShoppingListView.swift",
"Presentation/Views/Supporting/LoadingView.swift",
"ShoppingListModule.swift"
],
"type" : "library"
}
],
"tools_version" : "6.1"
}
{
"workspace" : {
"name" : "ShoppingListModule",
"schemes" : [
"ShoppingListModule",
"ShoppingListModule-Package",
"TestSPMIntegration"
]
}
}
2026-09-22 15:18:26.533 xcodebuild[789:4708] [MT] IDERunDestination: Supported platforms for the buildables in the current scheme is empty.
Running build ...
env DEVELOPER_DIR=/Applications/Xcode-27.0.0-Release.Candidate.app xcrun xcodebuild -IDEClonedSourcePackagesDirPathOverride=$PWD/.dependencies -skipMacroValidation -skipPackagePluginValidation -derivedDataPath $PWD/.derivedData build -scheme ShoppingListModule-Package -destination generic/platform=tvOS
Command line invocation:
/Applications/Xcode-27.0.0-Release.Candidate.app/Contents/Developer/usr/bin/xcodebuild -IDEClonedSourcePackagesDirPathOverride=/Users/admin/builder/spi-builder-workspace/.dependencies -skipMacroValidation -skipPackagePluginValidation -derivedDataPath /Users/admin/builder/spi-builder-workspace/.derivedData build -scheme ShoppingListModule-Package -destination generic/platform=tvOS
Resolve Package Graph
Resolved source packages:
ShoppingListModule: /Users/admin/builder/spi-builder-workspace
ComputePackagePrebuildTargetDependencyGraph
Prepare packages
CreateBuildRequest
SendProjectDescription
CreateBuildOperation
ComputeTargetDependencyGraph
note: Building targets in dependency order
note: Target dependency graph (3 targets)
Target 'TestSPMIntegration-product' in project 'ShoppingListModule'
➜ Explicit dependency on target 'ShoppingListModule' in project 'ShoppingListModule'
Target 'ShoppingListModule-product' in project 'ShoppingListModule'
➜ Explicit dependency on target 'ShoppingListModule' in project 'ShoppingListModule'
Target 'ShoppingListModule' in project 'ShoppingListModule' (no dependencies)
GatherProvisioningInputs
CreateBuildDescription
ClangStatCache /Applications/Xcode-27.0.0-Release.Candidate.app/Contents/Developer/Toolchains/XcodeDefault.xctoolchain/usr/bin/clang-stat-cache /Applications/Xcode-27.0.0-Release.Candidate.app/Contents/Developer/Platforms/AppleTVOS.platform/Developer/SDKs/AppleTVOS27.0.sdk /Users/admin/builder/spi-builder-workspace/.derivedData/SDKStatCaches.noindex/appletvos27.0-24J360-e829b21a6f8c9b70876ba0858053c044b32bfd8d43560033f8d89884cdb90028.sdkstatcache
cd /Users/admin/builder/spi-builder-workspace/.swiftpm/xcode
/Applications/Xcode-27.0.0-Release.Candidate.app/Contents/Developer/Toolchains/XcodeDefault.xctoolchain/usr/bin/clang-stat-cache /Applications/Xcode-27.0.0-Release.Candidate.app/Contents/Developer/Platforms/AppleTVOS.platform/Developer/SDKs/AppleTVOS27.0.sdk -o /Users/admin/builder/spi-builder-workspace/.derivedData/SDKStatCaches.noindex/appletvos27.0-24J360-e829b21a6f8c9b70876ba0858053c044b32bfd8d43560033f8d89884cdb90028.sdkstatcache
SwiftDriver ShoppingListModule normal arm64 com.apple.xcode.tools.swift.compiler (in target 'ShoppingListModule' from project 'ShoppingListModule')
cd /Users/admin/builder/spi-builder-workspace/.swiftpm/xcode
builtin-SwiftDriver -- /Applications/Xcode-27.0.0-Release.Candidate.app/Contents/Developer/Toolchains/XcodeDefault.xctoolchain/usr/bin/swiftc -parse-as-library -module-name ShoppingListModule -Onone @/Users/admin/builder/spi-builder-workspace/.derivedData/Build/Intermediates.noindex/ShoppingListModule.build/Debug-appletvos/ShoppingListModule-t.build/Objects-normal/arm64/ShoppingListModule.SwiftFileList -DSWIFT_PACKAGE -DDEBUG -DSWIFT_MODULE_RESOURCE_BUNDLE_UNAVAILABLE -DXcode -enable-upcoming-feature BareSlashRegexLiterals -enable-upcoming-feature ConciseMagicFile -enable-upcoming-feature ExistentialAny -enable-upcoming-feature ForwardTrailingClosures -enable-upcoming-feature ImplicitOpenExistentials -enable-upcoming-feature StrictConcurrency -plugin-path /Applications/Xcode-27.0.0-Release.Candidate.app/Contents/Developer/Toolchains/XcodeDefault.xctoolchain/usr/lib/swift/host/plugins/testing -enable-experimental-feature DebugDescriptionMacro -sdk /Applications/Xcode-27.0.0-Release.Candidate.app/Contents/Developer/Platforms/AppleTVOS.platform/Developer/SDKs/AppleTVOS27.0.sdk -target arm64-apple-tvos17.0 -g -module-cache-path /Users/admin/builder/spi-builder-workspace/.derivedData/ModuleCache.noindex -Xfrontend -serialize-debugging-options -profile-coverage-mapping -profile-generate -enable-testing -index-store-path /Users/admin/builder/spi-builder-workspace/.derivedData/Index.noindex/DataStore -Xcc -D_LIBCPP_HARDENING_MODE\=_LIBCPP_HARDENING_MODE_DEBUG -swift-version 6 -I /Users/admin/builder/spi-builder-workspace/.derivedData/Build/Products/Debug-appletvos -Isystem /Applications/Xcode-27.0.0-Release.Candidate.app/Contents/Developer/Platforms/AppleTVOS.platform/Developer/usr/lib -F /Users/admin/builder/spi-builder-workspace/.derivedData/Build/Products/Debug-appletvos -F /Applications/Xcode-27.0.0-Release.Candidate.app/Contents/Developer/Platforms/AppleTVOS.platform/Developer/Library/Frameworks -F /Applications/Xcode-27.0.0-Release.Candidate.app/Contents/Developer/Platforms/AppleTVOS.platform/Developer/SDKs/AppleTVOS27.0.sdk/Developer/Library/Frameworks -c -j10 -enable-batch-mode -incremental -Xcc -ivfsstatcache -Xcc /Users/admin/builder/spi-builder-workspace/.derivedData/SDKStatCaches.noindex/appletvos27.0-24J360-e829b21a6f8c9b70876ba0858053c044b32bfd8d43560033f8d89884cdb90028.sdkstatcache -output-file-map /Users/admin/builder/spi-builder-workspace/.derivedData/Build/Intermediates.noindex/ShoppingListModule.build/Debug-appletvos/ShoppingListModule-t.build/Objects-normal/arm64/ShoppingListModule-OutputFileMap.json -save-temps -no-color-diagnostics -explicit-module-build -module-cache-path /Users/admin/builder/spi-builder-workspace/.derivedData/Build/Intermediates.noindex/SwiftExplicitPrecompiledModules -clang-scanner-module-cache-path /Users/admin/builder/spi-builder-workspace/.derivedData/ModuleCache.noindex -sdk-module-cache-path /Users/admin/builder/spi-builder-workspace/.derivedData/SDKExplicitPrecompiledModules -emit-dependencies -emit-module -emit-module-path /Users/admin/builder/spi-builder-workspace/.derivedData/Build/Intermediates.noindex/ShoppingListModule.build/Debug-appletvos/ShoppingListModule-t.build/Objects-normal/arm64/ShoppingListModule.swiftmodule -serialize-diagnostics -dependency-scan-serialize-diagnostics-path /Users/admin/builder/spi-builder-workspace/.derivedData/Build/Intermediates.noindex/ShoppingListModule.build/Debug-appletvos/ShoppingListModule-t.build/Objects-normal/arm64/ShoppingListModule-dependency-scan.dia -validate-clang-modules-once -clang-build-session-file /Users/admin/builder/spi-builder-workspace/.derivedData/ModuleCache.noindex/Session.modulevalidation -Xcc -fmodules-prune-interval\=86400 -Xcc -fmodules-prune-after\=345600 -package-name spi_builder_workspace -emit-const-values -const-gather-protocols-list /Users/admin/builder/spi-builder-workspace/.derivedData/Build/Intermediates.noindex/ShoppingListModule.build/Debug-appletvos/ShoppingListModule-t.build/Objects-normal/arm64/ShoppingListModule_const_extract_protocols.json -Xcc -I/Users/admin/builder/spi-builder-workspace/.derivedData/Build/Products/Debug-appletvos/include -Xcc -I/Users/admin/builder/spi-builder-workspace/.derivedData/Build/Intermediates.noindex/ShoppingListModule.build/Debug-appletvos/ShoppingListModule-t.build/DerivedSources-normal/arm64 -Xcc -I/Users/admin/builder/spi-builder-workspace/.derivedData/Build/Intermediates.noindex/ShoppingListModule.build/Debug-appletvos/ShoppingListModule-t.build/DerivedSources/arm64 -Xcc -I/Users/admin/builder/spi-builder-workspace/.derivedData/Build/Intermediates.noindex/ShoppingListModule.build/Debug-appletvos/ShoppingListModule-t.build/DerivedSources -Xcc -DSWIFT_PACKAGE -Xcc -DDEBUG\=1 -emit-objc-header -emit-objc-header-path /Users/admin/builder/spi-builder-workspace/.derivedData/Build/Intermediates.noindex/ShoppingListModule.build/Debug-appletvos/ShoppingListModule-t.build/Objects-normal/arm64/ShoppingListModule-Swift.h -working-directory /Users/admin/builder/spi-builder-workspace/.swiftpm/xcode -experimental-emit-module-separately -disable-cmo
warning: Upcoming feature 'ImplicitOpenExistentials' already enabled as of the Swift 6 language mode (in target 'ShoppingListModule' from project 'ShoppingListModule')
warning: Upcoming feature 'ForwardTrailingClosures' already enabled as of the Swift 6 language mode (in target 'ShoppingListModule' from project 'ShoppingListModule')
warning: Upcoming feature 'ConciseMagicFile' already enabled as of the Swift 6 language mode (in target 'ShoppingListModule' from project 'ShoppingListModule')
warning: Upcoming feature 'BareSlashRegexLiterals' already enabled as of the Swift 6 language mode (in target 'ShoppingListModule' from project 'ShoppingListModule')
SwiftDriver TestSPMIntegration normal arm64 com.apple.xcode.tools.swift.compiler (in target 'TestSPMIntegration-product' from project 'ShoppingListModule')
cd /Users/admin/builder/spi-builder-workspace/.swiftpm/xcode
builtin-SwiftDriver -- /Applications/Xcode-27.0.0-Release.Candidate.app/Contents/Developer/Toolchains/XcodeDefault.xctoolchain/usr/bin/swiftc -parse-as-library -module-name TestSPMIntegration -Onone @/Users/admin/builder/spi-builder-workspace/.derivedData/Build/Intermediates.noindex/ShoppingListModule.build/Debug-appletvos/TestSPMIntegration-p.build/Objects-normal/arm64/TestSPMIntegration.SwiftFileList -DSWIFT_PACKAGE -DDEBUG -DXcode -enable-upcoming-feature BareSlashRegexLiterals -enable-upcoming-feature ConciseMagicFile -enable-upcoming-feature ExistentialAny -enable-upcoming-feature ForwardTrailingClosures -enable-upcoming-feature ImplicitOpenExistentials -enable-upcoming-feature StrictConcurrency -plugin-path /Applications/Xcode-27.0.0-Release.Candidate.app/Contents/Developer/Toolchains/XcodeDefault.xctoolchain/usr/lib/swift/host/plugins/testing -enable-experimental-feature DebugDescriptionMacro -sdk /Applications/Xcode-27.0.0-Release.Candidate.app/Contents/Developer/Platforms/AppleTVOS.platform/Developer/SDKs/AppleTVOS27.0.sdk -target arm64-apple-tvos17.0 -g -module-cache-path /Users/admin/builder/spi-builder-workspace/.derivedData/ModuleCache.noindex -Xfrontend -serialize-debugging-options -profile-coverage-mapping -profile-generate -enable-testing -index-store-path /Users/admin/builder/spi-builder-workspace/.derivedData/Index.noindex/DataStore -Xcc -D_LIBCPP_HARDENING_MODE\=_LIBCPP_HARDENING_MODE_DEBUG -swift-version 6 -I /Users/admin/builder/spi-builder-workspace/.derivedData/Build/Products/Debug-appletvos -Isystem /Applications/Xcode-27.0.0-Release.Candidate.app/Contents/Developer/Platforms/AppleTVOS.platform/Developer/usr/lib -F /Users/admin/builder/spi-builder-workspace/.derivedData/Build/Products/Debug-appletvos/PackageFrameworks -F /Users/admin/builder/spi-builder-workspace/.derivedData/Build/Products/Debug-appletvos -F /Applications/Xcode-27.0.0-Release.Candidate.app/Contents/Developer/Platforms/AppleTVOS.platform/Developer/Library/Frameworks -F /Applications/Xcode-27.0.0-Release.Candidate.app/Contents/Developer/Platforms/AppleTVOS.platform/Developer/SDKs/AppleTVOS27.0.sdk/Developer/Library/Frameworks -c -j10 -enable-batch-mode -incremental -Xcc -ivfsstatcache -Xcc /Users/admin/builder/spi-builder-workspace/.derivedData/SDKStatCaches.noindex/appletvos27.0-24J360-e829b21a6f8c9b70876ba0858053c044b32bfd8d43560033f8d89884cdb90028.sdkstatcache -output-file-map /Users/admin/builder/spi-builder-workspace/.derivedData/Build/Intermediates.noindex/ShoppingListModule.build/Debug-appletvos/TestSPMIntegration-p.build/Objects-normal/arm64/TestSPMIntegration-OutputFileMap.json -save-temps -no-color-diagnostics -explicit-module-build -module-cache-path /Users/admin/builder/spi-builder-workspace/.derivedData/Build/Intermediates.noindex/SwiftExplicitPrecompiledModules -clang-scanner-module-cache-path /Users/admin/builder/spi-builder-workspace/.derivedData/ModuleCache.noindex -sdk-module-cache-path /Users/admin/builder/spi-builder-workspace/.derivedData/SDKExplicitPrecompiledModules -emit-dependencies -emit-module -emit-module-path /Users/admin/builder/spi-builder-workspace/.derivedData/Build/Intermediates.noindex/ShoppingListModule.build/Debug-appletvos/TestSPMIntegration-p.build/Objects-normal/arm64/TestSPMIntegration.swiftmodule -serialize-diagnostics -dependency-scan-serialize-diagnostics-path /Users/admin/builder/spi-builder-workspace/.derivedData/Build/Intermediates.noindex/ShoppingListModule.build/Debug-appletvos/TestSPMIntegration-p.build/Objects-normal/arm64/TestSPMIntegration-dependency-scan.dia -validate-clang-modules-once -clang-build-session-file /Users/admin/builder/spi-builder-workspace/.derivedData/ModuleCache.noindex/Session.modulevalidation -Xcc -fmodules-prune-interval\=86400 -Xcc -fmodules-prune-after\=345600 -package-name spi_builder_workspace -emit-const-values -const-gather-protocols-list /Users/admin/builder/spi-builder-workspace/.derivedData/Build/Intermediates.noindex/ShoppingListModule.build/Debug-appletvos/TestSPMIntegration-p.build/Objects-normal/arm64/TestSPMIntegration_const_extract_protocols.json -Xcc -I/Users/admin/builder/spi-builder-workspace/.derivedData/Build/Products/Debug-appletvos/include -Xcc -I/Users/admin/builder/spi-builder-workspace/.derivedData/Build/Intermediates.noindex/ShoppingListModule.build/Debug-appletvos/TestSPMIntegration-p.build/DerivedSources-normal/arm64 -Xcc -I/Users/admin/builder/spi-builder-workspace/.derivedData/Build/Intermediates.noindex/ShoppingListModule.build/Debug-appletvos/TestSPMIntegration-p.build/DerivedSources/arm64 -Xcc -I/Users/admin/builder/spi-builder-workspace/.derivedData/Build/Intermediates.noindex/ShoppingListModule.build/Debug-appletvos/TestSPMIntegration-p.build/DerivedSources -Xcc -DSWIFT_PACKAGE -Xcc -DDEBUG\=1 -working-directory /Users/admin/builder/spi-builder-workspace/.swiftpm/xcode -experimental-emit-module-separately -disable-cmo
warning: Upcoming feature 'ImplicitOpenExistentials' already enabled as of the Swift 6 language mode (in target 'TestSPMIntegration-product' from project 'ShoppingListModule')
warning: Upcoming feature 'ForwardTrailingClosures' already enabled as of the Swift 6 language mode (in target 'TestSPMIntegration-product' from project 'ShoppingListModule')
warning: Upcoming feature 'ConciseMagicFile' already enabled as of the Swift 6 language mode (in target 'TestSPMIntegration-product' from project 'ShoppingListModule')
warning: Upcoming feature 'BareSlashRegexLiterals' already enabled as of the Swift 6 language mode (in target 'TestSPMIntegration-product' from project 'ShoppingListModule')
SwiftEmitModule normal arm64 Emitting\ module\ for\ TestSPMIntegration (in target 'TestSPMIntegration-product' from project 'ShoppingListModule')
SwiftCompile normal arm64 (in target 'TestSPMIntegration-product' from project 'ShoppingListModule')
cd /Users/admin/builder/spi-builder-workspace/.swiftpm/xcode
<unknown>:0: warning: upcoming feature 'ImplicitOpenExistentials' already enabled as of the Swift 6 language mode
<unknown>:0: warning: upcoming feature 'ForwardTrailingClosures' already enabled as of the Swift 6 language mode
<unknown>:0: warning: upcoming feature 'ConciseMagicFile' already enabled as of the Swift 6 language mode
<unknown>:0: warning: upcoming feature 'BareSlashRegexLiterals' already enabled as of the Swift 6 language mode
SwiftCompile normal arm64 Compiling\ main.swift /Users/admin/builder/spi-builder-workspace/Sources/TestSPMIntegration/main.swift (in target 'TestSPMIntegration-product' from project 'ShoppingListModule')
SwiftCompile normal arm64 /Users/admin/builder/spi-builder-workspace/Sources/TestSPMIntegration/main.swift (in target 'TestSPMIntegration-product' from project 'ShoppingListModule')
cd /Users/admin/builder/spi-builder-workspace/.swiftpm/xcode
builtin-SwiftPerFileCompile main.swift
<unknown>:0: warning: upcoming feature 'ImplicitOpenExistentials' already enabled as of the Swift 6 language mode
<unknown>:0: warning: upcoming feature 'ForwardTrailingClosures' already enabled as of the Swift 6 language mode
<unknown>:0: warning: upcoming feature 'ConciseMagicFile' already enabled as of the Swift 6 language mode
<unknown>:0: warning: upcoming feature 'BareSlashRegexLiterals' already enabled as of the Swift 6 language mode
/Users/admin/builder/spi-builder-workspace/Sources/TestSPMIntegration/main.swift:27:24: warning: no calls to throwing functions occur within 'try' expression [#UnnecessaryEffectMarker]
25 | print("\n3. Testing createView() method...")
26 | do {
27 | let view = try await ShoppingListModule.createView()
| `- warning: no calls to throwing functions occur within 'try' expression [#UnnecessaryEffectMarker]
28 | print("✅ Successfully created view with createView(): \(type(of: view))")
29 | } catch {
/Users/admin/builder/spi-builder-workspace/Sources/TestSPMIntegration/main.swift:29:11: warning: 'catch' block is unreachable because no errors are thrown in 'do' block
27 | let view = try await ShoppingListModule.createView()
28 | print("✅ Successfully created view with createView(): \(type(of: view))")
29 | } catch {
| `- warning: 'catch' block is unreachable because no errors are thrown in 'do' block
30 | print("❌ Failed to create view with createView(): \(error)")
31 | }
[#UnnecessaryEffectMarker]: <https://docs.swift.org/compiler/documentation/diagnostics/unnecessary-effect-marker>
SwiftCompile normal arm64 Compiling\ ShoppingListErrors.swift /Users/admin/builder/spi-builder-workspace/Sources/ShoppingListModule/Presentation/ViewModels/ShoppingListErrors.swift (in target 'ShoppingListModule' from project 'ShoppingListModule')
<unknown>:0: warning: upcoming feature 'ImplicitOpenExistentials' already enabled as of the Swift 6 language mode
<unknown>:0: warning: upcoming feature 'ForwardTrailingClosures' already enabled as of the Swift 6 language mode
<unknown>:0: warning: upcoming feature 'ConciseMagicFile' already enabled as of the Swift 6 language mode
<unknown>:0: warning: upcoming feature 'BareSlashRegexLiterals' already enabled as of the Swift 6 language mode
SwiftCompile normal arm64 /Users/admin/builder/spi-builder-workspace/Sources/ShoppingListModule/Presentation/ViewModels/ShoppingListErrors.swift (in target 'ShoppingListModule' from project 'ShoppingListModule')
cd /Users/admin/builder/spi-builder-workspace/.swiftpm/xcode
builtin-SwiftPerFileCompile ShoppingListErrors.swift
SwiftEmitModule normal arm64 Emitting\ module\ for\ ShoppingListModule (in target 'ShoppingListModule' from project 'ShoppingListModule')
SwiftCompile normal arm64 (in target 'ShoppingListModule' from project 'ShoppingListModule')
cd /Users/admin/builder/spi-builder-workspace/.swiftpm/xcode
<unknown>:0: warning: upcoming feature 'ImplicitOpenExistentials' already enabled as of the Swift 6 language mode
<unknown>:0: warning: upcoming feature 'ForwardTrailingClosures' already enabled as of the Swift 6 language mode
<unknown>:0: warning: upcoming feature 'ConciseMagicFile' already enabled as of the Swift 6 language mode
<unknown>:0: warning: upcoming feature 'BareSlashRegexLiterals' already enabled as of the Swift 6 language mode
SwiftCompile normal arm64 Compiling\ AddItemSheet.swift /Users/admin/builder/spi-builder-workspace/Sources/ShoppingListModule/Presentation/Views/Components/AddItemSheet.swift (in target 'ShoppingListModule' from project 'ShoppingListModule')
<unknown>:0: warning: upcoming feature 'ImplicitOpenExistentials' already enabled as of the Swift 6 language mode
<unknown>:0: warning: upcoming feature 'ForwardTrailingClosures' already enabled as of the Swift 6 language mode
<unknown>:0: warning: upcoming feature 'ConciseMagicFile' already enabled as of the Swift 6 language mode
<unknown>:0: warning: upcoming feature 'BareSlashRegexLiterals' already enabled as of the Swift 6 language mode
SwiftCompile normal arm64 /Users/admin/builder/spi-builder-workspace/Sources/ShoppingListModule/Presentation/Views/Components/AddItemSheet.swift (in target 'ShoppingListModule' from project 'ShoppingListModule')
cd /Users/admin/builder/spi-builder-workspace/.swiftpm/xcode
builtin-SwiftPerFileCompile AddItemSheet.swift
SwiftCompile normal arm64 Compiling\ EmptyStateView.swift /Users/admin/builder/spi-builder-workspace/Sources/ShoppingListModule/Presentation/Views/Components/EmptyStateView.swift (in target 'ShoppingListModule' from project 'ShoppingListModule')
<unknown>:0: warning: upcoming feature 'ImplicitOpenExistentials' already enabled as of the Swift 6 language mode
<unknown>:0: warning: upcoming feature 'ForwardTrailingClosures' already enabled as of the Swift 6 language mode
<unknown>:0: warning: upcoming feature 'ConciseMagicFile' already enabled as of the Swift 6 language mode
<unknown>:0: warning: upcoming feature 'BareSlashRegexLiterals' already enabled as of the Swift 6 language mode
SwiftCompile normal arm64 /Users/admin/builder/spi-builder-workspace/Sources/ShoppingListModule/Presentation/Views/Components/EmptyStateView.swift (in target 'ShoppingListModule' from project 'ShoppingListModule')
cd /Users/admin/builder/spi-builder-workspace/.swiftpm/xcode
builtin-SwiftPerFileCompile EmptyStateView.swift
SwiftCompile normal arm64 Compiling\ EditItemSheet.swift /Users/admin/builder/spi-builder-workspace/Sources/ShoppingListModule/Presentation/Views/Components/EditItemSheet.swift (in target 'ShoppingListModule' from project 'ShoppingListModule')
<unknown>:0: warning: upcoming feature 'ImplicitOpenExistentials' already enabled as of the Swift 6 language mode
<unknown>:0: warning: upcoming feature 'ForwardTrailingClosures' already enabled as of the Swift 6 language mode
<unknown>:0: warning: upcoming feature 'ConciseMagicFile' already enabled as of the Swift 6 language mode
<unknown>:0: warning: upcoming feature 'BareSlashRegexLiterals' already enabled as of the Swift 6 language mode
SwiftCompile normal arm64 /Users/admin/builder/spi-builder-workspace/Sources/ShoppingListModule/Presentation/Views/Components/EditItemSheet.swift (in target 'ShoppingListModule' from project 'ShoppingListModule')
cd /Users/admin/builder/spi-builder-workspace/.swiftpm/xcode
builtin-SwiftPerFileCompile EditItemSheet.swift
SwiftCompile normal arm64 Compiling\ ShoppingListViewModel.swift /Users/admin/builder/spi-builder-workspace/Sources/ShoppingListModule/Presentation/ViewModels/ShoppingListViewModel.swift (in target 'ShoppingListModule' from project 'ShoppingListModule')
<unknown>:0: warning: upcoming feature 'ImplicitOpenExistentials' already enabled as of the Swift 6 language mode
<unknown>:0: warning: upcoming feature 'ForwardTrailingClosures' already enabled as of the Swift 6 language mode
<unknown>:0: warning: upcoming feature 'ConciseMagicFile' already enabled as of the Swift 6 language mode
<unknown>:0: warning: upcoming feature 'BareSlashRegexLiterals' already enabled as of the Swift 6 language mode
SwiftCompile normal arm64 /Users/admin/builder/spi-builder-workspace/Sources/ShoppingListModule/Presentation/ViewModels/ShoppingListViewModel.swift (in target 'ShoppingListModule' from project 'ShoppingListModule')
cd /Users/admin/builder/spi-builder-workspace/.swiftpm/xcode
builtin-SwiftPerFileCompile ShoppingListViewModel.swift
SwiftCompile normal arm64 Compiling\ SearchAndFilterBar.swift /Users/admin/builder/spi-builder-workspace/Sources/ShoppingListModule/Presentation/Views/Components/SearchAndFilterBar.swift (in target 'ShoppingListModule' from project 'ShoppingListModule')
<unknown>:0: warning: upcoming feature 'ImplicitOpenExistentials' already enabled as of the Swift 6 language mode
<unknown>:0: warning: upcoming feature 'ForwardTrailingClosures' already enabled as of the Swift 6 language mode
<unknown>:0: warning: upcoming feature 'ConciseMagicFile' already enabled as of the Swift 6 language mode
<unknown>:0: warning: upcoming feature 'BareSlashRegexLiterals' already enabled as of the Swift 6 language mode
/Users/admin/builder/spi-builder-workspace/Sources/ShoppingListModule/Presentation/Views/Components/SearchAndFilterBar.swift:95:28: error: reference to member 'windowBackgroundColor' cannot be resolved without a contextual type
93 | .background(Color(.systemGroupedBackground))
94 | #else
95 | .background(Color(.windowBackgroundColor))
| `- error: reference to member 'windowBackgroundColor' cannot be resolved without a contextual type
96 | #endif
97 | }
/Users/admin/builder/spi-builder-workspace/Sources/ShoppingListModule/Presentation/Views/Components/SearchAndFilterBar.swift:124:71: error: reference to member 'controlBackgroundColor' cannot be resolved without a contextual type
122 | .fill(isSelected ? Color.accentColor : Color(.systemGray6))
123 | #else
124 | .fill(isSelected ? Color.accentColor : Color(.controlBackgroundColor))
| `- error: reference to member 'controlBackgroundColor' cannot be resolved without a contextual type
125 | #endif
126 | )
Failed frontend command:
/Applications/Xcode-27.0.0-Release.Candidate.app/Contents/Developer/Toolchains/XcodeDefault.xctoolchain/usr/bin/swift-frontend -frontend -c /Users/admin/builder/spi-builder-workspace/Sources/ShoppingListModule/Data/Network/HTTPNetworkService.swift /Users/admin/builder/spi-builder-workspace/Sources/ShoppingListModule/Data/Network/MockNetworkService.swift /Users/admin/builder/spi-builder-workspace/Sources/ShoppingListModule/Data/Network/NetworkService.swift /Users/admin/builder/spi-builder-workspace/Sources/ShoppingListModule/Data/Network/SyncService.swift /Users/admin/builder/spi-builder-workspace/Sources/ShoppingListModule/Data/Repository/MockRepository.swift /Users/admin/builder/spi-builder-workspace/Sources/ShoppingListModule/Data/Repository/ShoppingListRepository.swift /Users/admin/builder/spi-builder-workspace/Sources/ShoppingListModule/Data/Repository/SwiftDataRepository.swift /Users/admin/builder/spi-builder-workspace/Sources/ShoppingListModule/DependencyInjection/BackgroundSyncManager.swift /Users/admin/builder/spi-builder-workspace/Sources/ShoppingListModule/DependencyInjection/ShoppingListConfiguration.swift /Users/admin/builder/spi-builder-workspace/Sources/ShoppingListModule/DependencyInjection/ShoppingListDependencies.swift /Users/admin/builder/spi-builder-workspace/Sources/ShoppingListModule/DependencyInjection/ShoppingListModuleFactory.swift /Users/admin/builder/spi-builder-workspace/Sources/ShoppingListModule/Models/FilteringSorting.swift /Users/admin/builder/spi-builder-workspace/Sources/ShoppingListModule/Models/ShoppingItem.swift /Users/admin/builder/spi-builder-workspace/Sources/ShoppingListModule/Models/SyncStatus.swift /Users/admin/builder/spi-builder-workspace/Sources/ShoppingListModule/Presentation/ViewModels/ShoppingListErrors.swift /Users/admin/builder/spi-builder-workspace/Sources/ShoppingListModule/Presentation/ViewModels/ShoppingListViewModel.swift /Users/admin/builder/spi-builder-workspace/Sources/ShoppingListModule/Presentation/Views/Components/AddItemSheet.swift /Users/admin/builder/spi-builder-workspace/Sources/ShoppingListModule/Presentation/Views/Components/EditItemSheet.swift /Users/admin/builder/spi-builder-workspace/Sources/ShoppingListModule/Presentation/Views/Components/EmptyStateView.swift -primary-file /Users/admin/builder/spi-builder-workspace/Sources/ShoppingListModule/Presentation/Views/Components/SearchAndFilterBar.swift /Users/admin/builder/spi-builder-workspace/Sources/ShoppingListModule/Presentation/Views/Components/ShoppingItemRow.swift /Users/admin/builder/spi-builder-workspace/Sources/ShoppingListModule/Presentation/Views/ShoppingListView.swift /Users/admin/builder/spi-builder-workspace/Sources/ShoppingListModule/Presentation/Views/Supporting/LoadingView.swift /Users/admin/builder/spi-builder-workspace/Sources/ShoppingListModule/ShoppingListModule.swift -emit-dependencies-path /Users/admin/builder/spi-builder-workspace/.derivedData/Build/Intermediates.noindex/ShoppingListModule.build/Debug-appletvos/ShoppingListModule-t.build/Objects-normal/arm64/SearchAndFilterBar.d -emit-const-values-path /Users/admin/builder/spi-builder-workspace/.derivedData/Build/Intermediates.noindex/ShoppingListModule.build/Debug-appletvos/ShoppingListModule-t.build/Objects-normal/arm64/SearchAndFilterBar.swiftconstvalues -emit-reference-dependencies-path /Users/admin/builder/spi-builder-workspace/.derivedData/Build/Intermediates.noindex/ShoppingListModule.build/Debug-appletvos/ShoppingListModule-t.build/Objects-normal/arm64/SearchAndFilterBar.swiftdeps -serialize-diagnostics-path /Users/admin/builder/spi-builder-workspace/.derivedData/Build/Intermediates.noindex/ShoppingListModule.build/Debug-appletvos/ShoppingListModule-t.build/Objects-normal/arm64/SearchAndFilterBar.dia -target arm64-apple-tvos17.0 -module-can-import-version UIKit 9127.0.84.1 9127.0.84 -disable-cross-import-overlay-search -swift-module-cross-import SwiftData /Applications/Xcode-27.0.0-Release.Candidate.app/Contents/Developer/Platforms/AppleTVOS.platform/Developer/SDKs/AppleTVOS27.0.sdk/System/Library/Frameworks/SwiftData.framework/Modules/SwiftData.swiftcrossimport/CoreData.swiftoverlay -swift-module-cross-import SwiftData /Applications/Xcode-27.0.0-Release.Candidate.app/Contents/Developer/Platforms/AppleTVOS.platform/Developer/SDKs/AppleTVOS27.0.sdk/System/Library/Frameworks/SwiftData.framework/Modules/SwiftData.swiftcrossimport/SwiftUI.swiftoverlay -load-resolved-plugin /Applications/Xcode-27.0.0-Release.Candidate.app/Contents/Developer/Platforms/AppleTVOS.platform/Developer/usr/lib/swift/host/plugins/libFoundationMacros.dylib\#/Applications/Xcode-27.0.0-Release.Candidate.app/Contents/Developer/Platforms/AppleTVOS.platform/Developer/usr/bin/swift-plugin-server\#FoundationMacros -load-resolved-plugin /Applications/Xcode-27.0.0-Release.Candidate.app/Contents/Developer/Platforms/AppleTVOS.platform/Developer/usr/lib/swift/host/plugins/libObservationMacros.dylib\#/Applications/Xcode-27.0.0-Release.Candidate.app/Contents/Developer/Platforms/AppleTVOS.platform/Developer/usr/bin/swift-plugin-server\#ObservationMacros -load-resolved-plugin /Applications/Xcode-27.0.0-Release.Candidate.app/Contents/Developer/Platforms/AppleTVOS.platform/Developer/usr/lib/swift/host/plugins/libPreviewsMacros.dylib\#/Applications/Xcode-27.0.0-Release.Candidate.app/Contents/Developer/Platforms/AppleTVOS.platform/Developer/usr/bin/swift-plugin-server\#PreviewsMacros -load-resolved-plugin /Applications/Xcode-27.0.0-Release.Candidate.app/Contents/Developer/Platforms/AppleTVOS.platform/Developer/usr/lib/swift/host/plugins/libSwiftDataMacros.dylib\#/Applications/Xcode-27.0.0-Release.Candidate.app/Contents/Developer/Platforms/AppleTVOS.platform/Developer/usr/bin/swift-plugin-server\#SwiftDataMacros -load-resolved-plugin /Applications/Xcode-27.0.0-Release.Candidate.app/Contents/Developer/Platforms/AppleTVOS.platform/Developer/usr/lib/swift/host/plugins/libSwiftMacros.dylib\#/Applications/Xcode-27.0.0-Release.Candidate.app/Contents/Developer/Platforms/AppleTVOS.platform/Developer/usr/bin/swift-plugin-server\#SwiftMacros -load-resolved-plugin /Applications/Xcode-27.0.0-Release.Candidate.app/Contents/Developer/Platforms/AppleTVOS.platform/Developer/usr/lib/swift/host/plugins/libSwiftUIMacros.dylib\#/Applications/Xcode-27.0.0-Release.Candidate.app/Contents/Developer/Platforms/AppleTVOS.platform/Developer/usr/bin/swift-plugin-server\#SwiftUIMacros -disable-implicit-swift-modules -Xcc -fno-implicit-modules -Xcc -fno-implicit-module-maps -explicit-swift-module-map-file /Users/admin/builder/spi-builder-workspace/.derivedData/Build/Intermediates.noindex/ShoppingListModule.build/Debug-appletvos/ShoppingListModule-t.build/Objects-normal/arm64/ShoppingListModule-dependencies-1.json -Xllvm -aarch64-use-tbi -enable-objc-interop -stack-check -sdk /Applications/Xcode-27.0.0-Release.Candidate.app/Contents/Developer/Platforms/AppleTVOS.platform/Developer/SDKs/AppleTVOS27.0.sdk -I /Users/admin/builder/spi-builder-workspace/.derivedData/Build/Products/Debug-appletvos -Isystem /Applications/Xcode-27.0.0-Release.Candidate.app/Contents/Developer/Platforms/AppleTVOS.platform/Developer/usr/lib -F /Users/admin/builder/spi-builder-workspace/.derivedData/Build/Products/Debug-appletvos -F /Applications/Xcode-27.0.0-Release.Candidate.app/Contents/Developer/Platforms/AppleTVOS.platform/Developer/Library/Frameworks -F /Applications/Xcode-27.0.0-Release.Candidate.app/Contents/Developer/Platforms/AppleTVOS.platform/Developer/SDKs/AppleTVOS27.0.sdk/Developer/Library/Frameworks -module-cache-path /Users/admin/builder/spi-builder-workspace/.derivedData/Build/Intermediates.noindex/SwiftExplicitPrecompiledModules -no-color-diagnostics -Xcc -fno-color-diagnostics -enable-testing -g -debug-info-format\=dwarf -dwarf-version\=4 -profile-generate -profile-coverage-mapping -swift-version 6 -Onone -D SWIFT_PACKAGE -D DEBUG -D SWIFT_MODULE_RESOURCE_BUNDLE_UNAVAILABLE -D Xcode -serialize-debugging-options -enable-upcoming-feature BareSlashRegexLiterals -enable-upcoming-feature ConciseMagicFile -enable-upcoming-feature ExistentialAny -enable-upcoming-feature ForwardTrailingClosures -enable-upcoming-feature ImplicitOpenExistentials -enable-upcoming-feature StrictConcurrency -enable-experimental-feature DebugDescriptionMacro -empty-abi-descriptor -validate-clang-modules-once -clang-build-session-file /Users/admin/builder/spi-builder-workspace/.derivedData/ModuleCache.noindex/Session.modulevalidation -Xcc -working-directory -Xcc /Users/admin/builder/spi-builder-workspace/.swiftpm/xcode -enable-anonymous-context-mangled-names -file-compilation-dir /Users/admin/builder/spi-builder-workspace/.swiftpm/xcode -Xcc -D_LIBCPP_HARDENING_MODE\=_LIBCPP_HARDENING_MODE_DEBUG -Xcc -ivfsstatcache -Xcc /Users/admin/builder/spi-builder-workspace/.derivedData/SDKStatCaches.noindex/appletvos27.0-24J360-e829b21a6f8c9b70876ba0858053c044b32bfd8d43560033f8d89884cdb90028.sdkstatcache -Xcc -fmodules-prune-interval\=86400 -Xcc -fmodules-prune-after\=345600 -Xcc -I/Users/admin/builder/spi-builder-workspace/.derivedData/Build/Products/Debug-appletvos/include -Xcc -I/Users/admin/builder/spi-builder-workspace/.derivedData/Build/Intermediates.noindex/ShoppingListModule.build/Debug-appletvos/ShoppingListModule-t.build/DerivedSources-normal/arm64 -Xcc -I/Users/admin/builder/spi-builder-workspace/.derivedData/Build/Intermediates.noindex/ShoppingListModule.build/Debug-appletvos/ShoppingListModule-t.build/DerivedSources/arm64 -Xcc -I/Users/admin/builder/spi-builder-workspace/.derivedData/Build/Intermediates.noindex/ShoppingListModule.build/Debug-appletvos/ShoppingListModule-t.build/DerivedSources -Xcc -DSWIFT_PACKAGE -Xcc -DDEBUG\=1 -no-auto-bridging-header-chaining -module-name ShoppingListModule -package-name spi_builder_workspace -const-gather-protocols-file /Users/admin/builder/spi-builder-workspace/.derivedData/Build/Intermediates.noindex/ShoppingListModule.build/Debug-appletvos/ShoppingListModule-t.build/Objects-normal/arm64/ShoppingListModule_const_extract_protocols.json -disable-clang-spi -clang-target arm64-apple-tvos27.0 -target-sdk-version 27.0 -target-sdk-name appletvos27.0 -in-process-plugin-server-path /Applications/Xcode-27.0.0-Release.Candidate.app/Contents/Developer/Toolchains/XcodeDefault.xctoolchain/usr/lib/swift/host/libSwiftInProcPluginServer.dylib -parse-as-library -o /Users/admin/builder/spi-builder-workspace/.derivedData/Build/Intermediates.noindex/ShoppingListModule.build/Debug-appletvos/ShoppingListModule-t.build/Objects-normal/arm64/SearchAndFilterBar.o -debug-module-path /Users/admin/builder/spi-builder-workspace/.derivedData/Build/Intermediates.noindex/ShoppingListModule.build/Debug-appletvos/ShoppingListModule-t.build/Objects-normal/arm64/ShoppingListModule.swiftmodule -index-unit-output-path /ShoppingListModule.build/Debug-appletvos/ShoppingListModule-t.build/Objects-normal/arm64/SearchAndFilterBar.o -index-store-path /Users/admin/builder/spi-builder-workspace/.derivedData/Index.noindex/DataStore -index-system-modules
SwiftCompile normal arm64 /Users/admin/builder/spi-builder-workspace/Sources/ShoppingListModule/Presentation/Views/Components/SearchAndFilterBar.swift (in target 'ShoppingListModule' from project 'ShoppingListModule')
cd /Users/admin/builder/spi-builder-workspace/.swiftpm/xcode
builtin-SwiftPerFileCompile SearchAndFilterBar.swift
SwiftDriverJobDiscovery normal arm64 Compiling ShoppingListErrors.swift (in target 'ShoppingListModule' from project 'ShoppingListModule')
SwiftCompile normal arm64 Compiling\ ShoppingListView.swift /Users/admin/builder/spi-builder-workspace/Sources/ShoppingListModule/Presentation/Views/ShoppingListView.swift (in target 'ShoppingListModule' from project 'ShoppingListModule')
<unknown>:0: warning: upcoming feature 'ImplicitOpenExistentials' already enabled as of the Swift 6 language mode
<unknown>:0: warning: upcoming feature 'ForwardTrailingClosures' already enabled as of the Swift 6 language mode
<unknown>:0: warning: upcoming feature 'ConciseMagicFile' already enabled as of the Swift 6 language mode
<unknown>:0: warning: upcoming feature 'BareSlashRegexLiterals' already enabled as of the Swift 6 language mode
SwiftCompile normal arm64 /Users/admin/builder/spi-builder-workspace/Sources/ShoppingListModule/Presentation/Views/ShoppingListView.swift (in target 'ShoppingListModule' from project 'ShoppingListModule')
cd /Users/admin/builder/spi-builder-workspace/.swiftpm/xcode
builtin-SwiftPerFileCompile ShoppingListView.swift
SwiftCompile normal arm64 Compiling\ ShoppingListDependencies.swift /Users/admin/builder/spi-builder-workspace/Sources/ShoppingListModule/DependencyInjection/ShoppingListDependencies.swift (in target 'ShoppingListModule' from project 'ShoppingListModule')
<unknown>:0: warning: upcoming feature 'ImplicitOpenExistentials' already enabled as of the Swift 6 language mode
<unknown>:0: warning: upcoming feature 'ForwardTrailingClosures' already enabled as of the Swift 6 language mode
<unknown>:0: warning: upcoming feature 'ConciseMagicFile' already enabled as of the Swift 6 language mode
<unknown>:0: warning: upcoming feature 'BareSlashRegexLiterals' already enabled as of the Swift 6 language mode
SwiftCompile normal arm64 /Users/admin/builder/spi-builder-workspace/Sources/ShoppingListModule/DependencyInjection/ShoppingListDependencies.swift (in target 'ShoppingListModule' from project 'ShoppingListModule')
cd /Users/admin/builder/spi-builder-workspace/.swiftpm/xcode
builtin-SwiftPerFileCompile ShoppingListDependencies.swift
SwiftDriverJobDiscovery normal arm64 Compiling main.swift (in target 'TestSPMIntegration-product' from project 'ShoppingListModule')
SwiftDriver\ Compilation TestSPMIntegration normal arm64 com.apple.xcode.tools.swift.compiler (in target 'TestSPMIntegration-product' from project 'ShoppingListModule')
cd /Users/admin/builder/spi-builder-workspace/.swiftpm/xcode
builtin-Swift-Compilation -- /Applications/Xcode-27.0.0-Release.Candidate.app/Contents/Developer/Toolchains/XcodeDefault.xctoolchain/usr/bin/swiftc -parse-as-library -module-name TestSPMIntegration -Onone @/Users/admin/builder/spi-builder-workspace/.derivedData/Build/Intermediates.noindex/ShoppingListModule.build/Debug-appletvos/TestSPMIntegration-p.build/Objects-normal/arm64/TestSPMIntegration.SwiftFileList -DSWIFT_PACKAGE -DDEBUG -DXcode -enable-upcoming-feature BareSlashRegexLiterals -enable-upcoming-feature ConciseMagicFile -enable-upcoming-feature ExistentialAny -enable-upcoming-feature ForwardTrailingClosures -enable-upcoming-feature ImplicitOpenExistentials -enable-upcoming-feature StrictConcurrency -plugin-path /Applications/Xcode-27.0.0-Release.Candidate.app/Contents/Developer/Toolchains/XcodeDefault.xctoolchain/usr/lib/swift/host/plugins/testing -enable-experimental-feature DebugDescriptionMacro -sdk /Applications/Xcode-27.0.0-Release.Candidate.app/Contents/Developer/Platforms/AppleTVOS.platform/Developer/SDKs/AppleTVOS27.0.sdk -target arm64-apple-tvos17.0 -g -module-cache-path /Users/admin/builder/spi-builder-workspace/.derivedData/ModuleCache.noindex -Xfrontend -serialize-debugging-options -profile-coverage-mapping -profile-generate -enable-testing -index-store-path /Users/admin/builder/spi-builder-workspace/.derivedData/Index.noindex/DataStore -Xcc -D_LIBCPP_HARDENING_MODE\=_LIBCPP_HARDENING_MODE_DEBUG -swift-version 6 -I /Users/admin/builder/spi-builder-workspace/.derivedData/Build/Products/Debug-appletvos -Isystem /Applications/Xcode-27.0.0-Release.Candidate.app/Contents/Developer/Platforms/AppleTVOS.platform/Developer/usr/lib -F /Users/admin/builder/spi-builder-workspace/.derivedData/Build/Products/Debug-appletvos/PackageFrameworks -F /Users/admin/builder/spi-builder-workspace/.derivedData/Build/Products/Debug-appletvos -F /Applications/Xcode-27.0.0-Release.Candidate.app/Contents/Developer/Platforms/AppleTVOS.platform/Developer/Library/Frameworks -F /Applications/Xcode-27.0.0-Release.Candidate.app/Contents/Developer/Platforms/AppleTVOS.platform/Developer/SDKs/AppleTVOS27.0.sdk/Developer/Library/Frameworks -c -j10 -enable-batch-mode -incremental -Xcc -ivfsstatcache -Xcc /Users/admin/builder/spi-builder-workspace/.derivedData/SDKStatCaches.noindex/appletvos27.0-24J360-e829b21a6f8c9b70876ba0858053c044b32bfd8d43560033f8d89884cdb90028.sdkstatcache -output-file-map /Users/admin/builder/spi-builder-workspace/.derivedData/Build/Intermediates.noindex/ShoppingListModule.build/Debug-appletvos/TestSPMIntegration-p.build/Objects-normal/arm64/TestSPMIntegration-OutputFileMap.json -save-temps -no-color-diagnostics -explicit-module-build -module-cache-path /Users/admin/builder/spi-builder-workspace/.derivedData/Build/Intermediates.noindex/SwiftExplicitPrecompiledModules -clang-scanner-module-cache-path /Users/admin/builder/spi-builder-workspace/.derivedData/ModuleCache.noindex -sdk-module-cache-path /Users/admin/builder/spi-builder-workspace/.derivedData/SDKExplicitPrecompiledModules -emit-dependencies -emit-module -emit-module-path /Users/admin/builder/spi-builder-workspace/.derivedData/Build/Intermediates.noindex/ShoppingListModule.build/Debug-appletvos/TestSPMIntegration-p.build/Objects-normal/arm64/TestSPMIntegration.swiftmodule -serialize-diagnostics -dependency-scan-serialize-diagnostics-path /Users/admin/builder/spi-builder-workspace/.derivedData/Build/Intermediates.noindex/ShoppingListModule.build/Debug-appletvos/TestSPMIntegration-p.build/Objects-normal/arm64/TestSPMIntegration-dependency-scan.dia -validate-clang-modules-once -clang-build-session-file /Users/admin/builder/spi-builder-workspace/.derivedData/ModuleCache.noindex/Session.modulevalidation -Xcc -fmodules-prune-interval\=86400 -Xcc -fmodules-prune-after\=345600 -package-name spi_builder_workspace -emit-const-values -const-gather-protocols-list /Users/admin/builder/spi-builder-workspace/.derivedData/Build/Intermediates.noindex/ShoppingListModule.build/Debug-appletvos/TestSPMIntegration-p.build/Objects-normal/arm64/TestSPMIntegration_const_extract_protocols.json -Xcc -I/Users/admin/builder/spi-builder-workspace/.derivedData/Build/Products/Debug-appletvos/include -Xcc -I/Users/admin/builder/spi-builder-workspace/.derivedData/Build/Intermediates.noindex/ShoppingListModule.build/Debug-appletvos/TestSPMIntegration-p.build/DerivedSources-normal/arm64 -Xcc -I/Users/admin/builder/spi-builder-workspace/.derivedData/Build/Intermediates.noindex/ShoppingListModule.build/Debug-appletvos/TestSPMIntegration-p.build/DerivedSources/arm64 -Xcc -I/Users/admin/builder/spi-builder-workspace/.derivedData/Build/Intermediates.noindex/ShoppingListModule.build/Debug-appletvos/TestSPMIntegration-p.build/DerivedSources -Xcc -DSWIFT_PACKAGE -Xcc -DDEBUG\=1 -working-directory /Users/admin/builder/spi-builder-workspace/.swiftpm/xcode -experimental-emit-module-separately -disable-cmo
PruneExplicitPrecompiledModules /Users/admin/builder/spi-builder-workspace/.derivedData/Build/Intermediates.noindex/SwiftExplicitPrecompiledModules
PruneExplicitPrecompiledModules /Users/admin/builder/spi-builder-workspace/.derivedData/SDKExplicitPrecompiledModules
PruneExplicitPrecompiledModules /Users/admin/builder/spi-builder-workspace/.derivedData/Build/Intermediates.noindex/ExplicitPrecompiledModules
2026-09-22 15:18:27.585 xcodebuild[790:4732] [MT] IDERunDestination: Supported platforms for the buildables in the current scheme is empty.
** BUILD FAILED **
The following build commands failed:
SwiftCompile normal arm64 Compiling\ SearchAndFilterBar.swift /Users/admin/builder/spi-builder-workspace/Sources/ShoppingListModule/Presentation/Views/Components/SearchAndFilterBar.swift (in target 'ShoppingListModule' from project 'ShoppingListModule')
SwiftCompile normal arm64 /Users/admin/builder/spi-builder-workspace/Sources/ShoppingListModule/Presentation/Views/Components/SearchAndFilterBar.swift (in target 'ShoppingListModule' from project 'ShoppingListModule')
Building workspace ShoppingListModule with scheme ShoppingListModule-Package
(3 failures)
BUILD FAILURE 6.4 tvOS