Build Information
Failed to build SQL, reference 3.1.0 (b0c811), with Swift 6.1 for watchOS using Xcode 16.3 on 23 Oct 2026 12:46:33 UTC.
Build Command
No build command. This typically means the build failed at an early stage where we determine the build command.Build Log
========================================
RunAll
========================================
Builder version: 5.1.3
Interrupt handler set up.
========================================
Checkout
========================================
Clone URL: https://github.com/swiftstream/SQL.git
Reference: 3.1.0
Initialized empty Git repository in /Users/admin/builder/spi-builder-workspace/.git/
From https://github.com/swiftstream/SQL
* tag 3.1.0 -> FETCH_HEAD
HEAD is now at b0c8119 📖 Prepare SQL 3.1.0 release snapshot
Cloned https://github.com/swiftstream/SQL.git
Revision (git rev-parse @):
b0c81191c3494d91b84b5382092e99c64d5c4647
SUCCESS checkout https://github.com/swiftstream/SQL.git at 3.1.0
========================================
Build
========================================
Selected platform: watchOS
Swift version: 6.1
Building package at path: $PWD
https://github.com/swiftstream/SQL.git
https://github.com/swiftstream/SQL.git
error: 'spi-builder-workspace': package 'spi-builder-workspace' is using Swift tools version 6.3.0 but the installed version is 6.1.0
error: fatalError
Command line invocation:
/Applications/Xcode-16.3.0.app/Contents/Developer/usr/bin/xcodebuild -IDEClonedSourcePackagesDirPathOverride=/Users/admin/builder/spi-builder-workspace/.dependencies -resolvePackageDependencies
Resolve Package Graph
package 'spi-builder-workspace' is using Swift tools version 6.3.0 but the installed version is 6.1.0
Resolved source packages:
spi-builder-workspace: (null)
2026-10-23 05:46:32.569 xcodebuild[505:2920] Writing error result bundle to /var/folders/5k/5yc19ymj0jqd5v0zvgfqz0xw0000gn/T/ResultBundle_2026-23-10_05-46-0032.xcresult
xcodebuild: error: Could not resolve package dependencies:
package 'spi-builder-workspace' is using Swift tools version 6.3.0 but the installed version is 6.1.0
Command line invocation:
/Applications/Xcode-16.3.0.app/Contents/Developer/usr/bin/xcodebuild -IDEClonedSourcePackagesDirPathOverride=/Users/admin/builder/spi-builder-workspace/.dependencies -resolvePackageDependencies
Resolve Package Graph
package 'spi-builder-workspace' is using Swift tools version 6.3.0 but the installed version is 6.1.0
Resolved source packages:
spi-builder-workspace: (null)
2026-10-23 05:46:33.287 xcodebuild[515:3030] Writing error result bundle to /var/folders/5k/5yc19ymj0jqd5v0zvgfqz0xw0000gn/T/ResultBundle_2026-23-10_05-46-0033.xcresult
xcodebuild: error: Could not resolve package dependencies:
package 'spi-builder-workspace' is using Swift tools version 6.3.0 but the installed version is 6.1.0
BUILD FAILURE 6.1 watchOS