Build Information
Failed to build AS_SwiftLogHandler, reference 2.1.1 (e20e79), with Swift 6.3 for Android on 22 Oct 2026 04:48:21 UTC.
Build Command
bash -c docker run --pull=always --rm -v "checkouts-54344844-0":/host -w "$PWD" -e JAVA_HOME="/root/.sdkman/candidates/java/current" -e SPI_BUILD="1" -e SPI_PROCESSING="1" registry.gitlab.com/saguaro1/spi-images:android-6.3-latest swift build --swift-sdk aarch64-unknown-linux-android28 2>&1Build Log
========================================
RunAll
========================================
Builder version: 5.1.3
Interrupt handler set up.
========================================
Checkout
========================================
Clone URL: https://github.com/AustinSoftCom/AS_SwiftLogHandler.git
Reference: 2.1.1
Initialized empty Git repository in /host/spi-builder-workspace/.git/
hint: Using 'master' as the name for the initial branch. This default branch name
hint: is subject to change. To configure the initial branch name to use in all
hint: of your new repositories, which will suppress this warning, call:
hint:
hint: git config --global init.defaultBranch <name>
hint:
hint: Names commonly chosen instead of 'master' are 'main', 'trunk' and
hint: 'development'. The just-created branch can be renamed via this command:
hint:
hint: git branch -m <name>
From https://github.com/AustinSoftCom/AS_SwiftLogHandler
* tag 2.1.1 -> FETCH_HEAD
HEAD is now at e20e791 Merge branch 'hotfix/2.1.1'
Submodule path 'austinsoft-ci': checked out 'f8aff2a936712fe08aed643f719b61c184f5f65d'
Submodule 'austinsoft-ci' (https://gitserver.austinsoft.com/git/AustinSoftSPM/austinsoft-ci.git) registered for path 'austinsoft-ci'
Cloning into '/host/spi-builder-workspace/austinsoft-ci'...
Cloned https://github.com/AustinSoftCom/AS_SwiftLogHandler.git
Revision (git rev-parse @):
e20e791eef036b9b063f642da04d9d5a33c20f9b
SUCCESS checkout https://github.com/AustinSoftCom/AS_SwiftLogHandler.git at 2.1.1
========================================
Build
========================================
Selected platform: android
Swift version: 6.3
Building package at path: $PWD
https://github.com/AustinSoftCom/AS_SwiftLogHandler.git
Running build ...
bash -c docker run --pull=always --rm -v "checkouts-54344844-0":/host -w "$PWD" -e JAVA_HOME="/root/.sdkman/candidates/java/current" -e SPI_BUILD="1" -e SPI_PROCESSING="1" registry.gitlab.com/saguaro1/spi-images:android-6.3-latest swift build --swift-sdk aarch64-unknown-linux-android28 2>&1
android-6.3-latest: Pulling from saguaro1/spi-images
Digest: sha256:ec170ed262d75c9e928493cd00a486dad2d4f04db1b55d884efec7db42d0226b
Status: Image is up to date for registry.gitlab.com/saguaro1/spi-images:android-6.3-latest
Fetching https://github.com/apple/swift-log.git
[1/8348] Fetching swift-log
Fetched https://github.com/apple/swift-log.git from cache (0.52s)
Computing version for https://github.com/apple/swift-log.git
Computed https://github.com/apple/swift-log.git at 1.16.1 (0.69s)
Creating working copy for https://github.com/apple/swift-log.git
Working copy of https://github.com/apple/swift-log.git resolved at 1.16.1
Building for debugging...
[0/3] Write sources
[2/3] Write swift-version-272D24FF697CF451.txt
[4/14] Compiling Logging Logger.swift
[5/14] Compiling Logging Logger+With.swift
[6/14] Compiling Logging LoggingSystem.swift
[7/15] Compiling Logging Logger+Attributes.swift
[8/15] Compiling Logging LogEvent.swift
[9/15] Compiling Logging LogHandler.swift
[10/15] Compiling Logging MetadataProvider.swift
[11/15] Compiling Logging MultiplexLogHandler.swift
[12/15] Compiling Logging StreamLogHandler.swift
[13/15] Emitting module Logging
[14/15] Compiling Logging SwiftLogNoOpLogHandler.swift
[15/15] Compiling Logging Locks.swift
[17/28] Compiling AS_SwiftLogHandler Logger.Level+String.swift
/host/spi-builder-workspace/Sources/AS_SwiftLogHandler/SQLiteFile.swift:9:8: error: no such module 'CSQLite3'
7 | import SQLite3
8 | #else
9 | import CSQLite3
| `- error: no such module 'CSQLite3'
10 | #endif
11 | import Synchronization
[18/29] Compiling AS_SwiftLogHandler SwiftLogEntry.swift
/host/spi-builder-workspace/Sources/AS_SwiftLogHandler/SQLiteFile.swift:9:8: error: no such module 'CSQLite3'
7 | import SQLite3
8 | #else
9 | import CSQLite3
| `- error: no such module 'CSQLite3'
10 | #endif
11 | import Synchronization
[19/29] Compiling AS_SwiftLogHandler Destination.swift
/host/spi-builder-workspace/Sources/AS_SwiftLogHandler/SQLiteFile.swift:9:8: error: no such module 'CSQLite3'
7 | import SQLite3
8 | #else
9 | import CSQLite3
| `- error: no such module 'CSQLite3'
10 | #endif
11 | import Synchronization
[20/29] Compiling AS_SwiftLogHandler DispatchSerialQueue+Portable.swift
/host/spi-builder-workspace/Sources/AS_SwiftLogHandler/SQLiteFile.swift:9:8: error: no such module 'CSQLite3'
7 | import SQLite3
8 | #else
9 | import CSQLite3
| `- error: no such module 'CSQLite3'
10 | #endif
11 | import Synchronization
[21/29] Compiling AS_SwiftLogHandler SQLiteFile.swift
/host/spi-builder-workspace/Sources/AS_SwiftLogHandler/SQLiteFile.swift:9:8: error: no such module 'CSQLite3'
7 | import SQLite3
8 | #else
9 | import CSQLite3
| `- error: no such module 'CSQLite3'
10 | #endif
11 | import Synchronization
[22/29] Compiling AS_SwiftLogHandler FileWriter.swift
/host/spi-builder-workspace/Sources/AS_SwiftLogHandler/SQLiteFile.swift:9:8: error: no such module 'CSQLite3'
7 | import SQLite3
8 | #else
9 | import CSQLite3
| `- error: no such module 'CSQLite3'
10 | #endif
11 | import Synchronization
[23/29] Compiling AS_SwiftLogHandler Helpers.swift
/host/spi-builder-workspace/Sources/AS_SwiftLogHandler/SQLiteFile.swift:9:8: error: no such module 'CSQLite3'
7 | import SQLite3
8 | #else
9 | import CSQLite3
| `- error: no such module 'CSQLite3'
10 | #endif
11 | import Synchronization
[24/29] Compiling AS_SwiftLogHandler Reader.swift
/host/spi-builder-workspace/Sources/AS_SwiftLogHandler/SQLiteFile.swift:9:8: error: no such module 'CSQLite3'
7 | import SQLite3
8 | #else
9 | import CSQLite3
| `- error: no such module 'CSQLite3'
10 | #endif
11 | import Synchronization
error: emit-module command failed with exit code 1 (use -v to see invocation)
[25/29] Emitting module AS_SwiftLogHandler
/host/spi-builder-workspace/Sources/AS_SwiftLogHandler/SQLiteFile.swift:9:8: error: no such module 'CSQLite3'
7 | import SQLite3
8 | #else
9 | import CSQLite3
| `- error: no such module 'CSQLite3'
10 | #endif
11 | import Synchronization
[26/29] Compiling AS_SwiftLogHandler Destination.OS.swift
/host/spi-builder-workspace/Sources/AS_SwiftLogHandler/SQLiteFile.swift:9:8: error: no such module 'CSQLite3'
7 | import SQLite3
8 | #else
9 | import CSQLite3
| `- error: no such module 'CSQLite3'
10 | #endif
11 | import Synchronization
[27/29] Compiling AS_SwiftLogHandler Destination.SQLFile.swift
/host/spi-builder-workspace/Sources/AS_SwiftLogHandler/SQLiteFile.swift:9:8: error: no such module 'CSQLite3'
7 | import SQLite3
8 | #else
9 | import CSQLite3
| `- error: no such module 'CSQLite3'
10 | #endif
11 | import Synchronization
[28/29] Compiling AS_SwiftLogHandler Destination.File.swift
/host/spi-builder-workspace/Sources/AS_SwiftLogHandler/SQLiteFile.swift:9:8: error: no such module 'CSQLite3'
7 | import SQLite3
8 | #else
9 | import CSQLite3
| `- error: no such module 'CSQLite3'
10 | #endif
11 | import Synchronization
[29/29] Compiling AS_SwiftLogHandler Destination.FileHandling.swift
/host/spi-builder-workspace/Sources/AS_SwiftLogHandler/SQLiteFile.swift:9:8: error: no such module 'CSQLite3'
7 | import SQLite3
8 | #else
9 | import CSQLite3
| `- error: no such module 'CSQLite3'
10 | #endif
11 | import Synchronization
BUILD FAILURE 6.3 android